206.255.213.252 - - [05/Apr/2021:05:46:27 +0800] "GET /wordpress/wp-content/plugins/elementor/assets/lib/eicons/fonts/eicons.woff2?3.8.0 HTTP/1.1" 200 56760 "https://www.mycath2o.com/en/" "Mozilla/5.0 (iPad; CPU OS 14_4 like Mac OS X) AppleWebKit/605.1.15 (KHTML, like Gecko) GSA/152.1.363973642 Mobile/15E148 Safari/604.1"
206.255.213.252 - - [05/Apr/2021:05:46:27 +0800] "GET /wordpress/wp-content/uploads/2018/06/1240_header.jpg HTTP/1.1" 200 165829 "https://www.mycath2o.com/en/" "Mozilla/5.0 (iPad; CPU OS 14_4 like Mac OS X) AppleWebKit/605.1.15 (KHTML, like Gecko) GSA/152.1.363973642 Mobile/15E148 Safari/604.1"
206.255.213.252 - - [05/Apr/2021:05:46:28 +0800] "GET /wordpress/wp-content/uploads/2018/03/cats.jpg HTTP/1.1" 200 114570 "https://www.mycath2o.com/en/" "Mozilla/5.0 (iPad; CPU OS 14_4 like Mac OS X) AppleWebKit/605.1.15 (KHTML, like Gecko) GSA/152.1.363973642 Mobile/15E148 Safari/604.1"
206.255.213.252 - - [05/Apr/2021:05:46:29 +0800] "GET /wordpress/wp-content/uploads/elementor/thumbs/f_zt-nrimgxqk726edcz8q4wtz04ov9yyj0hpzdyls1njvk.png HTTP/1.1" 200 68685 "https://www.mycath2o.com/en/" "Mozilla/5.0 (iPad; CPU OS 14_4 like Mac OS X) AppleWebKit/605.1.15 (KHTML, like Gecko) GSA/152.1.363973642 Mobile/15E148 Safari/604.1"
206.255.213.252 - - [05/Apr/2021:05:46:29 +0800] "GET /wordpress/wp-content/uploads/elementor/thumbs/f_skimmer-nrimgvuvte3tq51z143ku0lroi883ma9b4nmthqc80.png HTTP/1.1" 200 68192 "https://www.mycath2o.com/en/" "Mozilla/5.0 (iPad; CPU OS 14_4 like Mac OS X) AppleWebKit/605.1.15 (KHTML, like Gecko) GSA/152.1.363973642 Mobile/15E148 Safari/604.1"
206.255.213.252 - - [05/Apr/2021:05:46:29 +0800] "GET /wordpress/wp-content/uploads/elementor/thumbs/f_cover-nrimgr5ov7xe438ssk2fzjsgpkve14rlmhe7f3xb34.png HTTP/1.1" 200 54404 "https://www.mycath2o.com/en/" "Mozilla/5.0 (iPad; CPU OS 14_4 like Mac OS X) AppleWebKit/605.1.15 (KHTML, like Gecko) GSA/152.1.363973642 Mobile/15E148 Safari/604.1"
206.255.213.252 - - [05/Apr/2021:05:46:29 +0800] "GET /wordpress/wp-content/uploads/elementor/thumbs/f_pump-nrimgt1d8vzyrb62hkvp4jbdwcm4giz2aqp6dnuiqo.png HTTP/1.1" 200 53486 "https://www.mycath2o.com/en/" "Mozilla/5.0 (iPad; CPU OS 14_4 like Mac OS X) AppleWebKit/605.1.15 (KHTML, like Gecko) GSA/152.1.363973642 Mobile/15E148 Safari/604.1"
206.255.213.252 - - [05/Apr/2021:05:46:28 +0800] "GET /wordpress/wp-content/uploads/2018/08/DC_CH010-English-2.jpg HTTP/1.1" 200 318981 "https://www.mycath2o.com/en/" "Mozilla/5.0 (iPad; CPU OS 14_4 like Mac OS X) AppleWebKit/605.1.15 (KHTML, like Gecko) GSA/152.1.363973642 Mobile/15E148 Safari/604.1"
206.255.213.252 - - [05/Apr/2021:05:46:29 +0800] "GET /wordpress/wp-content/uploads/2018/03/Cat_H2O_blue.jpg HTTP/1.1" 200 41682 "https://www.mycath2o.com/en/" "Mozilla/5.0 (iPad; CPU OS 14_4 like Mac OS X) AppleWebKit/605.1.15 (KHTML, like Gecko) GSA/152.1.363973642 Mobile/15E148 Safari/604.1"
206.255.213.252 - - [05/Apr/2021:05:46:29 +0800] "GET /wordpress/wp-content/uploads/2018/03/Cat_H2O_green.jpg HTTP/1.1" 200 44493 "https://www.mycath2o.com/en/" "Mozilla/5.0 (iPad; CPU OS 14_4 like Mac OS X) AppleWebKit/605.1.15 (KHTML, like Gecko) GSA/152.1.363973642 Mobile/15E148 Safari/604.1"
206.255.213.252 - - [05/Apr/2021:05:46:30 +0800] "GET /wordpress/wp-content/uploads/2018/06/Cat_H2O_4L.jpg HTTP/1.1" 200 34530 "https://www.mycath2o.com/en/" "Mozilla/5.0 (iPad; CPU OS 14_4 like Mac OS X) AppleWebKit/605.1.15 (KHTML, like Gecko) GSA/152.1.363973642 Mobile/15E148 Safari/604.1"
206.255.213.252 - - [05/Apr/2021:05:46:30 +0800] "GET /wordpress/wp-content/uploads/2018/06/R-015_pad.jpg HTTP/1.1" 200 5570 "https://www.mycath2o.com/en/" "Mozilla/5.0 (iPad; CPU OS 14_4 like Mac OS X) AppleWebKit/605.1.15 (KHTML, like Gecko) GSA/152.1.363973642 Mobile/15E148 Safari/604.1"
206.255.213.252 - - [05/Apr/2021:05:46:30 +0800] "GET /wordpress/wp-content/uploads/2018/06/R-016_160pxH.png HTTP/1.1" 200 33376 "https://www.mycath2o.com/en/" "Mozilla/5.0 (iPad; CPU OS 14_4 like Mac OS X) AppleWebKit/605.1.15 (KHTML, like Gecko) GSA/152.1.363973642 Mobile/15E148 Safari/604.1"
206.255.213.252 - - [05/Apr/2021:05:46:30 +0800] "GET /wordpress/wp-content/uploads/2018/06/Softening.jpg HTTP/1.1" 200 6267 "https://www.mycath2o.com/en/" "Mozilla/5.0 (iPad; CPU OS 14_4 like Mac OS X) AppleWebKit/605.1.15 (KHTML, like Gecko) GSA/152.1.363973642 Mobile/15E148 Safari/604.1"
206.255.213.252 - - [05/Apr/2021:05:46:30 +0800] "GET /wordpress/wp-content/uploads/2018/06/R-015-CH.png HTTP/1.1" 200 59463 "https://www.mycath2o.com/en/" "Mozilla/5.0 (iPad; CPU OS 14_4 like Mac OS X) AppleWebKit/605.1.15 (KHTML, like Gecko) GSA/152.1.363973642 Mobile/15E148 Safari/604.1"
206.255.213.252 - - [05/Apr/2021:05:46:30 +0800] "GET /wordpress/wp-content/uploads/2018/06/CHD001.jpg HTTP/1.1" 200 50487 "https://www.mycath2o.com/en/" "Mozilla/5.0 (iPad; CPU OS 14_4 like Mac OS X) AppleWebKit/605.1.15 (KHTML, like Gecko) GSA/152.1.363973642 Mobile/15E148 Safari/604.1"
206.255.213.252 - - [05/Apr/2021:05:46:30 +0800] "GET /wordpress/wp-content/uploads/2018/06/R-016-CDH.jpg HTTP/1.1" 200 63820 "https://www.mycath2o.com/en/" "Mozilla/5.0 (iPad; CPU OS 14_4 like Mac OS X) AppleWebKit/605.1.15 (KHTML, like Gecko) GSA/152.1.363973642 Mobile/15E148 Safari/604.1"
206.255.213.252 - - [05/Apr/2021:05:46:31 +0800] "GET /wordpress/wp-content/uploads/2018/06/AA190A.jpg HTTP/1.1" 200 45063 "https://www.mycath2o.com/en/" "Mozilla/5.0 (iPad; CPU OS 14_4 like Mac OS X) AppleWebKit/605.1.15 (KHTML, like Gecko) GSA/152.1.363973642 Mobile/15E148 Safari/604.1"
206.255.213.252 - - [05/Apr/2021:05:46:31 +0800] "GET /wordpress/wp-content/uploads/2018/06/DH08DC-01.png HTTP/1.1" 200 40519 "https://www.mycath2o.com/en/" "Mozilla/5.0 (iPad; CPU OS 14_4 like Mac OS X) AppleWebKit/605.1.15 (KHTML, like Gecko) GSA/152.1.363973642 Mobile/15E148 Safari/604.1"
206.255.213.252 - - [05/Apr/2021:05:46:35 +0800] "GET /wordpress/wp-content/uploads/2019/05/websitelogo.png HTTP/1.1" 200 1453 "https://www.mycath2o.com/en/" "Mozilla/5.0 (iPad; CPU OS 14_4 like Mac OS X) AppleWebKit/605.1.15 (KHTML, like Gecko) GSA/152.1.363973642 Mobile/15E148 Safari/604.1"
206.255.213.252 - - [05/Apr/2021:05:46:35 +0800] "GET /wordpress/wp-content/uploads/elementor/thumbs/aa_logo-nn0pqz9jl6r1zmbarew4nt9y6wpqem6k7hbsbu2bfc.png HTTP/1.1" 200 5939 "https://www.mycath2o.com/en/" "Mozilla/5.0 (iPad; CPU OS 14_4 like Mac OS X) AppleWebKit/605.1.15 (KHTML, like Gecko) GSA/152.1.363973642 Mobile/15E148 Safari/604.1"
206.255.213.252 - - [05/Apr/2021:05:46:36 +0800] "GET /wordpress/wp-content/uploads/2018/08/KM_LOGO_2.jpg HTTP/1.1" 200 16293 "https://www.mycath2o.com/en/" "Mozilla/5.0 (iPad; CPU OS 14_4 like Mac OS X) AppleWebKit/605.1.15 (KHTML, like Gecko) GSA/152.1.363973642 Mobile/15E148 Safari/604.1"
206.255.213.252 - - [05/Apr/2021:05:46:36 +0800] "GET /wordpress/wp-content/uploads/2018/07/dogh2o_logo_2.png HTTP/1.1" 200 8897 "https://www.mycath2o.com/en/" "Mozilla/5.0 (iPad; CPU OS 14_4 like Mac OS X) AppleWebKit/605.1.15 (KHTML, like Gecko) GSA/152.1.363973642 Mobile/15E148 Safari/604.1"
206.255.213.252 - - [05/Apr/2021:05:46:27 +0800] "GET /wordpress/wp-content/uploads/2018/08/%E7%94%BB%E6%9D%BF-1.png HTTP/1.1" 200 1420734 "https://www.mycath2o.com/en/" "Mozilla/5.0 (iPad; CPU OS 14_4 like Mac OS X) AppleWebKit/605.1.15 (KHTML, like Gecko) GSA/152.1.363973642 Mobile/15E148 Safari/604.1"
206.255.213.252 - - [05/Apr/2021:05:46:31 +0800] "GET /wordpress/wp-content/uploads/2018/06/R-017.jpg HTTP/1.1" 200 53407 "https://www.mycath2o.com/en/" "Mozilla/5.0 (iPad; CPU OS 14_4 like Mac OS X) AppleWebKit/605.1.15 (KHTML, like Gecko) GSA/152.1.363973642 Mobile/15E148 Safari/604.1"
206.255.213.252 - - [05/Apr/2021:05:46:40 +0800] "GET /wordpress/wp-content/uploads/2018/03/cats.jpg HTTP/1.1" 200 114570 "-" "Mozilla/5.0 (iPad; CPU OS 14_4 like Mac OS X) AppleWebKit/605.1.15 (KHTML, like Gecko) GSA/152.1.363973642 Mobile/15E148 Safari/604.1"
66.249.79.107 - - [05/Apr/2021:05:46:45 +0800] "GET /dko/video-H-rangers-vs-sabres-r-J.html HTTP/1.1" 200 3121 "-" "Mozilla/5.0 (compatible; Googlebot/2.1; +http://www.google.com/bot.html)"
206.255.213.252 - - [05/Apr/2021:05:46:36 +0800] "GET /wordpress/wp-content/uploads/2019/05/pump_clean-01.png HTTP/1.1" 200 494551 "https://www.mycath2o.com/en/" "Mozilla/5.0 (iPad; CPU OS 14_4 like Mac OS X) AppleWebKit/605.1.15 (KHTML, like Gecko) GSA/152.1.363973642 Mobile/15E148 Safari/604.1"
185.220.100.251 - - [05/Apr/2021:05:50:33 +0800] "GET /de/feed/ HTTP/1.1" 304 - "-" "Mozilla/5.0 (X11; Ubuntu; Linux x86_64; rv:86.0) Gecko/20100101 Firefox/86.0"
66.249.79.109 - - [05/Apr/2021:05:51:26 +0800] "GET /dko/video-P-colorado-avalanche-vs-arizona-coyotes-G3-H.html HTTP/1.1" 200 1791 "-" "Mozilla/5.0 (compatible; Googlebot/2.1; +http://www.google.com/bot.html)"
66.249.79.109 - - [05/Apr/2021:05:51:35 +0800] "GET /dko/video-g-colorado-rockies-vs-texas-rangers-3V-s.html HTTP/1.1" 200 1794 "-" "Mozilla/5.0 (compatible; Googlebot/2.1; +http://www.google.com/bot.html)"
143.198.122.115 - - [05/Apr/2021:05:55:05 +0800] "GET /index.php?3x=3x HTTP/1.1" 301 20 "-" "python-requests/2.25.1"
143.198.122.115 - - [05/Apr/2021:05:55:26 +0800] "GET /index.php?3x=3x HTTP/1.1" 301 20 "-" "python-requests/2.25.1"
143.198.122.115 - - [05/Apr/2021:05:55:27 +0800] "GET /en/?3x=3x HTTP/1.1" 200 15178 "-" "python-requests/2.25.1"
51.210.80.127 - - [05/Apr/2021:05:59:21 +0800] "GET /de/feed/ HTTP/1.1" 304 - "-" "Mozilla/5.0 (X11; Ubuntu; Linux x86_64; rv:86.0) Gecko/20100101 Firefox/86.0"
5.255.253.182 - - [05/Apr/2021:06:01:45 +0800] "GET /robots.txt HTTP/1.1" 200 87 "-" "Mozilla/5.0 (compatible; YandexBot/3.0; +http://yandex.com/bots)"
5.255.253.182 - - [05/Apr/2021:06:01:48 +0800] "GET /es/ HTTP/1.1" 200 15626 "-" "Mozilla/5.0 (compatible; YandexBot/3.0; +http://yandex.com/bots)"
109.70.100.35 - - [05/Apr/2021:06:06:13 +0800] "GET /de/feed/ HTTP/1.1" 304 - "-" "Mozilla/5.0 (X11; Ubuntu; Linux x86_64; rv:86.0) Gecko/20100101 Firefox/86.0"
5.255.253.182 - - [05/Apr/2021:06:06:17 +0800] "GET /en/ HTTP/1.1" 200 15178 "-" "Mozilla/5.0 (compatible; YandexBot/3.0; +http://yandex.com/bots)"
66.249.79.107 - - [05/Apr/2021:06:08:44 +0800] "GET /plr/video-i-minnesota-wild-vs-anaheim-ducks-9-j.html HTTP/1.1" 200 3674 "-" "Mozilla/5.0 (compatible; Googlebot/2.1; +http://www.google.com/bot.html)"
110.81.203.42 - - [05/Apr/2021:06:13:07 +0800] "GET /extend/Qcloud/Sms/Sms.php HTTP/1.1" 404 4525 "https://www.mycath2o.com/extend/Qcloud/Sms/Sms.php" "Mozilla/4.0 (compatible; MSIE 7.0; Windows NT 6.1; WOW64; Trident/7.0; SLCC2; .NET CLR 2.0.50727; .NET CLR 3.5.30729; .NET CLR 3.0.30729; Media Center PC 6.0; .NET4.0C; .NET4.0E)"
185.130.44.180 - - [05/Apr/2021:06:13:15 +0800] "GET /de/feed/ HTTP/1.1" 304 - "-" "Mozilla/5.0 (X11; Ubuntu; Linux x86_64; rv:86.0) Gecko/20100101 Firefox/86.0"
66.249.79.109 - - [05/Apr/2021:06:20:39 +0800] "GET /dko/video-I-O-d%20(2).html HTTP/1.1" 200 3511 "-" "Mozilla/5.0 (compatible; Googlebot/2.1; +http://www.google.com/bot.html)"
110.81.203.42 - - [05/Apr/2021:06:22:15 +0800] "GET /extend/upyun/src/Upyun/Api/Format.php HTTP/1.1" 404 4525 "https://www.mycath2o.com/extend/upyun/src/Upyun/Api/Format.php" "Mozilla/4.0 (compatible; MSIE 7.0; Windows NT 6.1; WOW64; Trident/7.0; SLCC2; .NET CLR 2.0.50727; .NET CLR 3.5.30729; .NET CLR 3.0.30729; Media Center PC 6.0; .NET4.0C; .NET4.0E)"
66.249.79.111 - - [05/Apr/2021:06:23:14 +0800] "GET /plr/video-r-carolina-hurricanes-vs-columbus-blue-jackets-a-m.html HTTP/1.1" 200 2653 "-" "Mozilla/5.0 (compatible; Googlebot/2.1; +http://www.google.com/bot.html)"
185.220.100.242 - - [05/Apr/2021:06:23:15 +0800] "GET /de/feed/ HTTP/1.1" 304 - "-" "Mozilla/5.0 (X11; Ubuntu; Linux x86_64; rv:86.0) Gecko/20100101 Firefox/86.0"
5.255.253.182 - - [05/Apr/2021:06:25:10 +0800] "GET /de/ HTTP/1.1" 200 15673 "-" "Mozilla/5.0 (compatible; YandexBot/3.0; +http://yandex.com/bots)"
191.60.152.97 - - [05/Apr/2021:06:30:37 +0800] "GET /fr/ HTTP/1.1" 200 15504 "https://www.google.com/" "Mozilla/5.0 (Linux; Android 9; SM-J415G) AppleWebKit/537.36 (KHTML, like Gecko) Chrome/80.0.3987.162 Mobile Safari/537.36"
191.60.152.97 - - [05/Apr/2021:06:30:44 +0800] "GET /wordpress/wp-content/themes/vantage/style.css?ver=1.7.7 HTTP/1.1" 200 15098 "https://www.mycath2o.com/fr/" "Mozilla/5.0 (Linux; Android 9; SM-J415G) AppleWebKit/537.36 (KHTML, like Gecko) Chrome/80.0.3987.162 Mobile Safari/537.36"
191.60.152.97 - - [05/Apr/2021:06:30:45 +0800] "GET /wordpress/wp-content/plugins/elementor/assets/lib/font-awesome/css/font-awesome.min.css?ver=4.7.0 HTTP/1.1" 200 7053 "https://www.mycath2o.com/fr/" "Mozilla/5.0 (Linux; Android 9; SM-J415G) AppleWebKit/537.36 (KHTML, like Gecko) Chrome/80.0.3987.162 Mobile Safari/537.36"
191.60.152.97 - - [05/Apr/2021:06:30:45 +0800] "GET /wordpress/wp-content/plugins/elementor/assets/lib/eicons/css/elementor-icons.min.css?ver=3.8.0 HTTP/1.1" 200 2425 "https://www.mycath2o.com/fr/" "Mozilla/5.0 (Linux; Android 9; SM-J415G) AppleWebKit/537.36 (KHTML, like Gecko) Chrome/80.0.3987.162 Mobile Safari/537.36"
191.60.152.97 - - [05/Apr/2021:06:30:45 +0800] "GET /wordpress/wp-content/plugins/elementor/assets/lib/animations/animations.min.css?ver=2.2.7 HTTP/1.1" 200 2592 "https://www.mycath2o.com/fr/" "Mozilla/5.0 (Linux; Android 9; SM-J415G) AppleWebKit/537.36 (KHTML, like Gecko) Chrome/80.0.3987.162 Mobile Safari/537.36"
191.60.152.97 - - [05/Apr/2021:06:30:45 +0800] "GET /wordpress/wp-content/plugins/elementor/assets/css/frontend.min.css?ver=2.2.7 HTTP/1.1" 200 12039 "https://www.mycath2o.com/fr/" "Mozilla/5.0 (Linux; Android 9; SM-J415G) AppleWebKit/537.36 (KHTML, like Gecko) Chrome/80.0.3987.162 Mobile Safari/537.36"
191.60.152.97 - - [05/Apr/2021:06:30:45 +0800] "GET /wordpress/wp-content/uploads/elementor/css/global.css?ver=1550982386 HTTP/1.1" 200 654 "https://www.mycath2o.com/fr/" "Mozilla/5.0 (Linux; Android 9; SM-J415G) AppleWebKit/537.36 (KHTML, like Gecko) Chrome/80.0.3987.162 Mobile Safari/537.36"
191.60.152.97 - - [05/Apr/2021:06:30:45 +0800] "GET /wordpress/wp-content/uploads/elementor/css/post-1004.css?ver=1593608410 HTTP/1.1" 200 1527 "https://www.mycath2o.com/fr/" "Mozilla/5.0 (Linux; Android 9; SM-J415G) AppleWebKit/537.36 (KHTML, like Gecko) Chrome/80.0.3987.162 Mobile Safari/537.36"
191.60.152.97 - - [05/Apr/2021:06:30:45 +0800] "GET /wordpress/wp-includes/js/jquery/jquery.js?ver=1.12.4 HTTP/1.1" 200 33776 "https://www.mycath2o.com/fr/" "Mozilla/5.0 (Linux; Android 9; SM-J415G) AppleWebKit/537.36 (KHTML, like Gecko) Chrome/80.0.3987.162 Mobile Safari/537.36"
191.60.152.97 - - [05/Apr/2021:06:30:46 +0800] "GET /wordpress/wp-includes/js/jquery/jquery-migrate.min.js?ver=1.4.1 HTTP/1.1" 200 4014 "https://www.mycath2o.com/fr/" "Mozilla/5.0 (Linux; Android 9; SM-J415G) AppleWebKit/537.36 (KHTML, like Gecko) Chrome/80.0.3987.162 Mobile Safari/537.36"
191.60.152.97 - - [05/Apr/2021:06:30:46 +0800] "GET /wordpress/wp-content/themes/vantage/js/jquery.flexslider.min.js?ver=2.1 HTTP/1.1" 200 6232 "https://www.mycath2o.com/fr/" "Mozilla/5.0 (Linux; Android 9; SM-J415G) AppleWebKit/537.36 (KHTML, like Gecko) Chrome/80.0.3987.162 Mobile Safari/537.36"
191.60.152.97 - - [05/Apr/2021:06:30:46 +0800] "GET /wordpress/wp-content/themes/vantage/js/jquery.touchSwipe.min.js?ver=1.6.6 HTTP/1.1" 200 3672 "https://www.mycath2o.com/fr/" "Mozilla/5.0 (Linux; Android 9; SM-J415G) AppleWebKit/537.36 (KHTML, like Gecko) Chrome/80.0.3987.162 Mobile Safari/537.36"
191.60.152.97 - - [05/Apr/2021:06:30:46 +0800] "GET /wordpress/wp-content/themes/vantage/js/jquery.theme-main.min.js?ver=1.7.7 HTTP/1.1" 200 2510 "https://www.mycath2o.com/fr/" "Mozilla/5.0 (Linux; Android 9; SM-J415G) AppleWebKit/537.36 (KHTML, like Gecko) Chrome/80.0.3987.162 Mobile Safari/537.36"
191.60.152.97 - - [05/Apr/2021:06:30:46 +0800] "GET /wordpress/wp-content/themes/vantage/js/jquery.fitvids.min.js?ver=1.0 HTTP/1.1" 200 797 "https://www.mycath2o.com/fr/" "Mozilla/5.0 (Linux; Android 9; SM-J415G) AppleWebKit/537.36 (KHTML, like Gecko) Chrome/80.0.3987.162 Mobile Safari/537.36"
191.60.152.97 - - [05/Apr/2021:06:30:46 +0800] "GET /wordpress/wp-includes/js/wp-embed.min.js?ver=4.9.16 HTTP/1.1" 200 753 "https://www.mycath2o.com/fr/" "Mozilla/5.0 (Linux; Android 9; SM-J415G) AppleWebKit/537.36 (KHTML, like Gecko) Chrome/80.0.3987.162 Mobile Safari/537.36"
191.60.152.97 - - [05/Apr/2021:06:30:46 +0800] "GET /wordpress/wp-content/plugins/elementor/assets/lib/slick/slick.min.js?ver=1.8.1 HTTP/1.1" 200 10442 "https://www.mycath2o.com/fr/" "Mozilla/5.0 (Linux; Android 9; SM-J415G) AppleWebKit/537.36 (KHTML, like Gecko) Chrome/80.0.3987.162 Mobile Safari/537.36"
191.60.152.97 - - [05/Apr/2021:06:30:46 +0800] "GET /wordpress/wp-includes/js/jquery/ui/position.min.js?ver=1.11.4 HTTP/1.1" 200 2562 "https://www.mycath2o.com/fr/" "Mozilla/5.0 (Linux; Android 9; SM-J415G) AppleWebKit/537.36 (KHTML, like Gecko) Chrome/80.0.3987.162 Mobile Safari/537.36"
191.60.152.97 - - [05/Apr/2021:06:30:46 +0800] "GET /wordpress/wp-content/plugins/elementor/assets/lib/dialog/dialog.min.js?ver=4.5.0 HTTP/1.1" 200 3337 "https://www.mycath2o.com/fr/" "Mozilla/5.0 (Linux; Android 9; SM-J415G) AppleWebKit/537.36 (KHTML, like Gecko) Chrome/80.0.3987.162 Mobile Safari/537.36"
191.60.152.97 - - [05/Apr/2021:06:30:46 +0800] "GET /wordpress/wp-content/plugins/elementor/assets/lib/waypoints/waypoints.min.js?ver=4.0.2 HTTP/1.1" 200 2993 "https://www.mycath2o.com/fr/" "Mozilla/5.0 (Linux; Android 9; SM-J415G) AppleWebKit/537.36 (KHTML, like Gecko) Chrome/80.0.3987.162 Mobile Safari/537.36"
191.60.152.97 - - [05/Apr/2021:06:30:46 +0800] "GET /wordpress/wp-content/plugins/elementor/assets/lib/swiper/swiper.jquery.min.js?ver=4.4.3 HTTP/1.1" 200 31322 "https://www.mycath2o.com/fr/" "Mozilla/5.0 (Linux; Android 9; SM-J415G) AppleWebKit/537.36 (KHTML, like Gecko) Chrome/80.0.3987.162 Mobile Safari/537.36"
191.60.152.97 - - [05/Apr/2021:06:30:46 +0800] "GET /wordpress/wp-content/plugins/elementor/assets/js/frontend.min.js?ver=2.2.7 HTTP/1.1" 200 10410 "https://www.mycath2o.com/fr/" "Mozilla/5.0 (Linux; Android 9; SM-J415G) AppleWebKit/537.36 (KHTML, like Gecko) Chrome/80.0.3987.162 Mobile Safari/537.36"
191.60.152.97 - - [05/Apr/2021:06:30:46 +0800] "GET /wordpress/wp-includes/js/wp-emoji-release.min.js?ver=4.9.16 HTTP/1.1" 200 4382 "https://www.mycath2o.com/fr/" "Mozilla/5.0 (Linux; Android 9; SM-J415G) AppleWebKit/537.36 (KHTML, like Gecko) Chrome/80.0.3987.162 Mobile Safari/537.36"
191.60.152.97 - - [05/Apr/2021:06:30:46 +0800] "GET /wordpress/wp-content/uploads/2018/06/1240_header-768x468.jpg HTTP/1.1" 200 42952 "https://www.mycath2o.com/fr/" "Mozilla/5.0 (Linux; Android 9; SM-J415G) AppleWebKit/537.36 (KHTML, like Gecko) Chrome/80.0.3987.162 Mobile Safari/537.36"
191.60.152.97 - - [05/Apr/2021:06:30:46 +0800] "GET /wordpress/wp-content/plugins/elementor/assets/lib/eicons/fonts/eicons.woff2?3.8.0 HTTP/1.1" 200 56760 "https://www.mycath2o.com/wordpress/wp-content/plugins/elementor/assets/lib/eicons/css/elementor-icons.min.css?ver=3.8.0" "Mozilla/5.0 (Linux; Android 9; SM-J415G) AppleWebKit/537.36 (KHTML, like Gecko) Chrome/80.0.3987.162 Mobile Safari/537.36"
191.60.152.97 - - [05/Apr/2021:06:30:47 +0800] "GET /wordpress/wp-content/themes/vantage/icons/vantage-icons.woff HTTP/1.1" 200 1380 "https://www.mycath2o.com/wordpress/wp-content/themes/vantage/style.css?ver=1.7.7" "Mozilla/5.0 (Linux; Android 9; SM-J415G) AppleWebKit/537.36 (KHTML, like Gecko) Chrome/80.0.3987.162 Mobile Safari/537.36"
191.60.152.97 - - [05/Apr/2021:06:30:47 +0800] "GET /wordpress/wp-content/uploads/2018/03/CAT_2.jpg HTTP/1.1" 200 55480 "https://www.mycath2o.com/fr/" "Mozilla/5.0 (Linux; Android 9; SM-J415G) AppleWebKit/537.36 (KHTML, like Gecko) Chrome/80.0.3987.162 Mobile Safari/537.36"
191.60.152.97 - - [05/Apr/2021:06:30:46 +0800] "GET /wordpress/wp-content/plugins/elementor/assets/lib/font-awesome/fonts/fontawesome-webfont.woff2?v=4.7.0 HTTP/1.1" 200 77160 "https://www.mycath2o.com/wordpress/wp-content/plugins/elementor/assets/lib/font-awesome/css/font-awesome.min.css?ver=4.7.0" "Mozilla/5.0 (Linux; Android 9; SM-J415G) AppleWebKit/537.36 (KHTML, like Gecko) Chrome/80.0.3987.162 Mobile Safari/537.36"
191.60.152.97 - - [05/Apr/2021:06:30:48 +0800] "GET /wordpress/wp-content/uploads/2018/08/DC_CH010-French-768x808.jpg HTTP/1.1" 200 75289 "https://www.mycath2o.com/fr/" "Mozilla/5.0 (Linux; Android 9; SM-J415G) AppleWebKit/537.36 (KHTML, like Gecko) Chrome/80.0.3987.162 Mobile Safari/537.36"
191.60.152.97 - - [05/Apr/2021:06:30:47 +0800] "GET /wordpress/wp-content/uploads/2018/03/cats.jpg HTTP/1.1" 200 114570 "https://www.mycath2o.com/fr/" "Mozilla/5.0 (Linux; Android 9; SM-J415G) AppleWebKit/537.36 (KHTML, like Gecko) Chrome/80.0.3987.162 Mobile Safari/537.36"
191.60.152.97 - - [05/Apr/2021:06:30:48 +0800] "GET /wordpress/wp-content/uploads/elementor/thumbs/fr_-2-nv6lsvohoxwzwcaqvjttgnfqy0fkm6yvk3mrv35x0g.png HTTP/1.1" 200 68192 "https://www.mycath2o.com/fr/" "Mozilla/5.0 (Linux; Android 9; SM-J415G) AppleWebKit/537.36 (KHTML, like Gecko) Chrome/80.0.3987.162 Mobile Safari/537.36"
191.60.152.97 - - [05/Apr/2021:06:30:48 +0800] "GET /wordpress/wp-content/uploads/elementor/thumbs/fr_-3-nv6lsxk62lzkjk80kkn2lmyo4s6b1l6c8cxqtn34o0.png HTTP/1.1" 200 54404 "https://www.mycath2o.com/fr/" "Mozilla/5.0 (Linux; Android 9; SM-J415G) AppleWebKit/537.36 (KHTML, like Gecko) Chrome/80.0.3987.162 Mobile Safari/537.36"
191.60.152.97 - - [05/Apr/2021:06:30:48 +0800] "GET /wordpress/wp-content/uploads/elementor/thumbs/fr_4-nv6lt3777m7ah7ztnn2u0ljfp3eibrsq94unpaurmo.png HTTP/1.1" 200 53486 "https://www.mycath2o.com/fr/" "Mozilla/5.0 (Linux; Android 9; SM-J415G) AppleWebKit/537.36 (KHTML, like Gecko) Chrome/80.0.3987.162 Mobile Safari/537.36"
191.60.152.97 - - [05/Apr/2021:06:30:48 +0800] "GET /wordpress/wp-content/uploads/2018/03/Cat_H2O_blue.jpg HTTP/1.1" 200 41682 "https://www.mycath2o.com/fr/" "Mozilla/5.0 (Linux; Android 9; SM-J415G) AppleWebKit/537.36 (KHTML, like Gecko) Chrome/80.0.3987.162 Mobile Safari/537.36"
191.60.152.97 - - [05/Apr/2021:06:30:48 +0800] "GET /wordpress/wp-content/uploads/elementor/thumbs/fr_1-nv6lt0don43fie3x43uyb491wxseoohj8qw79gyy5c.png HTTP/1.1" 200 68685 "https://www.mycath2o.com/fr/" "Mozilla/5.0 (Linux; Android 9; SM-J415G) AppleWebKit/537.36 (KHTML, like Gecko) Chrome/80.0.3987.162 Mobile Safari/537.36"
191.60.152.97 - - [05/Apr/2021:06:30:48 +0800] "GET /wordpress/wp-content/uploads/2018/03/Cat_H2O_green.jpg HTTP/1.1" 200 44493 "https://www.mycath2o.com/fr/" "Mozilla/5.0 (Linux; Android 9; SM-J415G) AppleWebKit/537.36 (KHTML, like Gecko) Chrome/80.0.3987.162 Mobile Safari/537.36"
191.60.152.97 - - [05/Apr/2021:06:30:47 +0800] "GET /wordpress/wp-content/uploads/2018/08/%E7%94%BB%E6%9D%BF-1-4-768x432.png HTTP/1.1" 200 351411 "https://www.mycath2o.com/fr/" "Mozilla/5.0 (Linux; Android 9; SM-J415G) AppleWebKit/537.36 (KHTML, like Gecko) Chrome/80.0.3987.162 Mobile Safari/537.36"
191.60.152.97 - - [05/Apr/2021:06:30:49 +0800] "GET /wordpress/wp-content/uploads/2018/06/Cat_H2O_4L.jpg HTTP/1.1" 200 34530 "https://www.mycath2o.com/fr/" "Mozilla/5.0 (Linux; Android 9; SM-J415G) AppleWebKit/537.36 (KHTML, like Gecko) Chrome/80.0.3987.162 Mobile Safari/537.36"
191.60.152.97 - - [05/Apr/2021:06:30:49 +0800] "GET /wordpress/wp-content/uploads/2018/06/R-015_pad.jpg HTTP/1.1" 200 5570 "https://www.mycath2o.com/fr/" "Mozilla/5.0 (Linux; Android 9; SM-J415G) AppleWebKit/537.36 (KHTML, like Gecko) Chrome/80.0.3987.162 Mobile Safari/537.36"
191.60.152.97 - - [05/Apr/2021:06:30:49 +0800] "GET /wordpress/wp-content/uploads/2018/06/R-016_160pxH.png HTTP/1.1" 200 33376 "https://www.mycath2o.com/fr/" "Mozilla/5.0 (Linux; Android 9; SM-J415G) AppleWebKit/537.36 (KHTML, like Gecko) Chrome/80.0.3987.162 Mobile Safari/537.36"
191.60.152.97 - - [05/Apr/2021:06:30:49 +0800] "GET /wordpress/wp-content/uploads/2018/06/Softening.jpg HTTP/1.1" 200 6267 "https://www.mycath2o.com/fr/" "Mozilla/5.0 (Linux; Android 9; SM-J415G) AppleWebKit/537.36 (KHTML, like Gecko) Chrome/80.0.3987.162 Mobile Safari/537.36"
191.60.152.97 - - [05/Apr/2021:06:30:49 +0800] "GET /wordpress/wp-content/uploads/2018/06/R-015-CH.png HTTP/1.1" 200 59463 "https://www.mycath2o.com/fr/" "Mozilla/5.0 (Linux; Android 9; SM-J415G) AppleWebKit/537.36 (KHTML, like Gecko) Chrome/80.0.3987.162 Mobile Safari/537.36"
191.60.152.97 - - [05/Apr/2021:06:30:49 +0800] "GET /wordpress/wp-content/uploads/2018/06/CHD001.jpg HTTP/1.1" 200 50487 "https://www.mycath2o.com/fr/" "Mozilla/5.0 (Linux; Android 9; SM-J415G) AppleWebKit/537.36 (KHTML, like Gecko) Chrome/80.0.3987.162 Mobile Safari/537.36"
191.60.152.97 - - [05/Apr/2021:06:30:49 +0800] "GET /wordpress/wp-content/uploads/2018/06/R-016-CDH.jpg HTTP/1.1" 200 63820 "https://www.mycath2o.com/fr/" "Mozilla/5.0 (Linux; Android 9; SM-J415G) AppleWebKit/537.36 (KHTML, like Gecko) Chrome/80.0.3987.162 Mobile Safari/537.36"
191.60.152.97 - - [05/Apr/2021:06:30:49 +0800] "GET /wordpress/wp-content/uploads/2018/06/AA190A.jpg HTTP/1.1" 200 45063 "https://www.mycath2o.com/fr/" "Mozilla/5.0 (Linux; Android 9; SM-J415G) AppleWebKit/537.36 (KHTML, like Gecko) Chrome/80.0.3987.162 Mobile Safari/537.36"
191.60.152.97 - - [05/Apr/2021:06:30:49 +0800] "GET /wordpress/wp-content/uploads/2018/06/R-017.jpg HTTP/1.1" 200 53407 "https://www.mycath2o.com/fr/" "Mozilla/5.0 (Linux; Android 9; SM-J415G) AppleWebKit/537.36 (KHTML, like Gecko) Chrome/80.0.3987.162 Mobile Safari/537.36"
191.60.152.97 - - [05/Apr/2021:06:30:49 +0800] "GET /wordpress/wp-content/uploads/2018/06/DH08DC-01.png HTTP/1.1" 200 40519 "https://www.mycath2o.com/fr/" "Mozilla/5.0 (Linux; Android 9; SM-J415G) AppleWebKit/537.36 (KHTML, like Gecko) Chrome/80.0.3987.162 Mobile Safari/537.36"
191.60.152.97 - - [05/Apr/2021:06:30:49 +0800] "GET /wordpress/wp-content/uploads/2019/05/websitelogo.png HTTP/1.1" 200 1453 "https://www.mycath2o.com/fr/" "Mozilla/5.0 (Linux; Android 9; SM-J415G) AppleWebKit/537.36 (KHTML, like Gecko) Chrome/80.0.3987.162 Mobile Safari/537.36"
191.60.152.97 - - [05/Apr/2021:06:30:49 +0800] "GET /wordpress/wp-content/uploads/elementor/thumbs/aa_logo-nn0pqz9jl6r1zmbarew4nt9y6wpqem6k7hbsbu2bfc.png HTTP/1.1" 200 5939 "https://www.mycath2o.com/fr/" "Mozilla/5.0 (Linux; Android 9; SM-J415G) AppleWebKit/537.36 (KHTML, like Gecko) Chrome/80.0.3987.162 Mobile Safari/537.36"
191.60.152.97 - - [05/Apr/2021:06:30:49 +0800] "GET /wordpress/wp-content/uploads/2018/08/KM_LOGO_2.jpg HTTP/1.1" 200 16293 "https://www.mycath2o.com/fr/" "Mozilla/5.0 (Linux; Android 9; SM-J415G) AppleWebKit/537.36 (KHTML, like Gecko) Chrome/80.0.3987.162 Mobile Safari/537.36"
191.60.152.97 - - [05/Apr/2021:06:30:50 +0800] "GET /wordpress/wp-content/uploads/2018/07/dogh2o_logo_2.png HTTP/1.1" 200 8897 "https://www.mycath2o.com/fr/" "Mozilla/5.0 (Linux; Android 9; SM-J415G) AppleWebKit/537.36 (KHTML, like Gecko) Chrome/80.0.3987.162 Mobile Safari/537.36"
191.60.152.97 - - [05/Apr/2021:06:30:50 +0800] "GET /favicon.ico HTTP/1.1" 200 2196 "https://www.mycath2o.com/fr/" "Mozilla/5.0 (Linux; Android 9; SM-J415G) AppleWebKit/537.36 (KHTML, like Gecko) Chrome/80.0.3987.162 Mobile Safari/537.36"
185.247.224.14 - - [05/Apr/2021:06:31:21 +0800] "GET /de/feed/ HTTP/1.1" 304 - "-" "Mozilla/5.0 (X11; Ubuntu; Linux x86_64; rv:86.0) Gecko/20100101 Firefox/86.0"
116.203.188.62 - - [05/Apr/2021:06:36:05 +0800] "GET /en/ HTTP/1.1" 301 - "-" "Mozilla/5.0 (Macintosh; Intel Mac OS X 10_11_6) AppleWebKit/537.36 (KHTML, like Gecko) Chrome/83.0.4103.116 Safari/537.36"
116.203.188.62 - - [05/Apr/2021:06:36:07 +0800] "GET /en/ HTTP/1.1" 301 - "-" "Mozilla/5.0 (Macintosh; Intel Mac OS X 10_11_6) AppleWebKit/537.36 (KHTML, like Gecko) Chrome/83.0.4103.116 Safari/537.36"
116.203.188.62 - - [05/Apr/2021:06:36:08 +0800] "GET /en/ HTTP/1.1" 200 93131 "-" "Mozilla/5.0 (Macintosh; Intel Mac OS X 10_11_6) AppleWebKit/537.36 (KHTML, like Gecko) Chrome/83.0.4103.116 Safari/537.36"
49.7.20.92 - - [05/Apr/2021:06:38:52 +0800] "GET / HTTP/1.1" 302 186 "-" "Sogou web spider/4.0(+http://www.sogou.com/docs/help/webmasters.htm#07)"
178.17.171.39 - - [05/Apr/2021:06:39:16 +0800] "GET /de/feed/ HTTP/1.1" 304 - "-" "Mozilla/5.0 (X11; Ubuntu; Linux x86_64; rv:86.0) Gecko/20100101 Firefox/86.0"
66.249.79.107 - - [05/Apr/2021:06:39:38 +0800] "GET /dko/video-s-golden-knights-vs-blues-V-w.html HTTP/1.1" 200 3139 "-" "Mozilla/5.0 (compatible; Googlebot/2.1; +http://www.google.com/bot.html)"
13.66.139.29 - - [05/Apr/2021:06:43:25 +0800] "GET / HTTP/1.1" 302 20 "-" "Mozilla/5.0 (compatible; bingbot/2.0; +http://www.bing.com/bingbot.htm)"
13.66.139.29 - - [05/Apr/2021:06:43:27 +0800] "GET /en/ HTTP/1.1" 200 15178 "-" "Mozilla/5.0 (compatible; bingbot/2.0; +http://www.bing.com/bingbot.htm)"
35.237.173.168 - - [05/Apr/2021:06:43:30 +0800] "GET /robots.txt HTTP/1.0" 200 79 "-" "ZoominfoBot (zoominfobot at zoominfo dot com)"
35.237.173.168 - - [05/Apr/2021:06:43:31 +0800] "GET /en/category/uncategorized/ HTTP/1.0" 200 4686 "-" "ZoominfoBot (zoominfobot at zoominfo dot com)"
49.7.20.92 - - [05/Apr/2021:06:46:57 +0800] "GET / HTTP/1.1" 302 20 "-" "Sogou web spider/4.0(+http://www.sogou.com/docs/help/webmasters.htm#07)"
203.124.10.177 - - [05/Apr/2021:06:50:04 +0800] "POST /wordpress/wp-cron.php?doing_wp_cron=1617576604.3257501125335693359375 HTTP/1.1" 200 20 "https://www.mycath2o.com/wordpress/wp-cron.php?doing_wp_cron=1617576604.3257501125335693359375" "WordPress/4.9.16; https://www.mycath2o.com"
185.220.100.252 - - [05/Apr/2021:06:50:03 +0800] "GET /de/feed/ HTTP/1.1" 304 - "-" "Mozilla/5.0 (X11; Ubuntu; Linux x86_64; rv:86.0) Gecko/20100101 Firefox/86.0"
49.7.20.92 - - [05/Apr/2021:06:52:09 +0800] "GET /en/ HTTP/1.1" 200 15178 "-" "Sogou web spider/4.0(+http://www.sogou.com/docs/help/webmasters.htm#07)"
35.237.173.168 - - [05/Apr/2021:06:53:02 +0800] "GET /en/comments/feed/ HTTP/1.0" 200 398 "-" "ZoominfoBot (zoominfobot at zoominfo dot com)"
35.237.173.168 - - [05/Apr/2021:06:55:23 +0800] "GET /ko/ HTTP/1.0" 200 16433 "-" "ZoominfoBot (zoominfobot at zoominfo dot com)"
114.119.135.73 - - [05/Apr/2021:06:56:02 +0800] "GET /robots.txt HTTP/1.1" 301 20 "-" "(compatible;PetalBot;+https://aspiegel.com/petalbot)"
114.119.135.73 - - [05/Apr/2021:06:56:03 +0800] "GET /robots.txt HTTP/1.1" 200 79 "-" "(compatible;PetalBot;+https://aspiegel.com/petalbot)"
185.67.82.114 - - [05/Apr/2021:06:57:45 +0800] "GET /de/feed/ HTTP/1.1" 304 - "-" "Mozilla/5.0 (X11; Ubuntu; Linux x86_64; rv:86.0) Gecko/20100101 Firefox/86.0"
66.249.79.109 - - [05/Apr/2021:07:02:21 +0800] "GET /dko/video-p-a-q.html HTTP/1.1" 200 3050 "-" "Mozilla/5.0 (compatible; Googlebot/2.1; +http://www.google.com/bot.html)"
114.119.151.168 - - [05/Apr/2021:07:02:49 +0800] "GET /es/feed HTTP/1.1" 301 20 "-" "Mozilla/5.0 (Linux; Android 7.0;) AppleWebKit/537.36 (KHTML, like Gecko) Mobile Safari/537.36 (compatible; PetalBot;+https://aspiegel.com/petalbot)"
114.119.151.168 - - [05/Apr/2021:07:02:57 +0800] "GET /es/feed/ HTTP/1.1" 200 427 "-" "Mozilla/5.0 (Linux; Android 7.0;) AppleWebKit/537.36 (KHTML, like Gecko) Mobile Safari/537.36 (compatible; PetalBot;+https://aspiegel.com/petalbot)"
35.237.173.168 - - [05/Apr/2021:07:03:53 +0800] "GET /robots.txt HTTP/1.0" 200 79 "-" "ZoominfoBot (zoominfobot at zoominfo dot com)"
35.237.173.168 - - [05/Apr/2021:07:03:55 +0800] "GET /en/ HTTP/1.0" 301 20 "-" "ZoominfoBot (zoominfobot at zoominfo dot com)"
94.230.208.147 - - [05/Apr/2021:07:04:54 +0800] "GET /de/feed/ HTTP/1.1" 304 - "-" "Mozilla/5.0 (X11; Ubuntu; Linux x86_64; rv:86.0) Gecko/20100101 Firefox/86.0"
190.166.124.118 - - [05/Apr/2021:07:10:47 +0800] "GET /en/?gclid=Cj0KCQiAyoeCBhCTARIsAOfpKxjAMxIKWJu8__2bsrGEHaKMZ7X_1dQ4SRsROKcmKNoDmjsYuC4qmXcaAj1BEALw_wcB HTTP/1.1" 200 15189 "-" "Mozilla/5.0 (Linux; Android 10; SM-G970U) AppleWebKit/537.36 (KHTML, like Gecko) Chrome/89.0.4389.105 Mobile Safari/537.36"
190.166.124.118 - - [05/Apr/2021:07:10:49 +0800] "GET /wordpress/wp-content/themes/vantage/style.css?ver=1.7.7 HTTP/1.1" 200 15098 "https://www.mycath2o.com/en/?gclid=Cj0KCQiAyoeCBhCTARIsAOfpKxjAMxIKWJu8__2bsrGEHaKMZ7X_1dQ4SRsROKcmKNoDmjsYuC4qmXcaAj1BEALw_wcB" "Mozilla/5.0 (Linux; Android 10; SM-G970U) AppleWebKit/537.36 (KHTML, like Gecko) Chrome/89.0.4389.105 Mobile Safari/537.36"
190.166.124.118 - - [05/Apr/2021:07:10:49 +0800] "GET /wordpress/wp-content/plugins/elementor/assets/lib/font-awesome/css/font-awesome.min.css?ver=4.7.0 HTTP/1.1" 200 7053 "https://www.mycath2o.com/en/?gclid=Cj0KCQiAyoeCBhCTARIsAOfpKxjAMxIKWJu8__2bsrGEHaKMZ7X_1dQ4SRsROKcmKNoDmjsYuC4qmXcaAj1BEALw_wcB" "Mozilla/5.0 (Linux; Android 10; SM-G970U) AppleWebKit/537.36 (KHTML, like Gecko) Chrome/89.0.4389.105 Mobile Safari/537.36"
190.166.124.118 - - [05/Apr/2021:07:10:49 +0800] "GET /wordpress/wp-content/plugins/elementor/assets/lib/eicons/css/elementor-icons.min.css?ver=3.8.0 HTTP/1.1" 200 2425 "https://www.mycath2o.com/en/?gclid=Cj0KCQiAyoeCBhCTARIsAOfpKxjAMxIKWJu8__2bsrGEHaKMZ7X_1dQ4SRsROKcmKNoDmjsYuC4qmXcaAj1BEALw_wcB" "Mozilla/5.0 (Linux; Android 10; SM-G970U) AppleWebKit/537.36 (KHTML, like Gecko) Chrome/89.0.4389.105 Mobile Safari/537.36"
190.166.124.118 - - [05/Apr/2021:07:10:49 +0800] "GET /wordpress/wp-content/plugins/elementor/assets/lib/animations/animations.min.css?ver=2.2.7 HTTP/1.1" 200 2592 "https://www.mycath2o.com/en/?gclid=Cj0KCQiAyoeCBhCTARIsAOfpKxjAMxIKWJu8__2bsrGEHaKMZ7X_1dQ4SRsROKcmKNoDmjsYuC4qmXcaAj1BEALw_wcB" "Mozilla/5.0 (Linux; Android 10; SM-G970U) AppleWebKit/537.36 (KHTML, like Gecko) Chrome/89.0.4389.105 Mobile Safari/537.36"
190.166.124.118 - - [05/Apr/2021:07:10:49 +0800] "GET /wordpress/wp-content/plugins/elementor/assets/css/frontend.min.css?ver=2.2.7 HTTP/1.1" 200 12039 "https://www.mycath2o.com/en/?gclid=Cj0KCQiAyoeCBhCTARIsAOfpKxjAMxIKWJu8__2bsrGEHaKMZ7X_1dQ4SRsROKcmKNoDmjsYuC4qmXcaAj1BEALw_wcB" "Mozilla/5.0 (Linux; Android 10; SM-G970U) AppleWebKit/537.36 (KHTML, like Gecko) Chrome/89.0.4389.105 Mobile Safari/537.36"
66.249.79.111 - - [05/Apr/2021:07:11:35 +0800] "GET /plr/video-y-g-I.html HTTP/1.1" 200 3341 "-" "Mozilla/5.0 (compatible; Googlebot/2.1; +http://www.google.com/bot.html)"
185.220.101.22 - - [05/Apr/2021:07:11:40 +0800] "GET /de/feed/ HTTP/1.1" 304 - "-" "Mozilla/5.0 (X11; Ubuntu; Linux x86_64; rv:86.0) Gecko/20100101 Firefox/86.0"
35.237.173.168 - - [05/Apr/2021:07:13:53 +0800] "GET /cn/ HTTP/1.0" 200 15765 "-" "ZoominfoBot (zoominfobot at zoominfo dot com)"
217.138.219.147 - - [05/Apr/2021:07:17:43 +0800] "GET /wordpress/wp-login.php HTTP/1.1" 200 1154 "-" "Mozilla/5.0 (Windows NT 10.0; WOW64; rv:52.0) Gecko/20100101 Firefox/52.0"
217.138.219.147 - - [05/Apr/2021:07:17:43 +0800] "POST /wordpress/wp-login.php HTTP/1.1" 200 1533 "-" "Mozilla/5.0 (Windows NT 10.0; WOW64; rv:52.0) Gecko/20100101 Firefox/52.0"
66.249.79.107 - - [05/Apr/2021:07:19:06 +0800] "GET /plr/video-U-canadiens-vs-oilers-5x-u.html HTTP/1.1" 200 3902 "-" "Mozilla/5.0 (compatible; Googlebot/2.1; +http://www.google.com/bot.html)"
35.237.173.168 - - [05/Apr/2021:07:19:57 +0800] "GET /wordpress/xmlrpc.php?rsd HTTP/1.0" 403 193 "-" "ZoominfoBot (zoominfobot at zoominfo dot com)"
46.166.139.111 - - [05/Apr/2021:07:21:43 +0800] "GET /de/feed/ HTTP/1.1" 304 - "-" "Mozilla/5.0 (X11; Ubuntu; Linux x86_64; rv:86.0) Gecko/20100101 Firefox/86.0"
66.249.79.107 - - [05/Apr/2021:07:24:12 +0800] "GET /dko/video-C-c-l.html HTTP/1.1" 304 - "-" "Mozilla/5.0 (Linux; Android 6.0.1; Nexus 5X Build/MMB29P) AppleWebKit/537.36 (KHTML, like Gecko) Chrome/89.0.4389.102 Mobile Safari/537.36 (compatible; Googlebot/2.1; +http://www.google.com/bot.html)"
35.245.188.175 - - [05/Apr/2021:07:24:15 +0800] "GET / HTTP/1.1" 302 208 "-" "Mozilla/5.0 (Windows NT 6.1; WOW64; Trident/7.0; rv:11.0) like Gecko"
35.245.188.175 - - [05/Apr/2021:07:24:16 +0800] "GET / HTTP/1.1" 302 - "-" "Mozilla/5.0 (Windows NT 6.1; WOW64; Trident/7.0; rv:11.0) like Gecko"
35.245.188.175 - - [05/Apr/2021:07:24:17 +0800] "GET /en/ HTTP/1.1" 200 93131 "-" "Mozilla/5.0 (Windows NT 6.1; WOW64; Trident/7.0; rv:11.0) like Gecko"
220.181.108.156 - - [05/Apr/2021:07:28:58 +0800] "GET /wordpress/wp-content/uploads/2018/03/cats.jpg HTTP/1.1" 302 186 "-" "Mozilla/5.0 (compatible; Baiduspider/2.0; +http://www.baidu.com/search/spider.html)"
220.181.108.103 - - [05/Apr/2021:07:28:59 +0800] "GET /wordpress/wp-content/uploads/elementor/thumbs/f_zt-nrimgxqk726edcz8q4wtz04ov9yyj0hpzdyls1njvk.png HTTP/1.1" 302 186 "-" "Mozilla/5.0 (compatible; Baiduspider/2.0; +http://www.baidu.com/search/spider.html)"
220.181.108.161 - - [05/Apr/2021:07:28:59 +0800] "GET / HTTP/1.1" 302 - "-" "Mozilla/5.0 (compatible; Baiduspider/2.0; +http://www.baidu.com/search/spider.html)"
220.181.108.153 - - [05/Apr/2021:07:28:59 +0800] "GET / HTTP/1.1" 302 - "-" "Mozilla/5.0 (compatible; Baiduspider/2.0; +http://www.baidu.com/search/spider.html)"
220.181.108.99 - - [05/Apr/2021:07:29:00 +0800] "GET /wordpress/wp-content/uploads/2018/06/f_cover.png HTTP/1.1" 302 208 "-" "Mozilla/5.0 (compatible; Baiduspider/2.0; +http://www.baidu.com/search/spider.html)"
220.181.108.87 - - [05/Apr/2021:07:29:00 +0800] "GET / HTTP/1.1" 302 - "-" "Mozilla/5.0 (compatible; Baiduspider/2.0; +http://www.baidu.com/search/spider.html)"
220.181.108.121 - - [05/Apr/2021:07:29:00 +0800] "GET /en/ HTTP/1.1" 200 93131 "-" "Mozilla/5.0 (compatible; Baiduspider/2.0; +http://www.baidu.com/search/spider.html)"
220.181.108.78 - - [05/Apr/2021:07:29:00 +0800] "GET /en/ HTTP/1.1" 200 93131 "-" "Mozilla/5.0 (compatible; Baiduspider/2.0; +http://www.baidu.com/search/spider.html)"
220.181.108.122 - - [05/Apr/2021:07:29:01 +0800] "GET /en/ HTTP/1.1" 200 93131 "-" "Mozilla/5.0 (compatible; Baiduspider/2.0; +http://www.baidu.com/search/spider.html)"
220.181.108.76 - - [05/Apr/2021:07:29:04 +0800] "GET /wordpress/wp-content/uploads/2018/06/f_pump.png HTTP/1.1" 302 208 "-" "Mozilla/5.0 (compatible; Baiduspider/2.0; +http://www.baidu.com/search/spider.html)"
220.181.108.166 - - [05/Apr/2021:07:29:04 +0800] "GET / HTTP/1.1" 302 - "-" "Mozilla/5.0 (compatible; Baiduspider/2.0; +http://www.baidu.com/search/spider.html)"
220.181.108.165 - - [05/Apr/2021:07:29:05 +0800] "GET /wordpress/wp-content/uploads/2018/06/CHD001.jpg HTTP/1.1" 302 186 "-" "Mozilla/5.0 (compatible; Baiduspider/2.0; +http://www.baidu.com/search/spider.html)"
220.181.108.161 - - [05/Apr/2021:07:29:06 +0800] "GET /wordpress/wp-content/uploads/2018/06/R-016-CDH.jpg HTTP/1.1" 302 186 "-" "Mozilla/5.0 (compatible; Baiduspider/2.0; +http://www.baidu.com/search/spider.html)"
220.181.108.106 - - [05/Apr/2021:07:29:06 +0800] "GET / HTTP/1.1" 302 - "-" "Mozilla/5.0 (compatible; Baiduspider/2.0; +http://www.baidu.com/search/spider.html)"
220.181.108.159 - - [05/Apr/2021:07:29:06 +0800] "GET / HTTP/1.1" 302 - "-" "Mozilla/5.0 (compatible; Baiduspider/2.0; +http://www.baidu.com/search/spider.html)"
220.181.108.146 - - [05/Apr/2021:07:29:05 +0800] "GET /en/ HTTP/1.1" 200 93131 "-" "Mozilla/5.0 (compatible; Baiduspider/2.0; +http://www.baidu.com/search/spider.html)"
220.181.108.87 - - [05/Apr/2021:07:29:06 +0800] "GET /en/ HTTP/1.1" 200 93131 "-" "Mozilla/5.0 (compatible; Baiduspider/2.0; +http://www.baidu.com/search/spider.html)"
220.181.108.84 - - [05/Apr/2021:07:29:07 +0800] "GET /en/ HTTP/1.1" 200 93131 "-" "Mozilla/5.0 (compatible; Baiduspider/2.0; +http://www.baidu.com/search/spider.html)"
35.237.173.168 - - [05/Apr/2021:07:30:20 +0800] "GET /LitterFresh HTTP/1.0" 301 203 "-" "ZoominfoBot (zoominfobot at zoominfo dot com)"
203.124.10.177 - - [05/Apr/2021:07:30:22 +0800] "POST /LitterFresh/wp-cron.php?doing_wp_cron=1617579021.9535639286041259765625 HTTP/1.1" 200 20 "https://www.mycath2o.com/LitterFresh/wp-cron.php?doing_wp_cron=1617579021.9535639286041259765625" "WordPress/5.1.8; https://www.mycath2o.com/LitterFresh"
35.237.173.168 - - [05/Apr/2021:07:30:21 +0800] "GET /LitterFresh/ HTTP/1.0" 200 10143 "-" "ZoominfoBot (zoominfobot at zoominfo dot com)"
52.254.8.238 - - [05/Apr/2021:07:30:43 +0800] "GET /index.php?3x=3x HTTP/1.1" 301 20 "-" "python-requests/2.25.1"
52.254.8.238 - - [05/Apr/2021:07:31:03 +0800] "GET /index.php?3x=3x HTTP/1.1" 301 20 "-" "python-requests/2.25.1"
52.254.8.238 - - [05/Apr/2021:07:31:04 +0800] "GET /en/?3x=3x HTTP/1.1" 200 15178 "-" "python-requests/2.25.1"
217.79.178.53 - - [05/Apr/2021:07:31:11 +0800] "GET /de/feed/ HTTP/1.1" 304 - "-" "Mozilla/5.0 (X11; Ubuntu; Linux x86_64; rv:86.0) Gecko/20100101 Firefox/86.0"
73.200.198.202 - - [05/Apr/2021:07:35:01 +0800] "GET /en/?gclid=EAIaIQobChMI0ZbHtdvC7wIVQIWDBx3bRgkrEAEYASAAEgLQs_D_BwE HTTP/1.1" 200 15189 "-" "Mozilla/5.0 (Linux; Android 10; SAMSUNG SM-T295) AppleWebKit/537.36 (KHTML, like Gecko) SamsungBrowser/11.1 Chrome/75.0.3770.143 Safari/537.36"
35.237.173.168 - - [05/Apr/2021:07:39:12 +0800] "GET /wordpress/wp-login.php HTTP/1.0" 200 1154 "-" "ZoominfoBot (zoominfobot at zoominfo dot com)"
66.249.79.107 - - [05/Apr/2021:07:40:01 +0800] "GET /plr/video-U-cleveland-cavaliers-vs-sacramento-kings-DG-D.html HTTP/1.1" 200 3461 "-" "Mozilla/5.0 (compatible; Googlebot/2.1; +http://www.google.com/bot.html)"
172.113.107.15 - - [05/Apr/2021:07:40:23 +0800] "GET /en/?gclid=Cj0KCQiA4L2BBhCvARIsAO0SBdZtIgW0OIXCjs0VBehORbC9mIc0Neur-nWZODO-Iy0EpHu381wGMDIaAm8QEALw_wcB HTTP/1.1" 200 15189 "-" "Mozilla/5.0 (Linux; Android 10; SM-A215U) AppleWebKit/537.36 (KHTML, like Gecko) Chrome/89.0.4389.105 Mobile Safari/537.36"
172.113.107.15 - - [05/Apr/2021:07:40:25 +0800] "GET /wordpress/wp-content/themes/vantage/style.css?ver=1.7.7 HTTP/1.1" 200 15098 "https://www.mycath2o.com/en/?gclid=Cj0KCQiA4L2BBhCvARIsAO0SBdZtIgW0OIXCjs0VBehORbC9mIc0Neur-nWZODO-Iy0EpHu381wGMDIaAm8QEALw_wcB" "Mozilla/5.0 (Linux; Android 10; SM-A215U) AppleWebKit/537.36 (KHTML, like Gecko) Chrome/89.0.4389.105 Mobile Safari/537.36"
172.113.107.15 - - [05/Apr/2021:07:40:25 +0800] "GET /wordpress/wp-content/plugins/elementor/assets/lib/font-awesome/css/font-awesome.min.css?ver=4.7.0 HTTP/1.1" 200 7053 "https://www.mycath2o.com/en/?gclid=Cj0KCQiA4L2BBhCvARIsAO0SBdZtIgW0OIXCjs0VBehORbC9mIc0Neur-nWZODO-Iy0EpHu381wGMDIaAm8QEALw_wcB" "Mozilla/5.0 (Linux; Android 10; SM-A215U) AppleWebKit/537.36 (KHTML, like Gecko) Chrome/89.0.4389.105 Mobile Safari/537.36"
172.113.107.15 - - [05/Apr/2021:07:40:25 +0800] "GET /wordpress/wp-content/plugins/elementor/assets/lib/eicons/css/elementor-icons.min.css?ver=3.8.0 HTTP/1.1" 200 2425 "https://www.mycath2o.com/en/?gclid=Cj0KCQiA4L2BBhCvARIsAO0SBdZtIgW0OIXCjs0VBehORbC9mIc0Neur-nWZODO-Iy0EpHu381wGMDIaAm8QEALw_wcB" "Mozilla/5.0 (Linux; Android 10; SM-A215U) AppleWebKit/537.36 (KHTML, like Gecko) Chrome/89.0.4389.105 Mobile Safari/537.36"
172.113.107.15 - - [05/Apr/2021:07:40:25 +0800] "GET /wordpress/wp-content/plugins/elementor/assets/lib/animations/animations.min.css?ver=2.2.7 HTTP/1.1" 200 2592 "https://www.mycath2o.com/en/?gclid=Cj0KCQiA4L2BBhCvARIsAO0SBdZtIgW0OIXCjs0VBehORbC9mIc0Neur-nWZODO-Iy0EpHu381wGMDIaAm8QEALw_wcB" "Mozilla/5.0 (Linux; Android 10; SM-A215U) AppleWebKit/537.36 (KHTML, like Gecko) Chrome/89.0.4389.105 Mobile Safari/537.36"
172.113.107.15 - - [05/Apr/2021:07:40:25 +0800] "GET /wordpress/wp-content/plugins/elementor/assets/css/frontend.min.css?ver=2.2.7 HTTP/1.1" 200 12039 "https://www.mycath2o.com/en/?gclid=Cj0KCQiA4L2BBhCvARIsAO0SBdZtIgW0OIXCjs0VBehORbC9mIc0Neur-nWZODO-Iy0EpHu381wGMDIaAm8QEALw_wcB" "Mozilla/5.0 (Linux; Android 10; SM-A215U) AppleWebKit/537.36 (KHTML, like Gecko) Chrome/89.0.4389.105 Mobile Safari/537.36"
172.113.107.15 - - [05/Apr/2021:07:40:25 +0800] "GET /wordpress/wp-content/uploads/elementor/css/global.css?ver=1550982386 HTTP/1.1" 200 654 "https://www.mycath2o.com/en/?gclid=Cj0KCQiA4L2BBhCvARIsAO0SBdZtIgW0OIXCjs0VBehORbC9mIc0Neur-nWZODO-Iy0EpHu381wGMDIaAm8QEALw_wcB" "Mozilla/5.0 (Linux; Android 10; SM-A215U) AppleWebKit/537.36 (KHTML, like Gecko) Chrome/89.0.4389.105 Mobile Safari/537.36"
172.113.107.15 - - [05/Apr/2021:07:40:25 +0800] "GET /wordpress/wp-content/uploads/elementor/css/post-40.css?ver=1593608119 HTTP/1.1" 200 1523 "https://www.mycath2o.com/en/?gclid=Cj0KCQiA4L2BBhCvARIsAO0SBdZtIgW0OIXCjs0VBehORbC9mIc0Neur-nWZODO-Iy0EpHu381wGMDIaAm8QEALw_wcB" "Mozilla/5.0 (Linux; Android 10; SM-A215U) AppleWebKit/537.36 (KHTML, like Gecko) Chrome/89.0.4389.105 Mobile Safari/537.36"
172.113.107.15 - - [05/Apr/2021:07:40:25 +0800] "GET /wordpress/wp-includes/js/jquery/jquery.js?ver=1.12.4 HTTP/1.1" 200 33776 "https://www.mycath2o.com/en/?gclid=Cj0KCQiA4L2BBhCvARIsAO0SBdZtIgW0OIXCjs0VBehORbC9mIc0Neur-nWZODO-Iy0EpHu381wGMDIaAm8QEALw_wcB" "Mozilla/5.0 (Linux; Android 10; SM-A215U) AppleWebKit/537.36 (KHTML, like Gecko) Chrome/89.0.4389.105 Mobile Safari/537.36"
172.113.107.15 - - [05/Apr/2021:07:40:25 +0800] "GET /wordpress/wp-includes/js/jquery/jquery-migrate.min.js?ver=1.4.1 HTTP/1.1" 200 4014 "https://www.mycath2o.com/en/?gclid=Cj0KCQiA4L2BBhCvARIsAO0SBdZtIgW0OIXCjs0VBehORbC9mIc0Neur-nWZODO-Iy0EpHu381wGMDIaAm8QEALw_wcB" "Mozilla/5.0 (Linux; Android 10; SM-A215U) AppleWebKit/537.36 (KHTML, like Gecko) Chrome/89.0.4389.105 Mobile Safari/537.36"
172.113.107.15 - - [05/Apr/2021:07:40:25 +0800] "GET /wordpress/wp-content/themes/vantage/js/jquery.flexslider.min.js?ver=2.1 HTTP/1.1" 200 6232 "https://www.mycath2o.com/en/?gclid=Cj0KCQiA4L2BBhCvARIsAO0SBdZtIgW0OIXCjs0VBehORbC9mIc0Neur-nWZODO-Iy0EpHu381wGMDIaAm8QEALw_wcB" "Mozilla/5.0 (Linux; Android 10; SM-A215U) AppleWebKit/537.36 (KHTML, like Gecko) Chrome/89.0.4389.105 Mobile Safari/537.36"
172.113.107.15 - - [05/Apr/2021:07:40:26 +0800] "GET /wordpress/wp-content/themes/vantage/js/jquery.touchSwipe.min.js?ver=1.6.6 HTTP/1.1" 200 3672 "https://www.mycath2o.com/en/?gclid=Cj0KCQiA4L2BBhCvARIsAO0SBdZtIgW0OIXCjs0VBehORbC9mIc0Neur-nWZODO-Iy0EpHu381wGMDIaAm8QEALw_wcB" "Mozilla/5.0 (Linux; Android 10; SM-A215U) AppleWebKit/537.36 (KHTML, like Gecko) Chrome/89.0.4389.105 Mobile Safari/537.36"
172.113.107.15 - - [05/Apr/2021:07:40:26 +0800] "GET /wordpress/wp-content/themes/vantage/js/jquery.theme-main.min.js?ver=1.7.7 HTTP/1.1" 200 2510 "https://www.mycath2o.com/en/?gclid=Cj0KCQiA4L2BBhCvARIsAO0SBdZtIgW0OIXCjs0VBehORbC9mIc0Neur-nWZODO-Iy0EpHu381wGMDIaAm8QEALw_wcB" "Mozilla/5.0 (Linux; Android 10; SM-A215U) AppleWebKit/537.36 (KHTML, like Gecko) Chrome/89.0.4389.105 Mobile Safari/537.36"
172.113.107.15 - - [05/Apr/2021:07:40:26 +0800] "GET /wordpress/wp-content/themes/vantage/js/jquery.fitvids.min.js?ver=1.0 HTTP/1.1" 200 797 "https://www.mycath2o.com/en/?gclid=Cj0KCQiA4L2BBhCvARIsAO0SBdZtIgW0OIXCjs0VBehORbC9mIc0Neur-nWZODO-Iy0EpHu381wGMDIaAm8QEALw_wcB" "Mozilla/5.0 (Linux; Android 10; SM-A215U) AppleWebKit/537.36 (KHTML, like Gecko) Chrome/89.0.4389.105 Mobile Safari/537.36"
172.113.107.15 - - [05/Apr/2021:07:40:26 +0800] "GET /wordpress/wp-includes/js/wp-embed.min.js?ver=4.9.16 HTTP/1.1" 200 753 "https://www.mycath2o.com/en/?gclid=Cj0KCQiA4L2BBhCvARIsAO0SBdZtIgW0OIXCjs0VBehORbC9mIc0Neur-nWZODO-Iy0EpHu381wGMDIaAm8QEALw_wcB" "Mozilla/5.0 (Linux; Android 10; SM-A215U) AppleWebKit/537.36 (KHTML, like Gecko) Chrome/89.0.4389.105 Mobile Safari/537.36"
172.113.107.15 - - [05/Apr/2021:07:40:26 +0800] "GET /wordpress/wp-content/plugins/elementor/assets/lib/slick/slick.min.js?ver=1.8.1 HTTP/1.1" 200 10442 "https://www.mycath2o.com/en/?gclid=Cj0KCQiA4L2BBhCvARIsAO0SBdZtIgW0OIXCjs0VBehORbC9mIc0Neur-nWZODO-Iy0EpHu381wGMDIaAm8QEALw_wcB" "Mozilla/5.0 (Linux; Android 10; SM-A215U) AppleWebKit/537.36 (KHTML, like Gecko) Chrome/89.0.4389.105 Mobile Safari/537.36"
172.113.107.15 - - [05/Apr/2021:07:40:26 +0800] "GET /wordpress/wp-includes/js/jquery/ui/position.min.js?ver=1.11.4 HTTP/1.1" 200 2562 "https://www.mycath2o.com/en/?gclid=Cj0KCQiA4L2BBhCvARIsAO0SBdZtIgW0OIXCjs0VBehORbC9mIc0Neur-nWZODO-Iy0EpHu381wGMDIaAm8QEALw_wcB" "Mozilla/5.0 (Linux; Android 10; SM-A215U) AppleWebKit/537.36 (KHTML, like Gecko) Chrome/89.0.4389.105 Mobile Safari/537.36"
172.113.107.15 - - [05/Apr/2021:07:40:26 +0800] "GET /wordpress/wp-content/plugins/elementor/assets/lib/dialog/dialog.min.js?ver=4.5.0 HTTP/1.1" 200 3337 "https://www.mycath2o.com/en/?gclid=Cj0KCQiA4L2BBhCvARIsAO0SBdZtIgW0OIXCjs0VBehORbC9mIc0Neur-nWZODO-Iy0EpHu381wGMDIaAm8QEALw_wcB" "Mozilla/5.0 (Linux; Android 10; SM-A215U) AppleWebKit/537.36 (KHTML, like Gecko) Chrome/89.0.4389.105 Mobile Safari/537.36"
172.113.107.15 - - [05/Apr/2021:07:40:26 +0800] "GET /wordpress/wp-content/plugins/elementor/assets/lib/waypoints/waypoints.min.js?ver=4.0.2 HTTP/1.1" 200 2993 "https://www.mycath2o.com/en/?gclid=Cj0KCQiA4L2BBhCvARIsAO0SBdZtIgW0OIXCjs0VBehORbC9mIc0Neur-nWZODO-Iy0EpHu381wGMDIaAm8QEALw_wcB" "Mozilla/5.0 (Linux; Android 10; SM-A215U) AppleWebKit/537.36 (KHTML, like Gecko) Chrome/89.0.4389.105 Mobile Safari/537.36"
172.113.107.15 - - [05/Apr/2021:07:40:26 +0800] "GET /wordpress/wp-content/plugins/elementor/assets/lib/swiper/swiper.jquery.min.js?ver=4.4.3 HTTP/1.1" 200 31322 "https://www.mycath2o.com/en/?gclid=Cj0KCQiA4L2BBhCvARIsAO0SBdZtIgW0OIXCjs0VBehORbC9mIc0Neur-nWZODO-Iy0EpHu381wGMDIaAm8QEALw_wcB" "Mozilla/5.0 (Linux; Android 10; SM-A215U) AppleWebKit/537.36 (KHTML, like Gecko) Chrome/89.0.4389.105 Mobile Safari/537.36"
172.113.107.15 - - [05/Apr/2021:07:40:27 +0800] "GET /wordpress/wp-content/plugins/elementor/assets/lib/eicons/fonts/eicons.woff2?3.8.0 HTTP/1.1" 200 56760 "https://www.mycath2o.com/wordpress/wp-content/plugins/elementor/assets/lib/eicons/css/elementor-icons.min.css?ver=3.8.0" "Mozilla/5.0 (Linux; Android 10; SM-A215U) AppleWebKit/537.36 (KHTML, like Gecko) Chrome/89.0.4389.105 Mobile Safari/537.36"
172.113.107.15 - - [05/Apr/2021:07:40:27 +0800] "GET /wordpress/wp-content/themes/vantage/icons/vantage-icons.woff HTTP/1.1" 200 1380 "https://www.mycath2o.com/wordpress/wp-content/themes/vantage/style.css?ver=1.7.7" "Mozilla/5.0 (Linux; Android 10; SM-A215U) AppleWebKit/537.36 (KHTML, like Gecko) Chrome/89.0.4389.105 Mobile Safari/537.36"
172.113.107.15 - - [05/Apr/2021:07:40:27 +0800] "GET /wordpress/wp-content/uploads/2018/06/1240_header-768x468.jpg HTTP/1.1" 200 42952 "https://www.mycath2o.com/en/?gclid=Cj0KCQiA4L2BBhCvARIsAO0SBdZtIgW0OIXCjs0VBehORbC9mIc0Neur-nWZODO-Iy0EpHu381wGMDIaAm8QEALw_wcB" "Mozilla/5.0 (Linux; Android 10; SM-A215U) AppleWebKit/537.36 (KHTML, like Gecko) Chrome/89.0.4389.105 Mobile Safari/537.36"
