148.78.5.79 - - [05/Apr/2021:14:56:06 +0800] "GET /en/?gclid=CjwKCAiA65iBBhB-EiwAW253WyGj1thYF9qCouh8ZaVAcpvMLm4xUWVqRoPrMwowxMUmcxj3aciUKBoCO6gQAvD_BwE HTTP/1.1" 200 15189 "-" "Mozilla/5.0 (Linux; Android 8.1.0; SM-J260M Build/M1AJB; wv) AppleWebKit/537.36 (KHTML, like Gecko) Version/4.0 SamsungBrowser/7.2 Chrome/89.0.4389.105 Mobile Safari/537.36"
148.78.5.79 - - [05/Apr/2021:14:56:09 +0800] "GET /wordpress/wp-content/uploads/elementor/css/global.css?ver=1550982386 HTTP/1.1" 200 654 "https://www.mycath2o.com/en/?gclid=CjwKCAiA65iBBhB-EiwAW253WyGj1thYF9qCouh8ZaVAcpvMLm4xUWVqRoPrMwowxMUmcxj3aciUKBoCO6gQAvD_BwE" "Mozilla/5.0 (Linux; Android 8.1.0; SM-J260M Build/M1AJB; wv) AppleWebKit/537.36 (KHTML, like Gecko) Version/4.0 SamsungBrowser/7.2 Chrome/89.0.4389.105 Mobile Safari/537.36"
148.78.5.79 - - [05/Apr/2021:14:56:09 +0800] "GET /wordpress/wp-content/uploads/elementor/css/post-40.css?ver=1593608119 HTTP/1.1" 200 1523 "https://www.mycath2o.com/en/?gclid=CjwKCAiA65iBBhB-EiwAW253WyGj1thYF9qCouh8ZaVAcpvMLm4xUWVqRoPrMwowxMUmcxj3aciUKBoCO6gQAvD_BwE" "Mozilla/5.0 (Linux; Android 8.1.0; SM-J260M Build/M1AJB; wv) AppleWebKit/537.36 (KHTML, like Gecko) Version/4.0 SamsungBrowser/7.2 Chrome/89.0.4389.105 Mobile Safari/537.36"
148.78.5.79 - - [05/Apr/2021:14:56:09 +0800] "GET /wordpress/wp-content/themes/vantage/style.css?ver=1.7.7 HTTP/1.1" 200 15098 "https://www.mycath2o.com/en/?gclid=CjwKCAiA65iBBhB-EiwAW253WyGj1thYF9qCouh8ZaVAcpvMLm4xUWVqRoPrMwowxMUmcxj3aciUKBoCO6gQAvD_BwE" "Mozilla/5.0 (Linux; Android 8.1.0; SM-J260M Build/M1AJB; wv) AppleWebKit/537.36 (KHTML, like Gecko) Version/4.0 SamsungBrowser/7.2 Chrome/89.0.4389.105 Mobile Safari/537.36"
148.78.5.79 - - [05/Apr/2021:14:56:09 +0800] "GET /wordpress/wp-content/plugins/elementor/assets/lib/font-awesome/css/font-awesome.min.css?ver=4.7.0 HTTP/1.1" 200 7053 "https://www.mycath2o.com/en/?gclid=CjwKCAiA65iBBhB-EiwAW253WyGj1thYF9qCouh8ZaVAcpvMLm4xUWVqRoPrMwowxMUmcxj3aciUKBoCO6gQAvD_BwE" "Mozilla/5.0 (Linux; Android 8.1.0; SM-J260M Build/M1AJB; wv) AppleWebKit/537.36 (KHTML, like Gecko) Version/4.0 SamsungBrowser/7.2 Chrome/89.0.4389.105 Mobile Safari/537.36"
148.78.5.79 - - [05/Apr/2021:14:56:09 +0800] "GET /wordpress/wp-includes/js/jquery/jquery-migrate.min.js?ver=1.4.1 HTTP/1.1" 200 4014 "https://www.mycath2o.com/en/?gclid=CjwKCAiA65iBBhB-EiwAW253WyGj1thYF9qCouh8ZaVAcpvMLm4xUWVqRoPrMwowxMUmcxj3aciUKBoCO6gQAvD_BwE" "Mozilla/5.0 (Linux; Android 8.1.0; SM-J260M Build/M1AJB; wv) AppleWebKit/537.36 (KHTML, like Gecko) Version/4.0 SamsungBrowser/7.2 Chrome/89.0.4389.105 Mobile Safari/537.36"
148.78.5.79 - - [05/Apr/2021:14:56:09 +0800] "GET /wordpress/wp-content/plugins/elementor/assets/css/frontend.min.css?ver=2.2.7 HTTP/1.1" 200 12039 "https://www.mycath2o.com/en/?gclid=CjwKCAiA65iBBhB-EiwAW253WyGj1thYF9qCouh8ZaVAcpvMLm4xUWVqRoPrMwowxMUmcxj3aciUKBoCO6gQAvD_BwE" "Mozilla/5.0 (Linux; Android 8.1.0; SM-J260M Build/M1AJB; wv) AppleWebKit/537.36 (KHTML, like Gecko) Version/4.0 SamsungBrowser/7.2 Chrome/89.0.4389.105 Mobile Safari/537.36"
148.78.5.79 - - [05/Apr/2021:14:56:10 +0800] "GET /wordpress/wp-content/plugins/elementor/assets/lib/eicons/css/elementor-icons.min.css?ver=3.8.0 HTTP/1.1" 200 2425 "https://www.mycath2o.com/en/?gclid=CjwKCAiA65iBBhB-EiwAW253WyGj1thYF9qCouh8ZaVAcpvMLm4xUWVqRoPrMwowxMUmcxj3aciUKBoCO6gQAvD_BwE" "Mozilla/5.0 (Linux; Android 8.1.0; SM-J260M Build/M1AJB; wv) AppleWebKit/537.36 (KHTML, like Gecko) Version/4.0 SamsungBrowser/7.2 Chrome/89.0.4389.105 Mobile Safari/537.36"
148.78.5.79 - - [05/Apr/2021:14:56:10 +0800] "GET /wordpress/wp-includes/js/jquery/jquery.js?ver=1.12.4 HTTP/1.1" 200 33776 "https://www.mycath2o.com/en/?gclid=CjwKCAiA65iBBhB-EiwAW253WyGj1thYF9qCouh8ZaVAcpvMLm4xUWVqRoPrMwowxMUmcxj3aciUKBoCO6gQAvD_BwE" "Mozilla/5.0 (Linux; Android 8.1.0; SM-J260M Build/M1AJB; wv) AppleWebKit/537.36 (KHTML, like Gecko) Version/4.0 SamsungBrowser/7.2 Chrome/89.0.4389.105 Mobile Safari/537.36"
148.78.5.79 - - [05/Apr/2021:14:56:10 +0800] "GET /wordpress/wp-content/plugins/elementor/assets/lib/animations/animations.min.css?ver=2.2.7 HTTP/1.1" 200 2592 "https://www.mycath2o.com/en/?gclid=CjwKCAiA65iBBhB-EiwAW253WyGj1thYF9qCouh8ZaVAcpvMLm4xUWVqRoPrMwowxMUmcxj3aciUKBoCO6gQAvD_BwE" "Mozilla/5.0 (Linux; Android 8.1.0; SM-J260M Build/M1AJB; wv) AppleWebKit/537.36 (KHTML, like Gecko) Version/4.0 SamsungBrowser/7.2 Chrome/89.0.4389.105 Mobile Safari/537.36"
148.78.5.79 - - [05/Apr/2021:14:56:10 +0800] "GET /wordpress/wp-content/uploads/elementor/css/post-40.css?ver=1593608119 HTTP/1.1" 304 - "https://www.mycath2o.com/en/?gclid=CjwKCAiA65iBBhB-EiwAW253WyGj1thYF9qCouh8ZaVAcpvMLm4xUWVqRoPrMwowxMUmcxj3aciUKBoCO6gQAvD_BwE" "Mozilla/5.0 (Linux; Android 8.1.0; SM-J260M Build/M1AJB; wv) AppleWebKit/537.36 (KHTML, like Gecko) Version/4.0 SamsungBrowser/7.2 Chrome/89.0.4389.105 Mobile Safari/537.36"
116.203.188.62 - - [05/Apr/2021:14:57:17 +0800] "GET /en/ HTTP/1.1" 200 93131 "-" "Mozilla/5.0 (Macintosh; Intel Mac OS X 10_11_6) AppleWebKit/537.36 (KHTML, like Gecko) Chrome/83.0.4103.116 Safari/537.36"
49.7.20.92 - - [05/Apr/2021:14:57:39 +0800] "GET /en/ HTTP/1.1" 200 15178 "-" "Sogou web spider/4.0(+http://www.sogou.com/docs/help/webmasters.htm#07)"
66.249.79.107 - - [05/Apr/2021:14:57:45 +0800] "GET /dko/video-I-O-d%20(2).html HTTP/1.1" 200 3511 "-" "Mozilla/5.0 (compatible; Googlebot/2.1; +http://www.google.com/bot.html)"
35.185.241.102 - - [05/Apr/2021:14:59:23 +0800] "GET / HTTP/1.1" 302 208 "-" "Mozilla/5.0 (Windows NT 6.1; WOW64; Trident/7.0; rv:11.0) like Gecko"
35.185.241.102 - - [05/Apr/2021:14:59:24 +0800] "GET / HTTP/1.1" 302 - "-" "Mozilla/5.0 (Windows NT 6.1; WOW64; Trident/7.0; rv:11.0) like Gecko"
35.185.241.102 - - [05/Apr/2021:14:59:26 +0800] "GET /en/ HTTP/1.1" 200 93131 "-" "Mozilla/5.0 (Windows NT 6.1; WOW64; Trident/7.0; rv:11.0) like Gecko"
195.37.209.9 - - [05/Apr/2021:15:01:19 +0800] "GET /de/feed/ HTTP/1.1" 304 - "-" "Mozilla/5.0 (X11; Ubuntu; Linux x86_64; rv:86.0) Gecko/20100101 Firefox/86.0"
46.32.230.60 - - [05/Apr/2021:15:01:23 +0800] "POST /xmlrpc.php HTTP/1.1" 403 212 "-" "Mozilla/5.0 (Macintosh; U; Intel Mac OS X 10.6; fr; rv:1.9.2.8) Gecko/20100722 Firefox/3.6.8"
46.32.230.60 - - [05/Apr/2021:15:01:23 +0800] "POST /blog/xmlrpc.php HTTP/1.1" 301 - "-" "Mozilla/5.0 (Macintosh; U; Intel Mac OS X 10.6; fr; rv:1.9.2.8) Gecko/20100722 Firefox/3.6.8"
194.208.132.253 - - [05/Apr/2021:15:06:05 +0800] "GET /cookie/dgerm/index.php HTTP/1.1" 200 678 "-" "Mozilla/5.0 (Windows NT 10.0; Win64; x64) AppleWebKit/537.36 (KHTML, like Gecko) Chrome/89.0.4389.114 Safari/537.36 Edg/89.0.774.68"
194.208.132.253 - - [05/Apr/2021:15:06:05 +0800] "GET /cookie/dgerm/ HTTP/1.1" 200 678 "-" "Mozilla/5.0 (Windows NT 10.0; Win64; x64) AppleWebKit/537.36 (KHTML, like Gecko) Chrome/89.0.4389.114 Safari/537.36 Edg/89.0.774.68"
35.185.241.102 - - [05/Apr/2021:15:06:34 +0800] "GET / HTTP/1.1" 302 208 "-" "Mozilla/5.0 (Windows NT 6.1; WOW64; Trident/7.0; rv:11.0) like Gecko"
35.185.241.102 - - [05/Apr/2021:15:06:35 +0800] "GET / HTTP/1.1" 302 - "-" "Mozilla/5.0 (Windows NT 6.1; WOW64; Trident/7.0; rv:11.0) like Gecko"
35.185.241.102 - - [05/Apr/2021:15:06:36 +0800] "GET /en/ HTTP/1.1" 200 93131 "-" "Mozilla/5.0 (Windows NT 6.1; WOW64; Trident/7.0; rv:11.0) like Gecko"
111.202.101.27 - - [05/Apr/2021:15:08:38 +0800] "GET /en/ HTTP/1.1" 200 15178 "-" "Sogou web spider/4.0(+http://www.sogou.com/docs/help/webmasters.htm#07)"
185.101.35.79 - - [05/Apr/2021:15:09:52 +0800] "GET /de/feed/ HTTP/1.1" 304 - "-" "Mozilla/5.0 (X11; Ubuntu; Linux x86_64; rv:86.0) Gecko/20100101 Firefox/86.0"
66.249.79.107 - - [05/Apr/2021:15:10:30 +0800] "GET /dko/video-p-a-q.html HTTP/1.1" 200 3050 "-" "Mozilla/5.0 (compatible; Googlebot/2.1; +http://www.google.com/bot.html)"
195.176.3.19 - - [05/Apr/2021:15:17:48 +0800] "GET /de/feed/ HTTP/1.1" 304 - "-" "Mozilla/5.0 (X11; Ubuntu; Linux x86_64; rv:86.0) Gecko/20100101 Firefox/86.0"
216.244.66.200 - - [05/Apr/2021:15:19:12 +0800] "GET /robots.txt HTTP/1.1" 301 - "-" "Mozilla/5.0 (compatible; DotBot/1.2; +https://opensiteexplorer.org/dotbot; help@moz.com)"
216.244.66.200 - - [05/Apr/2021:15:19:13 +0800] "GET /robots.txt HTTP/1.1" 200 87 "-" "Mozilla/5.0 (compatible; DotBot/1.2; +https://opensiteexplorer.org/dotbot; help@moz.com)"
40.77.167.38 - - [05/Apr/2021:15:22:40 +0800] "GET /plr/video-g-w-M.html HTTP/1.1" 304 - "-" "Mozilla/5.0 (compatible; bingbot/2.0; +http://www.bing.com/bingbot.htm)"
185.220.101.146 - - [05/Apr/2021:15:25:17 +0800] "GET /de/feed/ HTTP/1.1" 304 - "-" "Mozilla/5.0 (X11; Ubuntu; Linux x86_64; rv:86.0) Gecko/20100101 Firefox/86.0"
216.244.66.200 - - [05/Apr/2021:15:25:20 +0800] "GET /dko/video-j-g-Z.html HTTP/1.1" 200 7491 "-" "Mozilla/5.0 (compatible; DotBot/1.2; +https://opensiteexplorer.org/dotbot; help@moz.com)"
216.244.66.200 - - [05/Apr/2021:15:25:29 +0800] "GET /dko/video-o-jazz-vs-bulls-u-a.html HTTP/1.1" 200 6953 "-" "Mozilla/5.0 (compatible; DotBot/1.2; +https://opensiteexplorer.org/dotbot; help@moz.com)"
216.244.66.200 - - [05/Apr/2021:15:25:37 +0800] "GET /dko/video-M-waves-vs-lancers-k-5.html HTTP/1.1" 200 6754 "-" "Mozilla/5.0 (compatible; DotBot/1.2; +https://opensiteexplorer.org/dotbot; help@moz.com)"
216.244.66.200 - - [05/Apr/2021:15:25:49 +0800] "GET /dko/video-N-jazz-vs-bulls-9i-Z.html HTTP/1.1" 200 5929 "-" "Mozilla/5.0 (compatible; DotBot/1.2; +https://opensiteexplorer.org/dotbot; help@moz.com)"
216.244.66.200 - - [05/Apr/2021:15:25:59 +0800] "GET /dko/video-P-L-b.html HTTP/1.1" 200 7980 "-" "Mozilla/5.0 (compatible; DotBot/1.2; +https://opensiteexplorer.org/dotbot; help@moz.com)"
216.244.66.200 - - [05/Apr/2021:15:26:13 +0800] "GET /dko/video-R-I-b.html HTTP/1.1" 200 5337 "-" "Mozilla/5.0 (compatible; DotBot/1.2; +https://opensiteexplorer.org/dotbot; help@moz.com)"
216.244.66.200 - - [05/Apr/2021:15:26:48 +0800] "GET /dko/video-S-waves-vs-lancers-H-3.html HTTP/1.1" 200 6274 "-" "Mozilla/5.0 (compatible; DotBot/1.2; +https://opensiteexplorer.org/dotbot; help@moz.com)"
111.202.101.27 - - [05/Apr/2021:15:27:34 +0800] "GET /en/ HTTP/1.1" 200 15178 "-" "Sogou web spider/4.0(+http://www.sogou.com/docs/help/webmasters.htm#07)"
66.249.79.109 - - [05/Apr/2021:15:27:59 +0800] "GET /dko/video-s-golden-knights-vs-blues-V-w.html HTTP/1.1" 200 3139 "-" "Mozilla/5.0 (compatible; Googlebot/2.1; +http://www.google.com/bot.html)"
162.210.196.100 - - [05/Apr/2021:15:29:55 +0800] "GET /robots.txt HTTP/1.1" 200 87 "-" "Mozilla/5.0 (compatible; MJ12bot/v1.4.8; http://mj12bot.com/)"
162.210.196.100 - - [05/Apr/2021:15:29:59 +0800] "GET /en/ HTTP/1.1" 200 15178 "-" "Mozilla/5.0 (compatible; MJ12bot/v1.4.8; http://mj12bot.com/)"
66.249.79.111 - - [05/Apr/2021:15:30:29 +0800] "GET /plr/video-y-g-I.html HTTP/1.1" 200 3341 "-" "Mozilla/5.0 (compatible; Googlebot/2.1; +http://www.google.com/bot.html)"
185.220.100.243 - - [05/Apr/2021:15:34:46 +0800] "GET /de/feed/ HTTP/1.1" 304 - "-" "Mozilla/5.0 (X11; Ubuntu; Linux x86_64; rv:86.0) Gecko/20100101 Firefox/86.0"
106.38.241.119 - - [05/Apr/2021:15:34:58 +0800] "GET / HTTP/1.1" 302 186 "-" "Sogou web spider/4.0(+http://www.sogou.com/docs/help/webmasters.htm#07)"
185.100.87.241 - - [05/Apr/2021:15:43:37 +0800] "GET /de/feed/ HTTP/1.1" 304 - "-" "Mozilla/5.0 (X11; Ubuntu; Linux x86_64; rv:86.0) Gecko/20100101 Firefox/86.0"
106.38.241.119 - - [05/Apr/2021:15:44:43 +0800] "GET / HTTP/1.1" 302 186 "-" "Sogou web spider/4.0(+http://www.sogou.com/docs/help/webmasters.htm#07)"
66.249.79.107 - - [05/Apr/2021:15:49:07 +0800] "GET /plr/video-U-cleveland-cavaliers-vs-sacramento-kings-DG-D.html HTTP/1.1" 200 3461 "-" "Mozilla/5.0 (compatible; Googlebot/2.1; +http://www.google.com/bot.html)"
203.124.10.177 - - [05/Apr/2021:15:51:09 +0800] "POST /wordpress/wp-cron.php?doing_wp_cron=1617609068.9438660144805908203125 HTTP/1.1" 200 20 "https://www.mycath2o.com/wordpress/wp-cron.php?doing_wp_cron=1617609068.9438660144805908203125" "WordPress/4.9.16; https://www.mycath2o.com"
185.220.101.202 - - [05/Apr/2021:15:51:08 +0800] "GET /de/feed/ HTTP/1.1" 304 - "-" "Mozilla/5.0 (X11; Ubuntu; Linux x86_64; rv:86.0) Gecko/20100101 Firefox/86.0"
106.38.241.119 - - [05/Apr/2021:15:53:59 +0800] "GET / HTTP/1.1" 302 186 "-" "Sogou web spider/4.0(+http://www.sogou.com/docs/help/webmasters.htm#07)"
40.77.167.62 - - [05/Apr/2021:15:54:01 +0800] "GET /plr/video-s-8-G.html HTTP/1.1" 304 - "-" "Mozilla/5.0 (compatible; bingbot/2.0; +http://www.bing.com/bingbot.htm)"
185.220.102.4 - - [05/Apr/2021:15:55:56 +0800] "GET /wp-login.php HTTP/1.1" 301 - "-" "Mozilla/5.0 (Windows NT 6.1; Win64; x64) AppleWebKit/537.36 (KHTML, like Gecko) Chrome/88.0.4324.190 Safari/537.36"
212.97.251.72 - - [05/Apr/2021:15:55:58 +0800] "GET /en/ HTTP/1.1" 200 15189 "https://www.google.dk/" "Mozilla/5.0 (iPhone; CPU iPhone OS 13_7 like Mac OS X) AppleWebKit/605.1.15 (KHTML, like Gecko) Version/13.1.2 Mobile/15E148 Safari/604.1"
212.97.251.72 - - [05/Apr/2021:15:56:00 +0800] "GET /wordpress/wp-includes/js/wp-emoji-release.min.js?ver=4.9.16 HTTP/1.1" 200 4382 "https://www.mycath2o.com/en/" "Mozilla/5.0 (iPhone; CPU iPhone OS 13_7 like Mac OS X) AppleWebKit/605.1.15 (KHTML, like Gecko) Version/13.1.2 Mobile/15E148 Safari/604.1"
212.97.251.72 - - [05/Apr/2021:15:56:00 +0800] "GET /wordpress/wp-content/plugins/elementor/assets/lib/animations/animations.min.css?ver=2.2.7 HTTP/1.1" 200 2592 "https://www.mycath2o.com/en/" "Mozilla/5.0 (iPhone; CPU iPhone OS 13_7 like Mac OS X) AppleWebKit/605.1.15 (KHTML, like Gecko) Version/13.1.2 Mobile/15E148 Safari/604.1"
212.97.251.72 - - [05/Apr/2021:15:56:00 +0800] "GET /wordpress/wp-content/plugins/elementor/assets/lib/font-awesome/css/font-awesome.min.css?ver=4.7.0 HTTP/1.1" 200 7053 "https://www.mycath2o.com/en/" "Mozilla/5.0 (iPhone; CPU iPhone OS 13_7 like Mac OS X) AppleWebKit/605.1.15 (KHTML, like Gecko) Version/13.1.2 Mobile/15E148 Safari/604.1"
212.97.251.72 - - [05/Apr/2021:15:56:00 +0800] "GET /wordpress/wp-content/plugins/elementor/assets/css/frontend.min.css?ver=2.2.7 HTTP/1.1" 200 12039 "https://www.mycath2o.com/en/" "Mozilla/5.0 (iPhone; CPU iPhone OS 13_7 like Mac OS X) AppleWebKit/605.1.15 (KHTML, like Gecko) Version/13.1.2 Mobile/15E148 Safari/604.1"
212.97.251.72 - - [05/Apr/2021:15:56:00 +0800] "GET /wordpress/wp-content/uploads/elementor/css/global.css?ver=1550982386 HTTP/1.1" 200 654 "https://www.mycath2o.com/en/" "Mozilla/5.0 (iPhone; CPU iPhone OS 13_7 like Mac OS X) AppleWebKit/605.1.15 (KHTML, like Gecko) Version/13.1.2 Mobile/15E148 Safari/604.1"
212.97.251.72 - - [05/Apr/2021:15:56:01 +0800] "GET /wordpress/wp-content/uploads/elementor/css/post-40.css?ver=1593608119 HTTP/1.1" 200 1523 "https://www.mycath2o.com/en/" "Mozilla/5.0 (iPhone; CPU iPhone OS 13_7 like Mac OS X) AppleWebKit/605.1.15 (KHTML, like Gecko) Version/13.1.2 Mobile/15E148 Safari/604.1"
212.97.251.72 - - [05/Apr/2021:15:56:01 +0800] "GET /wordpress/wp-includes/js/jquery/jquery.js?ver=1.12.4 HTTP/1.1" 200 33776 "https://www.mycath2o.com/en/" "Mozilla/5.0 (iPhone; CPU iPhone OS 13_7 like Mac OS X) AppleWebKit/605.1.15 (KHTML, like Gecko) Version/13.1.2 Mobile/15E148 Safari/604.1"
212.97.251.72 - - [05/Apr/2021:15:56:01 +0800] "GET /wordpress/wp-content/plugins/elementor/assets/lib/eicons/css/elementor-icons.min.css?ver=3.8.0 HTTP/1.1" 200 2425 "https://www.mycath2o.com/en/" "Mozilla/5.0 (iPhone; CPU iPhone OS 13_7 like Mac OS X) AppleWebKit/605.1.15 (KHTML, like Gecko) Version/13.1.2 Mobile/15E148 Safari/604.1"
212.97.251.72 - - [05/Apr/2021:15:56:01 +0800] "GET /wordpress/wp-content/themes/vantage/style.css?ver=1.7.7 HTTP/1.1" 200 15098 "https://www.mycath2o.com/en/" "Mozilla/5.0 (iPhone; CPU iPhone OS 13_7 like Mac OS X) AppleWebKit/605.1.15 (KHTML, like Gecko) Version/13.1.2 Mobile/15E148 Safari/604.1"
212.97.251.72 - - [05/Apr/2021:15:56:01 +0800] "GET /wordpress/wp-includes/js/jquery/jquery-migrate.min.js?ver=1.4.1 HTTP/1.1" 200 4014 "https://www.mycath2o.com/en/" "Mozilla/5.0 (iPhone; CPU iPhone OS 13_7 like Mac OS X) AppleWebKit/605.1.15 (KHTML, like Gecko) Version/13.1.2 Mobile/15E148 Safari/604.1"
212.97.251.72 - - [05/Apr/2021:15:56:01 +0800] "GET /wordpress/wp-content/themes/vantage/js/jquery.flexslider.min.js?ver=2.1 HTTP/1.1" 200 6232 "https://www.mycath2o.com/en/" "Mozilla/5.0 (iPhone; CPU iPhone OS 13_7 like Mac OS X) AppleWebKit/605.1.15 (KHTML, like Gecko) Version/13.1.2 Mobile/15E148 Safari/604.1"
185.220.102.4 - - [05/Apr/2021:15:56:01 +0800] "GET /wp-login.php HTTP/1.1" 302 - "-" "Mozilla/5.0 (Windows NT 6.1; Win64; x64) AppleWebKit/537.36 (KHTML, like Gecko) Chrome/88.0.4324.190 Safari/537.36"
212.97.251.72 - - [05/Apr/2021:15:56:01 +0800] "GET /wordpress/wp-content/themes/vantage/js/jquery.theme-main.min.js?ver=1.7.7 HTTP/1.1" 200 2510 "https://www.mycath2o.com/en/" "Mozilla/5.0 (iPhone; CPU iPhone OS 13_7 like Mac OS X) AppleWebKit/605.1.15 (KHTML, like Gecko) Version/13.1.2 Mobile/15E148 Safari/604.1"
212.97.251.72 - - [05/Apr/2021:15:56:01 +0800] "GET /wordpress/wp-content/themes/vantage/js/jquery.touchSwipe.min.js?ver=1.6.6 HTTP/1.1" 200 3672 "https://www.mycath2o.com/en/" "Mozilla/5.0 (iPhone; CPU iPhone OS 13_7 like Mac OS X) AppleWebKit/605.1.15 (KHTML, like Gecko) Version/13.1.2 Mobile/15E148 Safari/604.1"
212.97.251.72 - - [05/Apr/2021:15:56:01 +0800] "GET /wordpress/wp-content/themes/vantage/js/jquery.fitvids.min.js?ver=1.0 HTTP/1.1" 200 797 "https://www.mycath2o.com/en/" "Mozilla/5.0 (iPhone; CPU iPhone OS 13_7 like Mac OS X) AppleWebKit/605.1.15 (KHTML, like Gecko) Version/13.1.2 Mobile/15E148 Safari/604.1"
212.97.251.72 - - [05/Apr/2021:15:56:01 +0800] "GET /wordpress/wp-includes/js/wp-embed.min.js?ver=4.9.16 HTTP/1.1" 200 753 "https://www.mycath2o.com/en/" "Mozilla/5.0 (iPhone; CPU iPhone OS 13_7 like Mac OS X) AppleWebKit/605.1.15 (KHTML, like Gecko) Version/13.1.2 Mobile/15E148 Safari/604.1"
212.97.251.72 - - [05/Apr/2021:15:56:02 +0800] "GET /wordpress/wp-content/plugins/elementor/assets/lib/slick/slick.min.js?ver=1.8.1 HTTP/1.1" 200 10442 "https://www.mycath2o.com/en/" "Mozilla/5.0 (iPhone; CPU iPhone OS 13_7 like Mac OS X) AppleWebKit/605.1.15 (KHTML, like Gecko) Version/13.1.2 Mobile/15E148 Safari/604.1"
212.97.251.72 - - [05/Apr/2021:15:56:02 +0800] "GET /wordpress/wp-includes/js/jquery/ui/position.min.js?ver=1.11.4 HTTP/1.1" 200 2562 "https://www.mycath2o.com/en/" "Mozilla/5.0 (iPhone; CPU iPhone OS 13_7 like Mac OS X) AppleWebKit/605.1.15 (KHTML, like Gecko) Version/13.1.2 Mobile/15E148 Safari/604.1"
212.97.251.72 - - [05/Apr/2021:15:56:02 +0800] "GET /wordpress/wp-content/plugins/elementor/assets/lib/waypoints/waypoints.min.js?ver=4.0.2 HTTP/1.1" 200 2993 "https://www.mycath2o.com/en/" "Mozilla/5.0 (iPhone; CPU iPhone OS 13_7 like Mac OS X) AppleWebKit/605.1.15 (KHTML, like Gecko) Version/13.1.2 Mobile/15E148 Safari/604.1"
212.97.251.72 - - [05/Apr/2021:15:56:02 +0800] "GET /wordpress/wp-content/plugins/elementor/assets/lib/dialog/dialog.min.js?ver=4.5.0 HTTP/1.1" 200 3337 "https://www.mycath2o.com/en/" "Mozilla/5.0 (iPhone; CPU iPhone OS 13_7 like Mac OS X) AppleWebKit/605.1.15 (KHTML, like Gecko) Version/13.1.2 Mobile/15E148 Safari/604.1"
212.97.251.72 - - [05/Apr/2021:15:56:02 +0800] "GET /wordpress/wp-content/plugins/elementor/assets/js/frontend.min.js?ver=2.2.7 HTTP/1.1" 200 10410 "https://www.mycath2o.com/en/" "Mozilla/5.0 (iPhone; CPU iPhone OS 13_7 like Mac OS X) AppleWebKit/605.1.15 (KHTML, like Gecko) Version/13.1.2 Mobile/15E148 Safari/604.1"
212.97.251.72 - - [05/Apr/2021:15:56:02 +0800] "GET /wordpress/wp-content/plugins/elementor/assets/lib/swiper/swiper.jquery.min.js?ver=4.4.3 HTTP/1.1" 200 31322 "https://www.mycath2o.com/en/" "Mozilla/5.0 (iPhone; CPU iPhone OS 13_7 like Mac OS X) AppleWebKit/605.1.15 (KHTML, like Gecko) Version/13.1.2 Mobile/15E148 Safari/604.1"
212.97.251.72 - - [05/Apr/2021:15:56:02 +0800] "GET /wordpress/wp-content/plugins/elementor/assets/lib/eicons/fonts/eicons.woff2?3.8.0 HTTP/1.1" 200 56760 "https://www.mycath2o.com/en/" "Mozilla/5.0 (iPhone; CPU iPhone OS 13_7 like Mac OS X) AppleWebKit/605.1.15 (KHTML, like Gecko) Version/13.1.2 Mobile/15E148 Safari/604.1"
212.97.251.72 - - [05/Apr/2021:15:56:02 +0800] "GET /wordpress/wp-content/themes/vantage/icons/vantage-icons.woff HTTP/1.1" 200 1380 "https://www.mycath2o.com/en/" "Mozilla/5.0 (iPhone; CPU iPhone OS 13_7 like Mac OS X) AppleWebKit/605.1.15 (KHTML, like Gecko) Version/13.1.2 Mobile/15E148 Safari/604.1"
212.97.251.72 - - [05/Apr/2021:15:56:02 +0800] "GET /wordpress/wp-content/uploads/2018/06/1240_header-768x468.jpg HTTP/1.1" 200 42952 "https://www.mycath2o.com/en/" "Mozilla/5.0 (iPhone; CPU iPhone OS 13_7 like Mac OS X) AppleWebKit/605.1.15 (KHTML, like Gecko) Version/13.1.2 Mobile/15E148 Safari/604.1"
212.97.251.72 - - [05/Apr/2021:15:56:02 +0800] "GET /wordpress/wp-content/plugins/elementor/assets/lib/font-awesome/fonts/fontawesome-webfont.woff2?v=4.7.0 HTTP/1.1" 200 77160 "https://www.mycath2o.com/en/" "Mozilla/5.0 (iPhone; CPU iPhone OS 13_7 like Mac OS X) AppleWebKit/605.1.15 (KHTML, like Gecko) Version/13.1.2 Mobile/15E148 Safari/604.1"
212.97.251.72 - - [05/Apr/2021:15:56:02 +0800] "GET /wordpress/wp-content/uploads/2018/03/CAT_2.jpg HTTP/1.1" 200 55480 "https://www.mycath2o.com/en/" "Mozilla/5.0 (iPhone; CPU iPhone OS 13_7 like Mac OS X) AppleWebKit/605.1.15 (KHTML, like Gecko) Version/13.1.2 Mobile/15E148 Safari/604.1"
185.220.102.4 - - [05/Apr/2021:15:56:02 +0800] "GET /wordpress/wp-login.php HTTP/1.1" 200 2512 "-" "Mozilla/5.0 (Windows NT 6.1; Win64; x64) AppleWebKit/537.36 (KHTML, like Gecko) Chrome/88.0.4324.190 Safari/537.36"
212.97.251.72 - - [05/Apr/2021:15:56:03 +0800] "GET /wordpress/wp-content/uploads/2018/08/DC_CH010-English-2-768x808.jpg HTTP/1.1" 200 66024 "https://www.mycath2o.com/en/" "Mozilla/5.0 (iPhone; CPU iPhone OS 13_7 like Mac OS X) AppleWebKit/605.1.15 (KHTML, like Gecko) Version/13.1.2 Mobile/15E148 Safari/604.1"
212.97.251.72 - - [05/Apr/2021:15:56:03 +0800] "GET /wordpress/wp-content/uploads/2018/03/cats.jpg HTTP/1.1" 200 114570 "https://www.mycath2o.com/en/" "Mozilla/5.0 (iPhone; CPU iPhone OS 13_7 like Mac OS X) AppleWebKit/605.1.15 (KHTML, like Gecko) Version/13.1.2 Mobile/15E148 Safari/604.1"
212.97.251.72 - - [05/Apr/2021:15:56:03 +0800] "GET /wordpress/wp-content/uploads/elementor/thumbs/f_zt-nrimgxqk726edcz8q4wtz04ov9yyj0hpzdyls1njvk.png HTTP/1.1" 200 68685 "https://www.mycath2o.com/en/" "Mozilla/5.0 (iPhone; CPU iPhone OS 13_7 like Mac OS X) AppleWebKit/605.1.15 (KHTML, like Gecko) Version/13.1.2 Mobile/15E148 Safari/604.1"
212.97.251.72 - - [05/Apr/2021:15:56:04 +0800] "GET /wordpress/wp-content/uploads/elementor/thumbs/f_skimmer-nrimgvuvte3tq51z143ku0lroi883ma9b4nmthqc80.png HTTP/1.1" 200 68192 "https://www.mycath2o.com/en/" "Mozilla/5.0 (iPhone; CPU iPhone OS 13_7 like Mac OS X) AppleWebKit/605.1.15 (KHTML, like Gecko) Version/13.1.2 Mobile/15E148 Safari/604.1"
212.97.251.72 - - [05/Apr/2021:15:56:04 +0800] "GET /wordpress/wp-content/uploads/elementor/thumbs/f_cover-nrimgr5ov7xe438ssk2fzjsgpkve14rlmhe7f3xb34.png HTTP/1.1" 200 54404 "https://www.mycath2o.com/en/" "Mozilla/5.0 (iPhone; CPU iPhone OS 13_7 like Mac OS X) AppleWebKit/605.1.15 (KHTML, like Gecko) Version/13.1.2 Mobile/15E148 Safari/604.1"
212.97.251.72 - - [05/Apr/2021:15:56:04 +0800] "GET /wordpress/wp-content/uploads/elementor/thumbs/f_pump-nrimgt1d8vzyrb62hkvp4jbdwcm4giz2aqp6dnuiqo.png HTTP/1.1" 200 53486 "https://www.mycath2o.com/en/" "Mozilla/5.0 (iPhone; CPU iPhone OS 13_7 like Mac OS X) AppleWebKit/605.1.15 (KHTML, like Gecko) Version/13.1.2 Mobile/15E148 Safari/604.1"
212.97.251.72 - - [05/Apr/2021:15:56:04 +0800] "GET /wordpress/wp-content/uploads/2018/03/Cat_H2O_blue.jpg HTTP/1.1" 200 41682 "https://www.mycath2o.com/en/" "Mozilla/5.0 (iPhone; CPU iPhone OS 13_7 like Mac OS X) AppleWebKit/605.1.15 (KHTML, like Gecko) Version/13.1.2 Mobile/15E148 Safari/604.1"
212.97.251.72 - - [05/Apr/2021:15:56:02 +0800] "GET /wordpress/wp-content/uploads/2018/08/%E7%94%BB%E6%9D%BF-1-768x432.png HTTP/1.1" 200 351411 "https://www.mycath2o.com/en/" "Mozilla/5.0 (iPhone; CPU iPhone OS 13_7 like Mac OS X) AppleWebKit/605.1.15 (KHTML, like Gecko) Version/13.1.2 Mobile/15E148 Safari/604.1"
212.97.251.72 - - [05/Apr/2021:15:56:04 +0800] "GET /wordpress/wp-content/uploads/2018/03/Cat_H2O_green.jpg HTTP/1.1" 200 44493 "https://www.mycath2o.com/en/" "Mozilla/5.0 (iPhone; CPU iPhone OS 13_7 like Mac OS X) AppleWebKit/605.1.15 (KHTML, like Gecko) Version/13.1.2 Mobile/15E148 Safari/604.1"
212.97.251.72 - - [05/Apr/2021:15:56:04 +0800] "GET /wordpress/wp-content/uploads/2018/06/Cat_H2O_4L.jpg HTTP/1.1" 200 34530 "https://www.mycath2o.com/en/" "Mozilla/5.0 (iPhone; CPU iPhone OS 13_7 like Mac OS X) AppleWebKit/605.1.15 (KHTML, like Gecko) Version/13.1.2 Mobile/15E148 Safari/604.1"
212.97.251.72 - - [05/Apr/2021:15:56:04 +0800] "GET /wordpress/wp-content/uploads/2018/06/R-015_pad.jpg HTTP/1.1" 200 5570 "https://www.mycath2o.com/en/" "Mozilla/5.0 (iPhone; CPU iPhone OS 13_7 like Mac OS X) AppleWebKit/605.1.15 (KHTML, like Gecko) Version/13.1.2 Mobile/15E148 Safari/604.1"
212.97.251.72 - - [05/Apr/2021:15:56:04 +0800] "GET /wordpress/wp-content/uploads/2018/06/R-016_160pxH.png HTTP/1.1" 200 33376 "https://www.mycath2o.com/en/" "Mozilla/5.0 (iPhone; CPU iPhone OS 13_7 like Mac OS X) AppleWebKit/605.1.15 (KHTML, like Gecko) Version/13.1.2 Mobile/15E148 Safari/604.1"
212.97.251.72 - - [05/Apr/2021:15:56:04 +0800] "GET /wordpress/wp-content/uploads/2018/06/Softening.jpg HTTP/1.1" 200 6267 "https://www.mycath2o.com/en/" "Mozilla/5.0 (iPhone; CPU iPhone OS 13_7 like Mac OS X) AppleWebKit/605.1.15 (KHTML, like Gecko) Version/13.1.2 Mobile/15E148 Safari/604.1"
212.97.251.72 - - [05/Apr/2021:15:56:04 +0800] "GET /wordpress/wp-content/uploads/2018/06/R-015-CH.png HTTP/1.1" 200 59463 "https://www.mycath2o.com/en/" "Mozilla/5.0 (iPhone; CPU iPhone OS 13_7 like Mac OS X) AppleWebKit/605.1.15 (KHTML, like Gecko) Version/13.1.2 Mobile/15E148 Safari/604.1"
212.97.251.72 - - [05/Apr/2021:15:56:04 +0800] "GET /wordpress/wp-content/uploads/2018/06/CHD001.jpg HTTP/1.1" 200 50487 "https://www.mycath2o.com/en/" "Mozilla/5.0 (iPhone; CPU iPhone OS 13_7 like Mac OS X) AppleWebKit/605.1.15 (KHTML, like Gecko) Version/13.1.2 Mobile/15E148 Safari/604.1"
212.97.251.72 - - [05/Apr/2021:15:56:05 +0800] "GET /wordpress/wp-content/uploads/2018/06/R-016-CDH.jpg HTTP/1.1" 200 63820 "https://www.mycath2o.com/en/" "Mozilla/5.0 (iPhone; CPU iPhone OS 13_7 like Mac OS X) AppleWebKit/605.1.15 (KHTML, like Gecko) Version/13.1.2 Mobile/15E148 Safari/604.1"
212.97.251.72 - - [05/Apr/2021:15:56:05 +0800] "GET /wordpress/wp-content/uploads/2018/06/AA190A.jpg HTTP/1.1" 200 45063 "https://www.mycath2o.com/en/" "Mozilla/5.0 (iPhone; CPU iPhone OS 13_7 like Mac OS X) AppleWebKit/605.1.15 (KHTML, like Gecko) Version/13.1.2 Mobile/15E148 Safari/604.1"
212.97.251.72 - - [05/Apr/2021:15:56:05 +0800] "GET /wordpress/wp-content/uploads/2018/06/DH08DC-01.png HTTP/1.1" 200 40519 "https://www.mycath2o.com/en/" "Mozilla/5.0 (iPhone; CPU iPhone OS 13_7 like Mac OS X) AppleWebKit/605.1.15 (KHTML, like Gecko) Version/13.1.2 Mobile/15E148 Safari/604.1"
212.97.251.72 - - [05/Apr/2021:15:56:05 +0800] "GET /wordpress/wp-content/uploads/2018/06/R-017.jpg HTTP/1.1" 200 53407 "https://www.mycath2o.com/en/" "Mozilla/5.0 (iPhone; CPU iPhone OS 13_7 like Mac OS X) AppleWebKit/605.1.15 (KHTML, like Gecko) Version/13.1.2 Mobile/15E148 Safari/604.1"
212.97.251.72 - - [05/Apr/2021:15:56:05 +0800] "GET /wordpress/wp-content/uploads/2019/05/websitelogo.png HTTP/1.1" 200 1453 "https://www.mycath2o.com/en/" "Mozilla/5.0 (iPhone; CPU iPhone OS 13_7 like Mac OS X) AppleWebKit/605.1.15 (KHTML, like Gecko) Version/13.1.2 Mobile/15E148 Safari/604.1"
212.97.251.72 - - [05/Apr/2021:15:56:05 +0800] "GET /wordpress/wp-content/uploads/elementor/thumbs/aa_logo-nn0pqz9jl6r1zmbarew4nt9y6wpqem6k7hbsbu2bfc.png HTTP/1.1" 200 5939 "https://www.mycath2o.com/en/" "Mozilla/5.0 (iPhone; CPU iPhone OS 13_7 like Mac OS X) AppleWebKit/605.1.15 (KHTML, like Gecko) Version/13.1.2 Mobile/15E148 Safari/604.1"
212.97.251.72 - - [05/Apr/2021:15:56:05 +0800] "GET /wordpress/wp-content/uploads/2018/07/dogh2o_logo_2.png HTTP/1.1" 200 8897 "https://www.mycath2o.com/en/" "Mozilla/5.0 (iPhone; CPU iPhone OS 13_7 like Mac OS X) AppleWebKit/605.1.15 (KHTML, like Gecko) Version/13.1.2 Mobile/15E148 Safari/604.1"
212.97.251.72 - - [05/Apr/2021:15:56:05 +0800] "GET /wordpress/wp-content/uploads/2018/08/KM_LOGO_2.jpg HTTP/1.1" 200 16293 "https://www.mycath2o.com/en/" "Mozilla/5.0 (iPhone; CPU iPhone OS 13_7 like Mac OS X) AppleWebKit/605.1.15 (KHTML, like Gecko) Version/13.1.2 Mobile/15E148 Safari/604.1"
185.220.102.4 - - [05/Apr/2021:15:56:05 +0800] "GET /wordpress/wp-login.php HTTP/1.1" 200 2512 "-" "Mozilla/5.0 (Windows NT 6.1; Win64; x64) AppleWebKit/537.36 (KHTML, like Gecko) Chrome/88.0.4324.190 Safari/537.36"
212.97.251.72 - - [05/Apr/2021:15:56:05 +0800] "GET /wordpress/wp-content/uploads/2019/05/pump_clean-01.png HTTP/1.1" 200 494551 "https://www.mycath2o.com/en/" "Mozilla/5.0 (iPhone; CPU iPhone OS 13_7 like Mac OS X) AppleWebKit/605.1.15 (KHTML, like Gecko) Version/13.1.2 Mobile/15E148 Safari/604.1"
185.107.70.202 - - [05/Apr/2021:15:56:07 +0800] "POST /wordpress/wp-login.php HTTP/1.0" 200 3487 "-" "Mozilla/5.0 (Windows NT 6.1; Win64; x64) AppleWebKit/537.36 (KHTML, like Gecko) Chrome/88.0.4324.190 Safari/537.36"
212.97.251.72 - - [05/Apr/2021:15:56:08 +0800] "GET /favicon.ico HTTP/1.1" 200 2196 "https://www.mycath2o.com/en/" "Mozilla/5.0 (iPhone; CPU iPhone OS 13_7 like Mac OS X) AppleWebKit/605.1.15 (KHTML, like Gecko) Version/13.1.2 Mobile/15E148 Safari/604.1"
66.249.79.107 - - [05/Apr/2021:15:57:19 +0800] "GET /plr/video-U-canadiens-vs-oilers-5x-u.html HTTP/1.1" 200 3902 "-" "Mozilla/5.0 (compatible; Googlebot/2.1; +http://www.google.com/bot.html)"
66.249.79.107 - - [05/Apr/2021:15:57:41 +0800] "GET /plr/video-G-ottawa-senators-vs-calgary-flames-S-P.html HTTP/1.1" 304 - "-" "Mozilla/5.0 (Linux; Android 6.0.1; Nexus 5X Build/MMB29P) AppleWebKit/537.36 (KHTML, like Gecko) Chrome/89.0.4389.102 Mobile Safari/537.36 (compatible; Googlebot/2.1; +http://www.google.com/bot.html)"
185.225.16.146 - - [05/Apr/2021:15:57:57 +0800] "GET /de/feed/ HTTP/1.1" 304 - "-" "Mozilla/5.0 (X11; Ubuntu; Linux x86_64; rv:86.0) Gecko/20100101 Firefox/86.0"
104.198.130.167 - - [05/Apr/2021:15:59:23 +0800] "GET /wordpress/activate/login2.php HTTP/1.1" 302 20 "-" "Go-http-client/1.1"
13.66.139.27 - - [05/Apr/2021:16:00:54 +0800] "GET /de/ HTTP/1.1" 200 15673 "-" "Mozilla/5.0 (compatible; bingbot/2.0; +http://www.bing.com/bingbot.htm)"
75.119.215.210 - - [05/Apr/2021:16:01:20 +0800] "GET /wordpress/wp-login.php HTTP/1.1" 200 1154 "-" "Mozilla/5.0 (X11; Ubuntu; Linux x86_64; rv:62.0) Gecko/20100101 Firefox/62.0"
75.119.215.210 - - [05/Apr/2021:16:01:21 +0800] "POST /wordpress/wp-login.php HTTP/1.1" 200 1518 "-" "Mozilla/5.0 (X11; Ubuntu; Linux x86_64; rv:62.0) Gecko/20100101 Firefox/62.0"
75.119.215.210 - - [05/Apr/2021:16:01:22 +0800] "POST /wordpress/xmlrpc.php HTTP/1.1" 403 193 "-" "Mozilla/5.0 (X11; Ubuntu; Linux x86_64; rv:62.0) Gecko/20100101 Firefox/62.0"
114.119.149.5 - - [05/Apr/2021:16:03:02 +0800] "GET /wordpress/wp-content/uploads/2018/08%E7%94%BB%E6%9D%BF-1.png HTTP/1.1" 301 20 "-" "Mozilla/5.0 (Linux; Android 7.0;) AppleWebKit/537.36 (KHTML, like Gecko) Mobile Safari/537.36 (compatible; PetalBot;+https://aspiegel.com/petalbot)"
114.119.149.5 - - [05/Apr/2021:16:03:03 +0800] "GET /wordpress/wp-content/uploads/2018/08%E7%94%BB%E6%9D%BF-1.png HTTP/1.1" 301 20 "-" "Mozilla/5.0 (Linux; Android 7.0;) AppleWebKit/537.36 (KHTML, like Gecko) Mobile Safari/537.36 (compatible; PetalBot;+https://aspiegel.com/petalbot)"
114.119.149.5 - - [05/Apr/2021:16:03:03 +0800] "GET /wordpress/wp-content/uploads/2018/08%E7%94%BB%E6%9D%BF-1.png HTTP/1.1" 404 4536 "-" "Mozilla/5.0 (Linux; Android 7.0;) AppleWebKit/537.36 (KHTML, like Gecko) Mobile Safari/537.36 (compatible; PetalBot;+https://aspiegel.com/petalbot)"
111.202.101.27 - - [05/Apr/2021:16:03:25 +0800] "GET /en/ HTTP/1.1" 200 15178 "-" "Sogou web spider/4.0(+http://www.sogou.com/docs/help/webmasters.htm#07)"
185.220.101.218 - - [05/Apr/2021:16:06:03 +0800] "GET /de/feed/ HTTP/1.1" 304 - "-" "Mozilla/5.0 (X11; Ubuntu; Linux x86_64; rv:86.0) Gecko/20100101 Firefox/86.0"
66.249.79.107 - - [05/Apr/2021:16:07:51 +0800] "GET /plr/video-W-indiana-pacers-vs-milwaukee-bucks-1-0.html HTTP/1.1" 304 - "-" "Mozilla/5.0 (Linux; Android 6.0.1; Nexus 5X Build/MMB29P) AppleWebKit/537.36 (KHTML, like Gecko) Chrome/89.0.4389.102 Mobile Safari/537.36 (compatible; Googlebot/2.1; +http://www.google.com/bot.html)"
216.244.66.200 - - [05/Apr/2021:16:13:37 +0800] "GET /robots.txt HTTP/1.1" 301 - "-" "Mozilla/5.0 (compatible; DotBot/1.2; +https://opensiteexplorer.org/dotbot; help@moz.com)"
216.244.66.200 - - [05/Apr/2021:16:13:38 +0800] "GET /robots.txt HTTP/1.1" 200 87 "-" "Mozilla/5.0 (compatible; DotBot/1.2; +https://opensiteexplorer.org/dotbot; help@moz.com)"
51.15.124.1 - - [05/Apr/2021:16:13:38 +0800] "GET /de/feed/ HTTP/1.1" 304 - "-" "Mozilla/5.0 (X11; Ubuntu; Linux x86_64; rv:86.0) Gecko/20100101 Firefox/86.0"
128.14.209.242 - - [05/Apr/2021:16:13:51 +0800] "GET / HTTP/1.1" 302 186 "-" "Mozilla/5.0 (Windows NT 10.0; WOW64) AppleWebKit/537.36 (KHTML, like Gecko) Chrome/66.0.3359.117 Safari/537.36"
128.14.209.242 - - [05/Apr/2021:16:13:53 +0800] "GET / HTTP/1.1" 302 20 "http://mycath2o.com/" "Mozilla/5.0 (Windows NT 10.0; WOW64) AppleWebKit/537.36 (KHTML, like Gecko) Chrome/66.0.3359.117 Safari/537.36"
128.14.209.242 - - [05/Apr/2021:16:13:55 +0800] "GET /en/ HTTP/1.1" 200 15178 "https://www.mycath2o.com" "Mozilla/5.0 (Windows NT 10.0; WOW64) AppleWebKit/537.36 (KHTML, like Gecko) Chrome/66.0.3359.117 Safari/537.36"
203.150.107.77 - - [05/Apr/2021:16:14:32 +0800] "GET /wordpress/wp-login.php HTTP/1.1" 200 1154 "-" "Mozilla/5.0 (X11; Ubuntu; Linux x86_64; rv:62.0) Gecko/20100101 Firefox/62.0"
203.150.107.77 - - [05/Apr/2021:16:14:33 +0800] "POST /wordpress/wp-login.php HTTP/1.1" 200 1518 "-" "Mozilla/5.0 (X11; Ubuntu; Linux x86_64; rv:62.0) Gecko/20100101 Firefox/62.0"
203.150.107.77 - - [05/Apr/2021:16:14:34 +0800] "POST /wordpress/xmlrpc.php HTTP/1.1" 403 193 "-" "Mozilla/5.0 (X11; Ubuntu; Linux x86_64; rv:62.0) Gecko/20100101 Firefox/62.0"
216.244.66.200 - - [05/Apr/2021:16:19:53 +0800] "GET /dko/video-Z-angels-vs-cubs-DM-F.html HTTP/1.1" 200 6396 "-" "Mozilla/5.0 (compatible; DotBot/1.2; +https://opensiteexplorer.org/dotbot; help@moz.com)"
216.244.66.200 - - [05/Apr/2021:16:20:04 +0800] "GET /dko/video-P-chicago-bulls-vs-utah-jazz-a-w.html HTTP/1.1" 200 8510 "-" "Mozilla/5.0 (compatible; DotBot/1.2; +https://opensiteexplorer.org/dotbot; help@moz.com)"
216.244.66.200 - - [05/Apr/2021:16:20:08 +0800] "GET /dko/video-f-ottawa-senators-vs-calgary-flames-ii-D.html HTTP/1.1" 200 7732 "-" "Mozilla/5.0 (compatible; DotBot/1.2; +https://opensiteexplorer.org/dotbot; help@moz.com)"
109.70.100.58 - - [05/Apr/2021:16:23:12 +0800] "GET /de/feed/ HTTP/1.1" 304 - "-" "Mozilla/5.0 (X11; Ubuntu; Linux x86_64; rv:86.0) Gecko/20100101 Firefox/86.0"
40.77.167.69 - - [05/Apr/2021:16:23:22 +0800] "GET /plr/video-K-5-E.html HTTP/1.1" 304 - "-" "Mozilla/5.0 (compatible; bingbot/2.0; +http://www.bing.com/bingbot.htm)"
124.239.150.107 - - [05/Apr/2021:16:26:11 +0800] "GET /e/data/js/ajax.js HTTP/1.1" 301 20 "-" "Mozilla/5.0 (Windows NT 10.0; WOW64; rv:48.0) Gecko/20100101 Firefox/48.0"
192.241.253.220 - - [05/Apr/2021:16:26:15 +0800] "GET /wordpress/wp-login.php HTTP/1.1" 200 1154 "-" "Mozilla/5.0 (X11; Ubuntu; Linux x86_64; rv:62.0) Gecko/20100101 Firefox/62.0"
192.241.253.220 - - [05/Apr/2021:16:26:18 +0800] "POST /wordpress/wp-login.php HTTP/1.1" 200 1518 "-" "Mozilla/5.0 (X11; Ubuntu; Linux x86_64; rv:62.0) Gecko/20100101 Firefox/62.0"
192.241.253.220 - - [05/Apr/2021:16:26:21 +0800] "POST /wordpress/xmlrpc.php HTTP/1.1" 403 193 "-" "Mozilla/5.0 (X11; Ubuntu; Linux x86_64; rv:62.0) Gecko/20100101 Firefox/62.0"
182.172.56.199 - - [05/Apr/2021:16:26:48 +0800] "GET /index.php?lang=ch HTTP/1.1" 301 20 "http://www.google.com/url?sa=t&rct=j&q=&esrc=s&source=web&cd=4&ved=0CEQQFjAG&url=http%3A%2F%2Fmycath2o.com%2Findex.php%3Flang%3Dch&ei=yMlqYPj2HrDejQLPfA&usg=AFQjCNFcadOKRIcwXuSb9cSHbyq8GideIw" "Mozilla/5.0 (iPhone; CPU iPhone OS 13_6 like Mac OS X) AppleWebKit/605.1.15 (KHTML, like Gecko) CriOS/84.0.4147.122 Mobile/15E148 Safari/604.1"
182.172.56.199 - - [05/Apr/2021:16:26:51 +0800] "GET /index.php?lang=ch HTTP/1.1" 301 20 "http://www.google.com/url?sa=t&rct=j&q=&esrc=s&source=web&cd=4&ved=0CEQQFjAG&url=http%3A%2F%2Fmycath2o.com%2Findex.php%3Flang%3Dch&ei=yMlqYPj2HrDejQLPfA&usg=AFQjCNFcadOKRIcwXuSb9cSHbyq8GideIw" "Mozilla/5.0 (iPhone; CPU iPhone OS 13_6 like Mac OS X) AppleWebKit/605.1.15 (KHTML, like Gecko) CriOS/84.0.4147.122 Mobile/15E148 Safari/604.1"
182.172.56.199 - - [05/Apr/2021:16:26:53 +0800] "GET /?lang=ch HTTP/1.1" 200 4853 "http://www.google.com/url?sa=t&rct=j&q=&esrc=s&source=web&cd=4&ved=0CEQQFjAG&url=http%3A%2F%2Fmycath2o.com%2Findex.php%3Flang%3Dch&ei=yMlqYPj2HrDejQLPfA&usg=AFQjCNFcadOKRIcwXuSb9cSHbyq8GideIw" "Mozilla/5.0 (iPhone; CPU iPhone OS 13_6 like Mac OS X) AppleWebKit/605.1.15 (KHTML, like Gecko) CriOS/84.0.4147.122 Mobile/15E148 Safari/604.1"
182.172.56.199 - - [05/Apr/2021:16:26:55 +0800] "GET /wordpress/wp-content/themes/vantage/inc/panels-lite/css/front.css?ver=1.0 HTTP/1.1" 200 508 "https://www.mycath2o.com/?lang=ch" "Mozilla/5.0 (iPhone; CPU iPhone OS 13_6 like Mac OS X) AppleWebKit/605.1.15 (KHTML, like Gecko) CriOS/84.0.4147.122 Mobile/15E148 Safari/604.1"
182.172.56.199 - - [05/Apr/2021:16:26:55 +0800] "GET /wordpress/wp-includes/js/jquery/jquery.js?ver=1.12.4 HTTP/1.1" 200 33776 "https://www.mycath2o.com/?lang=ch" "Mozilla/5.0 (iPhone; CPU iPhone OS 13_6 like Mac OS X) AppleWebKit/605.1.15 (KHTML, like Gecko) CriOS/84.0.4147.122 Mobile/15E148 Safari/604.1"
182.172.56.199 - - [05/Apr/2021:16:26:55 +0800] "GET /wordpress/wp-content/themes/vantage/js/jquery.flexslider.min.js?ver=2.1 HTTP/1.1" 200 6232 "https://www.mycath2o.com/?lang=ch" "Mozilla/5.0 (iPhone; CPU iPhone OS 13_6 like Mac OS X) AppleWebKit/605.1.15 (KHTML, like Gecko) CriOS/84.0.4147.122 Mobile/15E148 Safari/604.1"
182.172.56.199 - - [05/Apr/2021:16:26:56 +0800] "GET /wordpress/wp-content/themes/vantage/js/jquery.theme-main.min.js?ver=1.7.7 HTTP/1.1" 200 2510 "https://www.mycath2o.com/?lang=ch" "Mozilla/5.0 (iPhone; CPU iPhone OS 13_6 like Mac OS X) AppleWebKit/605.1.15 (KHTML, like Gecko) CriOS/84.0.4147.122 Mobile/15E148 Safari/604.1"
182.172.56.199 - - [05/Apr/2021:16:26:56 +0800] "GET /wordpress/wp-includes/js/wp-embed.min.js?ver=4.9.16 HTTP/1.1" 200 753 "https://www.mycath2o.com/?lang=ch" "Mozilla/5.0 (iPhone; CPU iPhone OS 13_6 like Mac OS X) AppleWebKit/605.1.15 (KHTML, like Gecko) CriOS/84.0.4147.122 Mobile/15E148 Safari/604.1"
182.172.56.199 - - [05/Apr/2021:16:26:56 +0800] "GET /wordpress/wp-includes/js/wp-emoji-release.min.js?ver=4.9.16 HTTP/1.1" 200 4382 "https://www.mycath2o.com/?lang=ch" "Mozilla/5.0 (iPhone; CPU iPhone OS 13_6 like Mac OS X) AppleWebKit/605.1.15 (KHTML, like Gecko) CriOS/84.0.4147.122 Mobile/15E148 Safari/604.1"
182.172.56.199 - - [05/Apr/2021:16:26:56 +0800] "GET /wordpress/wp-includes/js/jquery/jquery-migrate.min.js?ver=1.4.1 HTTP/1.1" 200 4014 "https://www.mycath2o.com/?lang=ch" "Mozilla/5.0 (iPhone; CPU iPhone OS 13_6 like Mac OS X) AppleWebKit/605.1.15 (KHTML, like Gecko) CriOS/84.0.4147.122 Mobile/15E148 Safari/604.1"
182.172.56.199 - - [05/Apr/2021:16:26:56 +0800] "GET /wordpress/wp-content/themes/vantage/js/jquery.fitvids.min.js?ver=1.0 HTTP/1.1" 200 797 "https://www.mycath2o.com/?lang=ch" "Mozilla/5.0 (iPhone; CPU iPhone OS 13_6 like Mac OS X) AppleWebKit/605.1.15 (KHTML, like Gecko) CriOS/84.0.4147.122 Mobile/15E148 Safari/604.1"
182.172.56.199 - - [05/Apr/2021:16:26:56 +0800] "GET /wordpress/wp-content/plugins/elementor/assets/lib/font-awesome/css/font-awesome.min.css?ver=4.7.0 HTTP/1.1" 200 7053 "https://www.mycath2o.com/?lang=ch" "Mozilla/5.0 (iPhone; CPU iPhone OS 13_6 like Mac OS X) AppleWebKit/605.1.15 (KHTML, like Gecko) CriOS/84.0.4147.122 Mobile/15E148 Safari/604.1"
182.172.56.199 - - [05/Apr/2021:16:26:56 +0800] "GET /wordpress/wp-content/themes/vantage/style.css?ver=1.7.7 HTTP/1.1" 200 15098 "https://www.mycath2o.com/?lang=ch" "Mozilla/5.0 (iPhone; CPU iPhone OS 13_6 like Mac OS X) AppleWebKit/605.1.15 (KHTML, like Gecko) CriOS/84.0.4147.122 Mobile/15E148 Safari/604.1"
182.172.56.199 - - [05/Apr/2021:16:26:56 +0800] "GET /wordpress/wp-content/themes/vantage/js/jquery.touchSwipe.min.js?ver=1.6.6 HTTP/1.1" 200 3672 "https://www.mycath2o.com/?lang=ch" "Mozilla/5.0 (iPhone; CPU iPhone OS 13_6 like Mac OS X) AppleWebKit/605.1.15 (KHTML, like Gecko) CriOS/84.0.4147.122 Mobile/15E148 Safari/604.1"
182.172.56.199 - - [05/Apr/2021:16:26:57 +0800] "GET /wordpress/wp-content/themes/vantage/icons/vantage-icons.woff HTTP/1.1" 200 1380 "https://www.mycath2o.com/wordpress/wp-content/themes/vantage/style.css?ver=1.7.7" "Mozilla/5.0 (iPhone; CPU iPhone OS 13_6 like Mac OS X) AppleWebKit/605.1.15 (KHTML, like Gecko) CriOS/84.0.4147.122 Mobile/15E148 Safari/604.1"
182.172.56.199 - - [05/Apr/2021:16:26:57 +0800] "GET /wordpress/wp-content/plugins/elementor/assets/lib/font-awesome/fonts/fontawesome-webfont.woff2?v=4.7.0 HTTP/1.1" 200 77160 "https://www.mycath2o.com/wordpress/wp-content/plugins/elementor/assets/lib/font-awesome/css/font-awesome.min.css?ver=4.7.0" "Mozilla/5.0 (iPhone; CPU iPhone OS 13_6 like Mac OS X) AppleWebKit/605.1.15 (KHTML, like Gecko) CriOS/84.0.4147.122 Mobile/15E148 Safari/604.1"
111.202.101.27 - - [05/Apr/2021:16:27:58 +0800] "GET /en/ HTTP/1.1" 200 15178 "-" "Sogou web spider/4.0(+http://www.sogou.com/docs/help/webmasters.htm#07)"
106.38.241.129 - - [05/Apr/2021:16:28:15 +0800] "GET / HTTP/1.1" 302 20 "-" "Sogou web spider/4.0(+http://www.sogou.com/docs/help/webmasters.htm#07)"
185.220.100.251 - - [05/Apr/2021:16:32:41 +0800] "GET /de/feed/ HTTP/1.1" 304 - "-" "Mozilla/5.0 (X11; Ubuntu; Linux x86_64; rv:86.0) Gecko/20100101 Firefox/86.0"
171.244.21.74 - - [05/Apr/2021:16:34:59 +0800] "GET /wordpress/wp-login.php HTTP/1.1" 200 1154 "-" "Mozilla/5.0 (X11; Ubuntu; Linux x86_64; rv:62.0) Gecko/20100101 Firefox/62.0"
171.244.21.74 - - [05/Apr/2021:16:35:00 +0800] "POST /wordpress/wp-login.php HTTP/1.1" 200 1518 "-" "Mozilla/5.0 (X11; Ubuntu; Linux x86_64; rv:62.0) Gecko/20100101 Firefox/62.0"
171.244.21.74 - - [05/Apr/2021:16:35:01 +0800] "POST /wordpress/xmlrpc.php HTTP/1.1" 403 193 "-" "Mozilla/5.0 (X11; Ubuntu; Linux x86_64; rv:62.0) Gecko/20100101 Firefox/62.0"
185.220.100.254 - - [05/Apr/2021:16:38:40 +0800] "GET /de/feed/ HTTP/1.1" 304 - "-" "Mozilla/5.0 (X11; Ubuntu; Linux x86_64; rv:86.0) Gecko/20100101 Firefox/86.0"
203.124.10.177 - - [05/Apr/2021:16:44:35 +0800] "POST /wordpress/wp-cron.php?doing_wp_cron=1617612275.0637559890747070312500 HTTP/1.1" 200 20 "https://www.mycath2o.com/wordpress/wp-cron.php?doing_wp_cron=1617612275.0637559890747070312500" "WordPress/4.9.16; https://www.mycath2o.com"
35.237.185.177 - - [05/Apr/2021:16:44:34 +0800] "GET /wordpress/wp-login.php HTTP/1.1" 200 1154 "-" "Mozilla/5.0 (X11; Ubuntu; Linux x86_64; rv:62.0) Gecko/20100101 Firefox/62.0"
35.237.185.177 - - [05/Apr/2021:16:44:37 +0800] "POST /wordpress/wp-login.php HTTP/1.1" 200 1518 "-" "Mozilla/5.0 (X11; Ubuntu; Linux x86_64; rv:62.0) Gecko/20100101 Firefox/62.0"
35.237.185.177 - - [05/Apr/2021:16:44:38 +0800] "POST /wordpress/xmlrpc.php HTTP/1.1" 403 193 "-" "Mozilla/5.0 (X11; Ubuntu; Linux x86_64; rv:62.0) Gecko/20100101 Firefox/62.0"
109.70.100.33 - - [05/Apr/2021:16:45:50 +0800] "GET /de/feed/ HTTP/1.1" 304 - "-" "Mozilla/5.0 (X11; Ubuntu; Linux x86_64; rv:86.0) Gecko/20100101 Firefox/86.0"
58.152.246.151 - - [05/Apr/2021:16:50:05 +0800] "GET /wordpress/wp-content/uploads/2018/06/R-016_160pxH.png HTTP/1.1" 200 33376 "https://www.mydogh2o.com/" "Mozilla/5.0 (iPhone; CPU iPhone OS 13_4_1 like Mac OS X) AppleWebKit/605.1.15 (KHTML, like Gecko) Version/13.1 Mobile/15E148 Safari/604.1"
58.152.246.151 - - [05/Apr/2021:16:50:05 +0800] "GET /wordpress/wp-content/uploads/2018/06/R-015_pad.jpg HTTP/1.1" 200 5570 "https://www.mydogh2o.com/" "Mozilla/5.0 (iPhone; CPU iPhone OS 13_4_1 like Mac OS X) AppleWebKit/605.1.15 (KHTML, like Gecko) Version/13.1 Mobile/15E148 Safari/604.1"
58.152.246.151 - - [05/Apr/2021:16:50:05 +0800] "GET /wordpress/wp-content/uploads/2018/06/Softening.jpg HTTP/1.1" 200 6267 "https://www.mydogh2o.com/" "Mozilla/5.0 (iPhone; CPU iPhone OS 13_4_1 like Mac OS X) AppleWebKit/605.1.15 (KHTML, like Gecko) Version/13.1 Mobile/15E148 Safari/604.1"
58.152.246.151 - - [05/Apr/2021:16:50:05 +0800] "GET /wordpress/wp-content/uploads/2019/05/websitelogo.png HTTP/1.1" 200 1453 "https://www.mydogh2o.com/" "Mozilla/5.0 (iPhone; CPU iPhone OS 13_4_1 like Mac OS X) AppleWebKit/605.1.15 (KHTML, like Gecko) Version/13.1 Mobile/15E148 Safari/604.1"
109.70.100.59 - - [05/Apr/2021:16:51:41 +0800] "GET /de/feed/ HTTP/1.1" 304 - "-" "Mozilla/5.0 (X11; Ubuntu; Linux x86_64; rv:86.0) Gecko/20100101 Firefox/86.0"
107.180.73.192 - - [05/Apr/2021:16:53:48 +0800] "GET /wordpress/wp-login.php HTTP/1.1" 200 1154 "-" "Mozilla/5.0 (X11; Ubuntu; Linux x86_64; rv:62.0) Gecko/20100101 Firefox/62.0"
107.180.73.192 - - [05/Apr/2021:16:53:50 +0800] "POST /wordpress/wp-login.php HTTP/1.1" 200 1518 "-" "Mozilla/5.0 (X11; Ubuntu; Linux x86_64; rv:62.0) Gecko/20100101 Firefox/62.0"
107.180.73.192 - - [05/Apr/2021:16:53:52 +0800] "POST /wordpress/xmlrpc.php HTTP/1.1" 403 193 "-" "Mozilla/5.0 (X11; Ubuntu; Linux x86_64; rv:62.0) Gecko/20100101 Firefox/62.0"
51.81.139.97 - - [05/Apr/2021:16:54:20 +0800] "GET / HTTP/1.0" 302 - "https://mycath2o.com/" "Mozilla/5.0 (Windows NT 10.0; Win64; x64) AppleWebKit/537.36 (KHTML, like Gecko) Chrome/83.0.4103.14 Safari/537.36"
51.81.139.97 - - [05/Apr/2021:16:54:23 +0800] "GET /en/ HTTP/1.0" 200 93131 "https://www.mycath2o.com/en/" "Mozilla/5.0 (Windows NT 10.0; Win64; x64) AppleWebKit/537.36 (KHTML, like Gecko) Chrome/83.0.4103.14 Safari/537.36"
66.249.79.111 - - [05/Apr/2021:16:55:48 +0800] "GET /plr/video-M-vegas-golden-knights-vs-st.-louis-blues-p-a.html HTTP/1.1" 304 - "-" "Mozilla/5.0 (Linux; Android 6.0.1; Nexus 5X Build/MMB29P) AppleWebKit/537.36 (KHTML, like Gecko) Chrome/89.0.4389.117 Mobile Safari/537.36 (compatible; Googlebot/2.1; +http://www.google.com/bot.html)"
66.249.79.107 - - [05/Apr/2021:16:58:11 +0800] "GET /dko/video-8-g-N.html HTTP/1.1" 304 - "-" "Mozilla/5.0 (Linux; Android 6.0.1; Nexus 5X Build/MMB29P) AppleWebKit/537.36 (KHTML, like Gecko) Chrome/89.0.4389.102 Mobile Safari/537.36 (compatible; Googlebot/2.1; +http://www.google.com/bot.html)"
66.249.79.107 - - [05/Apr/2021:16:58:11 +0800] "GET /dko/video-i-padres-vs-royals-Ey-m.html HTTP/1.1" 304 - "-" "Mozilla/5.0 (Linux; Android 6.0.1; Nexus 5X Build/MMB29P) AppleWebKit/537.36 (KHTML, like Gecko) Chrome/89.0.4389.102 Mobile Safari/537.36 (compatible; Googlebot/2.1; +http://www.google.com/bot.html)"
109.70.100.33 - - [05/Apr/2021:16:59:03 +0800] "GET /de/feed/ HTTP/1.1" 304 - "-" "Mozilla/5.0 (X11; Ubuntu; Linux x86_64; rv:86.0) Gecko/20100101 Firefox/86.0"
217.138.219.147 - - [05/Apr/2021:16:59:39 +0800] "GET /wordpress/wp-login.php HTTP/1.1" 200 1154 "-" "Mozilla/5.0 (Windows NT 5.1; rv:30.0) Gecko/20100101 Firefox/30.0"
217.138.219.147 - - [05/Apr/2021:16:59:39 +0800] "POST /wordpress/wp-login.php HTTP/1.1" 200 1533 "-" "Mozilla/5.0 (Windows NT 5.1; rv:30.0) Gecko/20100101 Firefox/30.0"
80.140.61.87 - - [05/Apr/2021:17:02:09 +0800] "GET /wordpress/wp-admin/user/dgerm/index.php HTTP/1.1" 200 678 "https://kl.ik.my/" "Mozilla/5.0 (Windows NT 6.2; Win64; x64) AppleWebKit/537.36 (KHTML, like Gecko) Chrome/89.0.4389.114 Safari/537.36"
80.140.61.87 - - [05/Apr/2021:17:02:10 +0800] "GET /wordpress/wp-admin/user/dgerm/index.php HTTP/1.1" 200 678 "https://kl.ik.my/" "Mozilla/5.0 (Windows NT 6.2; Win64; x64) AppleWebKit/537.36 (KHTML, like Gecko) Chrome/89.0.4389.114 Safari/537.36"
80.140.61.87 - - [05/Apr/2021:17:02:10 +0800] "GET /wordpress/wp-admin/user/dgerm/images/hlogo.png HTTP/1.1" 200 2130 "https://www.mycath2o.com/wordpress/wp-admin/user/dgerm/index.php" "Mozilla/5.0 (Windows NT 6.2; Win64; x64) AppleWebKit/537.36 (KHTML, like Gecko) Chrome/89.0.4389.114 Safari/537.36"
80.140.61.87 - - [05/Apr/2021:17:02:10 +0800] "GET /wordpress/wp-admin/user/dgerm/css/styles.css HTTP/1.1" 200 696 "https://www.mycath2o.com/wordpress/wp-admin/user/dgerm/index.php" "Mozilla/5.0 (Windows NT 6.2; Win64; x64) AppleWebKit/537.36 (KHTML, like Gecko) Chrome/89.0.4389.114 Safari/537.36"
80.140.61.87 - - [05/Apr/2021:17:02:12 +0800] "GET /wordpress/wp-admin/user/dgerm/images/hfavicon.ico HTTP/1.1" 200 540 "https://www.mycath2o.com/wordpress/wp-admin/user/dgerm/index.php" "Mozilla/5.0 (Windows NT 6.2; Win64; x64) AppleWebKit/537.36 (KHTML, like Gecko) Chrome/89.0.4389.114 Safari/537.36"
188.74.7.72 - - [05/Apr/2021:17:02:18 +0800] "GET /de/ HTTP/1.1" 200 15684 "https://www.google.com/" "Mozilla/5.0 (Linux; Android 10; MAR-LX1A) AppleWebKit/537.36 (KHTML, like Gecko) Chrome/89.0.4389.105 Mobile Safari/537.36"
188.74.7.72 - - [05/Apr/2021:17:02:19 +0800] "GET /wordpress/wp-content/themes/vantage/style.css?ver=1.7.7 HTTP/1.1" 200 15098 "https://www.mycath2o.com/de/" "Mozilla/5.0 (Linux; Android 10; MAR-LX1A) AppleWebKit/537.36 (KHTML, like Gecko) Chrome/89.0.4389.105 Mobile Safari/537.36"
188.74.7.72 - - [05/Apr/2021:17:02:20 +0800] "GET /wordpress/wp-content/plugins/elementor/assets/lib/font-awesome/css/font-awesome.min.css?ver=4.7.0 HTTP/1.1" 200 7053 "https://www.mycath2o.com/de/" "Mozilla/5.0 (Linux; Android 10; MAR-LX1A) AppleWebKit/537.36 (KHTML, like Gecko) Chrome/89.0.4389.105 Mobile Safari/537.36"
188.74.7.72 - - [05/Apr/2021:17:02:20 +0800] "GET /wordpress/wp-content/plugins/elementor/assets/lib/eicons/css/elementor-icons.min.css?ver=3.8.0 HTTP/1.1" 200 2425 "https://www.mycath2o.com/de/" "Mozilla/5.0 (Linux; Android 10; MAR-LX1A) AppleWebKit/537.36 (KHTML, like Gecko) Chrome/89.0.4389.105 Mobile Safari/537.36"
