77.165.23.28 - - [05/Apr/2021:22:06:43 +0800] "GET /wordpress/wp-content/uploads/elementor/thumbs/f_pump-nrimgt1d8vzyrb62hkvp4jbdwcm4giz2aqp6dnuiqo.png HTTP/1.1" 200 53486 "https://www.mycath2o.com/en/" "Mozilla/5.0 (Macintosh; Intel Mac OS X 10_15_6) AppleWebKit/605.1.15 (KHTML, like Gecko) Version/14.0.3 Safari/605.1.15"
77.165.23.28 - - [05/Apr/2021:22:06:43 +0800] "GET /wordpress/wp-content/uploads/2018/03/Cat_H2O_blue.jpg HTTP/1.1" 200 41682 "https://www.mycath2o.com/en/" "Mozilla/5.0 (Macintosh; Intel Mac OS X 10_15_6) AppleWebKit/605.1.15 (KHTML, like Gecko) Version/14.0.3 Safari/605.1.15"
77.165.23.28 - - [05/Apr/2021:22:06:43 +0800] "GET /wordpress/wp-content/uploads/2018/03/Cat_H2O_green.jpg HTTP/1.1" 200 44493 "https://www.mycath2o.com/en/" "Mozilla/5.0 (Macintosh; Intel Mac OS X 10_15_6) AppleWebKit/605.1.15 (KHTML, like Gecko) Version/14.0.3 Safari/605.1.15"
77.165.23.28 - - [05/Apr/2021:22:06:43 +0800] "GET /wordpress/wp-content/uploads/2018/06/Cat_H2O_4L.jpg HTTP/1.1" 200 34530 "https://www.mycath2o.com/en/" "Mozilla/5.0 (Macintosh; Intel Mac OS X 10_15_6) AppleWebKit/605.1.15 (KHTML, like Gecko) Version/14.0.3 Safari/605.1.15"
77.165.23.28 - - [05/Apr/2021:22:06:43 +0800] "GET /wordpress/wp-content/uploads/2018/06/R-015_pad.jpg HTTP/1.1" 200 5570 "https://www.mycath2o.com/en/" "Mozilla/5.0 (Macintosh; Intel Mac OS X 10_15_6) AppleWebKit/605.1.15 (KHTML, like Gecko) Version/14.0.3 Safari/605.1.15"
77.165.23.28 - - [05/Apr/2021:22:06:43 +0800] "GET /wordpress/wp-content/uploads/2018/06/R-016_160pxH.png HTTP/1.1" 200 33376 "https://www.mycath2o.com/en/" "Mozilla/5.0 (Macintosh; Intel Mac OS X 10_15_6) AppleWebKit/605.1.15 (KHTML, like Gecko) Version/14.0.3 Safari/605.1.15"
77.165.23.28 - - [05/Apr/2021:22:06:43 +0800] "GET /wordpress/wp-content/uploads/2018/06/Softening.jpg HTTP/1.1" 200 6267 "https://www.mycath2o.com/en/" "Mozilla/5.0 (Macintosh; Intel Mac OS X 10_15_6) AppleWebKit/605.1.15 (KHTML, like Gecko) Version/14.0.3 Safari/605.1.15"
77.165.23.28 - - [05/Apr/2021:22:06:43 +0800] "GET /wordpress/wp-content/uploads/2018/06/R-015-CH.png HTTP/1.1" 200 59463 "https://www.mycath2o.com/en/" "Mozilla/5.0 (Macintosh; Intel Mac OS X 10_15_6) AppleWebKit/605.1.15 (KHTML, like Gecko) Version/14.0.3 Safari/605.1.15"
77.165.23.28 - - [05/Apr/2021:22:06:43 +0800] "GET /wordpress/wp-content/uploads/2018/06/R-016-CDH.jpg HTTP/1.1" 200 63820 "https://www.mycath2o.com/en/" "Mozilla/5.0 (Macintosh; Intel Mac OS X 10_15_6) AppleWebKit/605.1.15 (KHTML, like Gecko) Version/14.0.3 Safari/605.1.15"
77.165.23.28 - - [05/Apr/2021:22:06:43 +0800] "GET /wordpress/wp-content/uploads/2018/06/CHD001.jpg HTTP/1.1" 200 50487 "https://www.mycath2o.com/en/" "Mozilla/5.0 (Macintosh; Intel Mac OS X 10_15_6) AppleWebKit/605.1.15 (KHTML, like Gecko) Version/14.0.3 Safari/605.1.15"
77.165.23.28 - - [05/Apr/2021:22:06:43 +0800] "GET /wordpress/wp-content/uploads/2018/06/R-017.jpg HTTP/1.1" 200 53407 "https://www.mycath2o.com/en/" "Mozilla/5.0 (Macintosh; Intel Mac OS X 10_15_6) AppleWebKit/605.1.15 (KHTML, like Gecko) Version/14.0.3 Safari/605.1.15"
77.165.23.28 - - [05/Apr/2021:22:06:43 +0800] "GET /wordpress/wp-content/uploads/2018/06/AA190A.jpg HTTP/1.1" 200 45063 "https://www.mycath2o.com/en/" "Mozilla/5.0 (Macintosh; Intel Mac OS X 10_15_6) AppleWebKit/605.1.15 (KHTML, like Gecko) Version/14.0.3 Safari/605.1.15"
77.165.23.28 - - [05/Apr/2021:22:06:43 +0800] "GET /wordpress/wp-content/uploads/2018/06/DH08DC-01.png HTTP/1.1" 200 40519 "https://www.mycath2o.com/en/" "Mozilla/5.0 (Macintosh; Intel Mac OS X 10_15_6) AppleWebKit/605.1.15 (KHTML, like Gecko) Version/14.0.3 Safari/605.1.15"
77.165.23.28 - - [05/Apr/2021:22:06:43 +0800] "GET /wordpress/wp-content/uploads/2019/05/websitelogo.png HTTP/1.1" 200 1453 "https://www.mycath2o.com/en/" "Mozilla/5.0 (Macintosh; Intel Mac OS X 10_15_6) AppleWebKit/605.1.15 (KHTML, like Gecko) Version/14.0.3 Safari/605.1.15"
77.165.23.28 - - [05/Apr/2021:22:06:43 +0800] "GET /wordpress/wp-content/uploads/elementor/thumbs/aa_logo-nn0pqz9jl6r1zmbarew4nt9y6wpqem6k7hbsbu2bfc.png HTTP/1.1" 200 5939 "https://www.mycath2o.com/en/" "Mozilla/5.0 (Macintosh; Intel Mac OS X 10_15_6) AppleWebKit/605.1.15 (KHTML, like Gecko) Version/14.0.3 Safari/605.1.15"
77.165.23.28 - - [05/Apr/2021:22:06:43 +0800] "GET /wordpress/wp-content/uploads/2018/07/dogh2o_logo_2.png HTTP/1.1" 200 8897 "https://www.mycath2o.com/en/" "Mozilla/5.0 (Macintosh; Intel Mac OS X 10_15_6) AppleWebKit/605.1.15 (KHTML, like Gecko) Version/14.0.3 Safari/605.1.15"
77.165.23.28 - - [05/Apr/2021:22:06:43 +0800] "GET /wordpress/wp-content/uploads/2018/08/KM_LOGO_2.jpg HTTP/1.1" 200 16293 "https://www.mycath2o.com/en/" "Mozilla/5.0 (Macintosh; Intel Mac OS X 10_15_6) AppleWebKit/605.1.15 (KHTML, like Gecko) Version/14.0.3 Safari/605.1.15"
77.165.23.28 - - [05/Apr/2021:22:06:43 +0800] "GET /wordpress/wp-content/uploads/2019/05/pump_clean-01.png HTTP/1.1" 200 494551 "https://www.mycath2o.com/en/" "Mozilla/5.0 (Macintosh; Intel Mac OS X 10_15_6) AppleWebKit/605.1.15 (KHTML, like Gecko) Version/14.0.3 Safari/605.1.15"
77.165.23.28 - - [05/Apr/2021:22:06:41 +0800] "GET /wordpress/wp-content/uploads/2018/08/%E7%94%BB%E6%9D%BF-1.png HTTP/1.1" 200 1420734 "https://www.mycath2o.com/en/" "Mozilla/5.0 (Macintosh; Intel Mac OS X 10_15_6) AppleWebKit/605.1.15 (KHTML, like Gecko) Version/14.0.3 Safari/605.1.15"
77.165.23.28 - - [05/Apr/2021:22:06:47 +0800] "GET /favicon.ico HTTP/1.1" 200 2196 "https://www.mycath2o.com/en/" "Mozilla/5.0 (Macintosh; Intel Mac OS X 10_15_6) AppleWebKit/605.1.15 (KHTML, like Gecko) Version/14.0.3 Safari/605.1.15"
13.66.139.27 - - [05/Apr/2021:22:08:29 +0800] "GET /dko/video-f-sacramento-kings-vs-cleveland-cavaliers-X-a.html HTTP/1.1" 200 3090 "-" "Mozilla/5.0 (compatible; bingbot/2.0; +http://www.bing.com/bingbot.htm)"
13.66.139.100 - - [05/Apr/2021:22:09:48 +0800] "GET /dko/video-f-gonzaga-vs-oklahoma-jX-K.html HTTP/1.1" 200 2777 "-" "Mozilla/5.0 (compatible; bingbot/2.0; +http://www.bing.com/bingbot.htm)"
185.25.95.39 - - [05/Apr/2021:22:13:20 +0800] "GET /en/ HTTP/1.1" 200 15189 "https://www.google.com/" "Mozilla/5.0 (Linux; Android 10; ELE-L29) AppleWebKit/537.36 (KHTML, like Gecko) Chrome/89.0.4389.105 Mobile Safari/537.36"
185.220.100.254 - - [05/Apr/2021:22:13:38 +0800] "GET /de/feed/ HTTP/1.1" 304 - "-" "Mozilla/5.0 (X11; Ubuntu; Linux x86_64; rv:86.0) Gecko/20100101 Firefox/86.0"
13.66.139.110 - - [05/Apr/2021:22:14:02 +0800] "GET /dko/video-s-chicago-cubs-vs-los-angeles-angels-aX-t.html HTTP/1.1" 200 3439 "-" "Mozilla/5.0 (compatible; bingbot/2.0; +http://www.bing.com/bingbot.htm)"
158.69.248.120 - - [05/Apr/2021:22:15:26 +0800] "GET /wp-login.php HTTP/1.1" 301 20 "-" "Mozilla/5.0 (X11; Ubuntu; Linux x86_64; rv:62.0) Gecko/20100101 Firefox/62.0"
185.25.95.39 - - [05/Apr/2021:22:16:31 +0800] "GET /wordpress/wp-content/plugins/elementor/assets/lib/font-awesome/fonts/fontawesome-webfont.woff?v=4.7.0 HTTP/1.1" 200 98024 "https://www.mycath2o.com/wordpress/wp-content/plugins/elementor/assets/lib/font-awesome/css/font-awesome.min.css?ver=4.7.0" "Mozilla/5.0 (Linux; Android 10; ELE-L29) AppleWebKit/537.36 (KHTML, like Gecko) Chrome/89.0.4389.105 Mobile Safari/537.36"
185.25.95.39 - - [05/Apr/2021:22:16:31 +0800] "GET /wordpress/wp-content/plugins/elementor/assets/lib/eicons/fonts/eicons.woff?3.8.0 HTTP/1.1" 200 68288 "https://www.mycath2o.com/wordpress/wp-content/plugins/elementor/assets/lib/eicons/css/elementor-icons.min.css?ver=3.8.0" "Mozilla/5.0 (Linux; Android 10; ELE-L29) AppleWebKit/537.36 (KHTML, like Gecko) Chrome/89.0.4389.105 Mobile Safari/537.36"
185.25.95.39 - - [05/Apr/2021:22:16:31 +0800] "GET /wordpress/wp-content/themes/vantage/icons/vantage-icons.ttf? HTTP/1.1" 200 1304 "https://www.mycath2o.com/wordpress/wp-content/themes/vantage/style.css?ver=1.7.7" "Mozilla/5.0 (Linux; Android 10; ELE-L29) AppleWebKit/537.36 (KHTML, like Gecko) Chrome/89.0.4389.105 Mobile Safari/537.36"
185.25.95.39 - - [05/Apr/2021:22:16:31 +0800] "GET /wordpress/wp-content/plugins/elementor/assets/lib/font-awesome/fonts/fontawesome-webfont.woff?v=4.7.0 HTTP/1.1" 200 98024 "https://www.mycath2o.com/wordpress/wp-content/plugins/elementor/assets/lib/font-awesome/css/font-awesome.min.css?ver=4.7.0" "Mozilla/5.0 (Linux; Android 10; ELE-L29) AppleWebKit/537.36 (KHTML, like Gecko) Chrome/89.0.4389.105 Mobile Safari/537.36"
13.66.139.128 - - [05/Apr/2021:22:19:43 +0800] "GET /dko/video-Z-bulldogs-vs-sooners-5-8.html HTTP/1.1" 200 2952 "-" "Mozilla/5.0 (compatible; bingbot/2.0; +http://www.bing.com/bingbot.htm)"
13.66.139.27 - - [05/Apr/2021:22:19:49 +0800] "GET /dko/video-i-padres-vs-royals-Ey-m.html HTTP/1.1" 200 3040 "-" "Mozilla/5.0 (compatible; bingbot/2.0; +http://www.bing.com/bingbot.htm)"
35.223.107.58 - - [05/Apr/2021:22:20:15 +0800] "GET /wordpress/activate/login2.php HTTP/1.1" 302 20 "-" "Go-http-client/1.1"
66.249.79.107 - - [05/Apr/2021:22:21:18 +0800] "GET /dko/video-r-cleveland-cavaliers-vs-sacramento-kings-q-E.html HTTP/1.1" 304 - "-" "Mozilla/5.0 (Linux; Android 6.0.1; Nexus 5X Build/MMB29P) AppleWebKit/537.36 (KHTML, like Gecko) Chrome/89.0.4389.102 Mobile Safari/537.36 (compatible; Googlebot/2.1; +http://www.google.com/bot.html)"
185.220.101.9 - - [05/Apr/2021:22:23:38 +0800] "GET /de/feed/ HTTP/1.1" 304 - "-" "Mozilla/5.0 (X11; Ubuntu; Linux x86_64; rv:86.0) Gecko/20100101 Firefox/86.0"
203.124.10.177 - - [05/Apr/2021:22:23:40 +0800] "POST /wordpress/wp-cron.php?doing_wp_cron=1617632619.9768929481506347656250 HTTP/1.1" 200 20 "https://www.mycath2o.com/wordpress/wp-cron.php?doing_wp_cron=1617632619.9768929481506347656250" "WordPress/4.9.16; https://www.mycath2o.com"
84.17.42.104 - - [05/Apr/2021:22:24:37 +0800] "GET /wordpress/wp-login.php HTTP/1.1" 200 1154 "-" "Mozilla/5.0 (Linux; Android 7.0; SM-G610F Build/NRD90M) AppleWebKit/537.36 (KHTML, like Gecko) Chrome/63.0.3239.111 Mobile Safari/537.36"
84.17.42.104 - - [05/Apr/2021:22:24:38 +0800] "POST /wordpress/wp-login.php HTTP/1.1" 200 1533 "-" "Mozilla/5.0 (Linux; Android 7.0; SM-G610F Build/NRD90M) AppleWebKit/537.36 (KHTML, like Gecko) Chrome/63.0.3239.111 Mobile Safari/537.36"
173.252.111.21 - - [05/Apr/2021:22:28:21 +0800] "GET /wordpress/wp-content/uploads/2018/06/1240_header.jpg HTTP/1.1" 200 165829 "-" "facebookexternalhit/1.1 (+http://www.facebook.com/externalhit_uatext.php)"
13.66.139.29 - - [05/Apr/2021:22:31:07 +0800] "GET /dko/video-V-hawks-vs-clippers-Q-o.html HTTP/1.1" 200 3148 "-" "Mozilla/5.0 (compatible; bingbot/2.0; +http://www.bing.com/bingbot.htm)"
185.220.102.251 - - [05/Apr/2021:22:33:07 +0800] "GET /de/feed/ HTTP/1.1" 304 - "-" "Mozilla/5.0 (X11; Ubuntu; Linux x86_64; rv:86.0) Gecko/20100101 Firefox/86.0"
116.203.188.62 - - [05/Apr/2021:22:35:39 +0800] "GET / HTTP/1.1" 302 208 "-" "Mozilla/5.0 (Macintosh; Intel Mac OS X 10_11_6) AppleWebKit/537.36 (KHTML, like Gecko) Chrome/83.0.4103.116 Safari/537.36"
116.203.188.62 - - [05/Apr/2021:22:35:41 +0800] "GET / HTTP/1.1" 302 - "-" "Mozilla/5.0 (Macintosh; Intel Mac OS X 10_11_6) AppleWebKit/537.36 (KHTML, like Gecko) Chrome/83.0.4103.116 Safari/537.36"
116.203.188.62 - - [05/Apr/2021:22:35:42 +0800] "GET /en/ HTTP/1.1" 200 93131 "-" "Mozilla/5.0 (Macintosh; Intel Mac OS X 10_11_6) AppleWebKit/537.36 (KHTML, like Gecko) Chrome/83.0.4103.116 Safari/537.36"
111.202.101.30 - - [05/Apr/2021:22:36:10 +0800] "GET / HTTP/1.1" 302 20 "-" "Sogou web spider/4.0(+http://www.sogou.com/docs/help/webmasters.htm#07)"
216.244.66.200 - - [05/Apr/2021:22:38:43 +0800] "GET /robots.txt HTTP/1.1" 301 - "-" "Mozilla/5.0 (compatible; DotBot/1.2; +https://opensiteexplorer.org/dotbot; help@moz.com)"
216.244.66.200 - - [05/Apr/2021:22:38:45 +0800] "GET /robots.txt HTTP/1.1" 200 87 "-" "Mozilla/5.0 (compatible; DotBot/1.2; +https://opensiteexplorer.org/dotbot; help@moz.com)"
13.66.139.100 - - [05/Apr/2021:22:41:11 +0800] "GET /dko/video-U-cleveland-cavaliers-vs-sacramento-kings-3t-p.html HTTP/1.1" 200 1796 "-" "Mozilla/5.0 (compatible; bingbot/2.0; +http://www.bing.com/bingbot.htm)"
66.249.79.111 - - [05/Apr/2021:22:42:07 +0800] "GET /plr/video-i-minnesota-wild-vs-anaheim-ducks-9-j.html HTTP/1.1" 200 3674 "-" "Mozilla/5.0 (compatible; Googlebot/2.1; +http://www.google.com/bot.html)"
66.249.79.107 - - [05/Apr/2021:22:42:48 +0800] "GET /dko/video-P-colorado-avalanche-vs-arizona-coyotes-G3-H.html HTTP/1.1" 200 1791 "-" "Mozilla/5.0 (compatible; Googlebot/2.1; +http://www.google.com/bot.html)"
66.249.79.107 - - [05/Apr/2021:22:42:57 +0800] "GET /dko/video-g-colorado-rockies-vs-texas-rangers-3V-s.html HTTP/1.1" 200 1794 "-" "Mozilla/5.0 (compatible; Googlebot/2.1; +http://www.google.com/bot.html)"
62.158.85.242 - - [05/Apr/2021:22:44:18 +0800] "POST /plugin/log.php HTTP/1.1" 200 1135 "https://hotwrecks.com//config/germde/index.php" "Mozilla/5.0 (Windows NT 10.0; Win64; x64; rv:85.0) Gecko/20100101 Firefox/85.0"
62.158.85.242 - - [05/Apr/2021:22:44:19 +0800] "GET /plugin/Sign%20in%20to%20your%20Microsoft%20account_files/DefaultLogin_Core.js HTTP/1.1" 404 4525 "https://www.mycath2o.com/plugin/log.php" "Mozilla/5.0 (Windows NT 10.0; Win64; x64; rv:85.0) Gecko/20100101 Firefox/85.0"
62.158.85.242 - - [05/Apr/2021:22:44:19 +0800] "GET /plugin/Sign%20in%20to%20your%20Microsoft%20account_files/DefaultLoginStrings1033.js HTTP/1.1" 404 4525 "https://www.mycath2o.com/plugin/log.php" "Mozilla/5.0 (Windows NT 10.0; Win64; x64; rv:85.0) Gecko/20100101 Firefox/85.0"
203.124.10.177 - - [05/Apr/2021:22:44:20 +0800] "POST /wordpress/wp-cron.php?doing_wp_cron=1617633860.5899670124053955078125 HTTP/1.1" 200 20 "https://www.mycath2o.com/wordpress/wp-cron.php?doing_wp_cron=1617633860.5899670124053955078125" "WordPress/4.9.16; https://www.mycath2o.com"
62.158.85.242 - - [05/Apr/2021:22:44:19 +0800] "GET /plugin/Sign%20in%20to%20your%20Microsoft%20account_files/Default1033.css HTTP/1.1" 404 4525 "https://www.mycath2o.com/plugin/log.php" "Mozilla/5.0 (Windows NT 10.0; Win64; x64; rv:85.0) Gecko/20100101 Firefox/85.0"
62.158.85.242 - - [05/Apr/2021:22:44:21 +0800] "GET /plugin/Sign%20in%20to%20your%20Microsoft%20account_files/logo.jpg HTTP/1.1" 404 4525 "https://www.mycath2o.com/plugin/log.php" "Mozilla/5.0 (Windows NT 10.0; Win64; x64; rv:85.0) Gecko/20100101 Firefox/85.0"
58.250.125.103 - - [05/Apr/2021:22:44:21 +0800] "GET / HTTP/1.1" 302 20 "-" "Sogou web spider/4.0(+http://www.sogou.com/docs/help/webmasters.htm#07)"
62.158.85.242 - - [05/Apr/2021:22:44:21 +0800] "GET /plugin/Sign%20in%20to%20your%20Microsoft%20account_files/DefaultLoginStrings1033.js HTTP/1.1" 404 4525 "https://www.mycath2o.com/plugin/log.php" "Mozilla/5.0 (Windows NT 10.0; Win64; x64; rv:85.0) Gecko/20100101 Firefox/85.0"
62.158.85.242 - - [05/Apr/2021:22:44:23 +0800] "GET /plugin/Sign%20in%20to%20your%20Microsoft%20account_files/DefaultLogin_Core.js HTTP/1.1" 404 4525 "https://www.mycath2o.com/plugin/log.php" "Mozilla/5.0 (Windows NT 10.0; Win64; x64; rv:85.0) Gecko/20100101 Firefox/85.0"
216.244.66.200 - - [05/Apr/2021:22:45:02 +0800] "GET /dko/video-9-4-3.html HTTP/1.1" 200 4359 "-" "Mozilla/5.0 (compatible; DotBot/1.2; +https://opensiteexplorer.org/dotbot; help@moz.com)"
66.249.79.107 - - [05/Apr/2021:22:45:05 +0800] "GET /dko/video-H-rangers-vs-sabres-r-J.html HTTP/1.1" 200 3121 "-" "Mozilla/5.0 (compatible; Googlebot/2.1; +http://www.google.com/bot.html)"
216.244.66.200 - - [05/Apr/2021:22:45:10 +0800] "GET /dko/video-Y-bryant-vs-coastal-carolina-Q-j.html HTTP/1.1" 200 7120 "-" "Mozilla/5.0 (compatible; DotBot/1.2; +https://opensiteexplorer.org/dotbot; help@moz.com)"
216.244.66.200 - - [05/Apr/2021:22:45:14 +0800] "GET /dko/video-L-d-l.html HTTP/1.1" 200 7453 "-" "Mozilla/5.0 (compatible; DotBot/1.2; +https://opensiteexplorer.org/dotbot; help@moz.com)"
216.244.66.200 - - [05/Apr/2021:22:45:18 +0800] "GET /dko/video-p-gonzaga-vs-oklahoma-U-8.html HTTP/1.1" 200 7488 "-" "Mozilla/5.0 (compatible; DotBot/1.2; +https://opensiteexplorer.org/dotbot; help@moz.com)"
216.244.66.200 - - [05/Apr/2021:22:45:22 +0800] "GET /dko/video-S-pepperdine-waves-vs-longwood-lancers-t-P.html HTTP/1.1" 200 7495 "-" "Mozilla/5.0 (compatible; DotBot/1.2; +https://opensiteexplorer.org/dotbot; help@moz.com)"
216.244.66.200 - - [05/Apr/2021:22:45:27 +0800] "GET /dko/video-o-arizona-coyotes-vs-colorado-avalanche-d-5.html HTTP/1.1" 200 7806 "-" "Mozilla/5.0 (compatible; DotBot/1.2; +https://opensiteexplorer.org/dotbot; help@moz.com)"
185.220.101.133 - - [05/Apr/2021:22:45:49 +0800] "GET /de/feed/ HTTP/1.1" 304 - "-" "Mozilla/5.0 (X11; Ubuntu; Linux x86_64; rv:86.0) Gecko/20100101 Firefox/86.0"
58.250.125.103 - - [05/Apr/2021:22:45:59 +0800] "GET /en/ HTTP/1.1" 200 15178 "-" "Sogou web spider/4.0(+http://www.sogou.com/docs/help/webmasters.htm#07)"
96.239.134.107 - - [05/Apr/2021:22:48:06 +0800] "GET /en/?gclid=EAIaIQobChMI-aCEz8PP7wIVaB_TCh2x1AnvEAEYASAAEgJq0vD_BwE HTTP/1.1" 200 15189 "-" "Mozilla/5.0 (Linux; Android 4.4.4; SM-T113) AppleWebKit/537.36 (KHTML, like Gecko) Chrome/81.0.4044.138 Safari/537.36"
96.239.134.107 - - [05/Apr/2021:22:48:10 +0800] "GET /wordpress/wp-content/themes/vantage/style.css?ver=1.7.7 HTTP/1.1" 200 15098 "https://www.mycath2o.com/en/?gclid=EAIaIQobChMI-aCEz8PP7wIVaB_TCh2x1AnvEAEYASAAEgJq0vD_BwE" "Mozilla/5.0 (Linux; Android 4.4.4; SM-T113) AppleWebKit/537.36 (KHTML, like Gecko) Chrome/81.0.4044.138 Safari/537.36"
96.239.134.107 - - [05/Apr/2021:22:48:11 +0800] "GET /wordpress/wp-content/plugins/elementor/assets/lib/font-awesome/css/font-awesome.min.css?ver=4.7.0 HTTP/1.1" 200 7053 "https://www.mycath2o.com/en/?gclid=EAIaIQobChMI-aCEz8PP7wIVaB_TCh2x1AnvEAEYASAAEgJq0vD_BwE" "Mozilla/5.0 (Linux; Android 4.4.4; SM-T113) AppleWebKit/537.36 (KHTML, like Gecko) Chrome/81.0.4044.138 Safari/537.36"
96.239.134.107 - - [05/Apr/2021:22:48:12 +0800] "GET /wordpress/wp-content/plugins/elementor/assets/lib/eicons/css/elementor-icons.min.css?ver=3.8.0 HTTP/1.1" 200 2425 "https://www.mycath2o.com/en/?gclid=EAIaIQobChMI-aCEz8PP7wIVaB_TCh2x1AnvEAEYASAAEgJq0vD_BwE" "Mozilla/5.0 (Linux; Android 4.4.4; SM-T113) AppleWebKit/537.36 (KHTML, like Gecko) Chrome/81.0.4044.138 Safari/537.36"
96.239.134.107 - - [05/Apr/2021:22:48:12 +0800] "GET /wordpress/wp-content/plugins/elementor/assets/lib/animations/animations.min.css?ver=2.2.7 HTTP/1.1" 200 2592 "https://www.mycath2o.com/en/?gclid=EAIaIQobChMI-aCEz8PP7wIVaB_TCh2x1AnvEAEYASAAEgJq0vD_BwE" "Mozilla/5.0 (Linux; Android 4.4.4; SM-T113) AppleWebKit/537.36 (KHTML, like Gecko) Chrome/81.0.4044.138 Safari/537.36"
96.239.134.107 - - [05/Apr/2021:22:48:12 +0800] "GET /wordpress/wp-content/plugins/elementor/assets/css/frontend.min.css?ver=2.2.7 HTTP/1.1" 200 12039 "https://www.mycath2o.com/en/?gclid=EAIaIQobChMI-aCEz8PP7wIVaB_TCh2x1AnvEAEYASAAEgJq0vD_BwE" "Mozilla/5.0 (Linux; Android 4.4.4; SM-T113) AppleWebKit/537.36 (KHTML, like Gecko) Chrome/81.0.4044.138 Safari/537.36"
96.239.134.107 - - [05/Apr/2021:22:48:16 +0800] "GET /wordpress/wp-content/uploads/elementor/css/global.css?ver=1550982386 HTTP/1.1" 200 654 "https://www.mycath2o.com/en/?gclid=EAIaIQobChMI-aCEz8PP7wIVaB_TCh2x1AnvEAEYASAAEgJq0vD_BwE" "Mozilla/5.0 (Linux; Android 4.4.4; SM-T113) AppleWebKit/537.36 (KHTML, like Gecko) Chrome/81.0.4044.138 Safari/537.36"
96.239.134.107 - - [05/Apr/2021:22:48:16 +0800] "GET /wordpress/wp-content/uploads/elementor/css/post-40.css?ver=1593608119 HTTP/1.1" 200 1523 "https://www.mycath2o.com/en/?gclid=EAIaIQobChMI-aCEz8PP7wIVaB_TCh2x1AnvEAEYASAAEgJq0vD_BwE" "Mozilla/5.0 (Linux; Android 4.4.4; SM-T113) AppleWebKit/537.36 (KHTML, like Gecko) Chrome/81.0.4044.138 Safari/537.36"
96.239.134.107 - - [05/Apr/2021:22:48:16 +0800] "GET /wordpress/wp-includes/js/jquery/jquery.js?ver=1.12.4 HTTP/1.1" 200 33776 "https://www.mycath2o.com/en/?gclid=EAIaIQobChMI-aCEz8PP7wIVaB_TCh2x1AnvEAEYASAAEgJq0vD_BwE" "Mozilla/5.0 (Linux; Android 4.4.4; SM-T113) AppleWebKit/537.36 (KHTML, like Gecko) Chrome/81.0.4044.138 Safari/537.36"
96.239.134.107 - - [05/Apr/2021:22:48:16 +0800] "GET /wordpress/wp-includes/js/jquery/jquery-migrate.min.js?ver=1.4.1 HTTP/1.1" 200 4014 "https://www.mycath2o.com/en/?gclid=EAIaIQobChMI-aCEz8PP7wIVaB_TCh2x1AnvEAEYASAAEgJq0vD_BwE" "Mozilla/5.0 (Linux; Android 4.4.4; SM-T113) AppleWebKit/537.36 (KHTML, like Gecko) Chrome/81.0.4044.138 Safari/537.36"
96.239.134.107 - - [05/Apr/2021:22:48:17 +0800] "GET /wordpress/wp-content/themes/vantage/js/jquery.flexslider.min.js?ver=2.1 HTTP/1.1" 200 6232 "https://www.mycath2o.com/en/?gclid=EAIaIQobChMI-aCEz8PP7wIVaB_TCh2x1AnvEAEYASAAEgJq0vD_BwE" "Mozilla/5.0 (Linux; Android 4.4.4; SM-T113) AppleWebKit/537.36 (KHTML, like Gecko) Chrome/81.0.4044.138 Safari/537.36"
96.239.134.107 - - [05/Apr/2021:22:48:18 +0800] "GET /wordpress/wp-content/themes/vantage/js/jquery.touchSwipe.min.js?ver=1.6.6 HTTP/1.1" 200 3672 "https://www.mycath2o.com/en/?gclid=EAIaIQobChMI-aCEz8PP7wIVaB_TCh2x1AnvEAEYASAAEgJq0vD_BwE" "Mozilla/5.0 (Linux; Android 4.4.4; SM-T113) AppleWebKit/537.36 (KHTML, like Gecko) Chrome/81.0.4044.138 Safari/537.36"
96.239.134.107 - - [05/Apr/2021:22:48:18 +0800] "GET /wordpress/wp-content/themes/vantage/js/jquery.theme-main.min.js?ver=1.7.7 HTTP/1.1" 200 2510 "https://www.mycath2o.com/en/?gclid=EAIaIQobChMI-aCEz8PP7wIVaB_TCh2x1AnvEAEYASAAEgJq0vD_BwE" "Mozilla/5.0 (Linux; Android 4.4.4; SM-T113) AppleWebKit/537.36 (KHTML, like Gecko) Chrome/81.0.4044.138 Safari/537.36"
96.239.134.107 - - [05/Apr/2021:22:48:18 +0800] "GET /wordpress/wp-content/themes/vantage/js/jquery.fitvids.min.js?ver=1.0 HTTP/1.1" 200 797 "https://www.mycath2o.com/en/?gclid=EAIaIQobChMI-aCEz8PP7wIVaB_TCh2x1AnvEAEYASAAEgJq0vD_BwE" "Mozilla/5.0 (Linux; Android 4.4.4; SM-T113) AppleWebKit/537.36 (KHTML, like Gecko) Chrome/81.0.4044.138 Safari/537.36"
96.239.134.107 - - [05/Apr/2021:22:48:19 +0800] "GET /wordpress/wp-includes/js/wp-embed.min.js?ver=4.9.16 HTTP/1.1" 200 753 "https://www.mycath2o.com/en/?gclid=EAIaIQobChMI-aCEz8PP7wIVaB_TCh2x1AnvEAEYASAAEgJq0vD_BwE" "Mozilla/5.0 (Linux; Android 4.4.4; SM-T113) AppleWebKit/537.36 (KHTML, like Gecko) Chrome/81.0.4044.138 Safari/537.36"
96.239.134.107 - - [05/Apr/2021:22:48:20 +0800] "GET /wordpress/wp-content/plugins/elementor/assets/lib/slick/slick.min.js?ver=1.8.1 HTTP/1.1" 200 10442 "https://www.mycath2o.com/en/?gclid=EAIaIQobChMI-aCEz8PP7wIVaB_TCh2x1AnvEAEYASAAEgJq0vD_BwE" "Mozilla/5.0 (Linux; Android 4.4.4; SM-T113) AppleWebKit/537.36 (KHTML, like Gecko) Chrome/81.0.4044.138 Safari/537.36"
96.239.134.107 - - [05/Apr/2021:22:48:20 +0800] "GET /wordpress/wp-includes/js/jquery/ui/position.min.js?ver=1.11.4 HTTP/1.1" 200 2562 "https://www.mycath2o.com/en/?gclid=EAIaIQobChMI-aCEz8PP7wIVaB_TCh2x1AnvEAEYASAAEgJq0vD_BwE" "Mozilla/5.0 (Linux; Android 4.4.4; SM-T113) AppleWebKit/537.36 (KHTML, like Gecko) Chrome/81.0.4044.138 Safari/537.36"
96.239.134.107 - - [05/Apr/2021:22:48:21 +0800] "GET /wordpress/wp-content/plugins/elementor/assets/lib/dialog/dialog.min.js?ver=4.5.0 HTTP/1.1" 200 3337 "https://www.mycath2o.com/en/?gclid=EAIaIQobChMI-aCEz8PP7wIVaB_TCh2x1AnvEAEYASAAEgJq0vD_BwE" "Mozilla/5.0 (Linux; Android 4.4.4; SM-T113) AppleWebKit/537.36 (KHTML, like Gecko) Chrome/81.0.4044.138 Safari/537.36"
96.239.134.107 - - [05/Apr/2021:22:48:21 +0800] "GET /wordpress/wp-content/plugins/elementor/assets/lib/waypoints/waypoints.min.js?ver=4.0.2 HTTP/1.1" 200 2993 "https://www.mycath2o.com/en/?gclid=EAIaIQobChMI-aCEz8PP7wIVaB_TCh2x1AnvEAEYASAAEgJq0vD_BwE" "Mozilla/5.0 (Linux; Android 4.4.4; SM-T113) AppleWebKit/537.36 (KHTML, like Gecko) Chrome/81.0.4044.138 Safari/537.36"
96.239.134.107 - - [05/Apr/2021:22:48:21 +0800] "GET /wordpress/wp-content/plugins/elementor/assets/lib/swiper/swiper.jquery.min.js?ver=4.4.3 HTTP/1.1" 200 31322 "https://www.mycath2o.com/en/?gclid=EAIaIQobChMI-aCEz8PP7wIVaB_TCh2x1AnvEAEYASAAEgJq0vD_BwE" "Mozilla/5.0 (Linux; Android 4.4.4; SM-T113) AppleWebKit/537.36 (KHTML, like Gecko) Chrome/81.0.4044.138 Safari/537.36"
96.239.134.107 - - [05/Apr/2021:22:48:22 +0800] "GET /wordpress/wp-content/plugins/elementor/assets/js/frontend.min.js?ver=2.2.7 HTTP/1.1" 200 10410 "https://www.mycath2o.com/en/?gclid=EAIaIQobChMI-aCEz8PP7wIVaB_TCh2x1AnvEAEYASAAEgJq0vD_BwE" "Mozilla/5.0 (Linux; Android 4.4.4; SM-T113) AppleWebKit/537.36 (KHTML, like Gecko) Chrome/81.0.4044.138 Safari/537.36"
49.7.20.77 - - [05/Apr/2021:22:48:19 +0800] "GET /en/ HTTP/1.1" 200 15178 "-" "Sogou web spider/4.0(+http://www.sogou.com/docs/help/webmasters.htm#07)"
96.239.134.107 - - [05/Apr/2021:22:48:22 +0800] "GET /wordpress/wp-content/uploads/2018/06/1240_header-1024x623.jpg HTTP/1.1" 200 67336 "https://www.mycath2o.com/en/?gclid=EAIaIQobChMI-aCEz8PP7wIVaB_TCh2x1AnvEAEYASAAEgJq0vD_BwE" "Mozilla/5.0 (Linux; Android 4.4.4; SM-T113) AppleWebKit/537.36 (KHTML, like Gecko) Chrome/81.0.4044.138 Safari/537.36"
96.239.134.107 - - [05/Apr/2021:22:48:27 +0800] "GET /wordpress/wp-content/uploads/2018/03/cats.jpg HTTP/1.1" 200 114570 "https://www.mycath2o.com/en/?gclid=EAIaIQobChMI-aCEz8PP7wIVaB_TCh2x1AnvEAEYASAAEgJq0vD_BwE" "Mozilla/5.0 (Linux; Android 4.4.4; SM-T113) AppleWebKit/537.36 (KHTML, like Gecko) Chrome/81.0.4044.138 Safari/537.36"
13.66.139.100 - - [05/Apr/2021:22:48:52 +0800] "GET /dko/video-Q-toronto-blue-jays-vs-detroit-tigers-RI-V.html HTTP/1.1" 200 3322 "-" "Mozilla/5.0 (compatible; bingbot/2.0; +http://www.bing.com/bingbot.htm)"
96.239.134.107 - - [05/Apr/2021:22:48:39 +0800] "GET /wordpress/wp-content/uploads/2018/03/CAT_2.jpg HTTP/1.1" 200 55480 "https://www.mycath2o.com/en/?gclid=EAIaIQobChMI-aCEz8PP7wIVaB_TCh2x1AnvEAEYASAAEgJq0vD_BwE" "Mozilla/5.0 (Linux; Android 4.4.4; SM-T113) AppleWebKit/537.36 (KHTML, like Gecko) Chrome/81.0.4044.138 Safari/537.36"
103.27.200.72 - - [05/Apr/2021:22:49:20 +0800] "GET /wordpress/wp-login.php HTTP/1.1" 200 1154 "-" "Mozilla/5.0 (X11; Ubuntu; Linux x86_64; rv:62.0) Gecko/20100101 Firefox/62.0"
103.27.200.72 - - [05/Apr/2021:22:49:21 +0800] "POST /wordpress/wp-login.php HTTP/1.1" 200 1518 "-" "Mozilla/5.0 (X11; Ubuntu; Linux x86_64; rv:62.0) Gecko/20100101 Firefox/62.0"
103.27.200.72 - - [05/Apr/2021:22:49:22 +0800] "POST /wordpress/xmlrpc.php HTTP/1.1" 403 193 "-" "Mozilla/5.0 (X11; Ubuntu; Linux x86_64; rv:62.0) Gecko/20100101 Firefox/62.0"
96.239.134.107 - - [05/Apr/2021:22:49:22 +0800] "GET /wordpress/wp-content/uploads/elementor/thumbs/f_zt-nrimgxqk726edcz8q4wtz04ov9yyj0hpzdyls1njvk.png HTTP/1.1" 200 68685 "https://www.mycath2o.com/en/?gclid=EAIaIQobChMI-aCEz8PP7wIVaB_TCh2x1AnvEAEYASAAEgJq0vD_BwE" "Mozilla/5.0 (Linux; Android 4.4.4; SM-T113) AppleWebKit/537.36 (KHTML, like Gecko) Chrome/81.0.4044.138 Safari/537.36"
96.239.134.107 - - [05/Apr/2021:22:49:37 +0800] "GET /wordpress/wp-content/uploads/elementor/thumbs/f_skimmer-nrimgvuvte3tq51z143ku0lroi883ma9b4nmthqc80.png HTTP/1.1" 200 68192 "https://www.mycath2o.com/en/?gclid=EAIaIQobChMI-aCEz8PP7wIVaB_TCh2x1AnvEAEYASAAEgJq0vD_BwE" "Mozilla/5.0 (Linux; Android 4.4.4; SM-T113) AppleWebKit/537.36 (KHTML, like Gecko) Chrome/81.0.4044.138 Safari/537.36"
96.239.134.107 - - [05/Apr/2021:22:49:42 +0800] "GET /wordpress/wp-content/uploads/elementor/thumbs/f_cover-nrimgr5ov7xe438ssk2fzjsgpkve14rlmhe7f3xb34.png HTTP/1.1" 200 54404 "https://www.mycath2o.com/en/?gclid=EAIaIQobChMI-aCEz8PP7wIVaB_TCh2x1AnvEAEYASAAEgJq0vD_BwE" "Mozilla/5.0 (Linux; Android 4.4.4; SM-T113) AppleWebKit/537.36 (KHTML, like Gecko) Chrome/81.0.4044.138 Safari/537.36"
96.239.134.107 - - [05/Apr/2021:22:49:44 +0800] "GET /wordpress/wp-content/uploads/elementor/thumbs/f_pump-nrimgt1d8vzyrb62hkvp4jbdwcm4giz2aqp6dnuiqo.png HTTP/1.1" 200 53486 "https://www.mycath2o.com/en/?gclid=EAIaIQobChMI-aCEz8PP7wIVaB_TCh2x1AnvEAEYASAAEgJq0vD_BwE" "Mozilla/5.0 (Linux; Android 4.4.4; SM-T113) AppleWebKit/537.36 (KHTML, like Gecko) Chrome/81.0.4044.138 Safari/537.36"
96.239.134.107 - - [05/Apr/2021:22:49:46 +0800] "GET /wordpress/wp-content/uploads/2018/03/Cat_H2O_blue.jpg HTTP/1.1" 200 41682 "https://www.mycath2o.com/en/?gclid=EAIaIQobChMI-aCEz8PP7wIVaB_TCh2x1AnvEAEYASAAEgJq0vD_BwE" "Mozilla/5.0 (Linux; Android 4.4.4; SM-T113) AppleWebKit/537.36 (KHTML, like Gecko) Chrome/81.0.4044.138 Safari/537.36"
96.239.134.107 - - [05/Apr/2021:22:49:47 +0800] "GET /wordpress/wp-content/uploads/2018/03/Cat_H2O_green.jpg HTTP/1.1" 200 44493 "https://www.mycath2o.com/en/?gclid=EAIaIQobChMI-aCEz8PP7wIVaB_TCh2x1AnvEAEYASAAEgJq0vD_BwE" "Mozilla/5.0 (Linux; Android 4.4.4; SM-T113) AppleWebKit/537.36 (KHTML, like Gecko) Chrome/81.0.4044.138 Safari/537.36"
96.239.134.107 - - [05/Apr/2021:22:49:48 +0800] "GET /wordpress/wp-content/uploads/2018/06/Cat_H2O_4L.jpg HTTP/1.1" 200 34530 "https://www.mycath2o.com/en/?gclid=EAIaIQobChMI-aCEz8PP7wIVaB_TCh2x1AnvEAEYASAAEgJq0vD_BwE" "Mozilla/5.0 (Linux; Android 4.4.4; SM-T113) AppleWebKit/537.36 (KHTML, like Gecko) Chrome/81.0.4044.138 Safari/537.36"
96.239.134.107 - - [05/Apr/2021:22:49:50 +0800] "GET /wordpress/wp-content/uploads/2018/06/R-015_pad.jpg HTTP/1.1" 200 5570 "https://www.mycath2o.com/en/?gclid=EAIaIQobChMI-aCEz8PP7wIVaB_TCh2x1AnvEAEYASAAEgJq0vD_BwE" "Mozilla/5.0 (Linux; Android 4.4.4; SM-T113) AppleWebKit/537.36 (KHTML, like Gecko) Chrome/81.0.4044.138 Safari/537.36"
96.239.134.107 - - [05/Apr/2021:22:49:51 +0800] "GET /wordpress/wp-content/uploads/2018/06/R-016_160pxH.png HTTP/1.1" 200 33376 "https://www.mycath2o.com/en/?gclid=EAIaIQobChMI-aCEz8PP7wIVaB_TCh2x1AnvEAEYASAAEgJq0vD_BwE" "Mozilla/5.0 (Linux; Android 4.4.4; SM-T113) AppleWebKit/537.36 (KHTML, like Gecko) Chrome/81.0.4044.138 Safari/537.36"
96.239.134.107 - - [05/Apr/2021:22:49:51 +0800] "GET /wordpress/wp-content/uploads/2018/06/Softening.jpg HTTP/1.1" 200 6267 "https://www.mycath2o.com/en/?gclid=EAIaIQobChMI-aCEz8PP7wIVaB_TCh2x1AnvEAEYASAAEgJq0vD_BwE" "Mozilla/5.0 (Linux; Android 4.4.4; SM-T113) AppleWebKit/537.36 (KHTML, like Gecko) Chrome/81.0.4044.138 Safari/537.36"
96.239.134.107 - - [05/Apr/2021:22:49:53 +0800] "GET /wordpress/wp-includes/js/wp-emoji-release.min.js?ver=4.9.16 HTTP/1.1" 200 4382 "https://www.mycath2o.com/en/?gclid=EAIaIQobChMI-aCEz8PP7wIVaB_TCh2x1AnvEAEYASAAEgJq0vD_BwE" "Mozilla/5.0 (Linux; Android 4.4.4; SM-T113) AppleWebKit/537.36 (KHTML, like Gecko) Chrome/81.0.4044.138 Safari/537.36"
96.239.134.107 - - [05/Apr/2021:22:49:00 +0800] "GET /wordpress/wp-content/uploads/2018/08/DC_CH010-English-2.jpg HTTP/1.1" 200 318981 "https://www.mycath2o.com/en/?gclid=EAIaIQobChMI-aCEz8PP7wIVaB_TCh2x1AnvEAEYASAAEgJq0vD_BwE" "Mozilla/5.0 (Linux; Android 4.4.4; SM-T113) AppleWebKit/537.36 (KHTML, like Gecko) Chrome/81.0.4044.138 Safari/537.36"
96.239.134.107 - - [05/Apr/2021:22:49:54 +0800] "GET /wordpress/wp-content/uploads/2018/06/R-015-CH.png HTTP/1.1" 200 59463 "https://www.mycath2o.com/en/?gclid=EAIaIQobChMI-aCEz8PP7wIVaB_TCh2x1AnvEAEYASAAEgJq0vD_BwE" "Mozilla/5.0 (Linux; Android 4.4.4; SM-T113) AppleWebKit/537.36 (KHTML, like Gecko) Chrome/81.0.4044.138 Safari/537.36"
96.239.134.107 - - [05/Apr/2021:22:49:55 +0800] "GET /wordpress/wp-content/uploads/2018/06/CHD001.jpg HTTP/1.1" 200 50487 "https://www.mycath2o.com/en/?gclid=EAIaIQobChMI-aCEz8PP7wIVaB_TCh2x1AnvEAEYASAAEgJq0vD_BwE" "Mozilla/5.0 (Linux; Android 4.4.4; SM-T113) AppleWebKit/537.36 (KHTML, like Gecko) Chrome/81.0.4044.138 Safari/537.36"
96.239.134.107 - - [05/Apr/2021:22:49:56 +0800] "GET /wordpress/wp-content/uploads/2018/06/R-016-CDH.jpg HTTP/1.1" 200 63820 "https://www.mycath2o.com/en/?gclid=EAIaIQobChMI-aCEz8PP7wIVaB_TCh2x1AnvEAEYASAAEgJq0vD_BwE" "Mozilla/5.0 (Linux; Android 4.4.4; SM-T113) AppleWebKit/537.36 (KHTML, like Gecko) Chrome/81.0.4044.138 Safari/537.36"
96.239.134.107 - - [05/Apr/2021:22:49:59 +0800] "GET /wordpress/wp-content/uploads/2018/06/AA190A.jpg HTTP/1.1" 200 45063 "https://www.mycath2o.com/en/?gclid=EAIaIQobChMI-aCEz8PP7wIVaB_TCh2x1AnvEAEYASAAEgJq0vD_BwE" "Mozilla/5.0 (Linux; Android 4.4.4; SM-T113) AppleWebKit/537.36 (KHTML, like Gecko) Chrome/81.0.4044.138 Safari/537.36"
96.239.134.107 - - [05/Apr/2021:22:50:01 +0800] "GET /wordpress/wp-content/uploads/2018/06/R-017.jpg HTTP/1.1" 200 53407 "https://www.mycath2o.com/en/?gclid=EAIaIQobChMI-aCEz8PP7wIVaB_TCh2x1AnvEAEYASAAEgJq0vD_BwE" "Mozilla/5.0 (Linux; Android 4.4.4; SM-T113) AppleWebKit/537.36 (KHTML, like Gecko) Chrome/81.0.4044.138 Safari/537.36"
96.239.134.107 - - [05/Apr/2021:22:50:05 +0800] "GET /wordpress/wp-content/uploads/2018/06/DH08DC-01.png HTTP/1.1" 200 40519 "https://www.mycath2o.com/en/?gclid=EAIaIQobChMI-aCEz8PP7wIVaB_TCh2x1AnvEAEYASAAEgJq0vD_BwE" "Mozilla/5.0 (Linux; Android 4.4.4; SM-T113) AppleWebKit/537.36 (KHTML, like Gecko) Chrome/81.0.4044.138 Safari/537.36"
96.239.134.107 - - [05/Apr/2021:22:48:23 +0800] "GET /wordpress/wp-content/uploads/2018/08/%E7%94%BB%E6%9D%BF-1-1024x576.png HTTP/1.1" 200 553126 "https://www.mycath2o.com/en/?gclid=EAIaIQobChMI-aCEz8PP7wIVaB_TCh2x1AnvEAEYASAAEgJq0vD_BwE" "Mozilla/5.0 (Linux; Android 4.4.4; SM-T113) AppleWebKit/537.36 (KHTML, like Gecko) Chrome/81.0.4044.138 Safari/537.36"
96.239.134.107 - - [05/Apr/2021:22:50:07 +0800] "GET /wordpress/wp-content/uploads/2019/05/websitelogo.png HTTP/1.1" 200 1453 "https://www.mycath2o.com/en/?gclid=EAIaIQobChMI-aCEz8PP7wIVaB_TCh2x1AnvEAEYASAAEgJq0vD_BwE" "Mozilla/5.0 (Linux; Android 4.4.4; SM-T113) AppleWebKit/537.36 (KHTML, like Gecko) Chrome/81.0.4044.138 Safari/537.36"
96.239.134.107 - - [05/Apr/2021:22:50:08 +0800] "GET /wordpress/wp-content/uploads/elementor/thumbs/aa_logo-nn0pqz9jl6r1zmbarew4nt9y6wpqem6k7hbsbu2bfc.png HTTP/1.1" 200 5939 "https://www.mycath2o.com/en/?gclid=EAIaIQobChMI-aCEz8PP7wIVaB_TCh2x1AnvEAEYASAAEgJq0vD_BwE" "Mozilla/5.0 (Linux; Android 4.4.4; SM-T113) AppleWebKit/537.36 (KHTML, like Gecko) Chrome/81.0.4044.138 Safari/537.36"
96.239.134.107 - - [05/Apr/2021:22:50:08 +0800] "GET /wordpress/wp-content/uploads/2018/08/KM_LOGO_2.jpg HTTP/1.1" 200 16293 "https://www.mycath2o.com/en/?gclid=EAIaIQobChMI-aCEz8PP7wIVaB_TCh2x1AnvEAEYASAAEgJq0vD_BwE" "Mozilla/5.0 (Linux; Android 4.4.4; SM-T113) AppleWebKit/537.36 (KHTML, like Gecko) Chrome/81.0.4044.138 Safari/537.36"
96.239.134.107 - - [05/Apr/2021:22:50:09 +0800] "GET /wordpress/wp-content/uploads/2018/07/dogh2o_logo_2.png HTTP/1.1" 200 8897 "https://www.mycath2o.com/en/?gclid=EAIaIQobChMI-aCEz8PP7wIVaB_TCh2x1AnvEAEYASAAEgJq0vD_BwE" "Mozilla/5.0 (Linux; Android 4.4.4; SM-T113) AppleWebKit/537.36 (KHTML, like Gecko) Chrome/81.0.4044.138 Safari/537.36"
96.239.134.107 - - [05/Apr/2021:22:50:12 +0800] "GET /wordpress/wp-content/plugins/elementor/assets/lib/font-awesome/fonts/fontawesome-webfont.woff2?v=4.7.0 HTTP/1.1" 200 77160 "https://www.mycath2o.com/wordpress/wp-content/plugins/elementor/assets/lib/font-awesome/css/font-awesome.min.css?ver=4.7.0" "Mozilla/5.0 (Linux; Android 4.4.4; SM-T113) AppleWebKit/537.36 (KHTML, like Gecko) Chrome/81.0.4044.138 Safari/537.36"
96.239.134.107 - - [05/Apr/2021:22:50:16 +0800] "GET /wordpress/wp-content/plugins/elementor/assets/lib/eicons/fonts/eicons.woff2?3.8.0 HTTP/1.1" 200 56760 "https://www.mycath2o.com/wordpress/wp-content/plugins/elementor/assets/lib/eicons/css/elementor-icons.min.css?ver=3.8.0" "Mozilla/5.0 (Linux; Android 4.4.4; SM-T113) AppleWebKit/537.36 (KHTML, like Gecko) Chrome/81.0.4044.138 Safari/537.36"
96.239.134.107 - - [05/Apr/2021:22:50:17 +0800] "GET /wordpress/wp-content/themes/vantage/icons/vantage-icons.woff HTTP/1.1" 200 1380 "https://www.mycath2o.com/wordpress/wp-content/themes/vantage/style.css?ver=1.7.7" "Mozilla/5.0 (Linux; Android 4.4.4; SM-T113) AppleWebKit/537.36 (KHTML, like Gecko) Chrome/81.0.4044.138 Safari/537.36"
96.239.134.107 - - [05/Apr/2021:22:50:09 +0800] "GET /wordpress/wp-content/uploads/2019/05/pump_clean-01.png HTTP/1.1" 200 494551 "https://www.mycath2o.com/en/?gclid=EAIaIQobChMI-aCEz8PP7wIVaB_TCh2x1AnvEAEYASAAEgJq0vD_BwE" "Mozilla/5.0 (Linux; Android 4.4.4; SM-T113) AppleWebKit/537.36 (KHTML, like Gecko) Chrome/81.0.4044.138 Safari/537.36"
96.239.134.107 - - [05/Apr/2021:22:50:29 +0800] "GET /favicon.ico HTTP/1.1" 200 2196 "https://www.mycath2o.com/en/?gclid=EAIaIQobChMI-aCEz8PP7wIVaB_TCh2x1AnvEAEYASAAEgJq0vD_BwE" "Mozilla/5.0 (Linux; Android 4.4.4; SM-T113) AppleWebKit/537.36 (KHTML, like Gecko) Chrome/81.0.4044.138 Safari/537.36"
13.66.139.27 - - [05/Apr/2021:22:52:33 +0800] "GET /dko/video-y-kings-vs-cavaliers-rh-L.html HTTP/1.1" 200 1766 "-" "Mozilla/5.0 (compatible; bingbot/2.0; +http://www.bing.com/bingbot.htm)"
41.231.5.36 - - [05/Apr/2021:22:54:43 +0800] "GET /.env HTTP/1.1" 301 20 "-" "Mozilla/5.0 (X11; Linux x86_64) AppleWebKit/537.36 (KHTML, like Gecko) Chrome/81.0.4044.129 Safari/537.36"
13.66.139.29 - - [05/Apr/2021:22:54:51 +0800] "GET /dko/video-o-wild-vs-ducks-iM-A.html HTTP/1.1" 200 2999 "-" "Mozilla/5.0 (compatible; bingbot/2.0; +http://www.bing.com/bingbot.htm)"
34.74.222.187 - - [05/Apr/2021:22:54:51 +0800] "GET /robots.txt HTTP/1.0" 200 79 "-" "ZoominfoBot (zoominfobot at zoominfo dot com)"
34.74.222.187 - - [05/Apr/2021:22:54:53 +0800] "GET /en/category/uncategorized/ HTTP/1.0" 200 4686 "-" "ZoominfoBot (zoominfobot at zoominfo dot com)"
41.231.5.36 - - [05/Apr/2021:22:54:59 +0800] "POST / HTTP/1.1" 302 186 "-" "Mozilla/5.0 (X11; Linux x86_64) AppleWebKit/537.36 (KHTML, like Gecko) Chrome/81.0.4044.129 Safari/537.36"
41.231.5.36 - - [05/Apr/2021:22:54:59 +0800] "GET /.env HTTP/1.1" 301 20 "-" "Mozilla/5.0 (X11; Linux x86_64) AppleWebKit/537.36 (KHTML, like Gecko) Chrome/81.0.4044.129 Safari/537.36"
41.231.5.36 - - [05/Apr/2021:22:55:11 +0800] "POST / HTTP/1.1" 302 186 "-" "Mozilla/5.0 (X11; Linux x86_64) AppleWebKit/537.36 (KHTML, like Gecko) Chrome/81.0.4044.129 Safari/537.36"
185.220.103.7 - - [05/Apr/2021:22:55:21 +0800] "GET /de/feed/ HTTP/1.1" 304 - "-" "Mozilla/5.0 (X11; Ubuntu; Linux x86_64; rv:86.0) Gecko/20100101 Firefox/86.0"
13.66.139.110 - - [05/Apr/2021:22:55:26 +0800] "GET /dko/video-s-thunder-vs-timberwolves-XC-i.html HTTP/1.1" 200 3467 "-" "Mozilla/5.0 (compatible; bingbot/2.0; +http://www.bing.com/bingbot.htm)"
114.119.136.251 - - [05/Apr/2021:22:55:31 +0800] "GET /ko/comments/feed HTTP/1.1" 301 20 "-" "Mozilla/5.0 (Linux; Android 7.0;) AppleWebKit/537.36 (KHTML, like Gecko) Mobile Safari/537.36 (compatible; PetalBot;+https://aspiegel.com/petalbot)"
114.119.136.251 - - [05/Apr/2021:22:55:33 +0800] "GET /ko/comments/feed/ HTTP/1.1" 200 424 "-" "Mozilla/5.0 (Linux; Android 7.0;) AppleWebKit/537.36 (KHTML, like Gecko) Mobile Safari/537.36 (compatible; PetalBot;+https://aspiegel.com/petalbot)"
40.77.167.28 - - [05/Apr/2021:22:56:24 +0800] "GET /plr/video-M-texas-rangers-vs-colorado-rockies-y-Z.html HTTP/1.1" 304 - "-" "Mozilla/5.0 (compatible; bingbot/2.0; +http://www.bing.com/bingbot.htm)"
47.24.250.246 - - [05/Apr/2021:22:57:08 +0800] "GET /en/?gclid=EAIaIQobChMIhKyn4v_I7wIVwytiCh0gvANIEAEYASAAEgJlE_D_BwE HTTP/1.1" 200 15189 "-" "Mozilla/5.0 (Linux; U; Android 4.2.2; es-us; SAMSUNG-SM-T217A Build/JDQ39) AppleWebKit/534.30 (KHTML, like Gecko) Version/4.0 Safari/534.30"
13.66.139.27 - - [05/Apr/2021:23:00:24 +0800] "GET /dko/video-j-islanders-vs-flyers-k8-l.html HTTP/1.1" 200 3540 "-" "Mozilla/5.0 (compatible; bingbot/2.0; +http://www.bing.com/bingbot.htm)"
13.66.139.27 - - [05/Apr/2021:23:02:24 +0800] "GET /dko/video-M-pepperdine-vs-longwood-M3-6.html HTTP/1.1" 200 3691 "-" "Mozilla/5.0 (compatible; bingbot/2.0; +http://www.bing.com/bingbot.htm)"
34.74.222.187 - - [05/Apr/2021:23:04:40 +0800] "GET /en/comments/feed/ HTTP/1.0" 200 398 "-" "ZoominfoBot (zoominfobot at zoominfo dot com)"
51.210.80.127 - - [05/Apr/2021:23:06:48 +0800] "GET /de/feed/ HTTP/1.1" 304 - "-" "Mozilla/5.0 (X11; Ubuntu; Linux x86_64; rv:86.0) Gecko/20100101 Firefox/86.0"
34.74.222.187 - - [05/Apr/2021:23:06:50 +0800] "GET /ko/ HTTP/1.0" 200 16433 "-" "ZoominfoBot (zoominfobot at zoominfo dot com)"
13.66.139.100 - - [05/Apr/2021:23:07:45 +0800] "GET /dko/video-M-indians-vs-brewers-I-b.html HTTP/1.1" 200 3136 "-" "Mozilla/5.0 (compatible; bingbot/2.0; +http://www.bing.com/bingbot.htm)"
13.66.139.110 - - [05/Apr/2021:23:08:48 +0800] "GET /dko/video-t-sharks-vs-kings-LE-o.html HTTP/1.1" 200 3772 "-" "Mozilla/5.0 (compatible; bingbot/2.0; +http://www.bing.com/bingbot.htm)"
66.249.79.109 - - [05/Apr/2021:23:09:58 +0800] "GET /dko/video-I-O-d%20(2).html HTTP/1.1" 200 3511 "-" "Mozilla/5.0 (compatible; Googlebot/2.1; +http://www.google.com/bot.html)"
66.249.79.109 - - [05/Apr/2021:23:10:17 +0800] "GET /plr/video-r-carolina-hurricanes-vs-columbus-blue-jackets-a-m.html HTTP/1.1" 200 2653 "-" "Mozilla/5.0 (compatible; Googlebot/2.1; +http://www.google.com/bot.html)"
66.249.79.111 - - [05/Apr/2021:23:11:30 +0800] "GET /plr/video-M-spurs-vs-hornets-B-r.html HTTP/1.1" 304 - "-" "Mozilla/5.0 (Linux; Android 6.0.1; Nexus 5X Build/MMB29P) AppleWebKit/537.36 (KHTML, like Gecko) Chrome/89.0.4389.102 Mobile Safari/537.36 (compatible; Googlebot/2.1; +http://www.google.com/bot.html)"
13.66.139.27 - - [05/Apr/2021:23:13:05 +0800] "GET /dko/video-O-islanders-vs-flyers-lS-K.html HTTP/1.1" 200 1768 "-" "Mozilla/5.0 (compatible; bingbot/2.0; +http://www.bing.com/bingbot.htm)"
49.7.20.92 - - [05/Apr/2021:23:14:19 +0800] "GET /en/ HTTP/1.1" 200 15178 "-" "Sogou web spider/4.0(+http://www.sogou.com/docs/help/webmasters.htm#07)"
34.74.222.187 - - [05/Apr/2021:23:15:05 +0800] "GET /robots.txt HTTP/1.0" 200 79 "-" "ZoominfoBot (zoominfobot at zoominfo dot com)"
34.74.222.187 - - [05/Apr/2021:23:15:07 +0800] "GET /en/ HTTP/1.0" 301 20 "-" "ZoominfoBot (zoominfobot at zoominfo dot com)"
13.66.139.27 - - [05/Apr/2021:23:15:15 +0800] "GET /dko/video-k-white-sox-vs-giants-H-1.html HTTP/1.1" 200 3256 "-" "Mozilla/5.0 (compatible; bingbot/2.0; +http://www.bing.com/bingbot.htm)"
185.56.171.94 - - [05/Apr/2021:23:17:31 +0800] "GET /de/feed/ HTTP/1.1" 304 - "-" "Mozilla/5.0 (X11; Ubuntu; Linux x86_64; rv:86.0) Gecko/20100101 Firefox/86.0"
66.249.79.109 - - [05/Apr/2021:23:18:12 +0800] "GET /wordpress/wp-content/uploads/elementor/thumbs/f_cover-nrimgr5ov7xe438ssk2fzjsgpkve14rlmhe7f3xb34.png HTTP/1.1" 304 - "-" "Googlebot-Image/1.0"
13.66.139.100 - - [05/Apr/2021:23:19:46 +0800] "GET /plr/video-x-ottawa-senators-vs-calgary-flames-BY-9.html HTTP/1.1" 200 2917 "-" "Mozilla/5.0 (compatible; bingbot/2.0; +http://www.bing.com/bingbot.htm)"
49.7.20.77 - - [05/Apr/2021:23:20:32 +0800] "GET /en/ HTTP/1.1" 200 15178 "-" "Sogou web spider/4.0(+http://www.sogou.com/docs/help/webmasters.htm#07)"
66.249.79.111 - - [05/Apr/2021:23:21:31 +0800] "GET /plr/video-U-cleveland-cavaliers-vs-sacramento-kings-I-V.html HTTP/1.1" 304 - "-" "Mozilla/5.0 (Linux; Android 6.0.1; Nexus 5X Build/MMB29P) AppleWebKit/537.36 (KHTML, like Gecko) Chrome/89.0.4389.102 Mobile Safari/537.36 (compatible; Googlebot/2.1; +http://www.google.com/bot.html)"
13.66.139.27 - - [05/Apr/2021:23:23:06 +0800] "GET /dko/video-N-carolina-hurricanes-vs-columbus-blue-jackets-K-2.html HTTP/1.1" 200 3540 "-" "Mozilla/5.0 (compatible; bingbot/2.0; +http://www.bing.com/bingbot.htm)"
13.66.139.29 - - [05/Apr/2021:23:23:13 +0800] "GET / HTTP/1.1" 302 20 "-" "Mozilla/5.0 (compatible; bingbot/2.0; +http://www.bing.com/bingbot.htm)"
13.66.139.100 - - [05/Apr/2021:23:23:25 +0800] "GET /dko/video-g-colorado-rockies-vs-texas-rangers-3V-s.html HTTP/1.1" 200 1794 "-" "Mozilla/5.0 (compatible; bingbot/2.0; +http://www.bing.com/bingbot.htm)"
185.100.87.244 - - [05/Apr/2021:23:24:42 +0800] "GET /de/feed/ HTTP/1.1" 304 - "-" "Mozilla/5.0 (X11; Ubuntu; Linux x86_64; rv:86.0) Gecko/20100101 Firefox/86.0"
66.249.79.107 - - [05/Apr/2021:23:28:50 +0800] "GET /dko/video-p-a-q.html HTTP/1.1" 200 3050 "-" "Mozilla/5.0 (compatible; Googlebot/2.1; +http://www.google.com/bot.html)"
122.170.179.122 - - [05/Apr/2021:23:31:07 +0800] "GET / HTTP/1.1" 302 186 "-" "Mozilla/5.0 (iPhone; CPU iPhone OS 14_4_2 like Mac OS X) AppleWebKit/605.1.15 (KHTML, like Gecko) Version/14.0.3 Mobile/15E148 Safari/604.1"
122.170.179.122 - - [05/Apr/2021:23:31:07 +0800] "GET / HTTP/1.1" 302 20 "-" "Mozilla/5.0 (iPhone; CPU iPhone OS 14_4_2 like Mac OS X) AppleWebKit/605.1.15 (KHTML, like Gecko) Version/14.0.3 Mobile/15E148 Safari/604.1"
122.170.179.122 - - [05/Apr/2021:23:31:09 +0800] "GET /en/ HTTP/1.1" 200 15189 "-" "Mozilla/5.0 (iPhone; CPU iPhone OS 14_4_2 like Mac OS X) AppleWebKit/605.1.15 (KHTML, like Gecko) Version/14.0.3 Mobile/15E148 Safari/604.1"
122.170.179.122 - - [05/Apr/2021:23:31:11 +0800] "GET /wordpress/wp-includes/js/wp-emoji-release.min.js?ver=4.9.16 HTTP/1.1" 200 4382 "https://www.mycath2o.com/en/" "Mozilla/5.0 (iPhone; CPU iPhone OS 14_4_2 like Mac OS X) AppleWebKit/605.1.15 (KHTML, like Gecko) Version/14.0.3 Mobile/15E148 Safari/604.1"
122.170.179.122 - - [05/Apr/2021:23:31:11 +0800] "GET /wordpress/wp-content/plugins/elementor/assets/lib/animations/animations.min.css?ver=2.2.7 HTTP/1.1" 200 2592 "https://www.mycath2o.com/en/" "Mozilla/5.0 (iPhone; CPU iPhone OS 14_4_2 like Mac OS X) AppleWebKit/605.1.15 (KHTML, like Gecko) Version/14.0.3 Mobile/15E148 Safari/604.1"
122.170.179.122 - - [05/Apr/2021:23:31:11 +0800] "GET /wordpress/wp-content/plugins/elementor/assets/lib/font-awesome/css/font-awesome.min.css?ver=4.7.0 HTTP/1.1" 200 7053 "https://www.mycath2o.com/en/" "Mozilla/5.0 (iPhone; CPU iPhone OS 14_4_2 like Mac OS X) AppleWebKit/605.1.15 (KHTML, like Gecko) Version/14.0.3 Mobile/15E148 Safari/604.1"
122.170.179.122 - - [05/Apr/2021:23:31:11 +0800] "GET /wordpress/wp-content/plugins/elementor/assets/css/frontend.min.css?ver=2.2.7 HTTP/1.1" 200 12039 "https://www.mycath2o.com/en/" "Mozilla/5.0 (iPhone; CPU iPhone OS 14_4_2 like Mac OS X) AppleWebKit/605.1.15 (KHTML, like Gecko) Version/14.0.3 Mobile/15E148 Safari/604.1"
122.170.179.122 - - [05/Apr/2021:23:31:11 +0800] "GET /wordpress/wp-content/uploads/elementor/css/global.css?ver=1550982386 HTTP/1.1" 200 654 "https://www.mycath2o.com/en/" "Mozilla/5.0 (iPhone; CPU iPhone OS 14_4_2 like Mac OS X) AppleWebKit/605.1.15 (KHTML, like Gecko) Version/14.0.3 Mobile/15E148 Safari/604.1"
122.170.179.122 - - [05/Apr/2021:23:31:11 +0800] "GET /wordpress/wp-content/uploads/elementor/css/post-40.css?ver=1593608119 HTTP/1.1" 200 1523 "https://www.mycath2o.com/en/" "Mozilla/5.0 (iPhone; CPU iPhone OS 14_4_2 like Mac OS X) AppleWebKit/605.1.15 (KHTML, like Gecko) Version/14.0.3 Mobile/15E148 Safari/604.1"
122.170.179.122 - - [05/Apr/2021:23:31:11 +0800] "GET /wordpress/wp-content/themes/vantage/style.css?ver=1.7.7 HTTP/1.1" 200 15098 "https://www.mycath2o.com/en/" "Mozilla/5.0 (iPhone; CPU iPhone OS 14_4_2 like Mac OS X) AppleWebKit/605.1.15 (KHTML, like Gecko) Version/14.0.3 Mobile/15E148 Safari/604.1"
122.170.179.122 - - [05/Apr/2021:23:31:11 +0800] "GET /wordpress/wp-includes/js/jquery/jquery.js?ver=1.12.4 HTTP/1.1" 200 33776 "https://www.mycath2o.com/en/" "Mozilla/5.0 (iPhone; CPU iPhone OS 14_4_2 like Mac OS X) AppleWebKit/605.1.15 (KHTML, like Gecko) Version/14.0.3 Mobile/15E148 Safari/604.1"
122.170.179.122 - - [05/Apr/2021:23:31:11 +0800] "GET /wordpress/wp-content/plugins/elementor/assets/lib/eicons/css/elementor-icons.min.css?ver=3.8.0 HTTP/1.1" 200 2425 "https://www.mycath2o.com/en/" "Mozilla/5.0 (iPhone; CPU iPhone OS 14_4_2 like Mac OS X) AppleWebKit/605.1.15 (KHTML, like Gecko) Version/14.0.3 Mobile/15E148 Safari/604.1"
122.170.179.122 - - [05/Apr/2021:23:31:11 +0800] "GET /wordpress/wp-includes/js/jquery/jquery-migrate.min.js?ver=1.4.1 HTTP/1.1" 200 4014 "https://www.mycath2o.com/en/" "Mozilla/5.0 (iPhone; CPU iPhone OS 14_4_2 like Mac OS X) AppleWebKit/605.1.15 (KHTML, like Gecko) Version/14.0.3 Mobile/15E148 Safari/604.1"
122.170.179.122 - - [05/Apr/2021:23:31:11 +0800] "GET /wordpress/wp-content/themes/vantage/js/jquery.touchSwipe.min.js?ver=1.6.6 HTTP/1.1" 200 3672 "https://www.mycath2o.com/en/" "Mozilla/5.0 (iPhone; CPU iPhone OS 14_4_2 like Mac OS X) AppleWebKit/605.1.15 (KHTML, like Gecko) Version/14.0.3 Mobile/15E148 Safari/604.1"
122.170.179.122 - - [05/Apr/2021:23:31:11 +0800] "GET /wordpress/wp-content/themes/vantage/js/jquery.flexslider.min.js?ver=2.1 HTTP/1.1" 200 6232 "https://www.mycath2o.com/en/" "Mozilla/5.0 (iPhone; CPU iPhone OS 14_4_2 like Mac OS X) AppleWebKit/605.1.15 (KHTML, like Gecko) Version/14.0.3 Mobile/15E148 Safari/604.1"
122.170.179.122 - - [05/Apr/2021:23:31:11 +0800] "GET /wordpress/wp-content/themes/vantage/js/jquery.theme-main.min.js?ver=1.7.7 HTTP/1.1" 200 2510 "https://www.mycath2o.com/en/" "Mozilla/5.0 (iPhone; CPU iPhone OS 14_4_2 like Mac OS X) AppleWebKit/605.1.15 (KHTML, like Gecko) Version/14.0.3 Mobile/15E148 Safari/604.1"
122.170.179.122 - - [05/Apr/2021:23:31:11 +0800] "GET /wordpress/wp-content/themes/vantage/js/jquery.fitvids.min.js?ver=1.0 HTTP/1.1" 200 797 "https://www.mycath2o.com/en/" "Mozilla/5.0 (iPhone; CPU iPhone OS 14_4_2 like Mac OS X) AppleWebKit/605.1.15 (KHTML, like Gecko) Version/14.0.3 Mobile/15E148 Safari/604.1"
122.170.179.122 - - [05/Apr/2021:23:31:11 +0800] "GET /wordpress/wp-includes/js/wp-embed.min.js?ver=4.9.16 HTTP/1.1" 200 753 "https://www.mycath2o.com/en/" "Mozilla/5.0 (iPhone; CPU iPhone OS 14_4_2 like Mac OS X) AppleWebKit/605.1.15 (KHTML, like Gecko) Version/14.0.3 Mobile/15E148 Safari/604.1"
122.170.179.122 - - [05/Apr/2021:23:31:11 +0800] "GET /wordpress/wp-content/plugins/elementor/assets/lib/slick/slick.min.js?ver=1.8.1 HTTP/1.1" 200 10442 "https://www.mycath2o.com/en/" "Mozilla/5.0 (iPhone; CPU iPhone OS 14_4_2 like Mac OS X) AppleWebKit/605.1.15 (KHTML, like Gecko) Version/14.0.3 Mobile/15E148 Safari/604.1"
122.170.179.122 - - [05/Apr/2021:23:31:11 +0800] "GET /wordpress/wp-includes/js/jquery/ui/position.min.js?ver=1.11.4 HTTP/1.1" 200 2562 "https://www.mycath2o.com/en/" "Mozilla/5.0 (iPhone; CPU iPhone OS 14_4_2 like Mac OS X) AppleWebKit/605.1.15 (KHTML, like Gecko) Version/14.0.3 Mobile/15E148 Safari/604.1"
122.170.179.122 - - [05/Apr/2021:23:31:11 +0800] "GET /wordpress/wp-content/plugins/elementor/assets/lib/dialog/dialog.min.js?ver=4.5.0 HTTP/1.1" 200 3337 "https://www.mycath2o.com/en/" "Mozilla/5.0 (iPhone; CPU iPhone OS 14_4_2 like Mac OS X) AppleWebKit/605.1.15 (KHTML, like Gecko) Version/14.0.3 Mobile/15E148 Safari/604.1"
