31.205.119.92 - - [05/Apr/2021:23:53:15 +0800] "GET /PIC/DC_CH010.jpg HTTP/1.1" 200 113775 "https://shophk.aa-aquarium.com/" "Mozilla/5.0 (Windows NT 10.0; Win64; x64) AppleWebKit/537.36 (KHTML, like Gecko) Chrome/89.0.4389.114 Safari/537.36"
66.249.79.111 - - [05/Apr/2021:23:53:27 +0800] "GET /dko/video-s-golden-knights-vs-blues-V-w.html HTTP/1.1" 200 3139 "-" "Mozilla/5.0 (compatible; Googlebot/2.1; +http://www.google.com/bot.html)"
13.66.139.29 - - [05/Apr/2021:23:55:27 +0800] "GET /dko/video-L-philadelphia-phillies-vs-new-york-yankees-FZ-k.html HTTP/1.1" 200 3632 "-" "Mozilla/5.0 (compatible; bingbot/2.0; +http://www.bing.com/bingbot.htm)"
13.66.139.100 - - [05/Apr/2021:23:57:09 +0800] "GET /dko/video-f-ottawa-senators-vs-calgary-flames-ii-D.html HTTP/1.1" 200 3250 "-" "Mozilla/5.0 (compatible; bingbot/2.0; +http://www.bing.com/bingbot.htm)"
109.70.100.58 - - [05/Apr/2021:23:57:49 +0800] "GET /de/feed/ HTTP/1.1" 304 - "-" "Mozilla/5.0 (X11; Ubuntu; Linux x86_64; rv:86.0) Gecko/20100101 Firefox/86.0"
13.66.139.29 - - [05/Apr/2021:23:58:36 +0800] "GET /dko/video-n-cubs-vs-angels-sc-8.html HTTP/1.1" 200 2892 "-" "Mozilla/5.0 (compatible; bingbot/2.0; +http://www.bing.com/bingbot.htm)"
66.249.79.111 - - [06/Apr/2021:00:01:42 +0800] "GET /plr/video-b-n-q.html HTTP/1.1" 200 2903 "-" "Mozilla/5.0 (Linux; Android 6.0.1; Nexus 5X Build/MMB29P) AppleWebKit/537.36 (KHTML, like Gecko) Chrome/89.0.4389.102 Mobile Safari/537.36 (compatible; Googlebot/2.1; +http://www.google.com/bot.html)"
13.66.139.110 - - [06/Apr/2021:00:02:44 +0800] "GET /dko/video-u-ducks-vs-wild-MN-t.html HTTP/1.1" 200 2569 "-" "Mozilla/5.0 (compatible; bingbot/2.0; +http://www.bing.com/bingbot.htm)"
49.7.20.92 - - [06/Apr/2021:00:03:13 +0800] "GET /en/ HTTP/1.1" 200 15178 "-" "Sogou web spider/4.0(+http://www.sogou.com/docs/help/webmasters.htm#07)"
45.70.239.190 - - [06/Apr/2021:00:03:44 +0800] "GET /en/?gclid=Cj0KCQiAvP6ABhCjARIsAH37rbQ4ye9WhmZdEyBFUVBcyPYF3ukkl8SJMpLyMjUL2vew7v8HpwNQT5EaArF_EALw_wcB HTTP/1.1" 200 15189 "-" "Mozilla/5.0 (Linux; Android 10; SAMSUNG SM-A013M Build/QP1A.190711.020; wv) AppleWebKit/537.36 (KHTML, like Gecko) Version/4.0 SamsungBrowser/7.4 Chrome/89.0.4389.105 Mobile Safari/537.36"
45.70.239.190 - - [06/Apr/2021:00:03:48 +0800] "GET /wordpress/wp-content/themes/vantage/style.css?ver=1.7.7 HTTP/1.1" 200 15098 "https://www.mycath2o.com/en/?gclid=Cj0KCQiAvP6ABhCjARIsAH37rbQ4ye9WhmZdEyBFUVBcyPYF3ukkl8SJMpLyMjUL2vew7v8HpwNQT5EaArF_EALw_wcB" "Mozilla/5.0 (Linux; Android 10; SAMSUNG SM-A013M Build/QP1A.190711.020; wv) AppleWebKit/537.36 (KHTML, like Gecko) Version/4.0 SamsungBrowser/7.4 Chrome/89.0.4389.105 Mobile Safari/537.36"
62.102.148.68 - - [06/Apr/2021:00:05:12 +0800] "GET /de/feed/ HTTP/1.1" 304 - "-" "Mozilla/5.0 (X11; Ubuntu; Linux x86_64; rv:86.0) Gecko/20100101 Firefox/86.0"
13.66.139.110 - - [06/Apr/2021:00:05:35 +0800] "GET /dko/video-K-canadiens-vs-oilers-vv-6.html HTTP/1.1" 200 3343 "-" "Mozilla/5.0 (compatible; bingbot/2.0; +http://www.bing.com/bingbot.htm)"
13.66.139.29 - - [06/Apr/2021:00:05:39 +0800] "GET /dko/video-U-san-jose-sharks-vs-los-angeles-kings-eG-p.html HTTP/1.1" 200 1799 "-" "Mozilla/5.0 (compatible; bingbot/2.0; +http://www.bing.com/bingbot.htm)"
66.249.79.111 - - [06/Apr/2021:00:07:30 +0800] "GET /plr/video-U-canadiens-vs-oilers-5x-u.html HTTP/1.1" 200 3902 "-" "Mozilla/5.0 (compatible; Googlebot/2.1; +http://www.google.com/bot.html)"
66.249.79.107 - - [06/Apr/2021:00:07:57 +0800] "GET /plr/video-U-cleveland-cavaliers-vs-sacramento-kings-DG-D.html HTTP/1.1" 200 3461 "-" "Mozilla/5.0 (compatible; Googlebot/2.1; +http://www.google.com/bot.html)"
13.66.139.110 - - [06/Apr/2021:00:09:44 +0800] "GET /dko/video-s-flyers-vs-islanders-BP-f.html HTTP/1.1" 200 1767 "-" "Mozilla/5.0 (compatible; bingbot/2.0; +http://www.bing.com/bingbot.htm)"
13.66.139.27 - - [06/Apr/2021:00:10:41 +0800] "GET /dko/video-H-rangers-vs-sabres-r-J.html HTTP/1.1" 200 3121 "-" "Mozilla/5.0 (compatible; bingbot/2.0; +http://www.bing.com/bingbot.htm)"
66.249.79.111 - - [06/Apr/2021:00:11:44 +0800] "GET /plr/video-e-san-antonio-spurs-vs-charlotte-hornets-I-U.html HTTP/1.1" 304 - "-" "Mozilla/5.0 (Linux; Android 6.0.1; Nexus 5X Build/MMB29P) AppleWebKit/537.36 (KHTML, like Gecko) Chrome/89.0.4389.102 Mobile Safari/537.36 (compatible; Googlebot/2.1; +http://www.google.com/bot.html)"
66.249.79.107 - - [06/Apr/2021:00:11:56 +0800] "GET /plr/video-e-utah-jazz-vs-chicago-bulls-e-3.html HTTP/1.1" 304 - "-" "Mozilla/5.0 (Linux; Android 6.0.1; Nexus 5X Build/MMB29P) AppleWebKit/537.36 (KHTML, like Gecko) Chrome/89.0.4389.102 Mobile Safari/537.36 (compatible; Googlebot/2.1; +http://www.google.com/bot.html)"
13.66.139.29 - - [06/Apr/2021:00:12:29 +0800] "GET /dko/video-w-hawks-vs-clippers-gb-8.html HTTP/1.1" 200 3635 "-" "Mozilla/5.0 (compatible; bingbot/2.0; +http://www.bing.com/bingbot.htm)"
46.182.21.248 - - [06/Apr/2021:00:14:43 +0800] "GET /de/feed/ HTTP/1.1" 304 - "-" "Mozilla/5.0 (X11; Ubuntu; Linux x86_64; rv:86.0) Gecko/20100101 Firefox/86.0"
13.66.139.27 - - [06/Apr/2021:00:15:12 +0800] "GET /dko/video-T-diamondbacks-vs-athletics-T-o.html HTTP/1.1" 200 1774 "-" "Mozilla/5.0 (compatible; bingbot/2.0; +http://www.bing.com/bingbot.htm)"
49.7.20.77 - - [06/Apr/2021:00:17:50 +0800] "GET /en/ HTTP/1.1" 200 15178 "-" "Sogou web spider/4.0(+http://www.sogou.com/docs/help/webmasters.htm#07)"
13.66.139.29 - - [06/Apr/2021:00:20:29 +0800] "GET /dko/video-O-milwaukee-brewers-vs-cleveland-indians-y-3.html HTTP/1.1" 200 3000 "-" "Mozilla/5.0 (compatible; bingbot/2.0; +http://www.bing.com/bingbot.htm)"
192.42.116.18 - - [06/Apr/2021:00:24:57 +0800] "GET /de/feed/ HTTP/1.1" 304 - "-" "Mozilla/5.0 (X11; Ubuntu; Linux x86_64; rv:86.0) Gecko/20100101 Firefox/86.0"
13.66.139.100 - - [06/Apr/2021:00:25:23 +0800] "GET /dko/video-t-hornets-vs-spurs-G4-0.html HTTP/1.1" 200 1767 "-" "Mozilla/5.0 (compatible; bingbot/2.0; +http://www.bing.com/bingbot.htm)"
13.66.139.29 - - [06/Apr/2021:00:25:51 +0800] "GET /dko/video-Y-new-york-islanders-vs-philadelphia-flyers-a6-K.html HTTP/1.1" 200 3025 "-" "Mozilla/5.0 (compatible; bingbot/2.0; +http://www.bing.com/bingbot.htm)"
216.244.66.200 - - [06/Apr/2021:00:29:59 +0800] "GET /robots.txt HTTP/1.1" 301 - "-" "Mozilla/5.0 (compatible; DotBot/1.2; +https://opensiteexplorer.org/dotbot; help@moz.com)"
216.244.66.200 - - [06/Apr/2021:00:30:01 +0800] "GET /robots.txt HTTP/1.1" 200 87 "-" "Mozilla/5.0 (compatible; DotBot/1.2; +https://opensiteexplorer.org/dotbot; help@moz.com)"
107.77.201.39 - - [06/Apr/2021:00:30:31 +0800] "GET /en/?gclid=EAIaIQobChMI5N7s07zU7wIVJTWtBh3V8Q76EAEYASAAEgIqs_D_BwE HTTP/1.1" 200 15189 "-" "Mozilla/5.0 (Linux; Android 10; SM-A015A) AppleWebKit/537.36 (KHTML, like Gecko) Chrome/84.0.4147.89 Mobile Safari/537.36"
107.77.201.39 - - [06/Apr/2021:00:30:33 +0800] "GET /wordpress/wp-content/themes/vantage/style.css?ver=1.7.7 HTTP/1.1" 200 15098 "https://www.mycath2o.com/en/?gclid=EAIaIQobChMI5N7s07zU7wIVJTWtBh3V8Q76EAEYASAAEgIqs_D_BwE" "Mozilla/5.0 (Linux; Android 10; SM-A015A) AppleWebKit/537.36 (KHTML, like Gecko) Chrome/84.0.4147.89 Mobile Safari/537.36"
107.77.201.39 - - [06/Apr/2021:00:30:33 +0800] "GET /wordpress/wp-content/plugins/elementor/assets/lib/font-awesome/css/font-awesome.min.css?ver=4.7.0 HTTP/1.1" 200 7053 "https://www.mycath2o.com/en/?gclid=EAIaIQobChMI5N7s07zU7wIVJTWtBh3V8Q76EAEYASAAEgIqs_D_BwE" "Mozilla/5.0 (Linux; Android 10; SM-A015A) AppleWebKit/537.36 (KHTML, like Gecko) Chrome/84.0.4147.89 Mobile Safari/537.36"
107.77.201.39 - - [06/Apr/2021:00:30:33 +0800] "GET /wordpress/wp-content/plugins/elementor/assets/lib/eicons/css/elementor-icons.min.css?ver=3.8.0 HTTP/1.1" 200 2425 "https://www.mycath2o.com/en/?gclid=EAIaIQobChMI5N7s07zU7wIVJTWtBh3V8Q76EAEYASAAEgIqs_D_BwE" "Mozilla/5.0 (Linux; Android 10; SM-A015A) AppleWebKit/537.36 (KHTML, like Gecko) Chrome/84.0.4147.89 Mobile Safari/537.36"
107.77.201.39 - - [06/Apr/2021:00:30:34 +0800] "GET /wordpress/wp-content/plugins/elementor/assets/lib/animations/animations.min.css?ver=2.2.7 HTTP/1.1" 200 2592 "https://www.mycath2o.com/en/?gclid=EAIaIQobChMI5N7s07zU7wIVJTWtBh3V8Q76EAEYASAAEgIqs_D_BwE" "Mozilla/5.0 (Linux; Android 10; SM-A015A) AppleWebKit/537.36 (KHTML, like Gecko) Chrome/84.0.4147.89 Mobile Safari/537.36"
107.77.201.39 - - [06/Apr/2021:00:30:34 +0800] "GET /wordpress/wp-content/plugins/elementor/assets/css/frontend.min.css?ver=2.2.7 HTTP/1.1" 200 12039 "https://www.mycath2o.com/en/?gclid=EAIaIQobChMI5N7s07zU7wIVJTWtBh3V8Q76EAEYASAAEgIqs_D_BwE" "Mozilla/5.0 (Linux; Android 10; SM-A015A) AppleWebKit/537.36 (KHTML, like Gecko) Chrome/84.0.4147.89 Mobile Safari/537.36"
107.77.201.39 - - [06/Apr/2021:00:30:34 +0800] "GET /wordpress/wp-content/uploads/elementor/css/global.css?ver=1550982386 HTTP/1.1" 200 654 "https://www.mycath2o.com/en/?gclid=EAIaIQobChMI5N7s07zU7wIVJTWtBh3V8Q76EAEYASAAEgIqs_D_BwE" "Mozilla/5.0 (Linux; Android 10; SM-A015A) AppleWebKit/537.36 (KHTML, like Gecko) Chrome/84.0.4147.89 Mobile Safari/537.36"
107.77.201.39 - - [06/Apr/2021:00:30:34 +0800] "GET /wordpress/wp-content/uploads/elementor/css/post-40.css?ver=1593608119 HTTP/1.1" 200 1523 "https://www.mycath2o.com/en/?gclid=EAIaIQobChMI5N7s07zU7wIVJTWtBh3V8Q76EAEYASAAEgIqs_D_BwE" "Mozilla/5.0 (Linux; Android 10; SM-A015A) AppleWebKit/537.36 (KHTML, like Gecko) Chrome/84.0.4147.89 Mobile Safari/537.36"
107.77.201.39 - - [06/Apr/2021:00:30:34 +0800] "GET /wordpress/wp-includes/js/jquery/jquery.js?ver=1.12.4 HTTP/1.1" 200 33776 "https://www.mycath2o.com/en/?gclid=EAIaIQobChMI5N7s07zU7wIVJTWtBh3V8Q76EAEYASAAEgIqs_D_BwE" "Mozilla/5.0 (Linux; Android 10; SM-A015A) AppleWebKit/537.36 (KHTML, like Gecko) Chrome/84.0.4147.89 Mobile Safari/537.36"
107.77.201.39 - - [06/Apr/2021:00:30:34 +0800] "GET /wordpress/wp-content/themes/vantage/js/jquery.flexslider.min.js?ver=2.1 HTTP/1.1" 200 6232 "https://www.mycath2o.com/en/?gclid=EAIaIQobChMI5N7s07zU7wIVJTWtBh3V8Q76EAEYASAAEgIqs_D_BwE" "Mozilla/5.0 (Linux; Android 10; SM-A015A) AppleWebKit/537.36 (KHTML, like Gecko) Chrome/84.0.4147.89 Mobile Safari/537.36"
107.77.201.39 - - [06/Apr/2021:00:30:34 +0800] "GET /wordpress/wp-includes/js/jquery/jquery-migrate.min.js?ver=1.4.1 HTTP/1.1" 200 4014 "https://www.mycath2o.com/en/?gclid=EAIaIQobChMI5N7s07zU7wIVJTWtBh3V8Q76EAEYASAAEgIqs_D_BwE" "Mozilla/5.0 (Linux; Android 10; SM-A015A) AppleWebKit/537.36 (KHTML, like Gecko) Chrome/84.0.4147.89 Mobile Safari/537.36"
107.77.201.39 - - [06/Apr/2021:00:30:34 +0800] "GET /wordpress/wp-content/themes/vantage/js/jquery.touchSwipe.min.js?ver=1.6.6 HTTP/1.1" 200 3672 "https://www.mycath2o.com/en/?gclid=EAIaIQobChMI5N7s07zU7wIVJTWtBh3V8Q76EAEYASAAEgIqs_D_BwE" "Mozilla/5.0 (Linux; Android 10; SM-A015A) AppleWebKit/537.36 (KHTML, like Gecko) Chrome/84.0.4147.89 Mobile Safari/537.36"
107.77.201.39 - - [06/Apr/2021:00:30:35 +0800] "GET /wordpress/wp-content/themes/vantage/js/jquery.theme-main.min.js?ver=1.7.7 HTTP/1.1" 200 2510 "https://www.mycath2o.com/en/?gclid=EAIaIQobChMI5N7s07zU7wIVJTWtBh3V8Q76EAEYASAAEgIqs_D_BwE" "Mozilla/5.0 (Linux; Android 10; SM-A015A) AppleWebKit/537.36 (KHTML, like Gecko) Chrome/84.0.4147.89 Mobile Safari/537.36"
107.77.201.39 - - [06/Apr/2021:00:30:35 +0800] "GET /wordpress/wp-content/themes/vantage/js/jquery.fitvids.min.js?ver=1.0 HTTP/1.1" 200 797 "https://www.mycath2o.com/en/?gclid=EAIaIQobChMI5N7s07zU7wIVJTWtBh3V8Q76EAEYASAAEgIqs_D_BwE" "Mozilla/5.0 (Linux; Android 10; SM-A015A) AppleWebKit/537.36 (KHTML, like Gecko) Chrome/84.0.4147.89 Mobile Safari/537.36"
107.77.201.39 - - [06/Apr/2021:00:30:35 +0800] "GET /wordpress/wp-includes/js/wp-embed.min.js?ver=4.9.16 HTTP/1.1" 200 753 "https://www.mycath2o.com/en/?gclid=EAIaIQobChMI5N7s07zU7wIVJTWtBh3V8Q76EAEYASAAEgIqs_D_BwE" "Mozilla/5.0 (Linux; Android 10; SM-A015A) AppleWebKit/537.36 (KHTML, like Gecko) Chrome/84.0.4147.89 Mobile Safari/537.36"
107.77.201.39 - - [06/Apr/2021:00:30:35 +0800] "GET /wordpress/wp-content/plugins/elementor/assets/lib/slick/slick.min.js?ver=1.8.1 HTTP/1.1" 200 10442 "https://www.mycath2o.com/en/?gclid=EAIaIQobChMI5N7s07zU7wIVJTWtBh3V8Q76EAEYASAAEgIqs_D_BwE" "Mozilla/5.0 (Linux; Android 10; SM-A015A) AppleWebKit/537.36 (KHTML, like Gecko) Chrome/84.0.4147.89 Mobile Safari/537.36"
107.77.201.39 - - [06/Apr/2021:00:30:35 +0800] "GET /wordpress/wp-includes/js/jquery/ui/position.min.js?ver=1.11.4 HTTP/1.1" 200 2562 "https://www.mycath2o.com/en/?gclid=EAIaIQobChMI5N7s07zU7wIVJTWtBh3V8Q76EAEYASAAEgIqs_D_BwE" "Mozilla/5.0 (Linux; Android 10; SM-A015A) AppleWebKit/537.36 (KHTML, like Gecko) Chrome/84.0.4147.89 Mobile Safari/537.36"
107.77.201.39 - - [06/Apr/2021:00:30:35 +0800] "GET /wordpress/wp-content/plugins/elementor/assets/lib/dialog/dialog.min.js?ver=4.5.0 HTTP/1.1" 200 3337 "https://www.mycath2o.com/en/?gclid=EAIaIQobChMI5N7s07zU7wIVJTWtBh3V8Q76EAEYASAAEgIqs_D_BwE" "Mozilla/5.0 (Linux; Android 10; SM-A015A) AppleWebKit/537.36 (KHTML, like Gecko) Chrome/84.0.4147.89 Mobile Safari/537.36"
107.77.201.39 - - [06/Apr/2021:00:30:36 +0800] "GET /wordpress/wp-content/plugins/elementor/assets/lib/waypoints/waypoints.min.js?ver=4.0.2 HTTP/1.1" 200 2993 "https://www.mycath2o.com/en/?gclid=EAIaIQobChMI5N7s07zU7wIVJTWtBh3V8Q76EAEYASAAEgIqs_D_BwE" "Mozilla/5.0 (Linux; Android 10; SM-A015A) AppleWebKit/537.36 (KHTML, like Gecko) Chrome/84.0.4147.89 Mobile Safari/537.36"
107.77.201.39 - - [06/Apr/2021:00:30:36 +0800] "GET /wordpress/wp-content/plugins/elementor/assets/lib/swiper/swiper.jquery.min.js?ver=4.4.3 HTTP/1.1" 200 31322 "https://www.mycath2o.com/en/?gclid=EAIaIQobChMI5N7s07zU7wIVJTWtBh3V8Q76EAEYASAAEgIqs_D_BwE" "Mozilla/5.0 (Linux; Android 10; SM-A015A) AppleWebKit/537.36 (KHTML, like Gecko) Chrome/84.0.4147.89 Mobile Safari/537.36"
107.77.201.39 - - [06/Apr/2021:00:30:37 +0800] "GET /wordpress/wp-content/uploads/2018/06/1240_header-768x468.jpg HTTP/1.1" 200 42952 "https://www.mycath2o.com/en/?gclid=EAIaIQobChMI5N7s07zU7wIVJTWtBh3V8Q76EAEYASAAEgIqs_D_BwE" "Mozilla/5.0 (Linux; Android 10; SM-A015A) AppleWebKit/537.36 (KHTML, like Gecko) Chrome/84.0.4147.89 Mobile Safari/537.36"
107.77.201.39 - - [06/Apr/2021:00:30:39 +0800] "GET /wordpress/wp-content/plugins/elementor/assets/js/frontend.min.js?ver=2.2.7 HTTP/1.1" 200 10410 "https://www.mycath2o.com/en/?gclid=EAIaIQobChMI5N7s07zU7wIVJTWtBh3V8Q76EAEYASAAEgIqs_D_BwE" "Mozilla/5.0 (Linux; Android 10; SM-A015A) AppleWebKit/537.36 (KHTML, like Gecko) Chrome/84.0.4147.89 Mobile Safari/537.36"
107.77.201.39 - - [06/Apr/2021:00:30:38 +0800] "GET /wordpress/wp-content/uploads/2018/08/%E7%94%BB%E6%9D%BF-1-768x432.png HTTP/1.1" 200 351411 "https://www.mycath2o.com/en/?gclid=EAIaIQobChMI5N7s07zU7wIVJTWtBh3V8Q76EAEYASAAEgIqs_D_BwE" "Mozilla/5.0 (Linux; Android 10; SM-A015A) AppleWebKit/537.36 (KHTML, like Gecko) Chrome/84.0.4147.89 Mobile Safari/537.36"
107.77.201.39 - - [06/Apr/2021:00:30:41 +0800] "GET /wordpress/wp-content/uploads/2018/03/CAT_2.jpg HTTP/1.1" 200 55480 "https://www.mycath2o.com/en/?gclid=EAIaIQobChMI5N7s07zU7wIVJTWtBh3V8Q76EAEYASAAEgIqs_D_BwE" "Mozilla/5.0 (Linux; Android 10; SM-A015A) AppleWebKit/537.36 (KHTML, like Gecko) Chrome/84.0.4147.89 Mobile Safari/537.36"
107.77.201.39 - - [06/Apr/2021:00:30:41 +0800] "GET /wordpress/wp-content/uploads/2018/08/DC_CH010-English-2-768x808.jpg HTTP/1.1" 200 66024 "https://www.mycath2o.com/en/?gclid=EAIaIQobChMI5N7s07zU7wIVJTWtBh3V8Q76EAEYASAAEgIqs_D_BwE" "Mozilla/5.0 (Linux; Android 10; SM-A015A) AppleWebKit/537.36 (KHTML, like Gecko) Chrome/84.0.4147.89 Mobile Safari/537.36"
107.77.201.39 - - [06/Apr/2021:00:30:41 +0800] "GET /wordpress/wp-content/uploads/elementor/thumbs/f_zt-nrimgxqk726edcz8q4wtz04ov9yyj0hpzdyls1njvk.png HTTP/1.1" 200 68685 "https://www.mycath2o.com/en/?gclid=EAIaIQobChMI5N7s07zU7wIVJTWtBh3V8Q76EAEYASAAEgIqs_D_BwE" "Mozilla/5.0 (Linux; Android 10; SM-A015A) AppleWebKit/537.36 (KHTML, like Gecko) Chrome/84.0.4147.89 Mobile Safari/537.36"
107.77.201.39 - - [06/Apr/2021:00:30:41 +0800] "GET /wordpress/wp-content/uploads/2018/03/cats.jpg HTTP/1.1" 200 114570 "https://www.mycath2o.com/en/?gclid=EAIaIQobChMI5N7s07zU7wIVJTWtBh3V8Q76EAEYASAAEgIqs_D_BwE" "Mozilla/5.0 (Linux; Android 10; SM-A015A) AppleWebKit/537.36 (KHTML, like Gecko) Chrome/84.0.4147.89 Mobile Safari/537.36"
107.77.201.39 - - [06/Apr/2021:00:30:43 +0800] "GET /wordpress/wp-content/uploads/elementor/thumbs/f_skimmer-nrimgvuvte3tq51z143ku0lroi883ma9b4nmthqc80.png HTTP/1.1" 200 68192 "https://www.mycath2o.com/en/?gclid=EAIaIQobChMI5N7s07zU7wIVJTWtBh3V8Q76EAEYASAAEgIqs_D_BwE" "Mozilla/5.0 (Linux; Android 10; SM-A015A) AppleWebKit/537.36 (KHTML, like Gecko) Chrome/84.0.4147.89 Mobile Safari/537.36"
107.77.201.39 - - [06/Apr/2021:00:30:44 +0800] "GET /wordpress/wp-content/uploads/elementor/thumbs/f_cover-nrimgr5ov7xe438ssk2fzjsgpkve14rlmhe7f3xb34.png HTTP/1.1" 200 54404 "https://www.mycath2o.com/en/?gclid=EAIaIQobChMI5N7s07zU7wIVJTWtBh3V8Q76EAEYASAAEgIqs_D_BwE" "Mozilla/5.0 (Linux; Android 10; SM-A015A) AppleWebKit/537.36 (KHTML, like Gecko) Chrome/84.0.4147.89 Mobile Safari/537.36"
107.77.201.39 - - [06/Apr/2021:00:30:45 +0800] "GET /wordpress/wp-content/uploads/elementor/thumbs/f_pump-nrimgt1d8vzyrb62hkvp4jbdwcm4giz2aqp6dnuiqo.png HTTP/1.1" 200 53486 "https://www.mycath2o.com/en/?gclid=EAIaIQobChMI5N7s07zU7wIVJTWtBh3V8Q76EAEYASAAEgIqs_D_BwE" "Mozilla/5.0 (Linux; Android 10; SM-A015A) AppleWebKit/537.36 (KHTML, like Gecko) Chrome/84.0.4147.89 Mobile Safari/537.36"
107.77.201.39 - - [06/Apr/2021:00:30:46 +0800] "GET /wordpress/wp-content/uploads/2018/03/Cat_H2O_green.jpg HTTP/1.1" 200 44493 "https://www.mycath2o.com/en/?gclid=EAIaIQobChMI5N7s07zU7wIVJTWtBh3V8Q76EAEYASAAEgIqs_D_BwE" "Mozilla/5.0 (Linux; Android 10; SM-A015A) AppleWebKit/537.36 (KHTML, like Gecko) Chrome/84.0.4147.89 Mobile Safari/537.36"
107.77.201.39 - - [06/Apr/2021:00:30:46 +0800] "GET /wordpress/wp-content/uploads/2018/03/Cat_H2O_blue.jpg HTTP/1.1" 200 41682 "https://www.mycath2o.com/en/?gclid=EAIaIQobChMI5N7s07zU7wIVJTWtBh3V8Q76EAEYASAAEgIqs_D_BwE" "Mozilla/5.0 (Linux; Android 10; SM-A015A) AppleWebKit/537.36 (KHTML, like Gecko) Chrome/84.0.4147.89 Mobile Safari/537.36"
107.77.201.39 - - [06/Apr/2021:00:30:47 +0800] "GET /wordpress/wp-content/uploads/2018/06/Cat_H2O_4L.jpg HTTP/1.1" 200 34530 "https://www.mycath2o.com/en/?gclid=EAIaIQobChMI5N7s07zU7wIVJTWtBh3V8Q76EAEYASAAEgIqs_D_BwE" "Mozilla/5.0 (Linux; Android 10; SM-A015A) AppleWebKit/537.36 (KHTML, like Gecko) Chrome/84.0.4147.89 Mobile Safari/537.36"
107.77.201.39 - - [06/Apr/2021:00:30:48 +0800] "GET /wordpress/wp-content/uploads/2018/06/R-015_pad.jpg HTTP/1.1" 200 5570 "https://www.mycath2o.com/en/?gclid=EAIaIQobChMI5N7s07zU7wIVJTWtBh3V8Q76EAEYASAAEgIqs_D_BwE" "Mozilla/5.0 (Linux; Android 10; SM-A015A) AppleWebKit/537.36 (KHTML, like Gecko) Chrome/84.0.4147.89 Mobile Safari/537.36"
107.77.201.39 - - [06/Apr/2021:00:30:48 +0800] "GET /wordpress/wp-content/uploads/2018/06/R-016_160pxH.png HTTP/1.1" 200 33376 "https://www.mycath2o.com/en/?gclid=EAIaIQobChMI5N7s07zU7wIVJTWtBh3V8Q76EAEYASAAEgIqs_D_BwE" "Mozilla/5.0 (Linux; Android 10; SM-A015A) AppleWebKit/537.36 (KHTML, like Gecko) Chrome/84.0.4147.89 Mobile Safari/537.36"
107.77.201.39 - - [06/Apr/2021:00:30:48 +0800] "GET /wordpress/wp-content/uploads/2018/06/Softening.jpg HTTP/1.1" 200 6267 "https://www.mycath2o.com/en/?gclid=EAIaIQobChMI5N7s07zU7wIVJTWtBh3V8Q76EAEYASAAEgIqs_D_BwE" "Mozilla/5.0 (Linux; Android 10; SM-A015A) AppleWebKit/537.36 (KHTML, like Gecko) Chrome/84.0.4147.89 Mobile Safari/537.36"
107.77.201.39 - - [06/Apr/2021:00:30:48 +0800] "GET /wordpress/wp-includes/js/wp-emoji-release.min.js?ver=4.9.16 HTTP/1.1" 200 4382 "https://www.mycath2o.com/en/?gclid=EAIaIQobChMI5N7s07zU7wIVJTWtBh3V8Q76EAEYASAAEgIqs_D_BwE" "Mozilla/5.0 (Linux; Android 10; SM-A015A) AppleWebKit/537.36 (KHTML, like Gecko) Chrome/84.0.4147.89 Mobile Safari/537.36"
107.77.201.39 - - [06/Apr/2021:00:30:49 +0800] "GET /wordpress/wp-content/uploads/2018/06/R-015-CH.png HTTP/1.1" 200 59463 "https://www.mycath2o.com/en/?gclid=EAIaIQobChMI5N7s07zU7wIVJTWtBh3V8Q76EAEYASAAEgIqs_D_BwE" "Mozilla/5.0 (Linux; Android 10; SM-A015A) AppleWebKit/537.36 (KHTML, like Gecko) Chrome/84.0.4147.89 Mobile Safari/537.36"
107.77.201.39 - - [06/Apr/2021:00:30:49 +0800] "GET /wordpress/wp-content/uploads/2018/06/CHD001.jpg HTTP/1.1" 200 50487 "https://www.mycath2o.com/en/?gclid=EAIaIQobChMI5N7s07zU7wIVJTWtBh3V8Q76EAEYASAAEgIqs_D_BwE" "Mozilla/5.0 (Linux; Android 10; SM-A015A) AppleWebKit/537.36 (KHTML, like Gecko) Chrome/84.0.4147.89 Mobile Safari/537.36"
107.77.201.39 - - [06/Apr/2021:00:30:50 +0800] "GET /wordpress/wp-content/uploads/2018/06/AA190A.jpg HTTP/1.1" 200 45063 "https://www.mycath2o.com/en/?gclid=EAIaIQobChMI5N7s07zU7wIVJTWtBh3V8Q76EAEYASAAEgIqs_D_BwE" "Mozilla/5.0 (Linux; Android 10; SM-A015A) AppleWebKit/537.36 (KHTML, like Gecko) Chrome/84.0.4147.89 Mobile Safari/537.36"
107.77.201.39 - - [06/Apr/2021:00:30:50 +0800] "GET /wordpress/wp-content/uploads/2018/06/R-016-CDH.jpg HTTP/1.1" 200 63820 "https://www.mycath2o.com/en/?gclid=EAIaIQobChMI5N7s07zU7wIVJTWtBh3V8Q76EAEYASAAEgIqs_D_BwE" "Mozilla/5.0 (Linux; Android 10; SM-A015A) AppleWebKit/537.36 (KHTML, like Gecko) Chrome/84.0.4147.89 Mobile Safari/537.36"
107.77.201.39 - - [06/Apr/2021:00:30:51 +0800] "GET /wordpress/wp-content/uploads/2018/06/R-017.jpg HTTP/1.1" 200 53407 "https://www.mycath2o.com/en/?gclid=EAIaIQobChMI5N7s07zU7wIVJTWtBh3V8Q76EAEYASAAEgIqs_D_BwE" "Mozilla/5.0 (Linux; Android 10; SM-A015A) AppleWebKit/537.36 (KHTML, like Gecko) Chrome/84.0.4147.89 Mobile Safari/537.36"
107.77.201.39 - - [06/Apr/2021:00:30:52 +0800] "GET /wordpress/wp-content/uploads/2018/06/DH08DC-01.png HTTP/1.1" 200 40519 "https://www.mycath2o.com/en/?gclid=EAIaIQobChMI5N7s07zU7wIVJTWtBh3V8Q76EAEYASAAEgIqs_D_BwE" "Mozilla/5.0 (Linux; Android 10; SM-A015A) AppleWebKit/537.36 (KHTML, like Gecko) Chrome/84.0.4147.89 Mobile Safari/537.36"
107.77.201.39 - - [06/Apr/2021:00:30:53 +0800] "GET /wordpress/wp-content/uploads/2019/05/websitelogo.png HTTP/1.1" 200 1453 "https://www.mycath2o.com/en/?gclid=EAIaIQobChMI5N7s07zU7wIVJTWtBh3V8Q76EAEYASAAEgIqs_D_BwE" "Mozilla/5.0 (Linux; Android 10; SM-A015A) AppleWebKit/537.36 (KHTML, like Gecko) Chrome/84.0.4147.89 Mobile Safari/537.36"
107.77.201.39 - - [06/Apr/2021:00:30:54 +0800] "GET /wordpress/wp-content/uploads/elementor/thumbs/aa_logo-nn0pqz9jl6r1zmbarew4nt9y6wpqem6k7hbsbu2bfc.png HTTP/1.1" 200 5939 "https://www.mycath2o.com/en/?gclid=EAIaIQobChMI5N7s07zU7wIVJTWtBh3V8Q76EAEYASAAEgIqs_D_BwE" "Mozilla/5.0 (Linux; Android 10; SM-A015A) AppleWebKit/537.36 (KHTML, like Gecko) Chrome/84.0.4147.89 Mobile Safari/537.36"
107.77.201.39 - - [06/Apr/2021:00:30:54 +0800] "GET /wordpress/wp-content/uploads/2018/08/KM_LOGO_2.jpg HTTP/1.1" 200 16293 "https://www.mycath2o.com/en/?gclid=EAIaIQobChMI5N7s07zU7wIVJTWtBh3V8Q76EAEYASAAEgIqs_D_BwE" "Mozilla/5.0 (Linux; Android 10; SM-A015A) AppleWebKit/537.36 (KHTML, like Gecko) Chrome/84.0.4147.89 Mobile Safari/537.36"
107.77.201.39 - - [06/Apr/2021:00:30:54 +0800] "GET /wordpress/wp-content/uploads/2018/07/dogh2o_logo_2.png HTTP/1.1" 200 8897 "https://www.mycath2o.com/en/?gclid=EAIaIQobChMI5N7s07zU7wIVJTWtBh3V8Q76EAEYASAAEgIqs_D_BwE" "Mozilla/5.0 (Linux; Android 10; SM-A015A) AppleWebKit/537.36 (KHTML, like Gecko) Chrome/84.0.4147.89 Mobile Safari/537.36"
107.77.201.39 - - [06/Apr/2021:00:30:55 +0800] "GET /wordpress/wp-content/plugins/elementor/assets/lib/font-awesome/fonts/fontawesome-webfont.woff2?v=4.7.0 HTTP/1.1" 200 77160 "https://www.mycath2o.com/wordpress/wp-content/plugins/elementor/assets/lib/font-awesome/css/font-awesome.min.css?ver=4.7.0" "Mozilla/5.0 (Linux; Android 10; SM-A015A) AppleWebKit/537.36 (KHTML, like Gecko) Chrome/84.0.4147.89 Mobile Safari/537.36"
107.77.201.39 - - [06/Apr/2021:00:30:55 +0800] "GET /wordpress/wp-content/plugins/elementor/assets/lib/eicons/fonts/eicons.woff2?3.8.0 HTTP/1.1" 200 56760 "https://www.mycath2o.com/wordpress/wp-content/plugins/elementor/assets/lib/eicons/css/elementor-icons.min.css?ver=3.8.0" "Mozilla/5.0 (Linux; Android 10; SM-A015A) AppleWebKit/537.36 (KHTML, like Gecko) Chrome/84.0.4147.89 Mobile Safari/537.36"
107.77.201.39 - - [06/Apr/2021:00:30:57 +0800] "GET /wordpress/wp-content/themes/vantage/icons/vantage-icons.woff HTTP/1.1" 200 1380 "https://www.mycath2o.com/wordpress/wp-content/themes/vantage/style.css?ver=1.7.7" "Mozilla/5.0 (Linux; Android 10; SM-A015A) AppleWebKit/537.36 (KHTML, like Gecko) Chrome/84.0.4147.89 Mobile Safari/537.36"
107.77.201.39 - - [06/Apr/2021:00:30:54 +0800] "GET /wordpress/wp-content/uploads/2019/05/pump_clean-01.png HTTP/1.1" 200 494551 "https://www.mycath2o.com/en/?gclid=EAIaIQobChMI5N7s07zU7wIVJTWtBh3V8Q76EAEYASAAEgIqs_D_BwE" "Mozilla/5.0 (Linux; Android 10; SM-A015A) AppleWebKit/537.36 (KHTML, like Gecko) Chrome/84.0.4147.89 Mobile Safari/537.36"
107.77.201.39 - - [06/Apr/2021:00:31:01 +0800] "GET /favicon.ico HTTP/1.1" 200 2196 "https://www.mycath2o.com/en/?gclid=EAIaIQobChMI5N7s07zU7wIVJTWtBh3V8Q76EAEYASAAEgIqs_D_BwE" "Mozilla/5.0 (Linux; Android 10; SM-A015A) AppleWebKit/537.36 (KHTML, like Gecko) Chrome/84.0.4147.89 Mobile Safari/537.36"
185.220.100.242 - - [06/Apr/2021:00:35:49 +0800] "GET /de/feed/ HTTP/1.1" 304 - "-" "Mozilla/5.0 (X11; Ubuntu; Linux x86_64; rv:86.0) Gecko/20100101 Firefox/86.0"
216.244.66.200 - - [06/Apr/2021:00:36:54 +0800] "GET /dko/video-v-bulldogs-vs-sooners-9-D.html HTTP/1.1" 200 7408 "-" "Mozilla/5.0 (compatible; DotBot/1.2; +https://opensiteexplorer.org/dotbot; help@moz.com)"
13.66.139.29 - - [06/Apr/2021:00:38:22 +0800] "GET /dko/video-p-los-angeles-clippers-vs-atlanta-hawks-q-r.html HTTP/1.1" 200 3283 "-" "Mozilla/5.0 (compatible; bingbot/2.0; +http://www.bing.com/bingbot.htm)"
49.7.20.92 - - [06/Apr/2021:00:43:41 +0800] "GET /en/ HTTP/1.1" 200 15178 "-" "Sogou web spider/4.0(+http://www.sogou.com/docs/help/webmasters.htm#07)"
203.124.10.177 - - [06/Apr/2021:00:44:13 +0800] "POST /wordpress/wp-cron.php?doing_wp_cron=1617641053.3135020732879638671875 HTTP/1.1" 200 20 "https://www.mycath2o.com/wordpress/wp-cron.php?doing_wp_cron=1617641053.3135020732879638671875" "WordPress/4.9.16; https://www.mycath2o.com"
49.7.20.77 - - [06/Apr/2021:00:44:12 +0800] "GET /en/ HTTP/1.1" 200 15178 "-" "Sogou web spider/4.0(+http://www.sogou.com/docs/help/webmasters.htm#07)"
112.135.44.94 - - [06/Apr/2021:00:44:13 +0800] "GET /en/?gclid=EAIaIQobChMIodynn4367gIVwYOFCh231QMGEAEYASAAEgKu5vD_BwE HTTP/1.1" 200 15189 "-" "Mozilla/5.0 (Linux; Android 8.1.0; SAMSUNG SM-A260G Build/OPR6; wv) AppleWebKit/537.36 (KHTML, like Gecko) Version/4.0 SamsungBrowser/7.2 Chrome/70.0.3538.110 Mobile Safari/537.36"
13.66.139.27 - - [06/Apr/2021:00:45:24 +0800] "GET /dko/video-J-pepperdine-waves-vs-longwood-lancers-m-b.html HTTP/1.1" 200 4362 "-" "Mozilla/5.0 (compatible; bingbot/2.0; +http://www.bing.com/bingbot.htm)"
179.43.160.238 - - [06/Apr/2021:00:46:52 +0800] "GET /de/feed/ HTTP/1.1" 304 - "-" "Mozilla/5.0 (X11; Ubuntu; Linux x86_64; rv:86.0) Gecko/20100101 Firefox/86.0"
13.66.139.27 - - [06/Apr/2021:00:46:55 +0800] "GET /dko/video-W-minnesota-wild-vs-anaheim-ducks-c-8.html HTTP/1.1" 200 3900 "-" "Mozilla/5.0 (compatible; bingbot/2.0; +http://www.bing.com/bingbot.htm)"
54.36.149.29 - - [06/Apr/2021:00:46:57 +0800] "GET /de/ HTTP/1.1" 200 15673 "-" "Mozilla/5.0 (compatible; AhrefsBot/7.0; +http://ahrefs.com/robot/)"
13.66.139.110 - - [06/Apr/2021:00:47:38 +0800] "GET /dko/video-X-ucla-vs-wildcats-G-u.html HTTP/1.1" 200 1768 "-" "Mozilla/5.0 (compatible; bingbot/2.0; +http://www.bing.com/bingbot.htm)"
178.142.240.61 - - [06/Apr/2021:00:47:48 +0800] "GET /de/ HTTP/1.1" 200 15684 "-" "Mozilla/5.0 (iPad; CPU OS 14_4_2 like Mac OS X) AppleWebKit/605.1.15 (KHTML, like Gecko) Mobile/15E148 [Pinterest/iOS]"
178.142.240.61 - - [06/Apr/2021:00:47:50 +0800] "GET /wordpress/wp-content/plugins/elementor/assets/lib/eicons/css/elementor-icons.min.css?ver=3.8.0 HTTP/1.1" 200 2425 "https://www.mycath2o.com/de/" "Mozilla/5.0 (iPad; CPU OS 14_4_2 like Mac OS X) AppleWebKit/605.1.15 (KHTML, like Gecko) Mobile/15E148 [Pinterest/iOS]"
178.142.240.61 - - [06/Apr/2021:00:47:50 +0800] "GET /wordpress/wp-content/plugins/elementor/assets/lib/animations/animations.min.css?ver=2.2.7 HTTP/1.1" 200 2592 "https://www.mycath2o.com/de/" "Mozilla/5.0 (iPad; CPU OS 14_4_2 like Mac OS X) AppleWebKit/605.1.15 (KHTML, like Gecko) Mobile/15E148 [Pinterest/iOS]"
178.142.240.61 - - [06/Apr/2021:00:47:50 +0800] "GET /wordpress/wp-content/themes/vantage/style.css?ver=1.7.7 HTTP/1.1" 200 15098 "https://www.mycath2o.com/de/" "Mozilla/5.0 (iPad; CPU OS 14_4_2 like Mac OS X) AppleWebKit/605.1.15 (KHTML, like Gecko) Mobile/15E148 [Pinterest/iOS]"
178.142.240.61 - - [06/Apr/2021:00:47:50 +0800] "GET /wordpress/wp-content/plugins/elementor/assets/css/frontend.min.css?ver=2.2.7 HTTP/1.1" 200 12039 "https://www.mycath2o.com/de/" "Mozilla/5.0 (iPad; CPU OS 14_4_2 like Mac OS X) AppleWebKit/605.1.15 (KHTML, like Gecko) Mobile/15E148 [Pinterest/iOS]"
178.142.240.61 - - [06/Apr/2021:00:47:51 +0800] "GET /wordpress/wp-content/uploads/elementor/css/global.css?ver=1550982386 HTTP/1.1" 200 654 "https://www.mycath2o.com/de/" "Mozilla/5.0 (iPad; CPU OS 14_4_2 like Mac OS X) AppleWebKit/605.1.15 (KHTML, like Gecko) Mobile/15E148 [Pinterest/iOS]"
178.142.240.61 - - [06/Apr/2021:00:47:51 +0800] "GET /wordpress/wp-content/plugins/elementor/assets/lib/font-awesome/css/font-awesome.min.css?ver=4.7.0 HTTP/1.1" 200 7053 "https://www.mycath2o.com/de/" "Mozilla/5.0 (iPad; CPU OS 14_4_2 like Mac OS X) AppleWebKit/605.1.15 (KHTML, like Gecko) Mobile/15E148 [Pinterest/iOS]"
178.142.240.61 - - [06/Apr/2021:00:47:51 +0800] "GET /wordpress/wp-includes/js/wp-emoji-release.min.js?ver=4.9.16 HTTP/1.1" 200 4382 "https://www.mycath2o.com/de/" "Mozilla/5.0 (iPad; CPU OS 14_4_2 like Mac OS X) AppleWebKit/605.1.15 (KHTML, like Gecko) Mobile/15E148 [Pinterest/iOS]"
178.142.240.61 - - [06/Apr/2021:00:47:51 +0800] "GET /wordpress/wp-content/uploads/elementor/css/post-998.css?ver=1593608319 HTTP/1.1" 200 1525 "https://www.mycath2o.com/de/" "Mozilla/5.0 (iPad; CPU OS 14_4_2 like Mac OS X) AppleWebKit/605.1.15 (KHTML, like Gecko) Mobile/15E148 [Pinterest/iOS]"
178.142.240.61 - - [06/Apr/2021:00:47:51 +0800] "GET /wordpress/wp-includes/js/jquery/jquery.js?ver=1.12.4 HTTP/1.1" 200 33776 "https://www.mycath2o.com/de/" "Mozilla/5.0 (iPad; CPU OS 14_4_2 like Mac OS X) AppleWebKit/605.1.15 (KHTML, like Gecko) Mobile/15E148 [Pinterest/iOS]"
178.142.240.61 - - [06/Apr/2021:00:47:51 +0800] "GET /wordpress/wp-includes/js/jquery/jquery-migrate.min.js?ver=1.4.1 HTTP/1.1" 200 4014 "https://www.mycath2o.com/de/" "Mozilla/5.0 (iPad; CPU OS 14_4_2 like Mac OS X) AppleWebKit/605.1.15 (KHTML, like Gecko) Mobile/15E148 [Pinterest/iOS]"
178.142.240.61 - - [06/Apr/2021:00:47:51 +0800] "GET /wordpress/wp-content/themes/vantage/js/jquery.flexslider.min.js?ver=2.1 HTTP/1.1" 200 6232 "https://www.mycath2o.com/de/" "Mozilla/5.0 (iPad; CPU OS 14_4_2 like Mac OS X) AppleWebKit/605.1.15 (KHTML, like Gecko) Mobile/15E148 [Pinterest/iOS]"
178.142.240.61 - - [06/Apr/2021:00:47:51 +0800] "GET /wordpress/wp-content/themes/vantage/js/jquery.touchSwipe.min.js?ver=1.6.6 HTTP/1.1" 200 3672 "https://www.mycath2o.com/de/" "Mozilla/5.0 (iPad; CPU OS 14_4_2 like Mac OS X) AppleWebKit/605.1.15 (KHTML, like Gecko) Mobile/15E148 [Pinterest/iOS]"
178.142.240.61 - - [06/Apr/2021:00:47:51 +0800] "GET /wordpress/wp-content/themes/vantage/js/jquery.theme-main.min.js?ver=1.7.7 HTTP/1.1" 200 2510 "https://www.mycath2o.com/de/" "Mozilla/5.0 (iPad; CPU OS 14_4_2 like Mac OS X) AppleWebKit/605.1.15 (KHTML, like Gecko) Mobile/15E148 [Pinterest/iOS]"
178.142.240.61 - - [06/Apr/2021:00:47:51 +0800] "GET /wordpress/wp-content/themes/vantage/js/jquery.fitvids.min.js?ver=1.0 HTTP/1.1" 200 797 "https://www.mycath2o.com/de/" "Mozilla/5.0 (iPad; CPU OS 14_4_2 like Mac OS X) AppleWebKit/605.1.15 (KHTML, like Gecko) Mobile/15E148 [Pinterest/iOS]"
178.142.240.61 - - [06/Apr/2021:00:47:51 +0800] "GET /wordpress/wp-includes/js/wp-embed.min.js?ver=4.9.16 HTTP/1.1" 200 753 "https://www.mycath2o.com/de/" "Mozilla/5.0 (iPad; CPU OS 14_4_2 like Mac OS X) AppleWebKit/605.1.15 (KHTML, like Gecko) Mobile/15E148 [Pinterest/iOS]"
178.142.240.61 - - [06/Apr/2021:00:47:51 +0800] "GET /wordpress/wp-content/plugins/elementor/assets/lib/slick/slick.min.js?ver=1.8.1 HTTP/1.1" 200 10442 "https://www.mycath2o.com/de/" "Mozilla/5.0 (iPad; CPU OS 14_4_2 like Mac OS X) AppleWebKit/605.1.15 (KHTML, like Gecko) Mobile/15E148 [Pinterest/iOS]"
178.142.240.61 - - [06/Apr/2021:00:47:52 +0800] "GET /wordpress/wp-includes/js/jquery/ui/position.min.js?ver=1.11.4 HTTP/1.1" 200 2562 "https://www.mycath2o.com/de/" "Mozilla/5.0 (iPad; CPU OS 14_4_2 like Mac OS X) AppleWebKit/605.1.15 (KHTML, like Gecko) Mobile/15E148 [Pinterest/iOS]"
178.142.240.61 - - [06/Apr/2021:00:47:52 +0800] "GET /wordpress/wp-content/plugins/elementor/assets/lib/dialog/dialog.min.js?ver=4.5.0 HTTP/1.1" 200 3337 "https://www.mycath2o.com/de/" "Mozilla/5.0 (iPad; CPU OS 14_4_2 like Mac OS X) AppleWebKit/605.1.15 (KHTML, like Gecko) Mobile/15E148 [Pinterest/iOS]"
178.142.240.61 - - [06/Apr/2021:00:47:52 +0800] "GET /wordpress/wp-content/plugins/elementor/assets/lib/waypoints/waypoints.min.js?ver=4.0.2 HTTP/1.1" 200 2993 "https://www.mycath2o.com/de/" "Mozilla/5.0 (iPad; CPU OS 14_4_2 like Mac OS X) AppleWebKit/605.1.15 (KHTML, like Gecko) Mobile/15E148 [Pinterest/iOS]"
178.142.240.61 - - [06/Apr/2021:00:47:52 +0800] "GET /wordpress/wp-content/plugins/elementor/assets/lib/swiper/swiper.jquery.min.js?ver=4.4.3 HTTP/1.1" 200 31322 "https://www.mycath2o.com/de/" "Mozilla/5.0 (iPad; CPU OS 14_4_2 like Mac OS X) AppleWebKit/605.1.15 (KHTML, like Gecko) Mobile/15E148 [Pinterest/iOS]"
178.142.240.61 - - [06/Apr/2021:00:47:52 +0800] "GET /wordpress/wp-content/plugins/elementor/assets/js/frontend.min.js?ver=2.2.7 HTTP/1.1" 200 10410 "https://www.mycath2o.com/de/" "Mozilla/5.0 (iPad; CPU OS 14_4_2 like Mac OS X) AppleWebKit/605.1.15 (KHTML, like Gecko) Mobile/15E148 [Pinterest/iOS]"
178.142.240.61 - - [06/Apr/2021:00:47:52 +0800] "GET /wordpress/wp-content/plugins/elementor/assets/lib/eicons/fonts/eicons.woff2?3.8.0 HTTP/1.1" 200 56760 "https://www.mycath2o.com/de/" "Mozilla/5.0 (iPad; CPU OS 14_4_2 like Mac OS X) AppleWebKit/605.1.15 (KHTML, like Gecko) Mobile/15E148 [Pinterest/iOS]"
178.142.240.61 - - [06/Apr/2021:00:47:52 +0800] "GET /wordpress/wp-content/plugins/elementor/assets/lib/font-awesome/fonts/fontawesome-webfont.woff2?v=4.7.0 HTTP/1.1" 200 77160 "https://www.mycath2o.com/de/" "Mozilla/5.0 (iPad; CPU OS 14_4_2 like Mac OS X) AppleWebKit/605.1.15 (KHTML, like Gecko) Mobile/15E148 [Pinterest/iOS]"
178.142.240.61 - - [06/Apr/2021:00:47:52 +0800] "GET /wordpress/wp-content/themes/vantage/icons/vantage-icons.woff HTTP/1.1" 200 1380 "https://www.mycath2o.com/de/" "Mozilla/5.0 (iPad; CPU OS 14_4_2 like Mac OS X) AppleWebKit/605.1.15 (KHTML, like Gecko) Mobile/15E148 [Pinterest/iOS]"
178.142.240.61 - - [06/Apr/2021:00:47:52 +0800] "GET /wordpress/wp-content/uploads/2018/03/CAT_2.jpg HTTP/1.1" 200 55480 "https://www.mycath2o.com/de/" "Mozilla/5.0 (iPad; CPU OS 14_4_2 like Mac OS X) AppleWebKit/605.1.15 (KHTML, like Gecko) Mobile/15E148 [Pinterest/iOS]"
178.142.240.61 - - [06/Apr/2021:00:47:52 +0800] "GET /wordpress/wp-content/uploads/2018/06/1240_header.jpg HTTP/1.1" 200 165829 "https://www.mycath2o.com/de/" "Mozilla/5.0 (iPad; CPU OS 14_4_2 like Mac OS X) AppleWebKit/605.1.15 (KHTML, like Gecko) Mobile/15E148 [Pinterest/iOS]"
178.142.240.61 - - [06/Apr/2021:00:47:53 +0800] "GET /wordpress/wp-content/uploads/elementor/thumbs/de_1-nv6wjtwn5nmfde8bct8tx06ykd79cj4wrbuo3tffj4.png HTTP/1.1" 200 68685 "https://www.mycath2o.com/de/" "Mozilla/5.0 (iPad; CPU OS 14_4_2 like Mac OS X) AppleWebKit/605.1.15 (KHTML, like Gecko) Mobile/15E148 [Pinterest/iOS]"
178.142.240.61 - - [06/Apr/2021:00:47:54 +0800] "GET /wordpress/wp-content/uploads/elementor/thumbs/de_-2-nv6wjp7g7hfzrcf5497p2jdnlfufa1m92ol8pfmee8.png HTTP/1.1" 200 68192 "https://www.mycath2o.com/de/" "Mozilla/5.0 (iPad; CPU OS 14_4_2 like Mac OS X) AppleWebKit/605.1.15 (KHTML, like Gecko) Mobile/15E148 [Pinterest/iOS]"
178.142.240.61 - - [06/Apr/2021:00:47:53 +0800] "GET /wordpress/wp-content/uploads/2018/08/DC_CH010-German.jpg HTTP/1.1" 200 349959 "https://www.mycath2o.com/de/" "Mozilla/5.0 (iPad; CPU OS 14_4_2 like Mac OS X) AppleWebKit/605.1.15 (KHTML, like Gecko) Mobile/15E148 [Pinterest/iOS]"
178.142.240.61 - - [06/Apr/2021:00:47:54 +0800] "GET /wordpress/wp-content/uploads/elementor/thumbs/de_-3-nv6wjr34l5ikekceta0y7iwks7l5pftpqxw7nzjm1s.png HTTP/1.1" 200 54404 "https://www.mycath2o.com/de/" "Mozilla/5.0 (iPad; CPU OS 14_4_2 like Mac OS X) AppleWebKit/605.1.15 (KHTML, like Gecko) Mobile/15E148 [Pinterest/iOS]"
178.142.240.61 - - [06/Apr/2021:00:47:54 +0800] "GET /wordpress/wp-content/uploads/elementor/thumbs/de_4-nv6wjvsbjbp00m5l1u231zpvr4xzrxcdfl5n2dcn6o.png HTTP/1.1" 200 53486 "https://www.mycath2o.com/de/" "Mozilla/5.0 (iPad; CPU OS 14_4_2 like Mac OS X) AppleWebKit/605.1.15 (KHTML, like Gecko) Mobile/15E148 [Pinterest/iOS]"
178.142.240.61 - - [06/Apr/2021:00:47:53 +0800] "GET /wordpress/wp-content/uploads/2018/03/cats.jpg HTTP/1.1" 200 114570 "https://www.mycath2o.com/de/" "Mozilla/5.0 (iPad; CPU OS 14_4_2 like Mac OS X) AppleWebKit/605.1.15 (KHTML, like Gecko) Mobile/15E148 [Pinterest/iOS]"
178.142.240.61 - - [06/Apr/2021:00:47:54 +0800] "GET /wordpress/wp-content/uploads/2018/03/Cat_H2O_blue.jpg HTTP/1.1" 200 41682 "https://www.mycath2o.com/de/" "Mozilla/5.0 (iPad; CPU OS 14_4_2 like Mac OS X) AppleWebKit/605.1.15 (KHTML, like Gecko) Mobile/15E148 [Pinterest/iOS]"
178.142.240.61 - - [06/Apr/2021:00:47:54 +0800] "GET /wordpress/wp-content/uploads/2018/03/Cat_H2O_green.jpg HTTP/1.1" 200 44493 "https://www.mycath2o.com/de/" "Mozilla/5.0 (iPad; CPU OS 14_4_2 like Mac OS X) AppleWebKit/605.1.15 (KHTML, like Gecko) Mobile/15E148 [Pinterest/iOS]"
178.142.240.61 - - [06/Apr/2021:00:47:54 +0800] "GET /wordpress/wp-content/uploads/2018/06/Cat_H2O_4L.jpg HTTP/1.1" 200 34530 "https://www.mycath2o.com/de/" "Mozilla/5.0 (iPad; CPU OS 14_4_2 like Mac OS X) AppleWebKit/605.1.15 (KHTML, like Gecko) Mobile/15E148 [Pinterest/iOS]"
178.142.240.61 - - [06/Apr/2021:00:47:55 +0800] "GET /wordpress/wp-content/uploads/2018/06/R-015_pad.jpg HTTP/1.1" 200 5570 "https://www.mycath2o.com/de/" "Mozilla/5.0 (iPad; CPU OS 14_4_2 like Mac OS X) AppleWebKit/605.1.15 (KHTML, like Gecko) Mobile/15E148 [Pinterest/iOS]"
178.142.240.61 - - [06/Apr/2021:00:47:55 +0800] "GET /wordpress/wp-content/uploads/2018/06/R-016_160pxH.png HTTP/1.1" 200 33376 "https://www.mycath2o.com/de/" "Mozilla/5.0 (iPad; CPU OS 14_4_2 like Mac OS X) AppleWebKit/605.1.15 (KHTML, like Gecko) Mobile/15E148 [Pinterest/iOS]"
178.142.240.61 - - [06/Apr/2021:00:47:56 +0800] "GET /wordpress/wp-content/uploads/2018/06/CHD001.jpg HTTP/1.1" 200 50487 "https://www.mycath2o.com/de/" "Mozilla/5.0 (iPad; CPU OS 14_4_2 like Mac OS X) AppleWebKit/605.1.15 (KHTML, like Gecko) Mobile/15E148 [Pinterest/iOS]"
178.142.240.61 - - [06/Apr/2021:00:47:55 +0800] "GET /wordpress/wp-content/uploads/2018/06/R-015-CH.png HTTP/1.1" 200 59463 "https://www.mycath2o.com/de/" "Mozilla/5.0 (iPad; CPU OS 14_4_2 like Mac OS X) AppleWebKit/605.1.15 (KHTML, like Gecko) Mobile/15E148 [Pinterest/iOS]"
178.142.240.61 - - [06/Apr/2021:00:47:57 +0800] "GET /wordpress/wp-content/uploads/2018/06/AA190A.jpg HTTP/1.1" 200 45063 "https://www.mycath2o.com/de/" "Mozilla/5.0 (iPad; CPU OS 14_4_2 like Mac OS X) AppleWebKit/605.1.15 (KHTML, like Gecko) Mobile/15E148 [Pinterest/iOS]"
178.142.240.61 - - [06/Apr/2021:00:47:57 +0800] "GET /wordpress/wp-content/uploads/2018/06/R-016-CDH.jpg HTTP/1.1" 200 63820 "https://www.mycath2o.com/de/" "Mozilla/5.0 (iPad; CPU OS 14_4_2 like Mac OS X) AppleWebKit/605.1.15 (KHTML, like Gecko) Mobile/15E148 [Pinterest/iOS]"
178.142.240.61 - - [06/Apr/2021:00:47:57 +0800] "GET /wordpress/wp-content/uploads/2018/06/R-017.jpg HTTP/1.1" 200 53407 "https://www.mycath2o.com/de/" "Mozilla/5.0 (iPad; CPU OS 14_4_2 like Mac OS X) AppleWebKit/605.1.15 (KHTML, like Gecko) Mobile/15E148 [Pinterest/iOS]"
178.142.240.61 - - [06/Apr/2021:00:47:58 +0800] "GET /wordpress/wp-content/uploads/2018/06/DH08DC-01.png HTTP/1.1" 200 40519 "https://www.mycath2o.com/de/" "Mozilla/5.0 (iPad; CPU OS 14_4_2 like Mac OS X) AppleWebKit/605.1.15 (KHTML, like Gecko) Mobile/15E148 [Pinterest/iOS]"
178.142.240.61 - - [06/Apr/2021:00:47:58 +0800] "GET /wordpress/wp-content/uploads/2019/05/websitelogo.png HTTP/1.1" 200 1453 "https://www.mycath2o.com/de/" "Mozilla/5.0 (iPad; CPU OS 14_4_2 like Mac OS X) AppleWebKit/605.1.15 (KHTML, like Gecko) Mobile/15E148 [Pinterest/iOS]"
178.142.240.61 - - [06/Apr/2021:00:47:58 +0800] "GET /wordpress/wp-content/uploads/2018/08/KM_LOGO_2.jpg HTTP/1.1" 200 16293 "https://www.mycath2o.com/de/" "Mozilla/5.0 (iPad; CPU OS 14_4_2 like Mac OS X) AppleWebKit/605.1.15 (KHTML, like Gecko) Mobile/15E148 [Pinterest/iOS]"
178.142.240.61 - - [06/Apr/2021:00:47:58 +0800] "GET /wordpress/wp-content/uploads/elementor/thumbs/aa_logo-nn0pqz9jl6r1zmbarew4nt9y6wpqem6k7hbsbu2bfc.png HTTP/1.1" 200 5939 "https://www.mycath2o.com/de/" "Mozilla/5.0 (iPad; CPU OS 14_4_2 like Mac OS X) AppleWebKit/605.1.15 (KHTML, like Gecko) Mobile/15E148 [Pinterest/iOS]"
178.142.240.61 - - [06/Apr/2021:00:47:58 +0800] "GET /wordpress/wp-content/uploads/2018/07/dogh2o_logo_2.png HTTP/1.1" 200 8897 "https://www.mycath2o.com/de/" "Mozilla/5.0 (iPad; CPU OS 14_4_2 like Mac OS X) AppleWebKit/605.1.15 (KHTML, like Gecko) Mobile/15E148 [Pinterest/iOS]"
178.142.240.61 - - [06/Apr/2021:00:47:52 +0800] "GET /wordpress/wp-content/uploads/2018/08/%E7%94%BB%E6%9D%BF-1-3.png HTTP/1.1" 200 1420734 "https://www.mycath2o.com/de/" "Mozilla/5.0 (iPad; CPU OS 14_4_2 like Mac OS X) AppleWebKit/605.1.15 (KHTML, like Gecko) Mobile/15E148 [Pinterest/iOS]"
178.142.240.61 - - [06/Apr/2021:00:47:58 +0800] "GET /wordpress/wp-content/uploads/2019/05/pump_clean-01.png HTTP/1.1" 200 494551 "https://www.mycath2o.com/de/" "Mozilla/5.0 (iPad; CPU OS 14_4_2 like Mac OS X) AppleWebKit/605.1.15 (KHTML, like Gecko) Mobile/15E148 [Pinterest/iOS]"
13.66.139.128 - - [06/Apr/2021:00:50:18 +0800] "GET /dko/video-S-los-angeles-angels-vs-chicago-cubs-P-B.html HTTP/1.1" 200 1792 "-" "Mozilla/5.0 (compatible; bingbot/2.0; +http://www.bing.com/bingbot.htm)"
13.66.139.27 - - [06/Apr/2021:00:52:45 +0800] "GET /dko/video-w-bryant-bulldogs-vs-coastal-carolina-chanticleers-0-U.html HTTP/1.1" 200 3212 "-" "Mozilla/5.0 (compatible; bingbot/2.0; +http://www.bing.com/bingbot.htm)"
185.12.45.117 - - [06/Apr/2021:00:53:14 +0800] "GET /de/feed/ HTTP/1.1" 304 - "-" "Mozilla/5.0 (X11; Ubuntu; Linux x86_64; rv:86.0) Gecko/20100101 Firefox/86.0"
13.66.139.29 - - [06/Apr/2021:01:00:44 +0800] "GET /dko/video-L-rockies-vs-rangers-ek-H.html HTTP/1.1" 200 3017 "-" "Mozilla/5.0 (compatible; bingbot/2.0; +http://www.bing.com/bingbot.htm)"
13.66.139.100 - - [06/Apr/2021:01:00:57 +0800] "GET /dko/video-y-bryant-bulldogs-vs-coastal-carolina-chanticleers-l2-R.html HTTP/1.1" 200 3869 "-" "Mozilla/5.0 (compatible; bingbot/2.0; +http://www.bing.com/bingbot.htm)"
185.220.102.247 - - [06/Apr/2021:01:02:31 +0800] "GET /de/feed/ HTTP/1.1" 304 - "-" "Mozilla/5.0 (X11; Ubuntu; Linux x86_64; rv:86.0) Gecko/20100101 Firefox/86.0"
13.66.139.27 - - [06/Apr/2021:01:02:46 +0800] "GET /dko/video-m-los-angeles-kings-vs-san-jose-sharks-6-Q.html HTTP/1.1" 200 1799 "-" "Mozilla/5.0 (compatible; bingbot/2.0; +http://www.bing.com/bingbot.htm)"
37.187.252.148 - - [06/Apr/2021:01:03:38 +0800] "GET /wp-login.php HTTP/1.1" 301 20 "-" "Mozilla/5.0 (X11; Ubuntu; Linux x86_64; rv:62.0) Gecko/20100101 Firefox/62.0"
109.70.100.39 - - [06/Apr/2021:01:09:46 +0800] "GET /de/feed/ HTTP/1.1" 304 - "-" "Mozilla/5.0 (X11; Ubuntu; Linux x86_64; rv:86.0) Gecko/20100101 Firefox/86.0"
13.66.139.29 - - [06/Apr/2021:01:10:36 +0800] "GET /dko/video-j-bryant-vs-coastal-carolina-o-9.html HTTP/1.1" 200 3604 "-" "Mozilla/5.0 (compatible; bingbot/2.0; +http://www.bing.com/bingbot.htm)"
66.249.79.113 - - [06/Apr/2021:01:12:45 +0800] "GET /wordpress/wp-content/uploads/2018/06/f_pump.png HTTP/1.1" 304 - "-" "Googlebot-Image/1.0"
13.66.139.100 - - [06/Apr/2021:01:14:38 +0800] "GET /dko/video-P-diamondbacks-vs-athletics-vM-b.html HTTP/1.1" 200 2937 "-" "Mozilla/5.0 (compatible; bingbot/2.0; +http://www.bing.com/bingbot.htm)"
13.66.139.128 - - [06/Apr/2021:01:16:42 +0800] "GET /dko/video-y-padres-vs-royals-S-c.html HTTP/1.1" 200 3202 "-" "Mozilla/5.0 (compatible; bingbot/2.0; +http://www.bing.com/bingbot.htm)"
66.102.6.158 - - [06/Apr/2021:01:18:26 +0800] "GET /dko/video-I-O-d%20(2).html HTTP/1.1" 200 3511 "https://www.google.com/" "Mozilla/5.0 (Windows NT 10.0; Win64; x64) AppleWebKit/537.36 (KHTML, like Gecko) Chrome/83.0.4103.116 Safari/537.36"
213.164.204.165 - - [06/Apr/2021:01:20:44 +0800] "GET /de/feed/ HTTP/1.1" 304 - "-" "Mozilla/5.0 (X11; Ubuntu; Linux x86_64; rv:86.0) Gecko/20100101 Firefox/86.0"
66.249.79.109 - - [06/Apr/2021:01:22:25 +0800] "GET /plr/video-h-buffalo-sabres-vs-new-york-rangers-X-7.html HTTP/1.1" 304 - "-" "Mozilla/5.0 (Linux; Android 6.0.1; Nexus 5X Build/MMB29P) AppleWebKit/537.36 (KHTML, like Gecko) Chrome/89.0.4389.102 Mobile Safari/537.36 (compatible; Googlebot/2.1; +http://www.google.com/bot.html)"
13.66.139.100 - - [06/Apr/2021:01:24:19 +0800] "GET /dko/video-O-houston-rockets-vs-toronto-raptors-D-S.html HTTP/1.1" 200 3129 "-" "Mozilla/5.0 (compatible; bingbot/2.0; +http://www.bing.com/bingbot.htm)"
216.244.66.200 - - [06/Apr/2021:01:24:55 +0800] "GET /robots.txt HTTP/1.1" 301 - "-" "Mozilla/5.0 (compatible; DotBot/1.2; +https://opensiteexplorer.org/dotbot; help@moz.com)"
216.244.66.200 - - [06/Apr/2021:01:24:56 +0800] "GET /robots.txt HTTP/1.1" 200 87 "-" "Mozilla/5.0 (compatible; DotBot/1.2; +https://opensiteexplorer.org/dotbot; help@moz.com)"
13.66.139.27 - - [06/Apr/2021:01:27:29 +0800] "GET /dko/video-I-spurs-vs-hornets-pk-0.html HTTP/1.1" 200 3055 "-" "Mozilla/5.0 (compatible; bingbot/2.0; +http://www.bing.com/bingbot.htm)"
13.66.139.29 - - [06/Apr/2021:01:27:56 +0800] "GET /dko/video-k-milwaukee-bucks-vs-indiana-pacers-l3-I.html HTTP/1.1" 200 2936 "-" "Mozilla/5.0 (compatible; bingbot/2.0; +http://www.bing.com/bingbot.htm)"
49.7.20.92 - - [06/Apr/2021:01:28:12 +0800] "GET /en/ HTTP/1.1" 200 15178 "-" "Sogou web spider/4.0(+http://www.sogou.com/docs/help/webmasters.htm#07)"
13.66.139.100 - - [06/Apr/2021:01:29:19 +0800] "GET /dko/video-e-detroit-tigers-vs-toronto-blue-jays-o-w.html HTTP/1.1" 200 3301 "-" "Mozilla/5.0 (compatible; bingbot/2.0; +http://www.bing.com/bingbot.htm)"
216.244.66.200 - - [06/Apr/2021:01:31:36 +0800] "GET /dko/video-J-bulls-vs-jazz-T3-I.html HTTP/1.1" 200 7077 "-" "Mozilla/5.0 (compatible; DotBot/1.2; +https://opensiteexplorer.org/dotbot; help@moz.com)"
216.244.66.200 - - [06/Apr/2021:01:31:42 +0800] "GET /dko/video-n-san-antonio-spurs-vs-charlotte-hornets-X-2.html HTTP/1.1" 200 8587 "-" "Mozilla/5.0 (compatible; DotBot/1.2; +https://opensiteexplorer.org/dotbot; help@moz.com)"
216.244.66.200 - - [06/Apr/2021:01:31:47 +0800] "GET /dko/video-F-O-y.html HTTP/1.1" 200 8612 "-" "Mozilla/5.0 (compatible; DotBot/1.2; +https://opensiteexplorer.org/dotbot; help@moz.com)"
185.220.101.212 - - [06/Apr/2021:01:33:43 +0800] "GET /de/feed/ HTTP/1.1" 304 - "-" "Mozilla/5.0 (X11; Ubuntu; Linux x86_64; rv:86.0) Gecko/20100101 Firefox/86.0"
83.162.246.230 - - [06/Apr/2021:01:33:58 +0800] "GET /apple-touch-icon-precomposed.png HTTP/1.1" 404 4525 "-" "Mozilla/5.0 (Macintosh; Intel Mac OS X 10_11_1) AppleWebKit/601.2.4 (KHTML, like Gecko) Version/9.0.1 Safari/601.2.4 facebookexternalhit/1.1 Facebot Twitterbot/1.0"
83.162.246.230 - - [06/Apr/2021:01:33:58 +0800] "GET /favicon.ico HTTP/1.1" 200 2196 "-" "Mozilla/5.0 (Macintosh; Intel Mac OS X 10_11_1) AppleWebKit/601.2.4 (KHTML, like Gecko) Version/9.0.1 Safari/601.2.4 facebookexternalhit/1.1 Facebot Twitterbot/1.0"
83.162.246.230 - - [06/Apr/2021:01:33:57 +0800] "GET /en/ HTTP/1.1" 200 15178 "-" "Mozilla/5.0 (Macintosh; Intel Mac OS X 10_11_1) AppleWebKit/601.2.4 (KHTML, like Gecko) Version/9.0.1 Safari/601.2.4 facebookexternalhit/1.1 Facebot Twitterbot/1.0"
83.162.246.230 - - [06/Apr/2021:01:33:58 +0800] "GET /apple-touch-icon.png HTTP/1.1" 404 4525 "-" "Mozilla/5.0 (Macintosh; Intel Mac OS X 10_11_1) AppleWebKit/601.2.4 (KHTML, like Gecko) Version/9.0.1 Safari/601.2.4 facebookexternalhit/1.1 Facebot Twitterbot/1.0"
114.119.150.223 - - [06/Apr/2021:01:34:17 +0800] "GET /robots.txt HTTP/1.1" 301 20 "-" "(compatible;PetalBot;+https://aspiegel.com/petalbot)"
114.119.150.223 - - [06/Apr/2021:01:34:18 +0800] "GET /robots.txt HTTP/1.1" 200 79 "-" "(compatible;PetalBot;+https://aspiegel.com/petalbot)"
13.66.139.29 - - [06/Apr/2021:01:36:08 +0800] "GET /dko/video-s-ucla-bruins-vs-abilene-christian-wildcats-eI-o.html HTTP/1.1" 200 3298 "-" "Mozilla/5.0 (compatible; bingbot/2.0; +http://www.bing.com/bingbot.htm)"
13.66.139.29 - - [06/Apr/2021:01:39:08 +0800] "GET /dko/video-F-athletics-vs-diamondbacks-2-R.html HTTP/1.1" 200 3436 "-" "Mozilla/5.0 (compatible; bingbot/2.0; +http://www.bing.com/bingbot.htm)"
106.38.241.69 - - [06/Apr/2021:01:40:43 +0800] "GET / HTTP/1.1" 302 186 "-" "Sogou web spider/4.0(+http://www.sogou.com/docs/help/webmasters.htm#07)"
66.249.79.107 - - [06/Apr/2021:01:42:23 +0800] "GET /dko/video-M-pacers-vs-bucks-y6-p.html HTTP/1.1" 304 - "-" "Mozilla/5.0 (Linux; Android 6.0.1; Nexus 5X Build/MMB29P) AppleWebKit/537.36 (KHTML, like Gecko) Chrome/89.0.4389.102 Mobile Safari/537.36 (compatible; Googlebot/2.1; +http://www.google.com/bot.html)"
40.77.167.62 - - [06/Apr/2021:01:42:27 +0800] "GET /index.php?lang=cn HTTP/1.1" 301 20 "-" "Mozilla/5.0 (compatible; bingbot/2.0; +http://www.bing.com/bingbot.htm)"
106.38.241.69 - - [06/Apr/2021:01:42:50 +0800] "GET / HTTP/1.1" 302 186 "-" "Sogou web spider/4.0(+http://www.sogou.com/docs/help/webmasters.htm#07)"
106.38.241.69 - - [06/Apr/2021:01:42:50 +0800] "GET / HTTP/1.1" 302 20 "-" "Sogou web spider/4.0(+http://www.sogou.com/docs/help/webmasters.htm#07)"
