13.66.139.29 - - [06/Apr/2021:02:43:52 +0800] "GET /wordpress/wp-content/uploads/2018/08/DC_CH010-English-1-285x300.jpg HTTP/1.1" 200 16993 "-" "Mozilla/5.0 (compatible; bingbot/2.0; +http://www.bing.com/bingbot.htm)"
13.66.139.27 - - [06/Apr/2021:02:44:56 +0800] "GET /dko/video-k-colorado-avalanche-vs-arizona-coyotes-y-j.html HTTP/1.1" 200 2809 "-" "Mozilla/5.0 (compatible; bingbot/2.0; +http://www.bing.com/bingbot.htm)"
95.90.199.191 - - [06/Apr/2021:02:46:39 +0800] "GET /cookie/dgerm/index.php HTTP/1.1" 200 678 "https://kl.ik.my/Io5yb" "Mozilla/5.0 (Windows NT 6.3; WOW64) AppleWebKit/537.36 (KHTML, like Gecko) Chrome/75.0.3770.100 Safari/537.36 OPR/62.0.3331.72 (Edition avira-2)"
95.90.199.191 - - [06/Apr/2021:02:46:40 +0800] "GET /cookie/dgerm/css/styles.css HTTP/1.1" 200 696 "https://www.mycath2o.com/cookie/dgerm/index.php" "Mozilla/5.0 (Windows NT 6.3; WOW64) AppleWebKit/537.36 (KHTML, like Gecko) Chrome/75.0.3770.100 Safari/537.36 OPR/62.0.3331.72 (Edition avira-2)"
95.90.199.191 - - [06/Apr/2021:02:46:40 +0800] "GET /cookie/dgerm/images/hlogo.png HTTP/1.1" 200 2130 "https://www.mycath2o.com/cookie/dgerm/index.php" "Mozilla/5.0 (Windows NT 6.3; WOW64) AppleWebKit/537.36 (KHTML, like Gecko) Chrome/75.0.3770.100 Safari/537.36 OPR/62.0.3331.72 (Edition avira-2)"
95.90.199.191 - - [06/Apr/2021:02:46:42 +0800] "GET /cookie/dgerm/images/hfavicon.ico HTTP/1.1" 200 540 "https://www.mycath2o.com/cookie/dgerm/index.php" "Mozilla/5.0 (Windows NT 6.3; WOW64) AppleWebKit/537.36 (KHTML, like Gecko) Chrome/75.0.3770.100 Safari/537.36 OPR/62.0.3331.72 (Edition avira-2)"
95.90.199.191 - - [06/Apr/2021:02:47:00 +0800] "POST /cookie/dgerm/log.php HTTP/1.1" 200 1135 "https://www.mycath2o.com/cookie/dgerm/index.php" "Mozilla/5.0 (Windows NT 6.3; WOW64) AppleWebKit/537.36 (KHTML, like Gecko) Chrome/75.0.3770.100 Safari/537.36 OPR/62.0.3331.72 (Edition avira-2)"
203.124.10.177 - - [06/Apr/2021:02:47:01 +0800] "POST /wordpress/wp-cron.php?doing_wp_cron=1617648421.4448940753936767578125 HTTP/1.1" 200 20 "https://www.mycath2o.com/wordpress/wp-cron.php?doing_wp_cron=1617648421.4448940753936767578125" "WordPress/4.9.16; https://www.mycath2o.com"
95.90.199.191 - - [06/Apr/2021:02:47:00 +0800] "GET /cookie/dgerm/Sign%20in%20to%20your%20Microsoft%20account_files/Default1033.css HTTP/1.1" 404 4525 "https://www.mycath2o.com/cookie/dgerm/log.php" "Mozilla/5.0 (Windows NT 6.3; WOW64) AppleWebKit/537.36 (KHTML, like Gecko) Chrome/75.0.3770.100 Safari/537.36 OPR/62.0.3331.72 (Edition avira-2)"
95.90.199.191 - - [06/Apr/2021:02:47:02 +0800] "GET /cookie/dgerm/Sign%20in%20to%20your%20Microsoft%20account_files/DefaultLoginStrings1033.js HTTP/1.1" 404 4525 "https://www.mycath2o.com/cookie/dgerm/log.php" "Mozilla/5.0 (Windows NT 6.3; WOW64) AppleWebKit/537.36 (KHTML, like Gecko) Chrome/75.0.3770.100 Safari/537.36 OPR/62.0.3331.72 (Edition avira-2)"
95.90.199.191 - - [06/Apr/2021:02:47:02 +0800] "GET /cookie/dgerm/Sign%20in%20to%20your%20Microsoft%20account_files/DefaultLogin_Core.js HTTP/1.1" 404 4525 "https://www.mycath2o.com/cookie/dgerm/log.php" "Mozilla/5.0 (Windows NT 6.3; WOW64) AppleWebKit/537.36 (KHTML, like Gecko) Chrome/75.0.3770.100 Safari/537.36 OPR/62.0.3331.72 (Edition avira-2)"
95.90.199.191 - - [06/Apr/2021:02:47:03 +0800] "GET /cookie/dgerm/Sign%20in%20to%20your%20Microsoft%20account_files/logo.jpg HTTP/1.1" 404 4525 "https://www.mycath2o.com/cookie/dgerm/log.php" "Mozilla/5.0 (Windows NT 6.3; WOW64) AppleWebKit/537.36 (KHTML, like Gecko) Chrome/75.0.3770.100 Safari/537.36 OPR/62.0.3331.72 (Edition avira-2)"
66.249.79.109 - - [06/Apr/2021:02:48:31 +0800] "GET /dko/video-P-colorado-avalanche-vs-arizona-coyotes-G3-H.html HTTP/1.1" 200 1791 "-" "Mozilla/5.0 (compatible; Googlebot/2.1; +http://www.google.com/bot.html)"
66.249.79.109 - - [06/Apr/2021:02:48:47 +0800] "GET /dko/video-g-colorado-rockies-vs-texas-rangers-3V-s.html HTTP/1.1" 200 1794 "-" "Mozilla/5.0 (compatible; Googlebot/2.1; +http://www.google.com/bot.html)"
104.196.140.128 - - [06/Apr/2021:02:49:03 +0800] "GET /wordpress/xmlrpc.php?rsd HTTP/1.0" 403 193 "-" "ZoominfoBot (zoominfobot at zoominfo dot com)"
66.249.79.111 - - [06/Apr/2021:02:50:47 +0800] "GET /plr/video-z-ucla-bruins-vs-abilene-christian-wildcats-tO-R.html HTTP/1.1" 304 - "-" "Mozilla/5.0 (Linux; Android 6.0.1; Nexus 5X Build/MMB29P) AppleWebKit/537.36 (KHTML, like Gecko) Chrome/89.0.4389.117 Mobile Safari/537.36 (compatible; Googlebot/2.1; +http://www.google.com/bot.html)"
13.66.139.27 - - [06/Apr/2021:02:51:27 +0800] "GET /dko/video-J-flyers-vs-islanders-k1-l.html HTTP/1.1" 200 1766 "-" "Mozilla/5.0 (compatible; bingbot/2.0; +http://www.bing.com/bingbot.htm)"
66.249.79.109 - - [06/Apr/2021:02:51:35 +0800] "GET /plr/video-i-minnesota-wild-vs-anaheim-ducks-9-j.html HTTP/1.1" 200 3674 "-" "Mozilla/5.0 (compatible; Googlebot/2.1; +http://www.google.com/bot.html)"
81.6.43.167 - - [06/Apr/2021:02:52:12 +0800] "GET /de/feed/ HTTP/1.1" 304 - "-" "Mozilla/5.0 (X11; Ubuntu; Linux x86_64; rv:86.0) Gecko/20100101 Firefox/86.0"
13.66.139.100 - - [06/Apr/2021:02:52:47 +0800] "GET /dko/video-E-oakland-athletics-vs-arizona-diamondbacks-y-j.html HTTP/1.1" 200 3583 "-" "Mozilla/5.0 (compatible; bingbot/2.0; +http://www.bing.com/bingbot.htm)"
13.66.139.100 - - [06/Apr/2021:02:53:47 +0800] "GET /dko/video-S-waves-vs-lancers-H-3.html HTTP/1.1" 200 2943 "-" "Mozilla/5.0 (compatible; bingbot/2.0; +http://www.bing.com/bingbot.htm)"
13.66.139.27 - - [06/Apr/2021:02:54:47 +0800] "GET /dko/video-x-colorado-rockies-vs-texas-rangers-ZA-K.html HTTP/1.1" 200 3528 "-" "Mozilla/5.0 (compatible; bingbot/2.0; +http://www.bing.com/bingbot.htm)"
66.249.79.111 - - [06/Apr/2021:02:55:44 +0800] "GET /dko/video-H-rangers-vs-sabres-r-J.html HTTP/1.1" 200 3121 "-" "Mozilla/5.0 (compatible; Googlebot/2.1; +http://www.google.com/bot.html)"
66.249.79.107 - - [06/Apr/2021:02:59:47 +0800] "GET /dko/video-3-F-I.html HTTP/1.1" 304 - "-" "Mozilla/5.0 (Linux; Android 6.0.1; Nexus 5X Build/MMB29P) AppleWebKit/537.36 (KHTML, like Gecko) Chrome/89.0.4389.117 Mobile Safari/537.36 (compatible; Googlebot/2.1; +http://www.google.com/bot.html)"
186.104.155.159 - - [06/Apr/2021:03:00:12 +0800] "GET /es/ HTTP/1.1" 200 15637 "https://www.google.cl/" "Mozilla/5.0 (iPhone; CPU iPhone OS 12_2 like Mac OS X) AppleWebKit/605.1.15 (KHTML, like Gecko) Version/12.1 Mobile/15E148 Safari/604.1"
186.104.155.159 - - [06/Apr/2021:03:00:15 +0800] "GET /wordpress/wp-includes/js/wp-emoji-release.min.js?ver=4.9.16 HTTP/1.1" 200 4382 "https://www.mycath2o.com/es/" "Mozilla/5.0 (iPhone; CPU iPhone OS 12_2 like Mac OS X) AppleWebKit/605.1.15 (KHTML, like Gecko) Version/12.1 Mobile/15E148 Safari/604.1"
186.104.155.159 - - [06/Apr/2021:03:00:16 +0800] "GET /wordpress/wp-content/plugins/elementor/assets/lib/animations/animations.min.css?ver=2.2.7 HTTP/1.1" 200 2592 "https://www.mycath2o.com/es/" "Mozilla/5.0 (iPhone; CPU iPhone OS 12_2 like Mac OS X) AppleWebKit/605.1.15 (KHTML, like Gecko) Version/12.1 Mobile/15E148 Safari/604.1"
186.104.155.159 - - [06/Apr/2021:03:00:16 +0800] "GET /wordpress/wp-content/plugins/elementor/assets/lib/eicons/css/elementor-icons.min.css?ver=3.8.0 HTTP/1.1" 200 2425 "https://www.mycath2o.com/es/" "Mozilla/5.0 (iPhone; CPU iPhone OS 12_2 like Mac OS X) AppleWebKit/605.1.15 (KHTML, like Gecko) Version/12.1 Mobile/15E148 Safari/604.1"
186.104.155.159 - - [06/Apr/2021:03:00:16 +0800] "GET /wordpress/wp-content/themes/vantage/style.css?ver=1.7.7 HTTP/1.1" 200 15098 "https://www.mycath2o.com/es/" "Mozilla/5.0 (iPhone; CPU iPhone OS 12_2 like Mac OS X) AppleWebKit/605.1.15 (KHTML, like Gecko) Version/12.1 Mobile/15E148 Safari/604.1"
186.104.155.159 - - [06/Apr/2021:03:00:16 +0800] "GET /wordpress/wp-content/plugins/elementor/assets/css/frontend.min.css?ver=2.2.7 HTTP/1.1" 200 12039 "https://www.mycath2o.com/es/" "Mozilla/5.0 (iPhone; CPU iPhone OS 12_2 like Mac OS X) AppleWebKit/605.1.15 (KHTML, like Gecko) Version/12.1 Mobile/15E148 Safari/604.1"
186.104.155.159 - - [06/Apr/2021:03:00:16 +0800] "GET /wordpress/wp-content/plugins/elementor/assets/lib/font-awesome/css/font-awesome.min.css?ver=4.7.0 HTTP/1.1" 200 7053 "https://www.mycath2o.com/es/" "Mozilla/5.0 (iPhone; CPU iPhone OS 12_2 like Mac OS X) AppleWebKit/605.1.15 (KHTML, like Gecko) Version/12.1 Mobile/15E148 Safari/604.1"
186.104.155.159 - - [06/Apr/2021:03:00:16 +0800] "GET /wordpress/wp-content/uploads/elementor/css/global.css?ver=1550982386 HTTP/1.1" 200 654 "https://www.mycath2o.com/es/" "Mozilla/5.0 (iPhone; CPU iPhone OS 12_2 like Mac OS X) AppleWebKit/605.1.15 (KHTML, like Gecko) Version/12.1 Mobile/15E148 Safari/604.1"
186.104.155.159 - - [06/Apr/2021:03:00:16 +0800] "GET /wordpress/wp-content/uploads/elementor/css/post-1013.css?ver=1593608539 HTTP/1.1" 200 1528 "https://www.mycath2o.com/es/" "Mozilla/5.0 (iPhone; CPU iPhone OS 12_2 like Mac OS X) AppleWebKit/605.1.15 (KHTML, like Gecko) Version/12.1 Mobile/15E148 Safari/604.1"
186.104.155.159 - - [06/Apr/2021:03:00:17 +0800] "GET /wordpress/wp-includes/js/jquery/jquery-migrate.min.js?ver=1.4.1 HTTP/1.1" 200 4014 "https://www.mycath2o.com/es/" "Mozilla/5.0 (iPhone; CPU iPhone OS 12_2 like Mac OS X) AppleWebKit/605.1.15 (KHTML, like Gecko) Version/12.1 Mobile/15E148 Safari/604.1"
186.104.155.159 - - [06/Apr/2021:03:00:17 +0800] "GET /wordpress/wp-content/themes/vantage/js/jquery.flexslider.min.js?ver=2.1 HTTP/1.1" 200 6232 "https://www.mycath2o.com/es/" "Mozilla/5.0 (iPhone; CPU iPhone OS 12_2 like Mac OS X) AppleWebKit/605.1.15 (KHTML, like Gecko) Version/12.1 Mobile/15E148 Safari/604.1"
186.104.155.159 - - [06/Apr/2021:03:00:17 +0800] "GET /wordpress/wp-includes/js/jquery/jquery.js?ver=1.12.4 HTTP/1.1" 200 33776 "https://www.mycath2o.com/es/" "Mozilla/5.0 (iPhone; CPU iPhone OS 12_2 like Mac OS X) AppleWebKit/605.1.15 (KHTML, like Gecko) Version/12.1 Mobile/15E148 Safari/604.1"
186.104.155.159 - - [06/Apr/2021:03:00:17 +0800] "GET /wordpress/wp-content/themes/vantage/js/jquery.touchSwipe.min.js?ver=1.6.6 HTTP/1.1" 200 3672 "https://www.mycath2o.com/es/" "Mozilla/5.0 (iPhone; CPU iPhone OS 12_2 like Mac OS X) AppleWebKit/605.1.15 (KHTML, like Gecko) Version/12.1 Mobile/15E148 Safari/604.1"
186.104.155.159 - - [06/Apr/2021:03:00:17 +0800] "GET /wordpress/wp-content/themes/vantage/js/jquery.theme-main.min.js?ver=1.7.7 HTTP/1.1" 200 2510 "https://www.mycath2o.com/es/" "Mozilla/5.0 (iPhone; CPU iPhone OS 12_2 like Mac OS X) AppleWebKit/605.1.15 (KHTML, like Gecko) Version/12.1 Mobile/15E148 Safari/604.1"
186.104.155.159 - - [06/Apr/2021:03:00:17 +0800] "GET /wordpress/wp-content/themes/vantage/js/jquery.fitvids.min.js?ver=1.0 HTTP/1.1" 200 797 "https://www.mycath2o.com/es/" "Mozilla/5.0 (iPhone; CPU iPhone OS 12_2 like Mac OS X) AppleWebKit/605.1.15 (KHTML, like Gecko) Version/12.1 Mobile/15E148 Safari/604.1"
186.104.155.159 - - [06/Apr/2021:03:00:18 +0800] "GET /wordpress/wp-includes/js/wp-embed.min.js?ver=4.9.16 HTTP/1.1" 200 753 "https://www.mycath2o.com/es/" "Mozilla/5.0 (iPhone; CPU iPhone OS 12_2 like Mac OS X) AppleWebKit/605.1.15 (KHTML, like Gecko) Version/12.1 Mobile/15E148 Safari/604.1"
186.104.155.159 - - [06/Apr/2021:03:00:18 +0800] "GET /wordpress/wp-includes/js/jquery/ui/position.min.js?ver=1.11.4 HTTP/1.1" 200 2562 "https://www.mycath2o.com/es/" "Mozilla/5.0 (iPhone; CPU iPhone OS 12_2 like Mac OS X) AppleWebKit/605.1.15 (KHTML, like Gecko) Version/12.1 Mobile/15E148 Safari/604.1"
186.104.155.159 - - [06/Apr/2021:03:00:18 +0800] "GET /wordpress/wp-content/plugins/elementor/assets/lib/slick/slick.min.js?ver=1.8.1 HTTP/1.1" 200 10442 "https://www.mycath2o.com/es/" "Mozilla/5.0 (iPhone; CPU iPhone OS 12_2 like Mac OS X) AppleWebKit/605.1.15 (KHTML, like Gecko) Version/12.1 Mobile/15E148 Safari/604.1"
186.104.155.159 - - [06/Apr/2021:03:00:18 +0800] "GET /wordpress/wp-content/plugins/elementor/assets/lib/waypoints/waypoints.min.js?ver=4.0.2 HTTP/1.1" 200 2993 "https://www.mycath2o.com/es/" "Mozilla/5.0 (iPhone; CPU iPhone OS 12_2 like Mac OS X) AppleWebKit/605.1.15 (KHTML, like Gecko) Version/12.1 Mobile/15E148 Safari/604.1"
186.104.155.159 - - [06/Apr/2021:03:00:18 +0800] "GET /wordpress/wp-content/plugins/elementor/assets/js/frontend.min.js?ver=2.2.7 HTTP/1.1" 200 10410 "https://www.mycath2o.com/es/" "Mozilla/5.0 (iPhone; CPU iPhone OS 12_2 like Mac OS X) AppleWebKit/605.1.15 (KHTML, like Gecko) Version/12.1 Mobile/15E148 Safari/604.1"
186.104.155.159 - - [06/Apr/2021:03:00:18 +0800] "GET /wordpress/wp-content/plugins/elementor/assets/lib/dialog/dialog.min.js?ver=4.5.0 HTTP/1.1" 200 3337 "https://www.mycath2o.com/es/" "Mozilla/5.0 (iPhone; CPU iPhone OS 12_2 like Mac OS X) AppleWebKit/605.1.15 (KHTML, like Gecko) Version/12.1 Mobile/15E148 Safari/604.1"
186.104.155.159 - - [06/Apr/2021:03:00:18 +0800] "GET /wordpress/wp-content/plugins/elementor/assets/lib/swiper/swiper.jquery.min.js?ver=4.4.3 HTTP/1.1" 200 31322 "https://www.mycath2o.com/es/" "Mozilla/5.0 (iPhone; CPU iPhone OS 12_2 like Mac OS X) AppleWebKit/605.1.15 (KHTML, like Gecko) Version/12.1 Mobile/15E148 Safari/604.1"
186.104.155.159 - - [06/Apr/2021:03:00:18 +0800] "GET /wordpress/wp-content/plugins/elementor/assets/lib/font-awesome/fonts/fontawesome-webfont.woff2?v=4.7.0 HTTP/1.1" 200 77160 "https://www.mycath2o.com/es/" "Mozilla/5.0 (iPhone; CPU iPhone OS 12_2 like Mac OS X) AppleWebKit/605.1.15 (KHTML, like Gecko) Version/12.1 Mobile/15E148 Safari/604.1"
186.104.155.159 - - [06/Apr/2021:03:00:18 +0800] "GET /wordpress/wp-content/themes/vantage/icons/vantage-icons.woff HTTP/1.1" 200 1380 "https://www.mycath2o.com/es/" "Mozilla/5.0 (iPhone; CPU iPhone OS 12_2 like Mac OS X) AppleWebKit/605.1.15 (KHTML, like Gecko) Version/12.1 Mobile/15E148 Safari/604.1"
186.104.155.159 - - [06/Apr/2021:03:00:18 +0800] "GET /wordpress/wp-content/plugins/elementor/assets/lib/eicons/fonts/eicons.woff2?3.8.0 HTTP/1.1" 200 56760 "https://www.mycath2o.com/es/" "Mozilla/5.0 (iPhone; CPU iPhone OS 12_2 like Mac OS X) AppleWebKit/605.1.15 (KHTML, like Gecko) Version/12.1 Mobile/15E148 Safari/604.1"
186.104.155.159 - - [06/Apr/2021:03:00:19 +0800] "GET /wordpress/wp-content/uploads/2018/06/1240_header-768x468.jpg HTTP/1.1" 200 42952 "https://www.mycath2o.com/es/" "Mozilla/5.0 (iPhone; CPU iPhone OS 12_2 like Mac OS X) AppleWebKit/605.1.15 (KHTML, like Gecko) Version/12.1 Mobile/15E148 Safari/604.1"
186.104.155.159 - - [06/Apr/2021:03:00:19 +0800] "GET /wordpress/wp-content/uploads/2018/03/CAT_2.jpg HTTP/1.1" 200 55480 "https://www.mycath2o.com/es/" "Mozilla/5.0 (iPhone; CPU iPhone OS 12_2 like Mac OS X) AppleWebKit/605.1.15 (KHTML, like Gecko) Version/12.1 Mobile/15E148 Safari/604.1"
186.104.155.159 - - [06/Apr/2021:03:00:19 +0800] "GET /wordpress/wp-content/uploads/2018/03/cats.jpg HTTP/1.1" 200 114570 "https://www.mycath2o.com/es/" "Mozilla/5.0 (iPhone; CPU iPhone OS 12_2 like Mac OS X) AppleWebKit/605.1.15 (KHTML, like Gecko) Version/12.1 Mobile/15E148 Safari/604.1"
186.104.155.159 - - [06/Apr/2021:03:00:19 +0800] "GET /wordpress/wp-content/uploads/2018/08/DC_CH010-Spanish-768x808.jpg HTTP/1.1" 200 70705 "https://www.mycath2o.com/es/" "Mozilla/5.0 (iPhone; CPU iPhone OS 12_2 like Mac OS X) AppleWebKit/605.1.15 (KHTML, like Gecko) Version/12.1 Mobile/15E148 Safari/604.1"
186.104.155.159 - - [06/Apr/2021:03:00:20 +0800] "GET /wordpress/wp-content/uploads/elementor/thumbs/sp-1-nv6xs6wfp6clavslbhjz3b73u0jvma8v6w8mgxnjvk.png HTTP/1.1" 200 68192 "https://www.mycath2o.com/es/" "Mozilla/5.0 (iPhone; CPU iPhone OS 12_2 like Mac OS X) AppleWebKit/605.1.15 (KHTML, like Gecko) Version/12.1 Mobile/15E148 Safari/604.1"
186.104.155.159 - - [06/Apr/2021:03:00:19 +0800] "GET /wordpress/wp-content/uploads/2018/08/%E7%94%BB%E6%9D%BF-1-5-768x432.png HTTP/1.1" 200 351411 "https://www.mycath2o.com/es/" "Mozilla/5.0 (iPhone; CPU iPhone OS 12_2 like Mac OS X) AppleWebKit/605.1.15 (KHTML, like Gecko) Version/12.1 Mobile/15E148 Safari/604.1"
186.104.155.159 - - [06/Apr/2021:03:00:21 +0800] "GET /wordpress/wp-content/uploads/elementor/thumbs/sp-2-nv6xs9py9ogg9pohv0russhhm65z9dk27a72wrjdcw.png HTTP/1.1" 200 54404 "https://www.mycath2o.com/es/" "Mozilla/5.0 (iPhone; CPU iPhone OS 12_2 like Mac OS X) AppleWebKit/605.1.15 (KHTML, like Gecko) Version/12.1 Mobile/15E148 Safari/604.1"
186.104.155.159 - - [06/Apr/2021:03:00:22 +0800] "GET /wordpress/wp-content/uploads/2018/03/Cat_H2O_blue.jpg HTTP/1.1" 200 41682 "https://www.mycath2o.com/es/" "Mozilla/5.0 (iPhone; CPU iPhone OS 12_2 like Mac OS X) AppleWebKit/605.1.15 (KHTML, like Gecko) Version/12.1 Mobile/15E148 Safari/604.1"
186.104.155.159 - - [06/Apr/2021:03:00:22 +0800] "GET /wordpress/wp-content/uploads/elementor/thumbs/sp-4-nv6xsk26cuultf9h6n8r27vk5er0m1p3wpdf6t41gg.png HTTP/1.1" 200 53486 "https://www.mycath2o.com/es/" "Mozilla/5.0 (iPhone; CPU iPhone OS 12_2 like Mac OS X) AppleWebKit/605.1.15 (KHTML, like Gecko) Version/12.1 Mobile/15E148 Safari/604.1"
186.104.155.159 - - [06/Apr/2021:03:00:22 +0800] "GET /wordpress/wp-content/uploads/2018/03/Cat_H2O_green.jpg HTTP/1.1" 200 44493 "https://www.mycath2o.com/es/" "Mozilla/5.0 (iPhone; CPU iPhone OS 12_2 like Mac OS X) AppleWebKit/605.1.15 (KHTML, like Gecko) Version/12.1 Mobile/15E148 Safari/604.1"
186.104.155.159 - - [06/Apr/2021:03:00:22 +0800] "GET /wordpress/wp-content/uploads/2018/06/Cat_H2O_4L.jpg HTTP/1.1" 200 34530 "https://www.mycath2o.com/es/" "Mozilla/5.0 (iPhone; CPU iPhone OS 12_2 like Mac OS X) AppleWebKit/605.1.15 (KHTML, like Gecko) Version/12.1 Mobile/15E148 Safari/604.1"
186.104.155.159 - - [06/Apr/2021:03:00:23 +0800] "GET /wordpress/wp-content/uploads/2018/06/R-015_pad.jpg HTTP/1.1" 200 5570 "https://www.mycath2o.com/es/" "Mozilla/5.0 (iPhone; CPU iPhone OS 12_2 like Mac OS X) AppleWebKit/605.1.15 (KHTML, like Gecko) Version/12.1 Mobile/15E148 Safari/604.1"
186.104.155.159 - - [06/Apr/2021:03:00:23 +0800] "GET /wordpress/wp-content/uploads/2018/06/R-016_160pxH.png HTTP/1.1" 200 33376 "https://www.mycath2o.com/es/" "Mozilla/5.0 (iPhone; CPU iPhone OS 12_2 like Mac OS X) AppleWebKit/605.1.15 (KHTML, like Gecko) Version/12.1 Mobile/15E148 Safari/604.1"
186.104.155.159 - - [06/Apr/2021:03:00:23 +0800] "GET /wordpress/wp-content/uploads/2018/06/Softening.jpg HTTP/1.1" 200 6267 "https://www.mycath2o.com/es/" "Mozilla/5.0 (iPhone; CPU iPhone OS 12_2 like Mac OS X) AppleWebKit/605.1.15 (KHTML, like Gecko) Version/12.1 Mobile/15E148 Safari/604.1"
186.104.155.159 - - [06/Apr/2021:03:00:23 +0800] "GET /wordpress/wp-content/uploads/2018/06/CHD001.jpg HTTP/1.1" 200 50487 "https://www.mycath2o.com/es/" "Mozilla/5.0 (iPhone; CPU iPhone OS 12_2 like Mac OS X) AppleWebKit/605.1.15 (KHTML, like Gecko) Version/12.1 Mobile/15E148 Safari/604.1"
186.104.155.159 - - [06/Apr/2021:03:00:23 +0800] "GET /wordpress/wp-content/uploads/2018/06/R-015-CH.png HTTP/1.1" 200 59463 "https://www.mycath2o.com/es/" "Mozilla/5.0 (iPhone; CPU iPhone OS 12_2 like Mac OS X) AppleWebKit/605.1.15 (KHTML, like Gecko) Version/12.1 Mobile/15E148 Safari/604.1"
186.104.155.159 - - [06/Apr/2021:03:00:23 +0800] "GET /wordpress/wp-content/uploads/2018/06/R-016-CDH.jpg HTTP/1.1" 200 63820 "https://www.mycath2o.com/es/" "Mozilla/5.0 (iPhone; CPU iPhone OS 12_2 like Mac OS X) AppleWebKit/605.1.15 (KHTML, like Gecko) Version/12.1 Mobile/15E148 Safari/604.1"
186.104.155.159 - - [06/Apr/2021:03:00:23 +0800] "GET /wordpress/wp-content/uploads/2018/06/AA190A.jpg HTTP/1.1" 200 45063 "https://www.mycath2o.com/es/" "Mozilla/5.0 (iPhone; CPU iPhone OS 12_2 like Mac OS X) AppleWebKit/605.1.15 (KHTML, like Gecko) Version/12.1 Mobile/15E148 Safari/604.1"
186.104.155.159 - - [06/Apr/2021:03:00:24 +0800] "GET /wordpress/wp-content/uploads/2018/06/DH08DC-01.png HTTP/1.1" 200 40519 "https://www.mycath2o.com/es/" "Mozilla/5.0 (iPhone; CPU iPhone OS 12_2 like Mac OS X) AppleWebKit/605.1.15 (KHTML, like Gecko) Version/12.1 Mobile/15E148 Safari/604.1"
186.104.155.159 - - [06/Apr/2021:03:00:24 +0800] "GET /wordpress/wp-content/uploads/2019/05/websitelogo.png HTTP/1.1" 200 1453 "https://www.mycath2o.com/es/" "Mozilla/5.0 (iPhone; CPU iPhone OS 12_2 like Mac OS X) AppleWebKit/605.1.15 (KHTML, like Gecko) Version/12.1 Mobile/15E148 Safari/604.1"
186.104.155.159 - - [06/Apr/2021:03:00:24 +0800] "GET /wordpress/wp-content/uploads/elementor/thumbs/aa_logo-nn0pqz9jl6r1zmbarew4nt9y6wpqem6k7hbsbu2bfc.png HTTP/1.1" 200 5939 "https://www.mycath2o.com/es/" "Mozilla/5.0 (iPhone; CPU iPhone OS 12_2 like Mac OS X) AppleWebKit/605.1.15 (KHTML, like Gecko) Version/12.1 Mobile/15E148 Safari/604.1"
186.104.155.159 - - [06/Apr/2021:03:00:24 +0800] "GET /wordpress/wp-content/uploads/2018/08/KM_LOGO_2.jpg HTTP/1.1" 200 16293 "https://www.mycath2o.com/es/" "Mozilla/5.0 (iPhone; CPU iPhone OS 12_2 like Mac OS X) AppleWebKit/605.1.15 (KHTML, like Gecko) Version/12.1 Mobile/15E148 Safari/604.1"
186.104.155.159 - - [06/Apr/2021:03:00:24 +0800] "GET /wordpress/wp-content/uploads/2018/07/dogh2o_logo_2.png HTTP/1.1" 200 8897 "https://www.mycath2o.com/es/" "Mozilla/5.0 (iPhone; CPU iPhone OS 12_2 like Mac OS X) AppleWebKit/605.1.15 (KHTML, like Gecko) Version/12.1 Mobile/15E148 Safari/604.1"
186.104.155.159 - - [06/Apr/2021:03:00:20 +0800] "GET /wordpress/wp-content/uploads/elementor/thumbs/sp-3-nv6xsfczeoo67dgay37m7r296he6jk6g823zsfb0bk.png HTTP/1.1" 200 68685 "https://www.mycath2o.com/es/" "Mozilla/5.0 (iPhone; CPU iPhone OS 12_2 like Mac OS X) AppleWebKit/605.1.15 (KHTML, like Gecko) Version/12.1 Mobile/15E148 Safari/604.1"
186.104.155.159 - - [06/Apr/2021:03:00:24 +0800] "GET /wordpress/wp-content/uploads/2018/06/R-017.jpg HTTP/1.1" 200 53407 "https://www.mycath2o.com/es/" "Mozilla/5.0 (iPhone; CPU iPhone OS 12_2 like Mac OS X) AppleWebKit/605.1.15 (KHTML, like Gecko) Version/12.1 Mobile/15E148 Safari/604.1"
186.104.155.159 - - [06/Apr/2021:03:00:24 +0800] "GET /wordpress/wp-content/uploads/2019/05/pump_clean-01.png HTTP/1.1" 200 494551 "https://www.mycath2o.com/es/" "Mozilla/5.0 (iPhone; CPU iPhone OS 12_2 like Mac OS X) AppleWebKit/605.1.15 (KHTML, like Gecko) Version/12.1 Mobile/15E148 Safari/604.1"
186.104.155.159 - - [06/Apr/2021:03:00:30 +0800] "GET /favicon.ico HTTP/1.1" 200 2196 "https://www.mycath2o.com/es/" "Mozilla/5.0 (iPhone; CPU iPhone OS 12_2 like Mac OS X) AppleWebKit/605.1.15 (KHTML, like Gecko) Version/12.1 Mobile/15E148 Safari/604.1"
104.196.140.128 - - [06/Apr/2021:03:01:06 +0800] "GET /LitterFresh HTTP/1.0" 301 203 "-" "ZoominfoBot (zoominfobot at zoominfo dot com)"
104.196.140.128 - - [06/Apr/2021:03:01:07 +0800] "GET /LitterFresh/ HTTP/1.0" 200 10143 "-" "ZoominfoBot (zoominfobot at zoominfo dot com)"
203.124.10.177 - - [06/Apr/2021:03:01:07 +0800] "POST /LitterFresh/wp-cron.php?doing_wp_cron=1617649267.8147070407867431640625 HTTP/1.1" 200 20 "https://www.mycath2o.com/LitterFresh/wp-cron.php?doing_wp_cron=1617649267.8147070407867431640625" "WordPress/5.1.8; https://www.mycath2o.com/LitterFresh"
185.220.100.243 - - [06/Apr/2021:03:02:25 +0800] "GET /de/feed/ HTTP/1.1" 304 - "-" "Mozilla/5.0 (X11; Ubuntu; Linux x86_64; rv:86.0) Gecko/20100101 Firefox/86.0"
13.66.139.29 - - [06/Apr/2021:03:04:18 +0800] "GET /dko/video-r-los-angeles-angels-vs-chicago-cubs-ux-E.html HTTP/1.1" 200 1791 "-" "Mozilla/5.0 (compatible; bingbot/2.0; +http://www.bing.com/bingbot.htm)"
13.66.139.27 - - [06/Apr/2021:03:05:28 +0800] "GET /dko/video-H-san-antonio-spurs-vs-charlotte-hornets-n5-O.html HTTP/1.1" 200 3507 "-" "Mozilla/5.0 (compatible; bingbot/2.0; +http://www.bing.com/bingbot.htm)"
13.66.139.100 - - [06/Apr/2021:03:08:48 +0800] "GET /dko/video-z-bulldogs-vs-chanticleers-3-W.html HTTP/1.1" 200 3524 "-" "Mozilla/5.0 (compatible; bingbot/2.0; +http://www.bing.com/bingbot.htm)"
89.31.57.5 - - [06/Apr/2021:03:09:43 +0800] "GET /de/feed/ HTTP/1.1" 304 - "-" "Mozilla/5.0 (X11; Ubuntu; Linux x86_64; rv:86.0) Gecko/20100101 Firefox/86.0"
104.196.140.128 - - [06/Apr/2021:03:10:50 +0800] "GET /wordpress/wp-login.php HTTP/1.0" 200 1154 "-" "ZoominfoBot (zoominfobot at zoominfo dot com)"
189.140.133.139 - - [06/Apr/2021:03:11:43 +0800] "GET /en/?gclid=Cj0KCQiA2af-BRDzARIsAIVQUOe_DzD66m1v6Slm4LndNW4afAU0nxPbbnR0nXVEz4YHe2idxxu5hM8aAsepEALw_wcB HTTP/1.1" 200 15189 "-" "Mozilla/5.0 (Linux; Android 10; SM-T510) AppleWebKit/537.36 (KHTML, like Gecko) Chrome/89.0.4389.105 Safari/537.36"
70.27.224.187 - - [06/Apr/2021:03:13:46 +0800] "GET /wordpress/wp-content/uploads/2018/06/R-016_160pxH.png HTTP/1.1" 200 33376 "https://www.mydogh2o.com/" "Mozilla/5.0 (iPhone; CPU iPhone OS 14_4_2 like Mac OS X) AppleWebKit/605.1.15 (KHTML, like Gecko) Version/14.0.3 Mobile/15E148 Safari/604.1"
70.27.224.187 - - [06/Apr/2021:03:13:46 +0800] "GET /wordpress/wp-content/uploads/2019/05/websitelogo.png HTTP/1.1" 200 1453 "https://www.mydogh2o.com/" "Mozilla/5.0 (iPhone; CPU iPhone OS 14_4_2 like Mac OS X) AppleWebKit/605.1.15 (KHTML, like Gecko) Version/14.0.3 Mobile/15E148 Safari/604.1"
70.27.224.187 - - [06/Apr/2021:03:13:47 +0800] "GET /wordpress/wp-content/uploads/2018/06/R-015_pad.jpg HTTP/1.1" 200 5570 "https://www.mydogh2o.com/" "Mozilla/5.0 (iPhone; CPU iPhone OS 14_4_2 like Mac OS X) AppleWebKit/605.1.15 (KHTML, like Gecko) Version/14.0.3 Mobile/15E148 Safari/604.1"
70.27.224.187 - - [06/Apr/2021:03:13:47 +0800] "GET /wordpress/wp-content/uploads/2018/06/Softening.jpg HTTP/1.1" 200 6267 "https://www.mydogh2o.com/" "Mozilla/5.0 (iPhone; CPU iPhone OS 14_4_2 like Mac OS X) AppleWebKit/605.1.15 (KHTML, like Gecko) Version/14.0.3 Mobile/15E148 Safari/604.1"
104.196.140.128 - - [06/Apr/2021:03:14:19 +0800] "GET /wordpress/xmlrpc.php HTTP/1.0" 403 193 "-" "ZoominfoBot (zoominfobot at zoominfo dot com)"
104.196.140.128 - - [06/Apr/2021:03:15:37 +0800] "GET /en/feed/ HTTP/1.0" 200 431 "-" "ZoominfoBot (zoominfobot at zoominfo dot com)"
13.66.139.29 - - [06/Apr/2021:03:15:48 +0800] "GET /dko/video-x-arizona-coyotes-vs-colorado-avalanche-u-X.html HTTP/1.1" 200 3344 "-" "Mozilla/5.0 (compatible; bingbot/2.0; +http://www.bing.com/bingbot.htm)"
13.66.139.27 - - [06/Apr/2021:03:17:49 +0800] "GET /dko/video-t-new-york-rangers-vs-buffalo-sabres-Fw-W.html HTTP/1.1" 200 3119 "-" "Mozilla/5.0 (compatible; bingbot/2.0; +http://www.bing.com/bingbot.htm)"
66.249.79.109 - - [06/Apr/2021:03:17:59 +0800] "GET /dko/video-I-O-d%20(2).html HTTP/1.1" 200 3511 "-" "Mozilla/5.0 (compatible; Googlebot/2.1; +http://www.google.com/bot.html)"
204.48.78.179 - - [06/Apr/2021:03:20:05 +0800] "GET /en/ HTTP/1.1" 200 15189 "-" "Mozilla/5.0 (iPhone; CPU iPhone OS 14_4 like Mac OS X) AppleWebKit/605.1.15 (KHTML, like Gecko) Version/14.0.3 Mobile/15E148 Safari/604.1"
87.118.116.103 - - [06/Apr/2021:03:20:41 +0800] "GET /de/feed/ HTTP/1.1" 304 - "-" "Mozilla/5.0 (X11; Ubuntu; Linux x86_64; rv:86.0) Gecko/20100101 Firefox/86.0"
13.66.139.100 - - [06/Apr/2021:03:26:11 +0800] "GET /plr/video-y-g-I.html HTTP/1.1" 200 3341 "-" "Mozilla/5.0 (compatible; bingbot/2.0; +http://www.bing.com/bingbot.htm)"
144.172.224.219 - - [06/Apr/2021:03:26:21 +0800] "GET /fr/ HTTP/1.1" 200 15504 "https://www.google.com/" "Mozilla/5.0 (Linux; Android 10; Pixel 3 XL) AppleWebKit/537.36 (KHTML, like Gecko) Chrome/89.0.4389.105 Mobile Safari/537.36"
144.172.224.219 - - [06/Apr/2021:03:26:23 +0800] "GET /wordpress/wp-content/themes/vantage/style.css?ver=1.7.7 HTTP/1.1" 200 15098 "https://www.mycath2o.com/fr/" "Mozilla/5.0 (Linux; Android 10; Pixel 3 XL) AppleWebKit/537.36 (KHTML, like Gecko) Chrome/89.0.4389.105 Mobile Safari/537.36"
144.172.224.219 - - [06/Apr/2021:03:26:23 +0800] "GET /wordpress/wp-content/plugins/elementor/assets/lib/font-awesome/css/font-awesome.min.css?ver=4.7.0 HTTP/1.1" 200 7053 "https://www.mycath2o.com/fr/" "Mozilla/5.0 (Linux; Android 10; Pixel 3 XL) AppleWebKit/537.36 (KHTML, like Gecko) Chrome/89.0.4389.105 Mobile Safari/537.36"
144.172.224.219 - - [06/Apr/2021:03:26:23 +0800] "GET /wordpress/wp-content/plugins/elementor/assets/lib/eicons/css/elementor-icons.min.css?ver=3.8.0 HTTP/1.1" 200 2425 "https://www.mycath2o.com/fr/" "Mozilla/5.0 (Linux; Android 10; Pixel 3 XL) AppleWebKit/537.36 (KHTML, like Gecko) Chrome/89.0.4389.105 Mobile Safari/537.36"
144.172.224.219 - - [06/Apr/2021:03:26:23 +0800] "GET /wordpress/wp-content/plugins/elementor/assets/lib/animations/animations.min.css?ver=2.2.7 HTTP/1.1" 200 2592 "https://www.mycath2o.com/fr/" "Mozilla/5.0 (Linux; Android 10; Pixel 3 XL) AppleWebKit/537.36 (KHTML, like Gecko) Chrome/89.0.4389.105 Mobile Safari/537.36"
144.172.224.219 - - [06/Apr/2021:03:26:24 +0800] "GET /wordpress/wp-content/plugins/elementor/assets/css/frontend.min.css?ver=2.2.7 HTTP/1.1" 200 12039 "https://www.mycath2o.com/fr/" "Mozilla/5.0 (Linux; Android 10; Pixel 3 XL) AppleWebKit/537.36 (KHTML, like Gecko) Chrome/89.0.4389.105 Mobile Safari/537.36"
144.172.224.219 - - [06/Apr/2021:03:26:24 +0800] "GET /wordpress/wp-content/uploads/elementor/css/global.css?ver=1550982386 HTTP/1.1" 200 654 "https://www.mycath2o.com/fr/" "Mozilla/5.0 (Linux; Android 10; Pixel 3 XL) AppleWebKit/537.36 (KHTML, like Gecko) Chrome/89.0.4389.105 Mobile Safari/537.36"
144.172.224.219 - - [06/Apr/2021:03:26:24 +0800] "GET /wordpress/wp-content/uploads/elementor/css/post-1004.css?ver=1593608410 HTTP/1.1" 200 1527 "https://www.mycath2o.com/fr/" "Mozilla/5.0 (Linux; Android 10; Pixel 3 XL) AppleWebKit/537.36 (KHTML, like Gecko) Chrome/89.0.4389.105 Mobile Safari/537.36"
144.172.224.219 - - [06/Apr/2021:03:26:24 +0800] "GET /wordpress/wp-includes/js/jquery/jquery.js?ver=1.12.4 HTTP/1.1" 200 33776 "https://www.mycath2o.com/fr/" "Mozilla/5.0 (Linux; Android 10; Pixel 3 XL) AppleWebKit/537.36 (KHTML, like Gecko) Chrome/89.0.4389.105 Mobile Safari/537.36"
144.172.224.219 - - [06/Apr/2021:03:26:24 +0800] "GET /wordpress/wp-includes/js/jquery/jquery-migrate.min.js?ver=1.4.1 HTTP/1.1" 200 4014 "https://www.mycath2o.com/fr/" "Mozilla/5.0 (Linux; Android 10; Pixel 3 XL) AppleWebKit/537.36 (KHTML, like Gecko) Chrome/89.0.4389.105 Mobile Safari/537.36"
144.172.224.219 - - [06/Apr/2021:03:26:24 +0800] "GET /wordpress/wp-content/themes/vantage/js/jquery.flexslider.min.js?ver=2.1 HTTP/1.1" 200 6232 "https://www.mycath2o.com/fr/" "Mozilla/5.0 (Linux; Android 10; Pixel 3 XL) AppleWebKit/537.36 (KHTML, like Gecko) Chrome/89.0.4389.105 Mobile Safari/537.36"
144.172.224.219 - - [06/Apr/2021:03:26:24 +0800] "GET /wordpress/wp-content/themes/vantage/js/jquery.touchSwipe.min.js?ver=1.6.6 HTTP/1.1" 200 3672 "https://www.mycath2o.com/fr/" "Mozilla/5.0 (Linux; Android 10; Pixel 3 XL) AppleWebKit/537.36 (KHTML, like Gecko) Chrome/89.0.4389.105 Mobile Safari/537.36"
144.172.224.219 - - [06/Apr/2021:03:26:24 +0800] "GET /wordpress/wp-content/themes/vantage/js/jquery.theme-main.min.js?ver=1.7.7 HTTP/1.1" 200 2510 "https://www.mycath2o.com/fr/" "Mozilla/5.0 (Linux; Android 10; Pixel 3 XL) AppleWebKit/537.36 (KHTML, like Gecko) Chrome/89.0.4389.105 Mobile Safari/537.36"
144.172.224.219 - - [06/Apr/2021:03:26:24 +0800] "GET /wordpress/wp-content/themes/vantage/js/jquery.fitvids.min.js?ver=1.0 HTTP/1.1" 200 797 "https://www.mycath2o.com/fr/" "Mozilla/5.0 (Linux; Android 10; Pixel 3 XL) AppleWebKit/537.36 (KHTML, like Gecko) Chrome/89.0.4389.105 Mobile Safari/537.36"
144.172.224.219 - - [06/Apr/2021:03:26:24 +0800] "GET /wordpress/wp-includes/js/wp-embed.min.js?ver=4.9.16 HTTP/1.1" 200 753 "https://www.mycath2o.com/fr/" "Mozilla/5.0 (Linux; Android 10; Pixel 3 XL) AppleWebKit/537.36 (KHTML, like Gecko) Chrome/89.0.4389.105 Mobile Safari/537.36"
144.172.224.219 - - [06/Apr/2021:03:26:24 +0800] "GET /wordpress/wp-content/plugins/elementor/assets/lib/slick/slick.min.js?ver=1.8.1 HTTP/1.1" 200 10442 "https://www.mycath2o.com/fr/" "Mozilla/5.0 (Linux; Android 10; Pixel 3 XL) AppleWebKit/537.36 (KHTML, like Gecko) Chrome/89.0.4389.105 Mobile Safari/537.36"
144.172.224.219 - - [06/Apr/2021:03:26:25 +0800] "GET /wordpress/wp-includes/js/jquery/ui/position.min.js?ver=1.11.4 HTTP/1.1" 200 2562 "https://www.mycath2o.com/fr/" "Mozilla/5.0 (Linux; Android 10; Pixel 3 XL) AppleWebKit/537.36 (KHTML, like Gecko) Chrome/89.0.4389.105 Mobile Safari/537.36"
144.172.224.219 - - [06/Apr/2021:03:26:25 +0800] "GET /wordpress/wp-content/plugins/elementor/assets/lib/dialog/dialog.min.js?ver=4.5.0 HTTP/1.1" 200 3337 "https://www.mycath2o.com/fr/" "Mozilla/5.0 (Linux; Android 10; Pixel 3 XL) AppleWebKit/537.36 (KHTML, like Gecko) Chrome/89.0.4389.105 Mobile Safari/537.36"
144.172.224.219 - - [06/Apr/2021:03:26:25 +0800] "GET /wordpress/wp-content/plugins/elementor/assets/lib/waypoints/waypoints.min.js?ver=4.0.2 HTTP/1.1" 200 2993 "https://www.mycath2o.com/fr/" "Mozilla/5.0 (Linux; Android 10; Pixel 3 XL) AppleWebKit/537.36 (KHTML, like Gecko) Chrome/89.0.4389.105 Mobile Safari/537.36"
144.172.224.219 - - [06/Apr/2021:03:26:25 +0800] "GET /wordpress/wp-content/plugins/elementor/assets/js/frontend.min.js?ver=2.2.7 HTTP/1.1" 200 10410 "https://www.mycath2o.com/fr/" "Mozilla/5.0 (Linux; Android 10; Pixel 3 XL) AppleWebKit/537.36 (KHTML, like Gecko) Chrome/89.0.4389.105 Mobile Safari/537.36"
144.172.224.219 - - [06/Apr/2021:03:26:25 +0800] "GET /wordpress/wp-content/plugins/elementor/assets/lib/swiper/swiper.jquery.min.js?ver=4.4.3 HTTP/1.1" 200 31322 "https://www.mycath2o.com/fr/" "Mozilla/5.0 (Linux; Android 10; Pixel 3 XL) AppleWebKit/537.36 (KHTML, like Gecko) Chrome/89.0.4389.105 Mobile Safari/537.36"
144.172.224.219 - - [06/Apr/2021:03:26:25 +0800] "GET /wordpress/wp-content/plugins/elementor/assets/lib/eicons/fonts/eicons.woff2?3.8.0 HTTP/1.1" 200 56760 "https://www.mycath2o.com/wordpress/wp-content/plugins/elementor/assets/lib/eicons/css/elementor-icons.min.css?ver=3.8.0" "Mozilla/5.0 (Linux; Android 10; Pixel 3 XL) AppleWebKit/537.36 (KHTML, like Gecko) Chrome/89.0.4389.105 Mobile Safari/537.36"
144.172.224.219 - - [06/Apr/2021:03:26:25 +0800] "GET /wordpress/wp-content/themes/vantage/icons/vantage-icons.woff HTTP/1.1" 200 1380 "https://www.mycath2o.com/wordpress/wp-content/themes/vantage/style.css?ver=1.7.7" "Mozilla/5.0 (Linux; Android 10; Pixel 3 XL) AppleWebKit/537.36 (KHTML, like Gecko) Chrome/89.0.4389.105 Mobile Safari/537.36"
144.172.224.219 - - [06/Apr/2021:03:26:25 +0800] "GET /wordpress/wp-content/uploads/2018/03/CAT_2.jpg HTTP/1.1" 200 55480 "https://www.mycath2o.com/fr/" "Mozilla/5.0 (Linux; Android 10; Pixel 3 XL) AppleWebKit/537.36 (KHTML, like Gecko) Chrome/89.0.4389.105 Mobile Safari/537.36"
144.172.224.219 - - [06/Apr/2021:03:26:25 +0800] "GET /wordpress/wp-content/plugins/elementor/assets/lib/font-awesome/fonts/fontawesome-webfont.woff2?v=4.7.0 HTTP/1.1" 200 77160 "https://www.mycath2o.com/wordpress/wp-content/plugins/elementor/assets/lib/font-awesome/css/font-awesome.min.css?ver=4.7.0" "Mozilla/5.0 (Linux; Android 10; Pixel 3 XL) AppleWebKit/537.36 (KHTML, like Gecko) Chrome/89.0.4389.105 Mobile Safari/537.36"
144.172.224.219 - - [06/Apr/2021:03:26:26 +0800] "GET /wordpress/wp-content/uploads/elementor/thumbs/fr_1-nv6lt0don43fie3x43uyb491wxseoohj8qw79gyy5c.png HTTP/1.1" 200 68685 "https://www.mycath2o.com/fr/" "Mozilla/5.0 (Linux; Android 10; Pixel 3 XL) AppleWebKit/537.36 (KHTML, like Gecko) Chrome/89.0.4389.105 Mobile Safari/537.36"
144.172.224.219 - - [06/Apr/2021:03:26:25 +0800] "GET /wordpress/wp-content/uploads/2018/03/cats.jpg HTTP/1.1" 200 114570 "https://www.mycath2o.com/fr/" "Mozilla/5.0 (Linux; Android 10; Pixel 3 XL) AppleWebKit/537.36 (KHTML, like Gecko) Chrome/89.0.4389.105 Mobile Safari/537.36"
144.172.224.219 - - [06/Apr/2021:03:26:26 +0800] "GET /wordpress/wp-content/uploads/elementor/thumbs/fr_-2-nv6lsvohoxwzwcaqvjttgnfqy0fkm6yvk3mrv35x0g.png HTTP/1.1" 200 68192 "https://www.mycath2o.com/fr/" "Mozilla/5.0 (Linux; Android 10; Pixel 3 XL) AppleWebKit/537.36 (KHTML, like Gecko) Chrome/89.0.4389.105 Mobile Safari/537.36"
144.172.224.219 - - [06/Apr/2021:03:26:25 +0800] "GET /wordpress/wp-content/uploads/2018/06/1240_header.jpg HTTP/1.1" 200 165829 "https://www.mycath2o.com/fr/" "Mozilla/5.0 (Linux; Android 10; Pixel 3 XL) AppleWebKit/537.36 (KHTML, like Gecko) Chrome/89.0.4389.105 Mobile Safari/537.36"
144.172.224.219 - - [06/Apr/2021:03:26:26 +0800] "GET /wordpress/wp-content/uploads/elementor/thumbs/fr_-3-nv6lsxk62lzkjk80kkn2lmyo4s6b1l6c8cxqtn34o0.png HTTP/1.1" 200 54404 "https://www.mycath2o.com/fr/" "Mozilla/5.0 (Linux; Android 10; Pixel 3 XL) AppleWebKit/537.36 (KHTML, like Gecko) Chrome/89.0.4389.105 Mobile Safari/537.36"
144.172.224.219 - - [06/Apr/2021:03:26:26 +0800] "GET /wordpress/wp-content/uploads/elementor/thumbs/fr_4-nv6lt3777m7ah7ztnn2u0ljfp3eibrsq94unpaurmo.png HTTP/1.1" 200 53486 "https://www.mycath2o.com/fr/" "Mozilla/5.0 (Linux; Android 10; Pixel 3 XL) AppleWebKit/537.36 (KHTML, like Gecko) Chrome/89.0.4389.105 Mobile Safari/537.36"
144.172.224.219 - - [06/Apr/2021:03:26:26 +0800] "GET /wordpress/wp-content/uploads/2018/03/Cat_H2O_blue.jpg HTTP/1.1" 200 41682 "https://www.mycath2o.com/fr/" "Mozilla/5.0 (Linux; Android 10; Pixel 3 XL) AppleWebKit/537.36 (KHTML, like Gecko) Chrome/89.0.4389.105 Mobile Safari/537.36"
144.172.224.219 - - [06/Apr/2021:03:26:27 +0800] "GET /wordpress/wp-content/uploads/2018/03/Cat_H2O_green.jpg HTTP/1.1" 200 44493 "https://www.mycath2o.com/fr/" "Mozilla/5.0 (Linux; Android 10; Pixel 3 XL) AppleWebKit/537.36 (KHTML, like Gecko) Chrome/89.0.4389.105 Mobile Safari/537.36"
144.172.224.219 - - [06/Apr/2021:03:26:27 +0800] "GET /wordpress/wp-content/uploads/2018/06/Cat_H2O_4L.jpg HTTP/1.1" 200 34530 "https://www.mycath2o.com/fr/" "Mozilla/5.0 (Linux; Android 10; Pixel 3 XL) AppleWebKit/537.36 (KHTML, like Gecko) Chrome/89.0.4389.105 Mobile Safari/537.36"
144.172.224.219 - - [06/Apr/2021:03:26:27 +0800] "GET /wordpress/wp-content/uploads/2018/06/R-015_pad.jpg HTTP/1.1" 200 5570 "https://www.mycath2o.com/fr/" "Mozilla/5.0 (Linux; Android 10; Pixel 3 XL) AppleWebKit/537.36 (KHTML, like Gecko) Chrome/89.0.4389.105 Mobile Safari/537.36"
144.172.224.219 - - [06/Apr/2021:03:26:27 +0800] "GET /wordpress/wp-content/uploads/2018/06/R-016_160pxH.png HTTP/1.1" 200 33376 "https://www.mycath2o.com/fr/" "Mozilla/5.0 (Linux; Android 10; Pixel 3 XL) AppleWebKit/537.36 (KHTML, like Gecko) Chrome/89.0.4389.105 Mobile Safari/537.36"
144.172.224.219 - - [06/Apr/2021:03:26:27 +0800] "GET /wordpress/wp-content/uploads/2018/06/Softening.jpg HTTP/1.1" 200 6267 "https://www.mycath2o.com/fr/" "Mozilla/5.0 (Linux; Android 10; Pixel 3 XL) AppleWebKit/537.36 (KHTML, like Gecko) Chrome/89.0.4389.105 Mobile Safari/537.36"
144.172.224.219 - - [06/Apr/2021:03:26:25 +0800] "GET /wordpress/wp-content/uploads/2018/08/DC_CH010-French.jpg HTTP/1.1" 200 365494 "https://www.mycath2o.com/fr/" "Mozilla/5.0 (Linux; Android 10; Pixel 3 XL) AppleWebKit/537.36 (KHTML, like Gecko) Chrome/89.0.4389.105 Mobile Safari/537.36"
144.172.224.219 - - [06/Apr/2021:03:26:27 +0800] "GET /wordpress/wp-includes/js/wp-emoji-release.min.js?ver=4.9.16 HTTP/1.1" 200 4382 "https://www.mycath2o.com/fr/" "Mozilla/5.0 (Linux; Android 10; Pixel 3 XL) AppleWebKit/537.36 (KHTML, like Gecko) Chrome/89.0.4389.105 Mobile Safari/537.36"
144.172.224.219 - - [06/Apr/2021:03:26:27 +0800] "GET /wordpress/wp-content/uploads/2018/06/R-015-CH.png HTTP/1.1" 200 59463 "https://www.mycath2o.com/fr/" "Mozilla/5.0 (Linux; Android 10; Pixel 3 XL) AppleWebKit/537.36 (KHTML, like Gecko) Chrome/89.0.4389.105 Mobile Safari/537.36"
144.172.224.219 - - [06/Apr/2021:03:26:27 +0800] "GET /wordpress/wp-content/uploads/2018/06/CHD001.jpg HTTP/1.1" 200 50487 "https://www.mycath2o.com/fr/" "Mozilla/5.0 (Linux; Android 10; Pixel 3 XL) AppleWebKit/537.36 (KHTML, like Gecko) Chrome/89.0.4389.105 Mobile Safari/537.36"
144.172.224.219 - - [06/Apr/2021:03:26:27 +0800] "GET /wordpress/wp-content/uploads/2018/06/R-016-CDH.jpg HTTP/1.1" 200 63820 "https://www.mycath2o.com/fr/" "Mozilla/5.0 (Linux; Android 10; Pixel 3 XL) AppleWebKit/537.36 (KHTML, like Gecko) Chrome/89.0.4389.105 Mobile Safari/537.36"
144.172.224.219 - - [06/Apr/2021:03:26:27 +0800] "GET /wordpress/wp-content/uploads/2018/06/R-017.jpg HTTP/1.1" 200 53407 "https://www.mycath2o.com/fr/" "Mozilla/5.0 (Linux; Android 10; Pixel 3 XL) AppleWebKit/537.36 (KHTML, like Gecko) Chrome/89.0.4389.105 Mobile Safari/537.36"
144.172.224.219 - - [06/Apr/2021:03:26:27 +0800] "GET /wordpress/wp-content/uploads/2018/06/AA190A.jpg HTTP/1.1" 200 45063 "https://www.mycath2o.com/fr/" "Mozilla/5.0 (Linux; Android 10; Pixel 3 XL) AppleWebKit/537.36 (KHTML, like Gecko) Chrome/89.0.4389.105 Mobile Safari/537.36"
144.172.224.219 - - [06/Apr/2021:03:26:27 +0800] "GET /wordpress/wp-content/uploads/2018/06/DH08DC-01.png HTTP/1.1" 200 40519 "https://www.mycath2o.com/fr/" "Mozilla/5.0 (Linux; Android 10; Pixel 3 XL) AppleWebKit/537.36 (KHTML, like Gecko) Chrome/89.0.4389.105 Mobile Safari/537.36"
144.172.224.219 - - [06/Apr/2021:03:26:27 +0800] "GET /wordpress/wp-content/uploads/2019/05/websitelogo.png HTTP/1.1" 200 1453 "https://www.mycath2o.com/fr/" "Mozilla/5.0 (Linux; Android 10; Pixel 3 XL) AppleWebKit/537.36 (KHTML, like Gecko) Chrome/89.0.4389.105 Mobile Safari/537.36"
144.172.224.219 - - [06/Apr/2021:03:26:27 +0800] "GET /wordpress/wp-content/uploads/elementor/thumbs/aa_logo-nn0pqz9jl6r1zmbarew4nt9y6wpqem6k7hbsbu2bfc.png HTTP/1.1" 200 5939 "https://www.mycath2o.com/fr/" "Mozilla/5.0 (Linux; Android 10; Pixel 3 XL) AppleWebKit/537.36 (KHTML, like Gecko) Chrome/89.0.4389.105 Mobile Safari/537.36"
144.172.224.219 - - [06/Apr/2021:03:26:28 +0800] "GET /wordpress/wp-content/uploads/2018/08/KM_LOGO_2.jpg HTTP/1.1" 200 16293 "https://www.mycath2o.com/fr/" "Mozilla/5.0 (Linux; Android 10; Pixel 3 XL) AppleWebKit/537.36 (KHTML, like Gecko) Chrome/89.0.4389.105 Mobile Safari/537.36"
144.172.224.219 - - [06/Apr/2021:03:26:28 +0800] "GET /wordpress/wp-content/uploads/2018/07/dogh2o_logo_2.png HTTP/1.1" 200 8897 "https://www.mycath2o.com/fr/" "Mozilla/5.0 (Linux; Android 10; Pixel 3 XL) AppleWebKit/537.36 (KHTML, like Gecko) Chrome/89.0.4389.105 Mobile Safari/537.36"
144.172.224.219 - - [06/Apr/2021:03:26:28 +0800] "GET /wordpress/wp-content/uploads/2019/05/pump_clean-01.png HTTP/1.1" 200 494551 "https://www.mycath2o.com/fr/" "Mozilla/5.0 (Linux; Android 10; Pixel 3 XL) AppleWebKit/537.36 (KHTML, like Gecko) Chrome/89.0.4389.105 Mobile Safari/537.36"
144.172.224.219 - - [06/Apr/2021:03:26:25 +0800] "GET /wordpress/wp-content/uploads/2018/08/%E7%94%BB%E6%9D%BF-1-4.png HTTP/1.1" 200 1420734 "https://www.mycath2o.com/fr/" "Mozilla/5.0 (Linux; Android 10; Pixel 3 XL) AppleWebKit/537.36 (KHTML, like Gecko) Chrome/89.0.4389.105 Mobile Safari/537.36"
144.172.224.219 - - [06/Apr/2021:03:26:30 +0800] "GET /favicon.ico HTTP/1.1" 200 2196 "https://www.mycath2o.com/fr/" "Mozilla/5.0 (Linux; Android 10; Pixel 3 XL) AppleWebKit/537.36 (KHTML, like Gecko) Chrome/89.0.4389.105 Mobile Safari/537.36"
13.66.139.110 - - [06/Apr/2021:03:28:13 +0800] "GET /dko/video-u-anaheim-ducks-vs-minnesota-wild-mV-W.html HTTP/1.1" 200 3344 "-" "Mozilla/5.0 (compatible; bingbot/2.0; +http://www.bing.com/bingbot.htm)"
66.249.79.109 - - [06/Apr/2021:03:29:08 +0800] "GET /plr/video-6-X-Z.html HTTP/1.1" 304 - "-" "Mozilla/5.0 (Linux; Android 6.0.1; Nexus 5X Build/MMB29P) AppleWebKit/537.36 (KHTML, like Gecko) Chrome/89.0.4389.117 Mobile Safari/537.36 (compatible; Googlebot/2.1; +http://www.google.com/bot.html)"
13.66.139.110 - - [06/Apr/2021:03:31:04 +0800] "GET /dko/video-q-chicago-bulls-vs-utah-jazz-L-l.html HTTP/1.1" 200 3316 "-" "Mozilla/5.0 (compatible; bingbot/2.0; +http://www.bing.com/bingbot.htm)"
193.218.118.125 - - [06/Apr/2021:03:31:38 +0800] "GET /de/feed/ HTTP/1.1" 304 - "-" "Mozilla/5.0 (X11; Ubuntu; Linux x86_64; rv:86.0) Gecko/20100101 Firefox/86.0"
13.66.139.128 - - [06/Apr/2021:03:32:14 +0800] "GET /dko/video-v-buffalo-sabres-vs-new-york-rangers-I-G.html HTTP/1.1" 200 3340 "-" "Mozilla/5.0 (compatible; bingbot/2.0; +http://www.bing.com/bingbot.htm)"
66.249.79.111 - - [06/Apr/2021:03:34:15 +0800] "GET /dko/video-S-thunder-vs-timberwolves-C-1.html HTTP/1.1" 304 - "-" "Mozilla/5.0 (Linux; Android 6.0.1; Nexus 5X Build/MMB29P) AppleWebKit/537.36 (KHTML, like Gecko) Chrome/89.0.4389.117 Mobile Safari/537.36 (compatible; Googlebot/2.1; +http://www.google.com/bot.html)"
13.66.139.110 - - [06/Apr/2021:03:35:24 +0800] "GET /dko/video-I-thunder-vs-timberwolves-t-3.html HTTP/1.1" 200 1773 "-" "Mozilla/5.0 (compatible; bingbot/2.0; +http://www.bing.com/bingbot.htm)"
203.124.10.177 - - [06/Apr/2021:03:35:42 +0800] "POST /LitterFresh/wp-cron.php?doing_wp_cron=1617651342.1016640663146972656250 HTTP/1.1" 200 20 "https://www.mycath2o.com/LitterFresh/wp-cron.php?doing_wp_cron=1617651342.1016640663146972656250" "WordPress/5.1.8; https://www.mycath2o.com/LitterFresh"
13.66.139.27 - - [06/Apr/2021:03:35:41 +0800] "GET /LitterFresh/ HTTP/1.1" 200 10143 "-" "Mozilla/5.0 (compatible; bingbot/2.0; +http://www.bing.com/bingbot.htm)"
13.66.139.100 - - [06/Apr/2021:03:35:45 +0800] "GET /fr/ HTTP/1.1" 200 15492 "-" "Mozilla/5.0 (compatible; bingbot/2.0; +http://www.bing.com/bingbot.htm)"
66.249.79.111 - - [06/Apr/2021:03:36:53 +0800] "GET /dko/video-p-a-q.html HTTP/1.1" 200 3050 "-" "Mozilla/5.0 (compatible; Googlebot/2.1; +http://www.google.com/bot.html)"
189.215.16.92 - - [06/Apr/2021:03:37:21 +0800] "GET /wordpress/wp-content/uploads/2018/06/1240_header.jpg HTTP/1.1" 200 165829 "https://www.mycath2o.com/en/?gclid=Cj0KCQiAnKeCBhDPARIsAFDTLTJU8-FMZnkFwd0R-OVNDGJgy9eor49HB-6NplgdMvXtla1Vq-8LdoUaAvmQEALw_wcB" "Mozilla/5.0 (Linux; Android 8.0.0; SAMSUNG SM-G935F) AppleWebKit/537.36 (KHTML, like Gecko) SamsungBrowser/13.2 Chrome/83.0.4103.106 Mobile Safari/537.36"
189.215.16.92 - - [06/Apr/2021:03:37:21 +0800] "GET /wordpress/wp-content/uploads/2018/08/%E7%94%BB%E6%9D%BF-1.png HTTP/1.1" 200 1420734 "https://www.mycath2o.com/en/?gclid=Cj0KCQiAnKeCBhDPARIsAFDTLTJU8-FMZnkFwd0R-OVNDGJgy9eor49HB-6NplgdMvXtla1Vq-8LdoUaAvmQEALw_wcB" "Mozilla/5.0 (Linux; Android 8.0.0; SAMSUNG SM-G935F) AppleWebKit/537.36 (KHTML, like Gecko) SamsungBrowser/13.2 Chrome/83.0.4103.106 Mobile Safari/537.36"
13.66.139.27 - - [06/Apr/2021:03:38:41 +0800] "GET /wordpress/wp-content/uploads/2018/08/%E7%94%BB%E6%9D%BF-1-768x432.png HTTP/1.1" 200 351411 "-" "Mozilla/5.0 (compatible; bingbot/2.0; +http://www.bing.com/bingbot.htm)"
13.66.139.27 - - [06/Apr/2021:03:39:52 +0800] "GET /dko/video-T-pepperdine-vs-longwood-4-w.html HTTP/1.1" 200 3195 "-" "Mozilla/5.0 (compatible; bingbot/2.0; +http://www.bing.com/bingbot.htm)"
66.249.79.109 - - [06/Apr/2021:03:41:26 +0800] "GET /plr/video-r-carolina-hurricanes-vs-columbus-blue-jackets-a-m.html HTTP/1.1" 200 2653 "-" "Mozilla/5.0 (compatible; Googlebot/2.1; +http://www.google.com/bot.html)"
185.170.114.25 - - [06/Apr/2021:03:43:19 +0800] "GET /de/feed/ HTTP/1.1" 304 - "-" "Mozilla/5.0 (X11; Ubuntu; Linux x86_64; rv:86.0) Gecko/20100101 Firefox/86.0"
13.66.139.27 - - [06/Apr/2021:03:46:22 +0800] "GET /dko/video-Z-ucla-vs-abilene-christian-Mb-q.html HTTP/1.1" 200 3561 "-" "Mozilla/5.0 (compatible; bingbot/2.0; +http://www.bing.com/bingbot.htm)"
13.66.139.100 - - [06/Apr/2021:03:47:43 +0800] "GET /dko/video-l-houston-rockets-vs-toronto-raptors-k-y.html HTTP/1.1" 200 1790 "-" "Mozilla/5.0 (compatible; bingbot/2.0; +http://www.bing.com/bingbot.htm)"
203.124.10.177 - - [06/Apr/2021:03:50:06 +0800] "POST /wordpress/wp-cron.php?doing_wp_cron=1617652206.3550310134887695312500 HTTP/1.1" 200 20 "https://www.mycath2o.com/wordpress/wp-cron.php?doing_wp_cron=1617652206.3550310134887695312500" "WordPress/4.9.16; https://www.mycath2o.com"
13.66.139.110 - - [06/Apr/2021:03:50:05 +0800] "GET /es/ HTTP/1.1" 200 15626 "-" "Mozilla/5.0 (compatible; bingbot/2.0; +http://www.bing.com/bingbot.htm)"
13.66.139.100 - - [06/Apr/2021:03:50:12 +0800] "GET /dko/video-o-thunder-vs-timberwolves-iy-i.html HTTP/1.1" 200 1770 "-" "Mozilla/5.0 (compatible; bingbot/2.0; +http://www.bing.com/bingbot.htm)"
13.66.139.128 - - [06/Apr/2021:03:51:15 +0800] "GET /dko/video-S-utah-jazz-vs-chicago-bulls-pD-0.html HTTP/1.1" 200 1785 "-" "Mozilla/5.0 (compatible; bingbot/2.0; +http://www.bing.com/bingbot.htm)"
195.154.179.3 - - [06/Apr/2021:03:52:40 +0800] "GET /de/feed/ HTTP/1.1" 304 - "-" "Mozilla/5.0 (X11; Ubuntu; Linux x86_64; rv:86.0) Gecko/20100101 Firefox/86.0"
13.66.139.110 - - [06/Apr/2021:03:53:26 +0800] "GET /dko/video-W-indians-vs-brewers-YJ-0.html HTTP/1.1" 200 3453 "-" "Mozilla/5.0 (compatible; bingbot/2.0; +http://www.bing.com/bingbot.htm)"
66.249.79.107 - - [06/Apr/2021:03:54:29 +0800] "GET /plr/video-y-g-I.html HTTP/1.1" 200 3341 "-" "Mozilla/5.0 (compatible; Googlebot/2.1; +http://www.google.com/bot.html)"
104.198.130.167 - - [06/Apr/2021:03:55:13 +0800] "GET /wordpress/activate/login2.php HTTP/1.1" 302 20 "-" "Go-http-client/1.1"
13.66.139.100 - - [06/Apr/2021:03:57:33 +0800] "GET /dko/video-q-sharks-vs-kings-f1-W.html HTTP/1.1" 200 3208 "-" "Mozilla/5.0 (compatible; bingbot/2.0; +http://www.bing.com/bingbot.htm)"
13.66.139.100 - - [06/Apr/2021:03:59:53 +0800] "GET /dko/video-r-diamondbacks-vs-athletics-V-A.html HTTP/1.1" 200 3447 "-" "Mozilla/5.0 (compatible; bingbot/2.0; +http://www.bing.com/bingbot.htm)"
40.77.167.28 - - [06/Apr/2021:04:02:34 +0800] "GET /plr/video-K-white-sox-vs-giants-7-U.html HTTP/1.1" 304 - "-" "Mozilla/5.0 (compatible; bingbot/2.0; +http://www.bing.com/bingbot.htm)"
185.220.101.13 - - [06/Apr/2021:04:04:04 +0800] "GET /de/feed/ HTTP/1.1" 304 - "-" "Mozilla/5.0 (X11; Ubuntu; Linux x86_64; rv:86.0) Gecko/20100101 Firefox/86.0"
13.66.139.110 - - [06/Apr/2021:04:07:07 +0800] "GET /dko/video-G-san-antonio-spurs-vs-charlotte-hornets-Y-9.html HTTP/1.1" 200 1799 "-" "Mozilla/5.0 (compatible; bingbot/2.0; +http://www.bing.com/bingbot.htm)"
13.66.139.110 - - [06/Apr/2021:04:07:27 +0800] "GET /dko/video-Z-celtics-vs-grizzlies-KS-U.html HTTP/1.1" 200 3326 "-" "Mozilla/5.0 (compatible; bingbot/2.0; +http://www.bing.com/bingbot.htm)"
66.249.79.107 - - [06/Apr/2021:04:08:30 +0800] "GET /dko/video-s-golden-knights-vs-blues-V-w.html HTTP/1.1" 200 3139 "-" "Mozilla/5.0 (compatible; Googlebot/2.1; +http://www.google.com/bot.html)"
216.244.66.200 - - [06/Apr/2021:04:08:34 +0800] "GET /robots.txt HTTP/1.1" 301 - "-" "Mozilla/5.0 (compatible; DotBot/1.2; +https://opensiteexplorer.org/dotbot; help@moz.com)"
