74.57.27.23 - - [05/Apr/2021:09:15:20 +0800] "GET /wordpress/wp-content/uploads/2018/06/R-016_160pxH.png HTTP/1.1" 200 33376 "https://www.mycath2o.com/en/" "Mozilla/5.0 (Windows NT 10.0; Win64; x64) AppleWebKit/537.36 (KHTML, like Gecko) Chrome/89.0.4389.90 Safari/537.36"
74.57.27.23 - - [05/Apr/2021:09:15:20 +0800] "GET /wordpress/wp-content/uploads/2018/06/Softening.jpg HTTP/1.1" 200 6267 "https://www.mycath2o.com/en/" "Mozilla/5.0 (Windows NT 10.0; Win64; x64) AppleWebKit/537.36 (KHTML, like Gecko) Chrome/89.0.4389.90 Safari/537.36"
74.57.27.23 - - [05/Apr/2021:09:15:20 +0800] "GET /wordpress/wp-content/uploads/2018/06/R-015-CH.png HTTP/1.1" 200 59463 "https://www.mycath2o.com/en/" "Mozilla/5.0 (Windows NT 10.0; Win64; x64) AppleWebKit/537.36 (KHTML, like Gecko) Chrome/89.0.4389.90 Safari/537.36"
74.57.27.23 - - [05/Apr/2021:09:15:20 +0800] "GET /wordpress/wp-content/uploads/2018/06/CHD001.jpg HTTP/1.1" 200 50487 "https://www.mycath2o.com/en/" "Mozilla/5.0 (Windows NT 10.0; Win64; x64) AppleWebKit/537.36 (KHTML, like Gecko) Chrome/89.0.4389.90 Safari/537.36"
74.57.27.23 - - [05/Apr/2021:09:15:20 +0800] "GET /wordpress/wp-content/uploads/2018/06/AA190A.jpg HTTP/1.1" 200 45063 "https://www.mycath2o.com/en/" "Mozilla/5.0 (Windows NT 10.0; Win64; x64) AppleWebKit/537.36 (KHTML, like Gecko) Chrome/89.0.4389.90 Safari/537.36"
74.57.27.23 - - [05/Apr/2021:09:15:20 +0800] "GET /wordpress/wp-content/uploads/2018/06/R-017.jpg HTTP/1.1" 200 53407 "https://www.mycath2o.com/en/" "Mozilla/5.0 (Windows NT 10.0; Win64; x64) AppleWebKit/537.36 (KHTML, like Gecko) Chrome/89.0.4389.90 Safari/537.36"
74.57.27.23 - - [05/Apr/2021:09:15:20 +0800] "GET /wordpress/wp-content/uploads/2018/06/R-016-CDH.jpg HTTP/1.1" 200 63820 "https://www.mycath2o.com/en/" "Mozilla/5.0 (Windows NT 10.0; Win64; x64) AppleWebKit/537.36 (KHTML, like Gecko) Chrome/89.0.4389.90 Safari/537.36"
74.57.27.23 - - [05/Apr/2021:09:15:20 +0800] "GET /wordpress/wp-content/uploads/2018/06/DH08DC-01.png HTTP/1.1" 200 40519 "https://www.mycath2o.com/en/" "Mozilla/5.0 (Windows NT 10.0; Win64; x64) AppleWebKit/537.36 (KHTML, like Gecko) Chrome/89.0.4389.90 Safari/537.36"
74.57.27.23 - - [05/Apr/2021:09:15:20 +0800] "GET /wordpress/wp-includes/js/wp-emoji-release.min.js?ver=4.9.16 HTTP/1.1" 200 4382 "https://www.mycath2o.com/en/" "Mozilla/5.0 (Windows NT 10.0; Win64; x64) AppleWebKit/537.36 (KHTML, like Gecko) Chrome/89.0.4389.90 Safari/537.36"
74.57.27.23 - - [05/Apr/2021:09:15:20 +0800] "GET /wordpress/wp-content/uploads/2018/08/KM_LOGO_2.jpg HTTP/1.1" 200 16293 "https://www.mycath2o.com/en/" "Mozilla/5.0 (Windows NT 10.0; Win64; x64) AppleWebKit/537.36 (KHTML, like Gecko) Chrome/89.0.4389.90 Safari/537.36"
74.57.27.23 - - [05/Apr/2021:09:15:20 +0800] "GET /wordpress/wp-content/uploads/2019/05/websitelogo.png HTTP/1.1" 200 1453 "https://www.mycath2o.com/en/" "Mozilla/5.0 (Windows NT 10.0; Win64; x64) AppleWebKit/537.36 (KHTML, like Gecko) Chrome/89.0.4389.90 Safari/537.36"
74.57.27.23 - - [05/Apr/2021:09:15:20 +0800] "GET /wordpress/wp-content/uploads/elementor/thumbs/aa_logo-nn0pqz9jl6r1zmbarew4nt9y6wpqem6k7hbsbu2bfc.png HTTP/1.1" 200 5939 "https://www.mycath2o.com/en/" "Mozilla/5.0 (Windows NT 10.0; Win64; x64) AppleWebKit/537.36 (KHTML, like Gecko) Chrome/89.0.4389.90 Safari/537.36"
74.57.27.23 - - [05/Apr/2021:09:15:20 +0800] "GET /wordpress/wp-content/uploads/2018/07/dogh2o_logo_2.png HTTP/1.1" 200 8897 "https://www.mycath2o.com/en/" "Mozilla/5.0 (Windows NT 10.0; Win64; x64) AppleWebKit/537.36 (KHTML, like Gecko) Chrome/89.0.4389.90 Safari/537.36"
74.57.27.23 - - [05/Apr/2021:09:15:20 +0800] "GET /wordpress/wp-content/uploads/2019/05/pump_clean-01.png HTTP/1.1" 200 494551 "https://www.mycath2o.com/en/" "Mozilla/5.0 (Windows NT 10.0; Win64; x64) AppleWebKit/537.36 (KHTML, like Gecko) Chrome/89.0.4389.90 Safari/537.36"
74.57.27.23 - - [05/Apr/2021:09:15:17 +0800] "GET /wordpress/wp-content/uploads/2018/08/%E7%94%BB%E6%9D%BF-1.png HTTP/1.1" 200 1420734 "https://www.mycath2o.com/en/" "Mozilla/5.0 (Windows NT 10.0; Win64; x64) AppleWebKit/537.36 (KHTML, like Gecko) Chrome/89.0.4389.90 Safari/537.36"
74.57.27.23 - - [05/Apr/2021:09:15:23 +0800] "GET /favicon.ico HTTP/1.1" 200 2196 "https://www.mycath2o.com/en/" "Mozilla/5.0 (Windows NT 10.0; Win64; x64) AppleWebKit/537.36 (KHTML, like Gecko) Chrome/89.0.4389.90 Safari/537.36"
74.57.27.23 - - [05/Apr/2021:09:15:25 +0800] "GET /fr/ HTTP/1.1" 200 15492 "https://www.mycath2o.com/en/" "Mozilla/5.0 (Windows NT 10.0; Win64; x64) AppleWebKit/537.36 (KHTML, like Gecko) Chrome/89.0.4389.90 Safari/537.36"
74.57.27.23 - - [05/Apr/2021:09:15:27 +0800] "GET /wordpress/wp-content/uploads/elementor/css/post-1004.css?ver=1593608410 HTTP/1.1" 200 1527 "https://www.mycath2o.com/fr/" "Mozilla/5.0 (Windows NT 10.0; Win64; x64) AppleWebKit/537.36 (KHTML, like Gecko) Chrome/89.0.4389.90 Safari/537.36"
74.57.27.23 - - [05/Apr/2021:09:15:27 +0800] "GET /wordpress/wp-content/uploads/2018/08/DC_CH010-French.jpg HTTP/1.1" 200 365494 "https://www.mycath2o.com/fr/" "Mozilla/5.0 (Windows NT 10.0; Win64; x64) AppleWebKit/537.36 (KHTML, like Gecko) Chrome/89.0.4389.90 Safari/537.36"
74.57.27.23 - - [05/Apr/2021:09:15:27 +0800] "GET /wordpress/wp-content/uploads/elementor/thumbs/fr_-2-nv6lsvohoxwzwcaqvjttgnfqy0fkm6yvk3mrv35x0g.png HTTP/1.1" 200 68192 "https://www.mycath2o.com/fr/" "Mozilla/5.0 (Windows NT 10.0; Win64; x64) AppleWebKit/537.36 (KHTML, like Gecko) Chrome/89.0.4389.90 Safari/537.36"
74.57.27.23 - - [05/Apr/2021:09:15:27 +0800] "GET /wordpress/wp-content/uploads/elementor/thumbs/fr_1-nv6lt0don43fie3x43uyb491wxseoohj8qw79gyy5c.png HTTP/1.1" 200 68685 "https://www.mycath2o.com/fr/" "Mozilla/5.0 (Windows NT 10.0; Win64; x64) AppleWebKit/537.36 (KHTML, like Gecko) Chrome/89.0.4389.90 Safari/537.36"
74.57.27.23 - - [05/Apr/2021:09:15:27 +0800] "GET /wordpress/wp-content/uploads/elementor/thumbs/fr_4-nv6lt3777m7ah7ztnn2u0ljfp3eibrsq94unpaurmo.png HTTP/1.1" 200 53486 "https://www.mycath2o.com/fr/" "Mozilla/5.0 (Windows NT 10.0; Win64; x64) AppleWebKit/537.36 (KHTML, like Gecko) Chrome/89.0.4389.90 Safari/537.36"
74.57.27.23 - - [05/Apr/2021:09:15:27 +0800] "GET /wordpress/wp-content/uploads/elementor/thumbs/fr_-3-nv6lsxk62lzkjk80kkn2lmyo4s6b1l6c8cxqtn34o0.png HTTP/1.1" 200 54404 "https://www.mycath2o.com/fr/" "Mozilla/5.0 (Windows NT 10.0; Win64; x64) AppleWebKit/537.36 (KHTML, like Gecko) Chrome/89.0.4389.90 Safari/537.36"
74.57.27.23 - - [05/Apr/2021:09:15:27 +0800] "GET /wordpress/wp-content/uploads/2018/08/%E7%94%BB%E6%9D%BF-1-4.png HTTP/1.1" 200 1420734 "https://www.mycath2o.com/fr/" "Mozilla/5.0 (Windows NT 10.0; Win64; x64) AppleWebKit/537.36 (KHTML, like Gecko) Chrome/89.0.4389.90 Safari/537.36"
116.203.188.62 - - [05/Apr/2021:09:16:11 +0800] "GET /en/ HTTP/1.1" 200 93131 "-" "Mozilla/5.0 (Macintosh; Intel Mac OS X 10_11_6) AppleWebKit/537.36 (KHTML, like Gecko) Chrome/83.0.4103.116 Safari/537.36"
54.36.148.134 - - [05/Apr/2021:09:17:31 +0800] "GET /robots.txt HTTP/1.1" 301 20 "-" "Mozilla/5.0 (compatible; AhrefsBot/7.0; +http://ahrefs.com/robot/)"
54.36.148.134 - - [05/Apr/2021:09:17:33 +0800] "GET /robots.txt HTTP/1.1" 200 79 "-" "Mozilla/5.0 (compatible; AhrefsBot/7.0; +http://ahrefs.com/robot/)"
49.7.20.92 - - [05/Apr/2021:09:17:42 +0800] "GET /en/ HTTP/1.1" 200 15178 "-" "Sogou web spider/4.0(+http://www.sogou.com/docs/help/webmasters.htm#07)"
185.220.101.8 - - [05/Apr/2021:09:19:24 +0800] "GET /de/feed/ HTTP/1.1" 304 - "-" "Mozilla/5.0 (X11; Ubuntu; Linux x86_64; rv:86.0) Gecko/20100101 Firefox/86.0"
66.249.79.109 - - [05/Apr/2021:09:20:23 +0800] "GET /dko/video-y-wild-vs-ducks-Tl-d.html HTTP/1.1" 304 - "-" "Mozilla/5.0 (Linux; Android 6.0.1; Nexus 5X Build/MMB29P) AppleWebKit/537.36 (KHTML, like Gecko) Chrome/89.0.4389.117 Mobile Safari/537.36 (compatible; Googlebot/2.1; +http://www.google.com/bot.html)"
189.243.81.88 - - [05/Apr/2021:09:23:19 +0800] "GET /en/?gclid=CjwKCAiAr6-ABhAfEiwADO4sfXT0IT1zQrt1DJI9-CDBYNQ9oVQq0HyXA3OZZfhk3-Qf2yl3cqmFGBoCew4QAvD_BwE HTTP/1.1" 200 15189 "-" "Mozilla/5.0 (Linux; Android 6.0.1; SAMSUNG SM-P350) AppleWebKit/537.36 (KHTML, like Gecko) SamsungBrowser/13.2 Chrome/83.0.4103.106 Safari/537.36"
189.243.81.88 - - [05/Apr/2021:09:23:22 +0800] "GET /wordpress/wp-content/plugins/elementor/assets/lib/font-awesome/css/font-awesome.min.css?ver=4.7.0 HTTP/1.1" 200 7053 "https://www.mycath2o.com/en/?gclid=CjwKCAiAr6-ABhAfEiwADO4sfXT0IT1zQrt1DJI9-CDBYNQ9oVQq0HyXA3OZZfhk3-Qf2yl3cqmFGBoCew4QAvD_BwE" "Mozilla/5.0 (Linux; Android 6.0.1; SAMSUNG SM-P350) AppleWebKit/537.36 (KHTML, like Gecko) SamsungBrowser/13.2 Chrome/83.0.4103.106 Safari/537.36"
189.243.81.88 - - [05/Apr/2021:09:23:23 +0800] "GET /wordpress/wp-content/plugins/elementor/assets/lib/eicons/css/elementor-icons.min.css?ver=3.8.0 HTTP/1.1" 200 2425 "https://www.mycath2o.com/en/?gclid=CjwKCAiAr6-ABhAfEiwADO4sfXT0IT1zQrt1DJI9-CDBYNQ9oVQq0HyXA3OZZfhk3-Qf2yl3cqmFGBoCew4QAvD_BwE" "Mozilla/5.0 (Linux; Android 6.0.1; SAMSUNG SM-P350) AppleWebKit/537.36 (KHTML, like Gecko) SamsungBrowser/13.2 Chrome/83.0.4103.106 Safari/537.36"
189.243.81.88 - - [05/Apr/2021:09:23:23 +0800] "GET /wordpress/wp-content/themes/vantage/style.css?ver=1.7.7 HTTP/1.1" 200 15098 "https://www.mycath2o.com/en/?gclid=CjwKCAiAr6-ABhAfEiwADO4sfXT0IT1zQrt1DJI9-CDBYNQ9oVQq0HyXA3OZZfhk3-Qf2yl3cqmFGBoCew4QAvD_BwE" "Mozilla/5.0 (Linux; Android 6.0.1; SAMSUNG SM-P350) AppleWebKit/537.36 (KHTML, like Gecko) SamsungBrowser/13.2 Chrome/83.0.4103.106 Safari/537.36"
189.243.81.88 - - [05/Apr/2021:09:23:23 +0800] "GET /wordpress/wp-content/plugins/elementor/assets/lib/animations/animations.min.css?ver=2.2.7 HTTP/1.1" 200 2592 "https://www.mycath2o.com/en/?gclid=CjwKCAiAr6-ABhAfEiwADO4sfXT0IT1zQrt1DJI9-CDBYNQ9oVQq0HyXA3OZZfhk3-Qf2yl3cqmFGBoCew4QAvD_BwE" "Mozilla/5.0 (Linux; Android 6.0.1; SAMSUNG SM-P350) AppleWebKit/537.36 (KHTML, like Gecko) SamsungBrowser/13.2 Chrome/83.0.4103.106 Safari/537.36"
189.243.81.88 - - [05/Apr/2021:09:23:24 +0800] "GET /wordpress/wp-content/plugins/elementor/assets/css/frontend.min.css?ver=2.2.7 HTTP/1.1" 200 12039 "https://www.mycath2o.com/en/?gclid=CjwKCAiAr6-ABhAfEiwADO4sfXT0IT1zQrt1DJI9-CDBYNQ9oVQq0HyXA3OZZfhk3-Qf2yl3cqmFGBoCew4QAvD_BwE" "Mozilla/5.0 (Linux; Android 6.0.1; SAMSUNG SM-P350) AppleWebKit/537.36 (KHTML, like Gecko) SamsungBrowser/13.2 Chrome/83.0.4103.106 Safari/537.36"
189.243.81.88 - - [05/Apr/2021:09:23:24 +0800] "GET /wordpress/wp-content/uploads/elementor/css/global.css?ver=1550982386 HTTP/1.1" 200 654 "https://www.mycath2o.com/en/?gclid=CjwKCAiAr6-ABhAfEiwADO4sfXT0IT1zQrt1DJI9-CDBYNQ9oVQq0HyXA3OZZfhk3-Qf2yl3cqmFGBoCew4QAvD_BwE" "Mozilla/5.0 (Linux; Android 6.0.1; SAMSUNG SM-P350) AppleWebKit/537.36 (KHTML, like Gecko) SamsungBrowser/13.2 Chrome/83.0.4103.106 Safari/537.36"
189.243.81.88 - - [05/Apr/2021:09:23:25 +0800] "GET /wordpress/wp-content/uploads/elementor/css/post-40.css?ver=1593608119 HTTP/1.1" 200 1523 "https://www.mycath2o.com/en/?gclid=CjwKCAiAr6-ABhAfEiwADO4sfXT0IT1zQrt1DJI9-CDBYNQ9oVQq0HyXA3OZZfhk3-Qf2yl3cqmFGBoCew4QAvD_BwE" "Mozilla/5.0 (Linux; Android 6.0.1; SAMSUNG SM-P350) AppleWebKit/537.36 (KHTML, like Gecko) SamsungBrowser/13.2 Chrome/83.0.4103.106 Safari/537.36"
189.243.81.88 - - [05/Apr/2021:09:23:27 +0800] "GET /wordpress/wp-includes/js/jquery/jquery.js?ver=1.12.4 HTTP/1.1" 200 33776 "https://www.mycath2o.com/en/?gclid=CjwKCAiAr6-ABhAfEiwADO4sfXT0IT1zQrt1DJI9-CDBYNQ9oVQq0HyXA3OZZfhk3-Qf2yl3cqmFGBoCew4QAvD_BwE" "Mozilla/5.0 (Linux; Android 6.0.1; SAMSUNG SM-P350) AppleWebKit/537.36 (KHTML, like Gecko) SamsungBrowser/13.2 Chrome/83.0.4103.106 Safari/537.36"
189.243.81.88 - - [05/Apr/2021:09:23:27 +0800] "GET /wordpress/wp-includes/js/jquery/jquery-migrate.min.js?ver=1.4.1 HTTP/1.1" 200 4014 "https://www.mycath2o.com/en/?gclid=CjwKCAiAr6-ABhAfEiwADO4sfXT0IT1zQrt1DJI9-CDBYNQ9oVQq0HyXA3OZZfhk3-Qf2yl3cqmFGBoCew4QAvD_BwE" "Mozilla/5.0 (Linux; Android 6.0.1; SAMSUNG SM-P350) AppleWebKit/537.36 (KHTML, like Gecko) SamsungBrowser/13.2 Chrome/83.0.4103.106 Safari/537.36"
189.243.81.88 - - [05/Apr/2021:09:23:28 +0800] "GET /wordpress/wp-content/themes/vantage/js/jquery.flexslider.min.js?ver=2.1 HTTP/1.1" 200 6232 "https://www.mycath2o.com/en/?gclid=CjwKCAiAr6-ABhAfEiwADO4sfXT0IT1zQrt1DJI9-CDBYNQ9oVQq0HyXA3OZZfhk3-Qf2yl3cqmFGBoCew4QAvD_BwE" "Mozilla/5.0 (Linux; Android 6.0.1; SAMSUNG SM-P350) AppleWebKit/537.36 (KHTML, like Gecko) SamsungBrowser/13.2 Chrome/83.0.4103.106 Safari/537.36"
189.243.81.88 - - [05/Apr/2021:09:23:28 +0800] "GET /wordpress/wp-content/themes/vantage/js/jquery.touchSwipe.min.js?ver=1.6.6 HTTP/1.1" 200 3672 "https://www.mycath2o.com/en/?gclid=CjwKCAiAr6-ABhAfEiwADO4sfXT0IT1zQrt1DJI9-CDBYNQ9oVQq0HyXA3OZZfhk3-Qf2yl3cqmFGBoCew4QAvD_BwE" "Mozilla/5.0 (Linux; Android 6.0.1; SAMSUNG SM-P350) AppleWebKit/537.36 (KHTML, like Gecko) SamsungBrowser/13.2 Chrome/83.0.4103.106 Safari/537.36"
189.243.81.88 - - [05/Apr/2021:09:23:28 +0800] "GET /wordpress/wp-content/themes/vantage/js/jquery.fitvids.min.js?ver=1.0 HTTP/1.1" 200 797 "https://www.mycath2o.com/en/?gclid=CjwKCAiAr6-ABhAfEiwADO4sfXT0IT1zQrt1DJI9-CDBYNQ9oVQq0HyXA3OZZfhk3-Qf2yl3cqmFGBoCew4QAvD_BwE" "Mozilla/5.0 (Linux; Android 6.0.1; SAMSUNG SM-P350) AppleWebKit/537.36 (KHTML, like Gecko) SamsungBrowser/13.2 Chrome/83.0.4103.106 Safari/537.36"
189.243.81.88 - - [05/Apr/2021:09:23:28 +0800] "GET /wordpress/wp-content/themes/vantage/js/jquery.theme-main.min.js?ver=1.7.7 HTTP/1.1" 200 2510 "https://www.mycath2o.com/en/?gclid=CjwKCAiAr6-ABhAfEiwADO4sfXT0IT1zQrt1DJI9-CDBYNQ9oVQq0HyXA3OZZfhk3-Qf2yl3cqmFGBoCew4QAvD_BwE" "Mozilla/5.0 (Linux; Android 6.0.1; SAMSUNG SM-P350) AppleWebKit/537.36 (KHTML, like Gecko) SamsungBrowser/13.2 Chrome/83.0.4103.106 Safari/537.36"
189.243.81.88 - - [05/Apr/2021:09:23:29 +0800] "GET /wordpress/wp-includes/js/wp-embed.min.js?ver=4.9.16 HTTP/1.1" 200 753 "https://www.mycath2o.com/en/?gclid=CjwKCAiAr6-ABhAfEiwADO4sfXT0IT1zQrt1DJI9-CDBYNQ9oVQq0HyXA3OZZfhk3-Qf2yl3cqmFGBoCew4QAvD_BwE" "Mozilla/5.0 (Linux; Android 6.0.1; SAMSUNG SM-P350) AppleWebKit/537.36 (KHTML, like Gecko) SamsungBrowser/13.2 Chrome/83.0.4103.106 Safari/537.36"
189.243.81.88 - - [05/Apr/2021:09:23:29 +0800] "GET /wordpress/wp-includes/js/jquery/ui/position.min.js?ver=1.11.4 HTTP/1.1" 200 2562 "https://www.mycath2o.com/en/?gclid=CjwKCAiAr6-ABhAfEiwADO4sfXT0IT1zQrt1DJI9-CDBYNQ9oVQq0HyXA3OZZfhk3-Qf2yl3cqmFGBoCew4QAvD_BwE" "Mozilla/5.0 (Linux; Android 6.0.1; SAMSUNG SM-P350) AppleWebKit/537.36 (KHTML, like Gecko) SamsungBrowser/13.2 Chrome/83.0.4103.106 Safari/537.36"
189.243.81.88 - - [05/Apr/2021:09:23:29 +0800] "GET /wordpress/wp-content/plugins/elementor/assets/lib/slick/slick.min.js?ver=1.8.1 HTTP/1.1" 200 10442 "https://www.mycath2o.com/en/?gclid=CjwKCAiAr6-ABhAfEiwADO4sfXT0IT1zQrt1DJI9-CDBYNQ9oVQq0HyXA3OZZfhk3-Qf2yl3cqmFGBoCew4QAvD_BwE" "Mozilla/5.0 (Linux; Android 6.0.1; SAMSUNG SM-P350) AppleWebKit/537.36 (KHTML, like Gecko) SamsungBrowser/13.2 Chrome/83.0.4103.106 Safari/537.36"
189.243.81.88 - - [05/Apr/2021:09:23:29 +0800] "GET /wordpress/wp-content/plugins/elementor/assets/lib/dialog/dialog.min.js?ver=4.5.0 HTTP/1.1" 200 3337 "https://www.mycath2o.com/en/?gclid=CjwKCAiAr6-ABhAfEiwADO4sfXT0IT1zQrt1DJI9-CDBYNQ9oVQq0HyXA3OZZfhk3-Qf2yl3cqmFGBoCew4QAvD_BwE" "Mozilla/5.0 (Linux; Android 6.0.1; SAMSUNG SM-P350) AppleWebKit/537.36 (KHTML, like Gecko) SamsungBrowser/13.2 Chrome/83.0.4103.106 Safari/537.36"
189.243.81.88 - - [05/Apr/2021:09:23:29 +0800] "GET /wordpress/wp-content/plugins/elementor/assets/lib/waypoints/waypoints.min.js?ver=4.0.2 HTTP/1.1" 200 2993 "https://www.mycath2o.com/en/?gclid=CjwKCAiAr6-ABhAfEiwADO4sfXT0IT1zQrt1DJI9-CDBYNQ9oVQq0HyXA3OZZfhk3-Qf2yl3cqmFGBoCew4QAvD_BwE" "Mozilla/5.0 (Linux; Android 6.0.1; SAMSUNG SM-P350) AppleWebKit/537.36 (KHTML, like Gecko) SamsungBrowser/13.2 Chrome/83.0.4103.106 Safari/537.36"
189.243.81.88 - - [05/Apr/2021:09:23:30 +0800] "GET /wordpress/wp-content/plugins/elementor/assets/lib/swiper/swiper.jquery.min.js?ver=4.4.3 HTTP/1.1" 200 31322 "https://www.mycath2o.com/en/?gclid=CjwKCAiAr6-ABhAfEiwADO4sfXT0IT1zQrt1DJI9-CDBYNQ9oVQq0HyXA3OZZfhk3-Qf2yl3cqmFGBoCew4QAvD_BwE" "Mozilla/5.0 (Linux; Android 6.0.1; SAMSUNG SM-P350) AppleWebKit/537.36 (KHTML, like Gecko) SamsungBrowser/13.2 Chrome/83.0.4103.106 Safari/537.36"
189.243.81.88 - - [05/Apr/2021:09:23:30 +0800] "GET /wordpress/wp-content/plugins/elementor/assets/lib/font-awesome/fonts/fontawesome-webfont.woff2?v=4.7.0 HTTP/1.1" 200 77160 "https://www.mycath2o.com/wordpress/wp-content/plugins/elementor/assets/lib/font-awesome/css/font-awesome.min.css?ver=4.7.0" "Mozilla/5.0 (Linux; Android 6.0.1; SAMSUNG SM-P350) AppleWebKit/537.36 (KHTML, like Gecko) SamsungBrowser/13.2 Chrome/83.0.4103.106 Safari/537.36"
189.243.81.88 - - [05/Apr/2021:09:23:32 +0800] "GET /wordpress/wp-content/themes/vantage/icons/vantage-icons.woff HTTP/1.1" 200 1380 "https://www.mycath2o.com/wordpress/wp-content/themes/vantage/style.css?ver=1.7.7" "Mozilla/5.0 (Linux; Android 6.0.1; SAMSUNG SM-P350) AppleWebKit/537.36 (KHTML, like Gecko) SamsungBrowser/13.2 Chrome/83.0.4103.106 Safari/537.36"
189.243.81.88 - - [05/Apr/2021:09:23:30 +0800] "GET /wordpress/wp-content/plugins/elementor/assets/lib/eicons/fonts/eicons.woff2?3.8.0 HTTP/1.1" 200 56760 "https://www.mycath2o.com/wordpress/wp-content/plugins/elementor/assets/lib/eicons/css/elementor-icons.min.css?ver=3.8.0" "Mozilla/5.0 (Linux; Android 6.0.1; SAMSUNG SM-P350) AppleWebKit/537.36 (KHTML, like Gecko) SamsungBrowser/13.2 Chrome/83.0.4103.106 Safari/537.36"
189.243.81.88 - - [05/Apr/2021:09:23:37 +0800] "GET /wordpress/wp-content/plugins/elementor/assets/js/frontend.min.js?ver=2.2.7 HTTP/1.1" 200 10410 "https://www.mycath2o.com/en/?gclid=CjwKCAiAr6-ABhAfEiwADO4sfXT0IT1zQrt1DJI9-CDBYNQ9oVQq0HyXA3OZZfhk3-Qf2yl3cqmFGBoCew4QAvD_BwE" "Mozilla/5.0 (Linux; Android 6.0.1; SAMSUNG SM-P350) AppleWebKit/537.36 (KHTML, like Gecko) SamsungBrowser/13.2 Chrome/83.0.4103.106 Safari/537.36"
189.243.81.88 - - [05/Apr/2021:09:23:32 +0800] "GET /wordpress/wp-content/uploads/2018/06/1240_header-1024x623.jpg HTTP/1.1" 200 67336 "https://www.mycath2o.com/en/?gclid=CjwKCAiAr6-ABhAfEiwADO4sfXT0IT1zQrt1DJI9-CDBYNQ9oVQq0HyXA3OZZfhk3-Qf2yl3cqmFGBoCew4QAvD_BwE" "Mozilla/5.0 (Linux; Android 6.0.1; SAMSUNG SM-P350) AppleWebKit/537.36 (KHTML, like Gecko) SamsungBrowser/13.2 Chrome/83.0.4103.106 Safari/537.36"
189.243.81.88 - - [05/Apr/2021:09:23:42 +0800] "GET /wordpress/wp-content/uploads/2018/03/CAT_2.jpg HTTP/1.1" 200 55480 "https://www.mycath2o.com/en/?gclid=CjwKCAiAr6-ABhAfEiwADO4sfXT0IT1zQrt1DJI9-CDBYNQ9oVQq0HyXA3OZZfhk3-Qf2yl3cqmFGBoCew4QAvD_BwE" "Mozilla/5.0 (Linux; Android 6.0.1; SAMSUNG SM-P350) AppleWebKit/537.36 (KHTML, like Gecko) SamsungBrowser/13.2 Chrome/83.0.4103.106 Safari/537.36"
189.243.81.88 - - [05/Apr/2021:09:23:43 +0800] "GET /wordpress/wp-content/uploads/2018/03/cats.jpg HTTP/1.1" 200 114570 "https://www.mycath2o.com/en/?gclid=CjwKCAiAr6-ABhAfEiwADO4sfXT0IT1zQrt1DJI9-CDBYNQ9oVQq0HyXA3OZZfhk3-Qf2yl3cqmFGBoCew4QAvD_BwE" "Mozilla/5.0 (Linux; Android 6.0.1; SAMSUNG SM-P350) AppleWebKit/537.36 (KHTML, like Gecko) SamsungBrowser/13.2 Chrome/83.0.4103.106 Safari/537.36"
189.243.81.88 - - [05/Apr/2021:09:23:44 +0800] "GET /wordpress/wp-content/uploads/2018/08/DC_CH010-English-2.jpg HTTP/1.1" 200 318981 "https://www.mycath2o.com/en/?gclid=CjwKCAiAr6-ABhAfEiwADO4sfXT0IT1zQrt1DJI9-CDBYNQ9oVQq0HyXA3OZZfhk3-Qf2yl3cqmFGBoCew4QAvD_BwE" "Mozilla/5.0 (Linux; Android 6.0.1; SAMSUNG SM-P350) AppleWebKit/537.36 (KHTML, like Gecko) SamsungBrowser/13.2 Chrome/83.0.4103.106 Safari/537.36"
189.243.81.88 - - [05/Apr/2021:09:23:48 +0800] "GET /wordpress/wp-content/uploads/elementor/thumbs/f_zt-nrimgxqk726edcz8q4wtz04ov9yyj0hpzdyls1njvk.png HTTP/1.1" 200 68685 "https://www.mycath2o.com/en/?gclid=CjwKCAiAr6-ABhAfEiwADO4sfXT0IT1zQrt1DJI9-CDBYNQ9oVQq0HyXA3OZZfhk3-Qf2yl3cqmFGBoCew4QAvD_BwE" "Mozilla/5.0 (Linux; Android 6.0.1; SAMSUNG SM-P350) AppleWebKit/537.36 (KHTML, like Gecko) SamsungBrowser/13.2 Chrome/83.0.4103.106 Safari/537.36"
189.243.81.88 - - [05/Apr/2021:09:23:55 +0800] "GET /wordpress/wp-content/uploads/elementor/thumbs/f_skimmer-nrimgvuvte3tq51z143ku0lroi883ma9b4nmthqc80.png HTTP/1.1" 200 68192 "https://www.mycath2o.com/en/?gclid=CjwKCAiAr6-ABhAfEiwADO4sfXT0IT1zQrt1DJI9-CDBYNQ9oVQq0HyXA3OZZfhk3-Qf2yl3cqmFGBoCew4QAvD_BwE" "Mozilla/5.0 (Linux; Android 6.0.1; SAMSUNG SM-P350) AppleWebKit/537.36 (KHTML, like Gecko) SamsungBrowser/13.2 Chrome/83.0.4103.106 Safari/537.36"
70.138.199.69 - - [05/Apr/2021:09:23:56 +0800] "GET /en/?gclid=EAIaIQobChMIi_Gi5cHW7wIVySWtBh2ntA8kEAEYASAAEgKjQvD_BwE HTTP/1.1" 200 15189 "-" "Mozilla/5.0 (Linux; Android 10; SM-A102U) AppleWebKit/537.36 (KHTML, like Gecko) Chrome/89.0.4389.105 Mobile Safari/537.36"
70.138.199.69 - - [05/Apr/2021:09:23:58 +0800] "GET /wordpress/wp-content/themes/vantage/style.css?ver=1.7.7 HTTP/1.1" 200 15098 "https://www.mycath2o.com/en/?gclid=EAIaIQobChMIi_Gi5cHW7wIVySWtBh2ntA8kEAEYASAAEgKjQvD_BwE" "Mozilla/5.0 (Linux; Android 10; SM-A102U) AppleWebKit/537.36 (KHTML, like Gecko) Chrome/89.0.4389.105 Mobile Safari/537.36"
70.138.199.69 - - [05/Apr/2021:09:23:58 +0800] "GET /wordpress/wp-content/plugins/elementor/assets/lib/font-awesome/css/font-awesome.min.css?ver=4.7.0 HTTP/1.1" 200 7053 "https://www.mycath2o.com/en/?gclid=EAIaIQobChMIi_Gi5cHW7wIVySWtBh2ntA8kEAEYASAAEgKjQvD_BwE" "Mozilla/5.0 (Linux; Android 10; SM-A102U) AppleWebKit/537.36 (KHTML, like Gecko) Chrome/89.0.4389.105 Mobile Safari/537.36"
70.138.199.69 - - [05/Apr/2021:09:23:59 +0800] "GET /wordpress/wp-content/plugins/elementor/assets/lib/eicons/css/elementor-icons.min.css?ver=3.8.0 HTTP/1.1" 200 2425 "https://www.mycath2o.com/en/?gclid=EAIaIQobChMIi_Gi5cHW7wIVySWtBh2ntA8kEAEYASAAEgKjQvD_BwE" "Mozilla/5.0 (Linux; Android 10; SM-A102U) AppleWebKit/537.36 (KHTML, like Gecko) Chrome/89.0.4389.105 Mobile Safari/537.36"
70.138.199.69 - - [05/Apr/2021:09:23:59 +0800] "GET /wordpress/wp-content/plugins/elementor/assets/lib/animations/animations.min.css?ver=2.2.7 HTTP/1.1" 200 2592 "https://www.mycath2o.com/en/?gclid=EAIaIQobChMIi_Gi5cHW7wIVySWtBh2ntA8kEAEYASAAEgKjQvD_BwE" "Mozilla/5.0 (Linux; Android 10; SM-A102U) AppleWebKit/537.36 (KHTML, like Gecko) Chrome/89.0.4389.105 Mobile Safari/537.36"
70.138.199.69 - - [05/Apr/2021:09:23:59 +0800] "GET /wordpress/wp-content/plugins/elementor/assets/css/frontend.min.css?ver=2.2.7 HTTP/1.1" 200 12039 "https://www.mycath2o.com/en/?gclid=EAIaIQobChMIi_Gi5cHW7wIVySWtBh2ntA8kEAEYASAAEgKjQvD_BwE" "Mozilla/5.0 (Linux; Android 10; SM-A102U) AppleWebKit/537.36 (KHTML, like Gecko) Chrome/89.0.4389.105 Mobile Safari/537.36"
70.138.199.69 - - [05/Apr/2021:09:23:59 +0800] "GET /wordpress/wp-content/uploads/elementor/css/global.css?ver=1550982386 HTTP/1.1" 200 654 "https://www.mycath2o.com/en/?gclid=EAIaIQobChMIi_Gi5cHW7wIVySWtBh2ntA8kEAEYASAAEgKjQvD_BwE" "Mozilla/5.0 (Linux; Android 10; SM-A102U) AppleWebKit/537.36 (KHTML, like Gecko) Chrome/89.0.4389.105 Mobile Safari/537.36"
70.138.199.69 - - [05/Apr/2021:09:23:59 +0800] "GET /wordpress/wp-content/uploads/elementor/css/post-40.css?ver=1593608119 HTTP/1.1" 200 1523 "https://www.mycath2o.com/en/?gclid=EAIaIQobChMIi_Gi5cHW7wIVySWtBh2ntA8kEAEYASAAEgKjQvD_BwE" "Mozilla/5.0 (Linux; Android 10; SM-A102U) AppleWebKit/537.36 (KHTML, like Gecko) Chrome/89.0.4389.105 Mobile Safari/537.36"
70.138.199.69 - - [05/Apr/2021:09:23:59 +0800] "GET /wordpress/wp-includes/js/jquery/jquery.js?ver=1.12.4 HTTP/1.1" 200 33776 "https://www.mycath2o.com/en/?gclid=EAIaIQobChMIi_Gi5cHW7wIVySWtBh2ntA8kEAEYASAAEgKjQvD_BwE" "Mozilla/5.0 (Linux; Android 10; SM-A102U) AppleWebKit/537.36 (KHTML, like Gecko) Chrome/89.0.4389.105 Mobile Safari/537.36"
70.138.199.69 - - [05/Apr/2021:09:24:00 +0800] "GET /wordpress/wp-includes/js/jquery/jquery-migrate.min.js?ver=1.4.1 HTTP/1.1" 200 4014 "https://www.mycath2o.com/en/?gclid=EAIaIQobChMIi_Gi5cHW7wIVySWtBh2ntA8kEAEYASAAEgKjQvD_BwE" "Mozilla/5.0 (Linux; Android 10; SM-A102U) AppleWebKit/537.36 (KHTML, like Gecko) Chrome/89.0.4389.105 Mobile Safari/537.36"
70.138.199.69 - - [05/Apr/2021:09:24:00 +0800] "GET /wordpress/wp-content/themes/vantage/js/jquery.flexslider.min.js?ver=2.1 HTTP/1.1" 200 6232 "https://www.mycath2o.com/en/?gclid=EAIaIQobChMIi_Gi5cHW7wIVySWtBh2ntA8kEAEYASAAEgKjQvD_BwE" "Mozilla/5.0 (Linux; Android 10; SM-A102U) AppleWebKit/537.36 (KHTML, like Gecko) Chrome/89.0.4389.105 Mobile Safari/537.36"
70.138.199.69 - - [05/Apr/2021:09:24:00 +0800] "GET /wordpress/wp-content/themes/vantage/js/jquery.touchSwipe.min.js?ver=1.6.6 HTTP/1.1" 200 3672 "https://www.mycath2o.com/en/?gclid=EAIaIQobChMIi_Gi5cHW7wIVySWtBh2ntA8kEAEYASAAEgKjQvD_BwE" "Mozilla/5.0 (Linux; Android 10; SM-A102U) AppleWebKit/537.36 (KHTML, like Gecko) Chrome/89.0.4389.105 Mobile Safari/537.36"
70.138.199.69 - - [05/Apr/2021:09:24:00 +0800] "GET /wordpress/wp-content/themes/vantage/js/jquery.theme-main.min.js?ver=1.7.7 HTTP/1.1" 200 2510 "https://www.mycath2o.com/en/?gclid=EAIaIQobChMIi_Gi5cHW7wIVySWtBh2ntA8kEAEYASAAEgKjQvD_BwE" "Mozilla/5.0 (Linux; Android 10; SM-A102U) AppleWebKit/537.36 (KHTML, like Gecko) Chrome/89.0.4389.105 Mobile Safari/537.36"
70.138.199.69 - - [05/Apr/2021:09:24:00 +0800] "GET /wordpress/wp-content/themes/vantage/js/jquery.fitvids.min.js?ver=1.0 HTTP/1.1" 200 797 "https://www.mycath2o.com/en/?gclid=EAIaIQobChMIi_Gi5cHW7wIVySWtBh2ntA8kEAEYASAAEgKjQvD_BwE" "Mozilla/5.0 (Linux; Android 10; SM-A102U) AppleWebKit/537.36 (KHTML, like Gecko) Chrome/89.0.4389.105 Mobile Safari/537.36"
70.138.199.69 - - [05/Apr/2021:09:24:00 +0800] "GET /wordpress/wp-includes/js/wp-embed.min.js?ver=4.9.16 HTTP/1.1" 200 753 "https://www.mycath2o.com/en/?gclid=EAIaIQobChMIi_Gi5cHW7wIVySWtBh2ntA8kEAEYASAAEgKjQvD_BwE" "Mozilla/5.0 (Linux; Android 10; SM-A102U) AppleWebKit/537.36 (KHTML, like Gecko) Chrome/89.0.4389.105 Mobile Safari/537.36"
70.138.199.69 - - [05/Apr/2021:09:24:01 +0800] "GET /wordpress/wp-content/plugins/elementor/assets/lib/slick/slick.min.js?ver=1.8.1 HTTP/1.1" 200 10442 "https://www.mycath2o.com/en/?gclid=EAIaIQobChMIi_Gi5cHW7wIVySWtBh2ntA8kEAEYASAAEgKjQvD_BwE" "Mozilla/5.0 (Linux; Android 10; SM-A102U) AppleWebKit/537.36 (KHTML, like Gecko) Chrome/89.0.4389.105 Mobile Safari/537.36"
70.138.199.69 - - [05/Apr/2021:09:24:01 +0800] "GET /wordpress/wp-includes/js/jquery/ui/position.min.js?ver=1.11.4 HTTP/1.1" 200 2562 "https://www.mycath2o.com/en/?gclid=EAIaIQobChMIi_Gi5cHW7wIVySWtBh2ntA8kEAEYASAAEgKjQvD_BwE" "Mozilla/5.0 (Linux; Android 10; SM-A102U) AppleWebKit/537.36 (KHTML, like Gecko) Chrome/89.0.4389.105 Mobile Safari/537.36"
70.138.199.69 - - [05/Apr/2021:09:24:01 +0800] "GET /wordpress/wp-content/plugins/elementor/assets/lib/dialog/dialog.min.js?ver=4.5.0 HTTP/1.1" 200 3337 "https://www.mycath2o.com/en/?gclid=EAIaIQobChMIi_Gi5cHW7wIVySWtBh2ntA8kEAEYASAAEgKjQvD_BwE" "Mozilla/5.0 (Linux; Android 10; SM-A102U) AppleWebKit/537.36 (KHTML, like Gecko) Chrome/89.0.4389.105 Mobile Safari/537.36"
189.243.81.88 - - [05/Apr/2021:09:23:58 +0800] "GET /wordpress/wp-content/uploads/elementor/thumbs/f_pump-nrimgt1d8vzyrb62hkvp4jbdwcm4giz2aqp6dnuiqo.png HTTP/1.1" 200 53486 "https://www.mycath2o.com/en/?gclid=CjwKCAiAr6-ABhAfEiwADO4sfXT0IT1zQrt1DJI9-CDBYNQ9oVQq0HyXA3OZZfhk3-Qf2yl3cqmFGBoCew4QAvD_BwE" "Mozilla/5.0 (Linux; Android 6.0.1; SAMSUNG SM-P350) AppleWebKit/537.36 (KHTML, like Gecko) SamsungBrowser/13.2 Chrome/83.0.4103.106 Safari/537.36"
70.138.199.69 - - [05/Apr/2021:09:24:01 +0800] "GET /wordpress/wp-content/plugins/elementor/assets/lib/waypoints/waypoints.min.js?ver=4.0.2 HTTP/1.1" 200 2993 "https://www.mycath2o.com/en/?gclid=EAIaIQobChMIi_Gi5cHW7wIVySWtBh2ntA8kEAEYASAAEgKjQvD_BwE" "Mozilla/5.0 (Linux; Android 10; SM-A102U) AppleWebKit/537.36 (KHTML, like Gecko) Chrome/89.0.4389.105 Mobile Safari/537.36"
70.138.199.69 - - [05/Apr/2021:09:24:01 +0800] "GET /wordpress/wp-content/plugins/elementor/assets/lib/swiper/swiper.jquery.min.js?ver=4.4.3 HTTP/1.1" 200 31322 "https://www.mycath2o.com/en/?gclid=EAIaIQobChMIi_Gi5cHW7wIVySWtBh2ntA8kEAEYASAAEgKjQvD_BwE" "Mozilla/5.0 (Linux; Android 10; SM-A102U) AppleWebKit/537.36 (KHTML, like Gecko) Chrome/89.0.4389.105 Mobile Safari/537.36"
189.243.81.88 - - [05/Apr/2021:09:23:32 +0800] "GET /wordpress/wp-content/uploads/2018/08/%E7%94%BB%E6%9D%BF-1-1024x576.png HTTP/1.1" 200 553126 "https://www.mycath2o.com/en/?gclid=CjwKCAiAr6-ABhAfEiwADO4sfXT0IT1zQrt1DJI9-CDBYNQ9oVQq0HyXA3OZZfhk3-Qf2yl3cqmFGBoCew4QAvD_BwE" "Mozilla/5.0 (Linux; Android 6.0.1; SAMSUNG SM-P350) AppleWebKit/537.36 (KHTML, like Gecko) SamsungBrowser/13.2 Chrome/83.0.4103.106 Safari/537.36"
70.138.199.69 - - [05/Apr/2021:09:24:02 +0800] "GET /wordpress/wp-content/plugins/elementor/assets/lib/font-awesome/fonts/fontawesome-webfont.woff2?v=4.7.0 HTTP/1.1" 200 77160 "https://www.mycath2o.com/wordpress/wp-content/plugins/elementor/assets/lib/font-awesome/css/font-awesome.min.css?ver=4.7.0" "Mozilla/5.0 (Linux; Android 10; SM-A102U) AppleWebKit/537.36 (KHTML, like Gecko) Chrome/89.0.4389.105 Mobile Safari/537.36"
70.138.199.69 - - [05/Apr/2021:09:24:02 +0800] "GET /wordpress/wp-content/plugins/elementor/assets/lib/eicons/fonts/eicons.woff2?3.8.0 HTTP/1.1" 200 56760 "https://www.mycath2o.com/wordpress/wp-content/plugins/elementor/assets/lib/eicons/css/elementor-icons.min.css?ver=3.8.0" "Mozilla/5.0 (Linux; Android 10; SM-A102U) AppleWebKit/537.36 (KHTML, like Gecko) Chrome/89.0.4389.105 Mobile Safari/537.36"
70.138.199.69 - - [05/Apr/2021:09:24:02 +0800] "GET /wordpress/wp-content/themes/vantage/icons/vantage-icons.woff HTTP/1.1" 200 1380 "https://www.mycath2o.com/wordpress/wp-content/themes/vantage/style.css?ver=1.7.7" "Mozilla/5.0 (Linux; Android 10; SM-A102U) AppleWebKit/537.36 (KHTML, like Gecko) Chrome/89.0.4389.105 Mobile Safari/537.36"
189.243.81.88 - - [05/Apr/2021:09:24:02 +0800] "GET /wordpress/wp-content/uploads/2018/03/Cat_H2O_blue.jpg HTTP/1.1" 200 41682 "https://www.mycath2o.com/en/?gclid=CjwKCAiAr6-ABhAfEiwADO4sfXT0IT1zQrt1DJI9-CDBYNQ9oVQq0HyXA3OZZfhk3-Qf2yl3cqmFGBoCew4QAvD_BwE" "Mozilla/5.0 (Linux; Android 6.0.1; SAMSUNG SM-P350) AppleWebKit/537.36 (KHTML, like Gecko) SamsungBrowser/13.2 Chrome/83.0.4103.106 Safari/537.36"
70.138.199.69 - - [05/Apr/2021:09:24:02 +0800] "GET /wordpress/wp-content/uploads/2018/06/1240_header-768x468.jpg HTTP/1.1" 200 42952 "https://www.mycath2o.com/en/?gclid=EAIaIQobChMIi_Gi5cHW7wIVySWtBh2ntA8kEAEYASAAEgKjQvD_BwE" "Mozilla/5.0 (Linux; Android 10; SM-A102U) AppleWebKit/537.36 (KHTML, like Gecko) Chrome/89.0.4389.105 Mobile Safari/537.36"
189.243.81.88 - - [05/Apr/2021:09:23:57 +0800] "GET /wordpress/wp-content/uploads/elementor/thumbs/f_cover-nrimgr5ov7xe438ssk2fzjsgpkve14rlmhe7f3xb34.png HTTP/1.1" 200 54404 "https://www.mycath2o.com/en/?gclid=CjwKCAiAr6-ABhAfEiwADO4sfXT0IT1zQrt1DJI9-CDBYNQ9oVQq0HyXA3OZZfhk3-Qf2yl3cqmFGBoCew4QAvD_BwE" "Mozilla/5.0 (Linux; Android 6.0.1; SAMSUNG SM-P350) AppleWebKit/537.36 (KHTML, like Gecko) SamsungBrowser/13.2 Chrome/83.0.4103.106 Safari/537.36"
70.138.199.69 - - [05/Apr/2021:09:24:03 +0800] "GET /wordpress/wp-content/uploads/2018/03/cats.jpg HTTP/1.1" 200 114570 "https://www.mycath2o.com/en/?gclid=EAIaIQobChMIi_Gi5cHW7wIVySWtBh2ntA8kEAEYASAAEgKjQvD_BwE" "Mozilla/5.0 (Linux; Android 10; SM-A102U) AppleWebKit/537.36 (KHTML, like Gecko) Chrome/89.0.4389.105 Mobile Safari/537.36"
189.243.81.88 - - [05/Apr/2021:09:24:03 +0800] "GET /wordpress/wp-content/uploads/2018/03/Cat_H2O_green.jpg HTTP/1.1" 200 44493 "https://www.mycath2o.com/en/?gclid=CjwKCAiAr6-ABhAfEiwADO4sfXT0IT1zQrt1DJI9-CDBYNQ9oVQq0HyXA3OZZfhk3-Qf2yl3cqmFGBoCew4QAvD_BwE" "Mozilla/5.0 (Linux; Android 6.0.1; SAMSUNG SM-P350) AppleWebKit/537.36 (KHTML, like Gecko) SamsungBrowser/13.2 Chrome/83.0.4103.106 Safari/537.36"
70.138.199.69 - - [05/Apr/2021:09:24:04 +0800] "GET /wordpress/wp-content/plugins/elementor/assets/js/frontend.min.js?ver=2.2.7 HTTP/1.1" 200 10410 "https://www.mycath2o.com/en/?gclid=EAIaIQobChMIi_Gi5cHW7wIVySWtBh2ntA8kEAEYASAAEgKjQvD_BwE" "Mozilla/5.0 (Linux; Android 10; SM-A102U) AppleWebKit/537.36 (KHTML, like Gecko) Chrome/89.0.4389.105 Mobile Safari/537.36"
189.243.81.88 - - [05/Apr/2021:09:24:05 +0800] "GET /wordpress/wp-content/uploads/2018/06/Cat_H2O_4L.jpg HTTP/1.1" 200 34530 "https://www.mycath2o.com/en/?gclid=CjwKCAiAr6-ABhAfEiwADO4sfXT0IT1zQrt1DJI9-CDBYNQ9oVQq0HyXA3OZZfhk3-Qf2yl3cqmFGBoCew4QAvD_BwE" "Mozilla/5.0 (Linux; Android 6.0.1; SAMSUNG SM-P350) AppleWebKit/537.36 (KHTML, like Gecko) SamsungBrowser/13.2 Chrome/83.0.4103.106 Safari/537.36"
70.138.199.69 - - [05/Apr/2021:09:24:07 +0800] "GET /wordpress/wp-content/uploads/2018/08/DC_CH010-English-2-768x808.jpg HTTP/1.1" 200 66024 "https://www.mycath2o.com/en/?gclid=EAIaIQobChMIi_Gi5cHW7wIVySWtBh2ntA8kEAEYASAAEgKjQvD_BwE" "Mozilla/5.0 (Linux; Android 10; SM-A102U) AppleWebKit/537.36 (KHTML, like Gecko) Chrome/89.0.4389.105 Mobile Safari/537.36"
189.243.81.88 - - [05/Apr/2021:09:24:07 +0800] "GET /wordpress/wp-content/uploads/2018/06/R-015_pad.jpg HTTP/1.1" 200 5570 "https://www.mycath2o.com/en/?gclid=CjwKCAiAr6-ABhAfEiwADO4sfXT0IT1zQrt1DJI9-CDBYNQ9oVQq0HyXA3OZZfhk3-Qf2yl3cqmFGBoCew4QAvD_BwE" "Mozilla/5.0 (Linux; Android 6.0.1; SAMSUNG SM-P350) AppleWebKit/537.36 (KHTML, like Gecko) SamsungBrowser/13.2 Chrome/83.0.4103.106 Safari/537.36"
70.138.199.69 - - [05/Apr/2021:09:24:07 +0800] "GET /wordpress/wp-content/uploads/2018/03/CAT_2.jpg HTTP/1.1" 200 55480 "https://www.mycath2o.com/en/?gclid=EAIaIQobChMIi_Gi5cHW7wIVySWtBh2ntA8kEAEYASAAEgKjQvD_BwE" "Mozilla/5.0 (Linux; Android 10; SM-A102U) AppleWebKit/537.36 (KHTML, like Gecko) Chrome/89.0.4389.105 Mobile Safari/537.36"
70.138.199.69 - - [05/Apr/2021:09:24:07 +0800] "GET /wordpress/wp-content/uploads/elementor/thumbs/f_zt-nrimgxqk726edcz8q4wtz04ov9yyj0hpzdyls1njvk.png HTTP/1.1" 200 68685 "https://www.mycath2o.com/en/?gclid=EAIaIQobChMIi_Gi5cHW7wIVySWtBh2ntA8kEAEYASAAEgKjQvD_BwE" "Mozilla/5.0 (Linux; Android 10; SM-A102U) AppleWebKit/537.36 (KHTML, like Gecko) Chrome/89.0.4389.105 Mobile Safari/537.36"
189.243.81.88 - - [05/Apr/2021:09:24:08 +0800] "GET /wordpress/wp-content/uploads/2018/06/R-016_160pxH.png HTTP/1.1" 200 33376 "https://www.mycath2o.com/en/?gclid=CjwKCAiAr6-ABhAfEiwADO4sfXT0IT1zQrt1DJI9-CDBYNQ9oVQq0HyXA3OZZfhk3-Qf2yl3cqmFGBoCew4QAvD_BwE" "Mozilla/5.0 (Linux; Android 6.0.1; SAMSUNG SM-P350) AppleWebKit/537.36 (KHTML, like Gecko) SamsungBrowser/13.2 Chrome/83.0.4103.106 Safari/537.36"
189.243.81.88 - - [05/Apr/2021:09:24:08 +0800] "GET /wordpress/wp-content/uploads/2018/06/Softening.jpg HTTP/1.1" 200 6267 "https://www.mycath2o.com/en/?gclid=CjwKCAiAr6-ABhAfEiwADO4sfXT0IT1zQrt1DJI9-CDBYNQ9oVQq0HyXA3OZZfhk3-Qf2yl3cqmFGBoCew4QAvD_BwE" "Mozilla/5.0 (Linux; Android 6.0.1; SAMSUNG SM-P350) AppleWebKit/537.36 (KHTML, like Gecko) SamsungBrowser/13.2 Chrome/83.0.4103.106 Safari/537.36"
70.138.199.69 - - [05/Apr/2021:09:24:09 +0800] "GET /wordpress/wp-content/uploads/elementor/thumbs/f_skimmer-nrimgvuvte3tq51z143ku0lroi883ma9b4nmthqc80.png HTTP/1.1" 200 68192 "https://www.mycath2o.com/en/?gclid=EAIaIQobChMIi_Gi5cHW7wIVySWtBh2ntA8kEAEYASAAEgKjQvD_BwE" "Mozilla/5.0 (Linux; Android 10; SM-A102U) AppleWebKit/537.36 (KHTML, like Gecko) Chrome/89.0.4389.105 Mobile Safari/537.36"
189.243.81.88 - - [05/Apr/2021:09:24:09 +0800] "GET /wordpress/wp-includes/js/wp-emoji-release.min.js?ver=4.9.16 HTTP/1.1" 200 4382 "https://www.mycath2o.com/en/?gclid=CjwKCAiAr6-ABhAfEiwADO4sfXT0IT1zQrt1DJI9-CDBYNQ9oVQq0HyXA3OZZfhk3-Qf2yl3cqmFGBoCew4QAvD_BwE" "Mozilla/5.0 (Linux; Android 6.0.1; SAMSUNG SM-P350) AppleWebKit/537.36 (KHTML, like Gecko) SamsungBrowser/13.2 Chrome/83.0.4103.106 Safari/537.36"
70.138.199.69 - - [05/Apr/2021:09:24:02 +0800] "GET /wordpress/wp-content/uploads/2018/08/%E7%94%BB%E6%9D%BF-1-768x432.png HTTP/1.1" 200 351411 "https://www.mycath2o.com/en/?gclid=EAIaIQobChMIi_Gi5cHW7wIVySWtBh2ntA8kEAEYASAAEgKjQvD_BwE" "Mozilla/5.0 (Linux; Android 10; SM-A102U) AppleWebKit/537.36 (KHTML, like Gecko) Chrome/89.0.4389.105 Mobile Safari/537.36"
70.138.199.69 - - [05/Apr/2021:09:24:09 +0800] "GET /wordpress/wp-content/uploads/elementor/thumbs/f_cover-nrimgr5ov7xe438ssk2fzjsgpkve14rlmhe7f3xb34.png HTTP/1.1" 200 54404 "https://www.mycath2o.com/en/?gclid=EAIaIQobChMIi_Gi5cHW7wIVySWtBh2ntA8kEAEYASAAEgKjQvD_BwE" "Mozilla/5.0 (Linux; Android 10; SM-A102U) AppleWebKit/537.36 (KHTML, like Gecko) Chrome/89.0.4389.105 Mobile Safari/537.36"
70.138.199.69 - - [05/Apr/2021:09:24:10 +0800] "GET /wordpress/wp-content/uploads/elementor/thumbs/f_pump-nrimgt1d8vzyrb62hkvp4jbdwcm4giz2aqp6dnuiqo.png HTTP/1.1" 200 53486 "https://www.mycath2o.com/en/?gclid=EAIaIQobChMIi_Gi5cHW7wIVySWtBh2ntA8kEAEYASAAEgKjQvD_BwE" "Mozilla/5.0 (Linux; Android 10; SM-A102U) AppleWebKit/537.36 (KHTML, like Gecko) Chrome/89.0.4389.105 Mobile Safari/537.36"
70.138.199.69 - - [05/Apr/2021:09:24:10 +0800] "GET /wordpress/wp-content/uploads/2018/03/Cat_H2O_blue.jpg HTTP/1.1" 200 41682 "https://www.mycath2o.com/en/?gclid=EAIaIQobChMIi_Gi5cHW7wIVySWtBh2ntA8kEAEYASAAEgKjQvD_BwE" "Mozilla/5.0 (Linux; Android 10; SM-A102U) AppleWebKit/537.36 (KHTML, like Gecko) Chrome/89.0.4389.105 Mobile Safari/537.36"
70.138.199.69 - - [05/Apr/2021:09:24:10 +0800] "GET /wordpress/wp-content/uploads/2018/03/Cat_H2O_green.jpg HTTP/1.1" 200 44493 "https://www.mycath2o.com/en/?gclid=EAIaIQobChMIi_Gi5cHW7wIVySWtBh2ntA8kEAEYASAAEgKjQvD_BwE" "Mozilla/5.0 (Linux; Android 10; SM-A102U) AppleWebKit/537.36 (KHTML, like Gecko) Chrome/89.0.4389.105 Mobile Safari/537.36"
70.138.199.69 - - [05/Apr/2021:09:24:12 +0800] "GET /wordpress/wp-content/uploads/2018/06/Cat_H2O_4L.jpg HTTP/1.1" 200 34530 "https://www.mycath2o.com/en/?gclid=EAIaIQobChMIi_Gi5cHW7wIVySWtBh2ntA8kEAEYASAAEgKjQvD_BwE" "Mozilla/5.0 (Linux; Android 10; SM-A102U) AppleWebKit/537.36 (KHTML, like Gecko) Chrome/89.0.4389.105 Mobile Safari/537.36"
70.138.199.69 - - [05/Apr/2021:09:24:12 +0800] "GET /wordpress/wp-content/uploads/2018/06/R-015_pad.jpg HTTP/1.1" 200 5570 "https://www.mycath2o.com/en/?gclid=EAIaIQobChMIi_Gi5cHW7wIVySWtBh2ntA8kEAEYASAAEgKjQvD_BwE" "Mozilla/5.0 (Linux; Android 10; SM-A102U) AppleWebKit/537.36 (KHTML, like Gecko) Chrome/89.0.4389.105 Mobile Safari/537.36"
70.138.199.69 - - [05/Apr/2021:09:24:12 +0800] "GET /wordpress/wp-content/uploads/2018/06/R-016_160pxH.png HTTP/1.1" 200 33376 "https://www.mycath2o.com/en/?gclid=EAIaIQobChMIi_Gi5cHW7wIVySWtBh2ntA8kEAEYASAAEgKjQvD_BwE" "Mozilla/5.0 (Linux; Android 10; SM-A102U) AppleWebKit/537.36 (KHTML, like Gecko) Chrome/89.0.4389.105 Mobile Safari/537.36"
189.243.81.88 - - [05/Apr/2021:09:24:10 +0800] "GET /wordpress/wp-content/uploads/2018/06/CHD001.jpg HTTP/1.1" 200 50487 "https://www.mycath2o.com/en/?gclid=CjwKCAiAr6-ABhAfEiwADO4sfXT0IT1zQrt1DJI9-CDBYNQ9oVQq0HyXA3OZZfhk3-Qf2yl3cqmFGBoCew4QAvD_BwE" "Mozilla/5.0 (Linux; Android 6.0.1; SAMSUNG SM-P350) AppleWebKit/537.36 (KHTML, like Gecko) SamsungBrowser/13.2 Chrome/83.0.4103.106 Safari/537.36"
70.138.199.69 - - [05/Apr/2021:09:24:12 +0800] "GET /wordpress/wp-content/uploads/2018/06/Softening.jpg HTTP/1.1" 200 6267 "https://www.mycath2o.com/en/?gclid=EAIaIQobChMIi_Gi5cHW7wIVySWtBh2ntA8kEAEYASAAEgKjQvD_BwE" "Mozilla/5.0 (Linux; Android 10; SM-A102U) AppleWebKit/537.36 (KHTML, like Gecko) Chrome/89.0.4389.105 Mobile Safari/537.36"
70.138.199.69 - - [05/Apr/2021:09:24:12 +0800] "GET /wordpress/wp-includes/js/wp-emoji-release.min.js?ver=4.9.16 HTTP/1.1" 200 4382 "https://www.mycath2o.com/en/?gclid=EAIaIQobChMIi_Gi5cHW7wIVySWtBh2ntA8kEAEYASAAEgKjQvD_BwE" "Mozilla/5.0 (Linux; Android 10; SM-A102U) AppleWebKit/537.36 (KHTML, like Gecko) Chrome/89.0.4389.105 Mobile Safari/537.36"
189.243.81.88 - - [05/Apr/2021:09:24:12 +0800] "GET /wordpress/wp-content/uploads/2018/06/AA190A.jpg HTTP/1.1" 200 45063 "https://www.mycath2o.com/en/?gclid=CjwKCAiAr6-ABhAfEiwADO4sfXT0IT1zQrt1DJI9-CDBYNQ9oVQq0HyXA3OZZfhk3-Qf2yl3cqmFGBoCew4QAvD_BwE" "Mozilla/5.0 (Linux; Android 6.0.1; SAMSUNG SM-P350) AppleWebKit/537.36 (KHTML, like Gecko) SamsungBrowser/13.2 Chrome/83.0.4103.106 Safari/537.36"
189.243.81.88 - - [05/Apr/2021:09:24:10 +0800] "GET /wordpress/wp-content/uploads/2018/06/R-016-CDH.jpg HTTP/1.1" 200 63820 "https://www.mycath2o.com/en/?gclid=CjwKCAiAr6-ABhAfEiwADO4sfXT0IT1zQrt1DJI9-CDBYNQ9oVQq0HyXA3OZZfhk3-Qf2yl3cqmFGBoCew4QAvD_BwE" "Mozilla/5.0 (Linux; Android 6.0.1; SAMSUNG SM-P350) AppleWebKit/537.36 (KHTML, like Gecko) SamsungBrowser/13.2 Chrome/83.0.4103.106 Safari/537.36"
70.138.199.69 - - [05/Apr/2021:09:24:13 +0800] "GET /wordpress/wp-content/uploads/2018/06/R-015-CH.png HTTP/1.1" 200 59463 "https://www.mycath2o.com/en/?gclid=EAIaIQobChMIi_Gi5cHW7wIVySWtBh2ntA8kEAEYASAAEgKjQvD_BwE" "Mozilla/5.0 (Linux; Android 10; SM-A102U) AppleWebKit/537.36 (KHTML, like Gecko) Chrome/89.0.4389.105 Mobile Safari/537.36"
189.243.81.88 - - [05/Apr/2021:09:24:10 +0800] "GET /wordpress/wp-content/uploads/2018/06/R-015-CH.png HTTP/1.1" 200 59463 "https://www.mycath2o.com/en/?gclid=CjwKCAiAr6-ABhAfEiwADO4sfXT0IT1zQrt1DJI9-CDBYNQ9oVQq0HyXA3OZZfhk3-Qf2yl3cqmFGBoCew4QAvD_BwE" "Mozilla/5.0 (Linux; Android 6.0.1; SAMSUNG SM-P350) AppleWebKit/537.36 (KHTML, like Gecko) SamsungBrowser/13.2 Chrome/83.0.4103.106 Safari/537.36"
70.138.199.69 - - [05/Apr/2021:09:24:13 +0800] "GET /wordpress/wp-content/uploads/2018/06/CHD001.jpg HTTP/1.1" 200 50487 "https://www.mycath2o.com/en/?gclid=EAIaIQobChMIi_Gi5cHW7wIVySWtBh2ntA8kEAEYASAAEgKjQvD_BwE" "Mozilla/5.0 (Linux; Android 10; SM-A102U) AppleWebKit/537.36 (KHTML, like Gecko) Chrome/89.0.4389.105 Mobile Safari/537.36"
70.138.199.69 - - [05/Apr/2021:09:24:14 +0800] "GET /wordpress/wp-content/uploads/2018/06/AA190A.jpg HTTP/1.1" 200 45063 "https://www.mycath2o.com/en/?gclid=EAIaIQobChMIi_Gi5cHW7wIVySWtBh2ntA8kEAEYASAAEgKjQvD_BwE" "Mozilla/5.0 (Linux; Android 10; SM-A102U) AppleWebKit/537.36 (KHTML, like Gecko) Chrome/89.0.4389.105 Mobile Safari/537.36"
70.138.199.69 - - [05/Apr/2021:09:24:14 +0800] "GET /wordpress/wp-content/uploads/2018/06/R-016-CDH.jpg HTTP/1.1" 200 63820 "https://www.mycath2o.com/en/?gclid=EAIaIQobChMIi_Gi5cHW7wIVySWtBh2ntA8kEAEYASAAEgKjQvD_BwE" "Mozilla/5.0 (Linux; Android 10; SM-A102U) AppleWebKit/537.36 (KHTML, like Gecko) Chrome/89.0.4389.105 Mobile Safari/537.36"
70.138.199.69 - - [05/Apr/2021:09:24:14 +0800] "GET /wordpress/wp-content/uploads/2018/06/R-017.jpg HTTP/1.1" 200 53407 "https://www.mycath2o.com/en/?gclid=EAIaIQobChMIi_Gi5cHW7wIVySWtBh2ntA8kEAEYASAAEgKjQvD_BwE" "Mozilla/5.0 (Linux; Android 10; SM-A102U) AppleWebKit/537.36 (KHTML, like Gecko) Chrome/89.0.4389.105 Mobile Safari/537.36"
189.243.81.88 - - [05/Apr/2021:09:24:15 +0800] "GET /wordpress/wp-content/uploads/2018/06/DH08DC-01.png HTTP/1.1" 200 40519 "https://www.mycath2o.com/en/?gclid=CjwKCAiAr6-ABhAfEiwADO4sfXT0IT1zQrt1DJI9-CDBYNQ9oVQq0HyXA3OZZfhk3-Qf2yl3cqmFGBoCew4QAvD_BwE" "Mozilla/5.0 (Linux; Android 6.0.1; SAMSUNG SM-P350) AppleWebKit/537.36 (KHTML, like Gecko) SamsungBrowser/13.2 Chrome/83.0.4103.106 Safari/537.36"
189.243.81.88 - - [05/Apr/2021:09:24:14 +0800] "GET /wordpress/wp-content/uploads/2018/06/R-017.jpg HTTP/1.1" 200 53407 "https://www.mycath2o.com/en/?gclid=CjwKCAiAr6-ABhAfEiwADO4sfXT0IT1zQrt1DJI9-CDBYNQ9oVQq0HyXA3OZZfhk3-Qf2yl3cqmFGBoCew4QAvD_BwE" "Mozilla/5.0 (Linux; Android 6.0.1; SAMSUNG SM-P350) AppleWebKit/537.36 (KHTML, like Gecko) SamsungBrowser/13.2 Chrome/83.0.4103.106 Safari/537.36"
189.243.81.88 - - [05/Apr/2021:09:24:17 +0800] "GET /wordpress/wp-content/uploads/2019/05/websitelogo.png HTTP/1.1" 200 1453 "https://www.mycath2o.com/en/?gclid=CjwKCAiAr6-ABhAfEiwADO4sfXT0IT1zQrt1DJI9-CDBYNQ9oVQq0HyXA3OZZfhk3-Qf2yl3cqmFGBoCew4QAvD_BwE" "Mozilla/5.0 (Linux; Android 6.0.1; SAMSUNG SM-P350) AppleWebKit/537.36 (KHTML, like Gecko) SamsungBrowser/13.2 Chrome/83.0.4103.106 Safari/537.36"
189.243.81.88 - - [05/Apr/2021:09:24:17 +0800] "GET /wordpress/wp-content/uploads/elementor/thumbs/aa_logo-nn0pqz9jl6r1zmbarew4nt9y6wpqem6k7hbsbu2bfc.png HTTP/1.1" 200 5939 "https://www.mycath2o.com/en/?gclid=CjwKCAiAr6-ABhAfEiwADO4sfXT0IT1zQrt1DJI9-CDBYNQ9oVQq0HyXA3OZZfhk3-Qf2yl3cqmFGBoCew4QAvD_BwE" "Mozilla/5.0 (Linux; Android 6.0.1; SAMSUNG SM-P350) AppleWebKit/537.36 (KHTML, like Gecko) SamsungBrowser/13.2 Chrome/83.0.4103.106 Safari/537.36"
189.243.81.88 - - [05/Apr/2021:09:24:17 +0800] "GET /wordpress/wp-content/uploads/2018/08/KM_LOGO_2.jpg HTTP/1.1" 200 16293 "https://www.mycath2o.com/en/?gclid=CjwKCAiAr6-ABhAfEiwADO4sfXT0IT1zQrt1DJI9-CDBYNQ9oVQq0HyXA3OZZfhk3-Qf2yl3cqmFGBoCew4QAvD_BwE" "Mozilla/5.0 (Linux; Android 6.0.1; SAMSUNG SM-P350) AppleWebKit/537.36 (KHTML, like Gecko) SamsungBrowser/13.2 Chrome/83.0.4103.106 Safari/537.36"
189.243.81.88 - - [05/Apr/2021:09:24:18 +0800] "GET /wordpress/wp-content/uploads/2018/07/dogh2o_logo_2.png HTTP/1.1" 200 8897 "https://www.mycath2o.com/en/?gclid=CjwKCAiAr6-ABhAfEiwADO4sfXT0IT1zQrt1DJI9-CDBYNQ9oVQq0HyXA3OZZfhk3-Qf2yl3cqmFGBoCew4QAvD_BwE" "Mozilla/5.0 (Linux; Android 6.0.1; SAMSUNG SM-P350) AppleWebKit/537.36 (KHTML, like Gecko) SamsungBrowser/13.2 Chrome/83.0.4103.106 Safari/537.36"
189.243.81.88 - - [05/Apr/2021:09:24:19 +0800] "GET /wordpress/wp-content/uploads/2019/05/pump_clean-01.png HTTP/1.1" 200 494551 "https://www.mycath2o.com/en/?gclid=CjwKCAiAr6-ABhAfEiwADO4sfXT0IT1zQrt1DJI9-CDBYNQ9oVQq0HyXA3OZZfhk3-Qf2yl3cqmFGBoCew4QAvD_BwE" "Mozilla/5.0 (Linux; Android 6.0.1; SAMSUNG SM-P350) AppleWebKit/537.36 (KHTML, like Gecko) SamsungBrowser/13.2 Chrome/83.0.4103.106 Safari/537.36"
189.243.81.88 - - [05/Apr/2021:09:25:12 +0800] "GET /favicon.ico HTTP/1.1" 200 2196 "https://www.mycath2o.com/en/?gclid=CjwKCAiAr6-ABhAfEiwADO4sfXT0IT1zQrt1DJI9-CDBYNQ9oVQq0HyXA3OZZfhk3-Qf2yl3cqmFGBoCew4QAvD_BwE" "Mozilla/5.0 (Linux; Android 6.0.1; SAMSUNG SM-P350) AppleWebKit/537.36 (KHTML, like Gecko) SamsungBrowser/13.2 Chrome/83.0.4103.106 Safari/537.36"
49.7.20.92 - - [05/Apr/2021:09:25:56 +0800] "GET /en/ HTTP/1.1" 200 15178 "-" "Sogou web spider/4.0(+http://www.sogou.com/docs/help/webmasters.htm#07)"
185.220.100.253 - - [05/Apr/2021:09:26:24 +0800] "GET /de/feed/ HTTP/1.1" 304 - "-" "Mozilla/5.0 (X11; Ubuntu; Linux x86_64; rv:86.0) Gecko/20100101 Firefox/86.0"
198.144.120.234 - - [05/Apr/2021:09:32:55 +0800] "GET /de/feed/ HTTP/1.1" 304 - "-" "Mozilla/5.0 (X11; Ubuntu; Linux x86_64; rv:86.0) Gecko/20100101 Firefox/86.0"
49.7.20.76 - - [05/Apr/2021:09:41:20 +0800] "GET / HTTP/1.1" 302 186 "-" "Sogou web spider/4.0(+http://www.sogou.com/docs/help/webmasters.htm#07)"
181.114.103.74 - - [05/Apr/2021:09:43:24 +0800] "GET /en/?gclid=Cj0KCQiA1pyCBhCtARIsAHaY_5eGiy2j1fTrlWtaWuKaCQTd2xqoE6HCmfCOpAO0pChnzMP4sWAYfToaAjX9EALw_wcB HTTP/1.1" 200 15189 "-" "Mozilla/5.0 (Linux; Android 8.1.0; SAMSUNG SM-J260MU Build/M1AJB; wv) AppleWebKit/537.36 (KHTML, like Gecko) Version/4.0 SamsungBrowser/7.2 Chrome/86.0.4240.110 Mobile Safari/537.36"
181.114.103.74 - - [05/Apr/2021:09:44:10 +0800] "GET /wordpress/wp-content/plugins/elementor/assets/lib/font-awesome/css/font-awesome.min.css?ver=4.7.0 HTTP/1.1" 200 7053 "https://www.mycath2o.com/en/?gclid=Cj0KCQiA1pyCBhCtARIsAHaY_5eGiy2j1fTrlWtaWuKaCQTd2xqoE6HCmfCOpAO0pChnzMP4sWAYfToaAjX9EALw_wcB" "Mozilla/5.0 (Linux; Android 8.1.0; SAMSUNG SM-J260MU Build/M1AJB; wv) AppleWebKit/537.36 (KHTML, like Gecko) Version/4.0 SamsungBrowser/7.2 Chrome/86.0.4240.110 Mobile Safari/537.36"
181.114.103.74 - - [05/Apr/2021:09:44:10 +0800] "GET /wordpress/wp-content/plugins/elementor/assets/lib/eicons/css/elementor-icons.min.css?ver=3.8.0 HTTP/1.1" 200 2425 "https://www.mycath2o.com/en/?gclid=Cj0KCQiA1pyCBhCtARIsAHaY_5eGiy2j1fTrlWtaWuKaCQTd2xqoE6HCmfCOpAO0pChnzMP4sWAYfToaAjX9EALw_wcB" "Mozilla/5.0 (Linux; Android 8.1.0; SAMSUNG SM-J260MU Build/M1AJB; wv) AppleWebKit/537.36 (KHTML, like Gecko) Version/4.0 SamsungBrowser/7.2 Chrome/86.0.4240.110 Mobile Safari/537.36"
181.114.103.74 - - [05/Apr/2021:09:44:11 +0800] "GET /wordpress/wp-content/themes/vantage/style.css?ver=1.7.7 HTTP/1.1" 200 15098 "https://www.mycath2o.com/en/?gclid=Cj0KCQiA1pyCBhCtARIsAHaY_5eGiy2j1fTrlWtaWuKaCQTd2xqoE6HCmfCOpAO0pChnzMP4sWAYfToaAjX9EALw_wcB" "Mozilla/5.0 (Linux; Android 8.1.0; SAMSUNG SM-J260MU Build/M1AJB; wv) AppleWebKit/537.36 (KHTML, like Gecko) Version/4.0 SamsungBrowser/7.2 Chrome/86.0.4240.110 Mobile Safari/537.36"
181.114.103.74 - - [05/Apr/2021:09:44:11 +0800] "GET /wordpress/wp-content/plugins/elementor/assets/lib/animations/animations.min.css?ver=2.2.7 HTTP/1.1" 200 2592 "https://www.mycath2o.com/en/?gclid=Cj0KCQiA1pyCBhCtARIsAHaY_5eGiy2j1fTrlWtaWuKaCQTd2xqoE6HCmfCOpAO0pChnzMP4sWAYfToaAjX9EALw_wcB" "Mozilla/5.0 (Linux; Android 8.1.0; SAMSUNG SM-J260MU Build/M1AJB; wv) AppleWebKit/537.36 (KHTML, like Gecko) Version/4.0 SamsungBrowser/7.2 Chrome/86.0.4240.110 Mobile Safari/537.36"
181.114.103.74 - - [05/Apr/2021:09:44:11 +0800] "GET /wordpress/wp-content/plugins/elementor/assets/css/frontend.min.css?ver=2.2.7 HTTP/1.1" 200 12039 "https://www.mycath2o.com/en/?gclid=Cj0KCQiA1pyCBhCtARIsAHaY_5eGiy2j1fTrlWtaWuKaCQTd2xqoE6HCmfCOpAO0pChnzMP4sWAYfToaAjX9EALw_wcB" "Mozilla/5.0 (Linux; Android 8.1.0; SAMSUNG SM-J260MU Build/M1AJB; wv) AppleWebKit/537.36 (KHTML, like Gecko) Version/4.0 SamsungBrowser/7.2 Chrome/86.0.4240.110 Mobile Safari/537.36"
181.114.103.74 - - [05/Apr/2021:09:44:12 +0800] "GET /wordpress/wp-content/uploads/elementor/css/global.css?ver=1550982386 HTTP/1.1" 200 654 "https://www.mycath2o.com/en/?gclid=Cj0KCQiA1pyCBhCtARIsAHaY_5eGiy2j1fTrlWtaWuKaCQTd2xqoE6HCmfCOpAO0pChnzMP4sWAYfToaAjX9EALw_wcB" "Mozilla/5.0 (Linux; Android 8.1.0; SAMSUNG SM-J260MU Build/M1AJB; wv) AppleWebKit/537.36 (KHTML, like Gecko) Version/4.0 SamsungBrowser/7.2 Chrome/86.0.4240.110 Mobile Safari/537.36"
181.114.103.74 - - [05/Apr/2021:09:44:12 +0800] "GET /wordpress/wp-content/uploads/elementor/css/post-40.css?ver=1593608119 HTTP/1.1" 200 1523 "https://www.mycath2o.com/en/?gclid=Cj0KCQiA1pyCBhCtARIsAHaY_5eGiy2j1fTrlWtaWuKaCQTd2xqoE6HCmfCOpAO0pChnzMP4sWAYfToaAjX9EALw_wcB" "Mozilla/5.0 (Linux; Android 8.1.0; SAMSUNG SM-J260MU Build/M1AJB; wv) AppleWebKit/537.36 (KHTML, like Gecko) Version/4.0 SamsungBrowser/7.2 Chrome/86.0.4240.110 Mobile Safari/537.36"
