35.243.252.220 - - [20/Mar/2021:13:39:55 +0800] "GET /wordpress/xmlrpc.php?rsd HTTP/1.0" 403 193 "-" "ZoominfoBot (zoominfobot at zoominfo dot com)"
35.243.252.220 - - [20/Mar/2021:13:40:40 +0800] "GET /sample-page/feed/ HTTP/1.0" 200 408 "-" "ZoominfoBot (zoominfobot at zoominfo dot com)"
74.208.136.135 - - [20/Mar/2021:13:54:07 +0800] "GET / HTTP/1.1" 200 92732 "-" "FreeWebMonitoring SiteChecker/0.2 (+https://www.freewebmonitoring.com/bot.html)"
185.205.94.214 - - [20/Mar/2021:14:00:08 +0800] "GET / HTTP/1.1" 302 186 "-" "Mozilla/4.0 (compatible; MSIE 7.0; Windows NT 6.2; WOW64; Trident/7.0; .NET4.0E; .NET4.0C)"
185.205.94.214 - - [20/Mar/2021:14:00:10 +0800] "GET / HTTP/1.1" 200 15284 "-" "Mozilla/4.0 (compatible; MSIE 7.0; Windows NT 6.2; WOW64; Trident/7.0; .NET4.0E; .NET4.0C)"
34.77.162.32 - - [20/Mar/2021:14:07:02 +0800] "GET / HTTP/1.1" 301 - "-" "Expanse indexes the network perimeters of our customers. If you have any questions or concerns, please reach out to: scaninfo@expanseinc.com"
54.36.148.141 - - [20/Mar/2021:14:07:57 +0800] "GET /zh/cn/ HTTP/1.1" 200 15823 "-" "Mozilla/5.0 (compatible; AhrefsBot/7.0; +http://ahrefs.com/robot/)"
203.124.10.177 - - [20/Mar/2021:14:32:52 +0800] "POST /wordpress/wp-cron.php?doing_wp_cron=1616221972.5528380870819091796875 HTTP/1.1" 200 20 "https://www.mydogh2o.com/wordpress/wp-cron.php?doing_wp_cron=1616221972.5528380870819091796875" "WordPress/5.0.11; https://www.mydogh2o.com"
74.208.136.135 - - [20/Mar/2021:14:32:52 +0800] "GET / HTTP/1.1" 200 92732 "-" "FreeWebMonitoring SiteChecker/0.2 (+https://www.freewebmonitoring.com/bot.html)"
103.131.71.107 - - [20/Mar/2021:14:36:03 +0800] "GET /robots.txt HTTP/1.1" 200 79 "-" "Mozilla/5.0 (compatible; coccocbot-web/1.0; +http://help.coccoc.com/searchengine)"
123.183.224.94 - - [20/Mar/2021:14:42:55 +0800] "GET / HTTP/1.1" 200 15284 "-" "Sogou web spider/4.0(+http://www.sogou.com/docs/help/webmasters.htm#07)"
165.22.231.31 - - [20/Mar/2021:14:49:19 +0800] "GET / HTTP/1.1" 302 186 "-" "Mozilla/5.0 (Linux; Android 8.1.0; CPH1909) AppleWebKit/537.36 (KHTML, like Gecko) Chrome/89.0.4389.90 Mobile Safari/537.36"
165.22.231.31 - - [20/Mar/2021:14:49:22 +0800] "GET / HTTP/1.1" 200 15296 "-" "Mozilla/5.0 (Linux; Android 8.1.0; CPH1909) AppleWebKit/537.36 (KHTML, like Gecko) Chrome/89.0.4389.90 Mobile Safari/537.36"
165.22.231.31 - - [20/Mar/2021:14:49:24 +0800] "GET /wordpress/wp-includes/css/dist/block-library/style.min.css?ver=5.0.11 HTTP/1.1" 200 4302 "https://www.mydogh2o.com/" "Mozilla/5.0 (Linux; Android 8.1.0; CPH1909) AppleWebKit/537.36 (KHTML, like Gecko) Chrome/89.0.4389.90 Mobile Safari/537.36"
165.22.231.31 - - [20/Mar/2021:14:49:25 +0800] "GET /wordpress/wp-content/themes/vantage/style.css?ver=1.7.9 HTTP/1.1" 200 15006 "https://www.mydogh2o.com/" "Mozilla/5.0 (Linux; Android 8.1.0; CPH1909) AppleWebKit/537.36 (KHTML, like Gecko) Chrome/89.0.4389.90 Mobile Safari/537.36"
165.22.231.31 - - [20/Mar/2021:14:49:25 +0800] "GET /wordpress/wp-content/plugins/elementor/assets/lib/font-awesome/css/font-awesome.min.css?ver=4.7.0 HTTP/1.1" 200 7052 "https://www.mydogh2o.com/" "Mozilla/5.0 (Linux; Android 8.1.0; CPH1909) AppleWebKit/537.36 (KHTML, like Gecko) Chrome/89.0.4389.90 Mobile Safari/537.36"
165.22.231.31 - - [20/Mar/2021:14:49:25 +0800] "GET /wordpress/wp-content/plugins/elementor/assets/lib/eicons/css/elementor-icons.min.css?ver=5.9.1 HTTP/1.1" 200 3478 "https://www.mydogh2o.com/" "Mozilla/5.0 (Linux; Android 8.1.0; CPH1909) AppleWebKit/537.36 (KHTML, like Gecko) Chrome/89.0.4389.90 Mobile Safari/537.36"
165.22.231.31 - - [20/Mar/2021:14:49:26 +0800] "GET /wordpress/wp-content/plugins/elementor/assets/lib/animations/animations.min.css?ver=3.0.13 HTTP/1.1" 200 2592 "https://www.mydogh2o.com/" "Mozilla/5.0 (Linux; Android 8.1.0; CPH1909) AppleWebKit/537.36 (KHTML, like Gecko) Chrome/89.0.4389.90 Mobile Safari/537.36"
165.22.231.31 - - [20/Mar/2021:14:49:26 +0800] "GET /wordpress/wp-content/plugins/elementor/assets/css/frontend-legacy.min.css?ver=3.0.13 HTTP/1.1" 200 536 "https://www.mydogh2o.com/" "Mozilla/5.0 (Linux; Android 8.1.0; CPH1909) AppleWebKit/537.36 (KHTML, like Gecko) Chrome/89.0.4389.90 Mobile Safari/537.36"
165.22.231.31 - - [20/Mar/2021:14:49:26 +0800] "GET /wordpress/wp-content/plugins/elementor/assets/css/frontend.min.css?ver=3.0.13 HTTP/1.1" 200 15888 "https://www.mydogh2o.com/" "Mozilla/5.0 (Linux; Android 8.1.0; CPH1909) AppleWebKit/537.36 (KHTML, like Gecko) Chrome/89.0.4389.90 Mobile Safari/537.36"
165.22.231.31 - - [20/Mar/2021:14:49:26 +0800] "GET /wordpress/wp-content/uploads/elementor/css/post-683.css?ver=1604823916 HTTP/1.1" 200 372 "https://www.mydogh2o.com/" "Mozilla/5.0 (Linux; Android 8.1.0; CPH1909) AppleWebKit/537.36 (KHTML, like Gecko) Chrome/89.0.4389.90 Mobile Safari/537.36"
165.22.231.31 - - [20/Mar/2021:14:49:26 +0800] "GET /wordpress/wp-content/uploads/elementor/css/global.css?ver=1604824073 HTTP/1.1" 200 804 "https://www.mydogh2o.com/" "Mozilla/5.0 (Linux; Android 8.1.0; CPH1909) AppleWebKit/537.36 (KHTML, like Gecko) Chrome/89.0.4389.90 Mobile Safari/537.36"
165.22.231.31 - - [20/Mar/2021:14:49:26 +0800] "GET /wordpress/wp-content/uploads/elementor/css/post-2.css?ver=1604825091 HTTP/1.1" 200 1084 "https://www.mydogh2o.com/" "Mozilla/5.0 (Linux; Android 8.1.0; CPH1909) AppleWebKit/537.36 (KHTML, like Gecko) Chrome/89.0.4389.90 Mobile Safari/537.36"
165.22.231.31 - - [20/Mar/2021:14:49:26 +0800] "GET /wordpress/wp-includes/js/jquery/jquery.js?ver=1.12.4 HTTP/1.1" 200 33776 "https://www.mydogh2o.com/" "Mozilla/5.0 (Linux; Android 8.1.0; CPH1909) AppleWebKit/537.36 (KHTML, like Gecko) Chrome/89.0.4389.90 Mobile Safari/537.36"
165.22.231.31 - - [20/Mar/2021:14:49:26 +0800] "GET /wordpress/wp-includes/js/jquery/jquery-migrate.min.js?ver=1.4.1 HTTP/1.1" 200 4014 "https://www.mydogh2o.com/" "Mozilla/5.0 (Linux; Android 8.1.0; CPH1909) AppleWebKit/537.36 (KHTML, like Gecko) Chrome/89.0.4389.90 Mobile Safari/537.36"
165.22.231.31 - - [20/Mar/2021:14:49:26 +0800] "GET /wordpress/wp-content/themes/vantage/js/jquery.flexslider.min.js?ver=2.1 HTTP/1.1" 200 6232 "https://www.mydogh2o.com/" "Mozilla/5.0 (Linux; Android 8.1.0; CPH1909) AppleWebKit/537.36 (KHTML, like Gecko) Chrome/89.0.4389.90 Mobile Safari/537.36"
165.22.231.31 - - [20/Mar/2021:14:49:27 +0800] "GET /wordpress/wp-content/themes/vantage/js/jquery.touchSwipe.min.js?ver=1.6.6 HTTP/1.1" 200 3672 "https://www.mydogh2o.com/" "Mozilla/5.0 (Linux; Android 8.1.0; CPH1909) AppleWebKit/537.36 (KHTML, like Gecko) Chrome/89.0.4389.90 Mobile Safari/537.36"
165.22.231.31 - - [20/Mar/2021:14:49:27 +0800] "GET /wordpress/wp-content/themes/vantage/js/jquery.theme-main.min.js?ver=1.7.9 HTTP/1.1" 200 2510 "https://www.mydogh2o.com/" "Mozilla/5.0 (Linux; Android 8.1.0; CPH1909) AppleWebKit/537.36 (KHTML, like Gecko) Chrome/89.0.4389.90 Mobile Safari/537.36"
165.22.231.31 - - [20/Mar/2021:14:49:27 +0800] "GET /wordpress/wp-content/themes/vantage/js/jquery.fitvids.min.js?ver=1.0 HTTP/1.1" 200 797 "https://www.mydogh2o.com/" "Mozilla/5.0 (Linux; Android 8.1.0; CPH1909) AppleWebKit/537.36 (KHTML, like Gecko) Chrome/89.0.4389.90 Mobile Safari/537.36"
165.22.231.31 - - [20/Mar/2021:14:49:28 +0800] "GET /wordpress/wp-includes/js/wp-embed.min.js?ver=5.0.11 HTTP/1.1" 200 753 "https://www.mydogh2o.com/" "Mozilla/5.0 (Linux; Android 8.1.0; CPH1909) AppleWebKit/537.36 (KHTML, like Gecko) Chrome/89.0.4389.90 Mobile Safari/537.36"
165.22.231.31 - - [20/Mar/2021:14:49:29 +0800] "GET /wordpress/wp-content/plugins/elementor/assets/js/frontend-modules.min.js?ver=3.0.13 HTTP/1.1" 200 18275 "https://www.mydogh2o.com/" "Mozilla/5.0 (Linux; Android 8.1.0; CPH1909) AppleWebKit/537.36 (KHTML, like Gecko) Chrome/89.0.4389.90 Mobile Safari/537.36"
165.22.231.31 - - [20/Mar/2021:14:49:31 +0800] "GET /wordpress/wp-includes/js/jquery/ui/position.min.js?ver=1.11.4 HTTP/1.1" 200 2562 "https://www.mydogh2o.com/" "Mozilla/5.0 (Linux; Android 8.1.0; CPH1909) AppleWebKit/537.36 (KHTML, like Gecko) Chrome/89.0.4389.90 Mobile Safari/537.36"
165.22.231.31 - - [20/Mar/2021:14:49:32 +0800] "GET /wordpress/wp-content/plugins/elementor/assets/lib/dialog/dialog.min.js?ver=4.8.1 HTTP/1.1" 200 3510 "https://www.mydogh2o.com/" "Mozilla/5.0 (Linux; Android 8.1.0; CPH1909) AppleWebKit/537.36 (KHTML, like Gecko) Chrome/89.0.4389.90 Mobile Safari/537.36"
165.22.231.31 - - [20/Mar/2021:14:49:32 +0800] "GET /wordpress/wp-content/plugins/elementor/assets/lib/waypoints/waypoints.min.js?ver=4.0.2 HTTP/1.1" 200 2993 "https://www.mydogh2o.com/" "Mozilla/5.0 (Linux; Android 8.1.0; CPH1909) AppleWebKit/537.36 (KHTML, like Gecko) Chrome/89.0.4389.90 Mobile Safari/537.36"
165.22.231.31 - - [20/Mar/2021:14:49:33 +0800] "GET /wordpress/wp-content/plugins/elementor/assets/lib/swiper/swiper.min.js?ver=5.3.6 HTTP/1.1" 200 35491 "https://www.mydogh2o.com/" "Mozilla/5.0 (Linux; Android 8.1.0; CPH1909) AppleWebKit/537.36 (KHTML, like Gecko) Chrome/89.0.4389.90 Mobile Safari/537.36"
165.22.231.31 - - [20/Mar/2021:14:49:36 +0800] "GET /wordpress/wp-content/plugins/elementor/assets/lib/share-link/share-link.min.js?ver=3.0.13 HTTP/1.1" 200 1099 "https://www.mydogh2o.com/" "Mozilla/5.0 (Linux; Android 8.1.0; CPH1909) AppleWebKit/537.36 (KHTML, like Gecko) Chrome/89.0.4389.90 Mobile Safari/537.36"
165.22.231.31 - - [20/Mar/2021:14:49:37 +0800] "GET /wordpress/wp-content/plugins/elementor/assets/js/frontend.min.js?ver=3.0.13 HTTP/1.1" 200 31698 "https://www.mydogh2o.com/" "Mozilla/5.0 (Linux; Android 8.1.0; CPH1909) AppleWebKit/537.36 (KHTML, like Gecko) Chrome/89.0.4389.90 Mobile Safari/537.36"
165.22.231.31 - - [20/Mar/2021:14:49:37 +0800] "GET /wordpress/wp-content/uploads/2018/09/header-left.png HTTP/1.1" 200 134458 "https://www.mydogh2o.com/" "Mozilla/5.0 (Linux; Android 8.1.0; CPH1909) AppleWebKit/537.36 (KHTML, like Gecko) Chrome/89.0.4389.90 Mobile Safari/537.36"
165.22.231.31 - - [20/Mar/2021:14:49:37 +0800] "GET /wordpress/wp-content/uploads/2018/08/dogh2o_02.jpg HTTP/1.1" 200 244899 "https://www.mydogh2o.com/" "Mozilla/5.0 (Linux; Android 8.1.0; CPH1909) AppleWebKit/537.36 (KHTML, like Gecko) Chrome/89.0.4389.90 Mobile Safari/537.36"
165.22.231.31 - - [20/Mar/2021:14:49:46 +0800] "GET /wordpress/wp-content/uploads/2018/09/dental_block1.png HTTP/1.1" 200 80540 "https://www.mydogh2o.com/" "Mozilla/5.0 (Linux; Android 8.1.0; CPH1909) AppleWebKit/537.36 (KHTML, like Gecko) Chrome/89.0.4389.90 Mobile Safari/537.36"
165.22.231.31 - - [20/Mar/2021:14:49:55 +0800] "GET /wordpress/wp-content/uploads/2018/09/F_-4.png HTTP/1.1" 200 63208 "https://www.mydogh2o.com/" "Mozilla/5.0 (Linux; Android 8.1.0; CPH1909) AppleWebKit/537.36 (KHTML, like Gecko) Chrome/89.0.4389.90 Mobile Safari/537.36"
165.22.231.31 - - [20/Mar/2021:14:49:37 +0800] "GET /wordpress/wp-content/uploads/2018/09/COVER-03-03-768x432.png HTTP/1.1" 200 394463 "https://www.mydogh2o.com/" "Mozilla/5.0 (Linux; Android 8.1.0; CPH1909) AppleWebKit/537.36 (KHTML, like Gecko) Chrome/89.0.4389.90 Mobile Safari/537.36"
165.22.231.31 - - [20/Mar/2021:14:49:52 +0800] "GET /wordpress/wp-content/uploads/2018/09/F_-3.png HTTP/1.1" 200 56413 "https://www.mydogh2o.com/" "Mozilla/5.0 (Linux; Android 8.1.0; CPH1909) AppleWebKit/537.36 (KHTML, like Gecko) Chrome/89.0.4389.90 Mobile Safari/537.36"
165.22.231.31 - - [20/Mar/2021:14:49:52 +0800] "GET /wordpress/wp-content/uploads/2018/09/F_8.png HTTP/1.1" 200 68640 "https://www.mydogh2o.com/" "Mozilla/5.0 (Linux; Android 8.1.0; CPH1909) AppleWebKit/537.36 (KHTML, like Gecko) Chrome/89.0.4389.90 Mobile Safari/537.36"
106.38.241.163 - - [20/Mar/2021:14:51:13 +0800] "GET / HTTP/1.1" 302 186 "-" "Sogou web spider/4.0(+http://www.sogou.com/docs/help/webmasters.htm#07)"
74.208.136.135 - - [20/Mar/2021:14:54:45 +0800] "GET / HTTP/1.1" 200 92732 "-" "FreeWebMonitoring SiteChecker/0.2 (+https://www.freewebmonitoring.com/bot.html)"
114.119.130.248 - - [20/Mar/2021:14:55:01 +0800] "GET /robots.txt HTTP/1.1" 200 79 "-" "(compatible;PetalBot;+https://aspiegel.com/petalbot)"
106.38.241.163 - - [20/Mar/2021:14:56:58 +0800] "GET / HTTP/1.1" 200 15284 "-" "Sogou web spider/4.0(+http://www.sogou.com/docs/help/webmasters.htm#07)"
203.124.10.177 - - [20/Mar/2021:15:15:31 +0800] "POST /wordpress/wp-cron.php?doing_wp_cron=1616224531.2559750080108642578125 HTTP/1.1" 200 20 "https://www.mydogh2o.com/wordpress/wp-cron.php?doing_wp_cron=1616224531.2559750080108642578125" "WordPress/5.0.11; https://www.mydogh2o.com"
104.131.163.64 - - [20/Mar/2021:15:15:30 +0800] "GET /wp-content/wp-1ogin_bak.php HTTP/1.1" 404 4292 "-" "python-requests/2.25.1"
104.131.163.64 - - [20/Mar/2021:15:16:00 +0800] "GET /wp-content/wp-1ogin_bak.php HTTP/1.1" 404 4292 "-" "python-requests/2.25.1"
104.131.163.64 - - [20/Mar/2021:15:16:30 +0800] "GET /wp-content/wp-1ogin_bak.php HTTP/1.1" 404 4296 "-" "python-requests/2.25.1"
104.131.163.64 - - [20/Mar/2021:15:17:02 +0800] "GET /wp-content/wp-1ogin_bak.php HTTP/1.1" 404 4296 "-" "python-requests/2.25.1"
111.202.101.114 - - [20/Mar/2021:15:18:18 +0800] "GET / HTTP/1.1" 302 186 "-" "Sogou web spider/4.0(+http://www.sogou.com/docs/help/webmasters.htm#07)"
203.124.10.177 - - [20/Mar/2021:15:34:15 +0800] "POST /wordpress/wp-cron.php?doing_wp_cron=1616225655.6494550704956054687500 HTTP/1.1" 200 20 "https://www.mydogh2o.com/wordpress/wp-cron.php?doing_wp_cron=1616225655.6494550704956054687500" "WordPress/5.0.11; https://www.mydogh2o.com"
74.208.136.135 - - [20/Mar/2021:15:34:14 +0800] "GET / HTTP/1.1" 200 92732 "-" "FreeWebMonitoring SiteChecker/0.2 (+https://www.freewebmonitoring.com/bot.html)"
114.119.152.143 - - [20/Mar/2021:15:43:45 +0800] "GET /robots.txt HTTP/1.1" 200 79 "-" "(compatible;PetalBot;+https://aspiegel.com/petalbot)"
106.38.241.163 - - [20/Mar/2021:15:47:24 +0800] "GET / HTTP/1.1" 302 186 "-" "Sogou web spider/4.0(+http://www.sogou.com/docs/help/webmasters.htm#07)"
123.183.224.94 - - [20/Mar/2021:15:47:44 +0800] "GET / HTTP/1.1" 200 15284 "-" "Sogou web spider/4.0(+http://www.sogou.com/docs/help/webmasters.htm#07)"
111.202.101.108 - - [20/Mar/2021:15:53:06 +0800] "GET / HTTP/1.1" 302 186 "-" "Sogou web spider/4.0(+http://www.sogou.com/docs/help/webmasters.htm#07)"
106.38.241.163 - - [20/Mar/2021:15:55:23 +0800] "GET / HTTP/1.1" 200 15284 "-" "Sogou web spider/4.0(+http://www.sogou.com/docs/help/webmasters.htm#07)"
74.208.136.135 - - [20/Mar/2021:15:56:58 +0800] "GET / HTTP/1.1" 200 92732 "-" "FreeWebMonitoring SiteChecker/0.2 (+https://www.freewebmonitoring.com/bot.html)"
173.252.87.7 - - [20/Mar/2021:16:06:03 +0800] "GET / HTTP/1.1" 206 15284 "-" "facebookexternalhit/1.1 (+http://www.facebook.com/externalhit_uatext.php)"
173.252.87.20 - - [20/Mar/2021:16:06:03 +0800] "GET / HTTP/1.1" 206 15284 "-" "facebookexternalhit/1.1 (+http://www.facebook.com/externalhit_uatext.php)"
173.252.87.111 - - [20/Mar/2021:16:06:07 +0800] "GET /wordpress/wp-content/uploads/2018/09/header-left.png HTTP/1.1" 200 134458 "-" "cortex/1.0"
173.252.87.13 - - [20/Mar/2021:16:06:07 +0800] "GET /wordpress/wp-content/uploads/2018/09/header-left.png HTTP/1.1" 200 134458 "-" "cortex/1.0"
111.202.101.108 - - [20/Mar/2021:16:20:59 +0800] "GET / HTTP/1.1" 302 186 "-" "Sogou web spider/4.0(+http://www.sogou.com/docs/help/webmasters.htm#07)"
203.124.10.177 - - [20/Mar/2021:16:21:23 +0800] "POST /wordpress/wp-cron.php?doing_wp_cron=1616228483.0589129924774169921875 HTTP/1.1" 200 20 "https://www.mydogh2o.com/wordpress/wp-cron.php?doing_wp_cron=1616228483.0589129924774169921875" "WordPress/5.0.11; https://www.mydogh2o.com"
111.202.101.104 - - [20/Mar/2021:16:21:22 +0800] "GET / HTTP/1.1" 200 15284 "-" "Sogou web spider/4.0(+http://www.sogou.com/docs/help/webmasters.htm#07)"
74.208.136.135 - - [20/Mar/2021:16:35:07 +0800] "GET / HTTP/1.1" 200 92732 "-" "FreeWebMonitoring SiteChecker/0.2 (+https://www.freewebmonitoring.com/bot.html)"
74.208.136.135 - - [20/Mar/2021:16:57:47 +0800] "GET / HTTP/1.1" 200 92732 "-" "FreeWebMonitoring SiteChecker/0.2 (+https://www.freewebmonitoring.com/bot.html)"
1.192.195.8 - - [20/Mar/2021:17:00:43 +0800] "GET / HTTP/1.1" 200 15296 "https://www.mydogh2o.com/" "Mozilla/5.0 (iPhone; CPU iPhone OS 11_0 like Mac OS X) AppleWebKit/604.1.38 (KHTML, like Gecko) Version/11.0 Mobile/15A372 Safari/604.1"
199.58.86.206 - - [20/Mar/2021:17:14:44 +0800] "GET /robots.txt HTTP/1.1" 200 87 "-" "Mozilla/5.0 (compatible; MJ12bot/v1.4.8; http://mj12bot.com/)"
203.124.10.177 - - [20/Mar/2021:17:14:44 +0800] "POST /wordpress/wp-cron.php?doing_wp_cron=1616231684.7732019424438476562500 HTTP/1.1" 200 20 "https://www.mydogh2o.com/wordpress/wp-cron.php?doing_wp_cron=1616231684.7732019424438476562500" "WordPress/5.0.11; https://www.mydogh2o.com"
199.58.86.206 - - [20/Mar/2021:17:14:47 +0800] "GET / HTTP/1.1" 200 15284 "-" "Mozilla/5.0 (compatible; MJ12bot/v1.4.8; http://mj12bot.com/)"
66.249.71.122 - - [20/Mar/2021:17:35:14 +0800] "GET /ads.txt HTTP/1.1" 404 4296 "-" "Mozilla/5.0 (compatible; Googlebot/2.1; +http://www.google.com/bot.html)"
203.124.10.177 - - [20/Mar/2021:17:35:15 +0800] "POST /wordpress/wp-cron.php?doing_wp_cron=1616232915.3979239463806152343750 HTTP/1.1" 200 20 "https://www.mydogh2o.com/wordpress/wp-cron.php?doing_wp_cron=1616232915.3979239463806152343750" "WordPress/5.0.11; https://www.mydogh2o.com"
74.208.136.135 - - [20/Mar/2021:17:36:00 +0800] "GET / HTTP/1.1" 200 92732 "-" "FreeWebMonitoring SiteChecker/0.2 (+https://www.freewebmonitoring.com/bot.html)"
51.77.52.160 - - [20/Mar/2021:17:39:12 +0800] "GET / HTTP/1.1" 302 186 "-" "Mozilla/5.0 (X11; Linux x86_64) AppleWebKit/537.36 (KHTML, like Gecko) Chrome/75.0.3770.100 Safari/537.36 OPR/62.0.3331.99"
51.77.52.160 - - [20/Mar/2021:17:39:14 +0800] "GET / HTTP/1.1" 200 15284 "-" "Mozilla/5.0 (X11; Linux x86_64) AppleWebKit/537.36 (KHTML, like Gecko) Chrome/75.0.3770.100 Safari/537.36 OPR/62.0.3331.99"
42.236.10.120 - - [20/Mar/2021:17:43:59 +0800] "GET / HTTP/1.1" 200 15296 "https://www.mydogh2o.com/" "Mozilla/5.0 (iPhone; CPU iPhone OS 11_0 like Mac OS X) AppleWebKit/604.1.38 (KHTML, like Gecko) Version/11.0 Mobile/15A372 Safari/604.1"
42.236.10.120 - - [20/Mar/2021:17:44:03 +0800] "GET /wordpress/wp-includes/css/dist/block-library/style.min.css?ver=5.0.11 HTTP/1.1" 200 4302 "https://www.mydogh2o.com/" "Mozilla/5.0 (iPhone; CPU iPhone OS 11_0 like Mac OS X) AppleWebKit/604.1.38 (KHTML, like Gecko) Version/11.0 Mobile/15A372 Safari/604.1"
42.236.10.113 - - [20/Mar/2021:17:44:03 +0800] "GET /wordpress/wp-content/themes/vantage/style.css?ver=1.7.9 HTTP/1.1" 200 15006 "https://www.mydogh2o.com/" "Mozilla/5.0 (iPhone; CPU iPhone OS 11_0 like Mac OS X) AppleWebKit/604.1.38 (KHTML, like Gecko) Version/11.0 Mobile/15A372 Safari/604.1"
42.236.10.120 - - [20/Mar/2021:17:44:03 +0800] "GET /wordpress/wp-content/plugins/elementor/assets/lib/font-awesome/css/font-awesome.min.css?ver=4.7.0 HTTP/1.1" 200 7052 "https://www.mydogh2o.com/" "Mozilla/5.0 (iPhone; CPU iPhone OS 11_0 like Mac OS X) AppleWebKit/604.1.38 (KHTML, like Gecko) Version/11.0 Mobile/15A372 Safari/604.1"
42.236.10.123 - - [20/Mar/2021:17:44:03 +0800] "GET /wordpress/wp-content/plugins/elementor/assets/lib/animations/animations.min.css?ver=3.0.13 HTTP/1.1" 200 2592 "https://www.mydogh2o.com/" "Mozilla/5.0 (iPhone; CPU iPhone OS 11_0 like Mac OS X) AppleWebKit/604.1.38 (KHTML, like Gecko) Version/11.0 Mobile/15A372 Safari/604.1"
42.236.10.100 - - [20/Mar/2021:17:44:03 +0800] "GET /wordpress/wp-content/plugins/elementor/assets/lib/eicons/css/elementor-icons.min.css?ver=5.9.1 HTTP/1.1" 200 3478 "https://www.mydogh2o.com/" "Mozilla/5.0 (iPhone; CPU iPhone OS 11_0 like Mac OS X) AppleWebKit/604.1.38 (KHTML, like Gecko) Version/11.0 Mobile/15A372 Safari/604.1"
42.236.10.110 - - [20/Mar/2021:17:44:03 +0800] "GET /wordpress/wp-content/plugins/elementor/assets/css/frontend-legacy.min.css?ver=3.0.13 HTTP/1.1" 200 536 "https://www.mydogh2o.com/" "Mozilla/5.0 (iPhone; CPU iPhone OS 11_0 like Mac OS X) AppleWebKit/604.1.38 (KHTML, like Gecko) Version/11.0 Mobile/15A372 Safari/604.1"
42.236.10.120 - - [20/Mar/2021:17:44:03 +0800] "GET /wordpress/wp-content/plugins/elementor/assets/css/frontend.min.css?ver=3.0.13 HTTP/1.1" 200 15888 "https://www.mydogh2o.com/" "Mozilla/5.0 (iPhone; CPU iPhone OS 11_0 like Mac OS X) AppleWebKit/604.1.38 (KHTML, like Gecko) Version/11.0 Mobile/15A372 Safari/604.1"
42.236.10.120 - - [20/Mar/2021:17:44:03 +0800] "GET /wordpress/wp-content/themes/vantage/js/jquery.flexslider.min.js?ver=2.1 HTTP/1.1" 200 6232 "https://www.mydogh2o.com/" "Mozilla/5.0 (iPhone; CPU iPhone OS 11_0 like Mac OS X) AppleWebKit/604.1.38 (KHTML, like Gecko) Version/11.0 Mobile/15A372 Safari/604.1"
42.236.10.100 - - [20/Mar/2021:17:44:03 +0800] "GET /wordpress/wp-content/uploads/elementor/css/post-2.css?ver=1604825091 HTTP/1.1" 200 1084 "https://www.mydogh2o.com/" "Mozilla/5.0 (iPhone; CPU iPhone OS 11_0 like Mac OS X) AppleWebKit/604.1.38 (KHTML, like Gecko) Version/11.0 Mobile/15A372 Safari/604.1"
42.236.10.113 - - [20/Mar/2021:17:44:03 +0800] "GET /wordpress/wp-content/uploads/elementor/css/post-683.css?ver=1604823916 HTTP/1.1" 200 372 "https://www.mydogh2o.com/" "Mozilla/5.0 (iPhone; CPU iPhone OS 11_0 like Mac OS X) AppleWebKit/604.1.38 (KHTML, like Gecko) Version/11.0 Mobile/15A372 Safari/604.1"
42.236.10.103 - - [20/Mar/2021:17:44:04 +0800] "GET /wordpress/wp-content/uploads/elementor/css/global.css?ver=1604824073 HTTP/1.1" 200 804 "https://www.mydogh2o.com/" "Mozilla/5.0 (iPhone; CPU iPhone OS 11_0 like Mac OS X) AppleWebKit/604.1.38 (KHTML, like Gecko) Version/11.0 Mobile/15A372 Safari/604.1"
42.236.10.110 - - [20/Mar/2021:17:44:04 +0800] "GET /wordpress/wp-includes/js/jquery/jquery-migrate.min.js?ver=1.4.1 HTTP/1.1" 200 4014 "https://www.mydogh2o.com/" "Mozilla/5.0 (iPhone; CPU iPhone OS 11_0 like Mac OS X) AppleWebKit/604.1.38 (KHTML, like Gecko) Version/11.0 Mobile/15A372 Safari/604.1"
42.236.10.123 - - [20/Mar/2021:17:44:03 +0800] "GET /wordpress/wp-includes/js/jquery/jquery.js?ver=1.12.4 HTTP/1.1" 200 33776 "https://www.mydogh2o.com/" "Mozilla/5.0 (iPhone; CPU iPhone OS 11_0 like Mac OS X) AppleWebKit/604.1.38 (KHTML, like Gecko) Version/11.0 Mobile/15A372 Safari/604.1"
42.236.10.100 - - [20/Mar/2021:17:44:04 +0800] "GET /wordpress/wp-content/themes/vantage/js/jquery.theme-main.min.js?ver=1.7.9 HTTP/1.1" 200 2510 "https://www.mydogh2o.com/" "Mozilla/5.0 (iPhone; CPU iPhone OS 11_0 like Mac OS X) AppleWebKit/604.1.38 (KHTML, like Gecko) Version/11.0 Mobile/15A372 Safari/604.1"
42.236.10.113 - - [20/Mar/2021:17:44:04 +0800] "GET /wordpress/wp-content/themes/vantage/js/jquery.touchSwipe.min.js?ver=1.6.6 HTTP/1.1" 200 3672 "https://www.mydogh2o.com/" "Mozilla/5.0 (iPhone; CPU iPhone OS 11_0 like Mac OS X) AppleWebKit/604.1.38 (KHTML, like Gecko) Version/11.0 Mobile/15A372 Safari/604.1"
42.236.10.103 - - [20/Mar/2021:17:44:04 +0800] "GET /wordpress/wp-content/themes/vantage/js/jquery.fitvids.min.js?ver=1.0 HTTP/1.1" 200 797 "https://www.mydogh2o.com/" "Mozilla/5.0 (iPhone; CPU iPhone OS 11_0 like Mac OS X) AppleWebKit/604.1.38 (KHTML, like Gecko) Version/11.0 Mobile/15A372 Safari/604.1"
42.236.10.113 - - [20/Mar/2021:17:44:07 +0800] "GET /wordpress/wp-includes/js/wp-embed.min.js?ver=5.0.11 HTTP/1.1" 200 753 "https://www.mydogh2o.com/" "Mozilla/5.0 (iPhone; CPU iPhone OS 11_0 like Mac OS X) AppleWebKit/604.1.38 (KHTML, like Gecko) Version/11.0 Mobile/15A372 Safari/604.1"
42.236.10.123 - - [20/Mar/2021:17:44:08 +0800] "GET /wordpress/wp-content/plugins/elementor/assets/js/frontend-modules.min.js?ver=3.0.13 HTTP/1.1" 200 18275 "https://www.mydogh2o.com/" "Mozilla/5.0 (iPhone; CPU iPhone OS 11_0 like Mac OS X) AppleWebKit/604.1.38 (KHTML, like Gecko) Version/11.0 Mobile/15A372 Safari/604.1"
42.236.10.113 - - [20/Mar/2021:17:44:08 +0800] "GET /wordpress/wp-includes/js/jquery/ui/position.min.js?ver=1.11.4 HTTP/1.1" 200 2562 "https://www.mydogh2o.com/" "Mozilla/5.0 (iPhone; CPU iPhone OS 11_0 like Mac OS X) AppleWebKit/604.1.38 (KHTML, like Gecko) Version/11.0 Mobile/15A372 Safari/604.1"
42.236.10.103 - - [20/Mar/2021:17:44:08 +0800] "GET /wordpress/wp-content/plugins/elementor/assets/lib/dialog/dialog.min.js?ver=4.8.1 HTTP/1.1" 200 3510 "https://www.mydogh2o.com/" "Mozilla/5.0 (iPhone; CPU iPhone OS 11_0 like Mac OS X) AppleWebKit/604.1.38 (KHTML, like Gecko) Version/11.0 Mobile/15A372 Safari/604.1"
42.236.10.100 - - [20/Mar/2021:17:44:08 +0800] "GET /wordpress/wp-content/plugins/elementor/assets/lib/waypoints/waypoints.min.js?ver=4.0.2 HTTP/1.1" 200 2993 "https://www.mydogh2o.com/" "Mozilla/5.0 (iPhone; CPU iPhone OS 11_0 like Mac OS X) AppleWebKit/604.1.38 (KHTML, like Gecko) Version/11.0 Mobile/15A372 Safari/604.1"
42.236.10.100 - - [20/Mar/2021:17:44:08 +0800] "GET /wordpress/wp-content/plugins/elementor/assets/lib/share-link/share-link.min.js?ver=3.0.13 HTTP/1.1" 200 1099 "https://www.mydogh2o.com/" "Mozilla/5.0 (iPhone; CPU iPhone OS 11_0 like Mac OS X) AppleWebKit/604.1.38 (KHTML, like Gecko) Version/11.0 Mobile/15A372 Safari/604.1"
42.236.10.123 - - [20/Mar/2021:17:44:08 +0800] "GET /wordpress/wp-content/plugins/elementor/assets/lib/swiper/swiper.min.js?ver=5.3.6 HTTP/1.1" 200 35491 "https://www.mydogh2o.com/" "Mozilla/5.0 (iPhone; CPU iPhone OS 11_0 like Mac OS X) AppleWebKit/604.1.38 (KHTML, like Gecko) Version/11.0 Mobile/15A372 Safari/604.1"
42.236.10.103 - - [20/Mar/2021:17:44:08 +0800] "GET /wordpress/wp-content/plugins/elementor/assets/js/frontend.min.js?ver=3.0.13 HTTP/1.1" 200 31698 "https://www.mydogh2o.com/" "Mozilla/5.0 (iPhone; CPU iPhone OS 11_0 like Mac OS X) AppleWebKit/604.1.38 (KHTML, like Gecko) Version/11.0 Mobile/15A372 Safari/604.1"
42.236.10.123 - - [20/Mar/2021:17:44:10 +0800] "GET /wordpress/wp-includes/js/wp-emoji-release.min.js?ver=5.0.11 HTTP/1.1" 200 4382 "https://www.mydogh2o.com/" "Mozilla/5.0 (iPhone; CPU iPhone OS 11_0 like Mac OS X) AppleWebKit/604.1.38 (KHTML, like Gecko) Version/11.0 Mobile/15A372 Safari/604.1"
42.236.10.103 - - [20/Mar/2021:17:44:11 +0800] "GET /wordpress/wp-content/plugins/elementor/assets/lib/eicons/fonts/eicons.woff2?5.9.1 HTTP/1.1" 200 84384 "https://www.mydogh2o.com/" "Mozilla/5.0 (iPhone; CPU iPhone OS 11_0 like Mac OS X) AppleWebKit/604.1.38 (KHTML, like Gecko) Version/11.0 Mobile/15A372 Safari/604.1"
42.236.10.123 - - [20/Mar/2021:17:44:11 +0800] "GET /wordpress/wp-content/plugins/elementor/assets/lib/font-awesome/fonts/fontawesome-webfont.woff2?v=4.7.0 HTTP/1.1" 200 77160 "https://www.mydogh2o.com/" "Mozilla/5.0 (iPhone; CPU iPhone OS 11_0 like Mac OS X) AppleWebKit/604.1.38 (KHTML, like Gecko) Version/11.0 Mobile/15A372 Safari/604.1"
42.236.10.123 - - [20/Mar/2021:17:44:11 +0800] "GET /wordpress/wp-content/themes/vantage/icons/vantage-icons.woff HTTP/1.1" 200 1380 "https://www.mydogh2o.com/" "Mozilla/5.0 (iPhone; CPU iPhone OS 11_0 like Mac OS X) AppleWebKit/604.1.38 (KHTML, like Gecko) Version/11.0 Mobile/15A372 Safari/604.1"
95.163.36.0 - - [20/Mar/2021:17:51:20 +0800] "GET /robots.txt HTTP/1.0" 200 87 "-" "Mozilla/5.0 (compatible; Linux x86_64; Mail.RU_Bot/2.0; +http://go.mail.ru/help/robots)"
95.163.255.99 - - [20/Mar/2021:17:51:23 +0800] "GET /wordpress/wp-content/uploads/2018/09/DH015.jpg HTTP/1.1" 200 40771 "-" "Mozilla/5.0 (compatible; Linux x86_64; Mail.RU_Bot/2.0; +http://go.mail.ru/help/robots)"
74.208.136.135 - - [20/Mar/2021:17:58:06 +0800] "GET / HTTP/1.1" 200 92732 "-" "FreeWebMonitoring SiteChecker/0.2 (+https://www.freewebmonitoring.com/bot.html)"
216.160.239.174 - - [20/Mar/2021:18:02:59 +0800] "GET / HTTP/1.1" 200 15284 "-" "Mozilla/5.0 (compatible; Gowikibot/1.0; +http://gowikibot.gowiki.com)"
158.181.76.196 - - [20/Mar/2021:18:04:49 +0800] "GET /de/ HTTP/1.1" 200 16072 "-" "Mozilla/5.0 (Android 9; Mobile; rv:86.0) Gecko/86.0 Firefox/86.0"
158.181.76.196 - - [20/Mar/2021:18:04:53 +0800] "GET /wordpress/wp-includes/js/wp-emoji-release.min.js?ver=5.0.11 HTTP/1.1" 200 4382 "https://www.mydogh2o.com/de/" "Mozilla/5.0 (Android 9; Mobile; rv:86.0) Gecko/86.0 Firefox/86.0"
158.181.76.196 - - [20/Mar/2021:18:04:53 +0800] "GET /wordpress/wp-includes/css/dist/block-library/style.min.css?ver=5.0.11 HTTP/1.1" 200 4302 "https://www.mydogh2o.com/de/" "Mozilla/5.0 (Android 9; Mobile; rv:86.0) Gecko/86.0 Firefox/86.0"
158.181.76.196 - - [20/Mar/2021:18:04:53 +0800] "GET /wordpress/wp-content/themes/vantage/style.css?ver=1.7.9 HTTP/1.1" 200 15006 "https://www.mydogh2o.com/de/" "Mozilla/5.0 (Android 9; Mobile; rv:86.0) Gecko/86.0 Firefox/86.0"
158.181.76.196 - - [20/Mar/2021:18:04:53 +0800] "GET /wordpress/wp-content/plugins/elementor/assets/lib/font-awesome/css/font-awesome.min.css?ver=4.7.0 HTTP/1.1" 200 7052 "https://www.mydogh2o.com/de/" "Mozilla/5.0 (Android 9; Mobile; rv:86.0) Gecko/86.0 Firefox/86.0"
158.181.76.196 - - [20/Mar/2021:18:04:53 +0800] "GET /wordpress/wp-content/plugins/elementor/assets/lib/eicons/css/elementor-icons.min.css?ver=5.9.1 HTTP/1.1" 200 3478 "https://www.mydogh2o.com/de/" "Mozilla/5.0 (Android 9; Mobile; rv:86.0) Gecko/86.0 Firefox/86.0"
158.181.76.196 - - [20/Mar/2021:18:04:53 +0800] "GET /wordpress/wp-content/uploads/elementor/css/post-683.css?ver=1604823916 HTTP/1.1" 200 372 "https://www.mydogh2o.com/de/" "Mozilla/5.0 (Android 9; Mobile; rv:86.0) Gecko/86.0 Firefox/86.0"
158.181.76.196 - - [20/Mar/2021:18:04:53 +0800] "GET /wordpress/wp-content/uploads/elementor/css/global.css?ver=1604824073 HTTP/1.1" 200 804 "https://www.mydogh2o.com/de/" "Mozilla/5.0 (Android 9; Mobile; rv:86.0) Gecko/86.0 Firefox/86.0"
158.181.76.196 - - [20/Mar/2021:18:04:53 +0800] "GET /wordpress/wp-content/uploads/elementor/css/post-420.css?ver=1604825534 HTTP/1.1" 200 1087 "https://www.mydogh2o.com/de/" "Mozilla/5.0 (Android 9; Mobile; rv:86.0) Gecko/86.0 Firefox/86.0"
158.181.76.196 - - [20/Mar/2021:18:04:53 +0800] "GET /wordpress/wp-content/plugins/elementor/assets/lib/animations/animations.min.css?ver=3.0.13 HTTP/1.1" 200 2592 "https://www.mydogh2o.com/de/" "Mozilla/5.0 (Android 9; Mobile; rv:86.0) Gecko/86.0 Firefox/86.0"
158.181.76.196 - - [20/Mar/2021:18:04:53 +0800] "GET /wordpress/wp-content/plugins/elementor/assets/css/frontend-legacy.min.css?ver=3.0.13 HTTP/1.1" 200 536 "https://www.mydogh2o.com/de/" "Mozilla/5.0 (Android 9; Mobile; rv:86.0) Gecko/86.0 Firefox/86.0"
158.181.76.196 - - [20/Mar/2021:18:04:53 +0800] "GET /wordpress/wp-content/plugins/elementor/assets/css/frontend.min.css?ver=3.0.13 HTTP/1.1" 200 15888 "https://www.mydogh2o.com/de/" "Mozilla/5.0 (Android 9; Mobile; rv:86.0) Gecko/86.0 Firefox/86.0"
158.181.76.196 - - [20/Mar/2021:18:04:54 +0800] "GET /wordpress/wp-includes/js/jquery/jquery.js?ver=1.12.4 HTTP/1.1" 200 33776 "https://www.mydogh2o.com/de/" "Mozilla/5.0 (Android 9; Mobile; rv:86.0) Gecko/86.0 Firefox/86.0"
158.181.76.196 - - [20/Mar/2021:18:04:54 +0800] "GET /wordpress/wp-includes/js/jquery/jquery-migrate.min.js?ver=1.4.1 HTTP/1.1" 200 4014 "https://www.mydogh2o.com/de/" "Mozilla/5.0 (Android 9; Mobile; rv:86.0) Gecko/86.0 Firefox/86.0"
158.181.76.196 - - [20/Mar/2021:18:04:54 +0800] "GET /wordpress/wp-content/themes/vantage/js/jquery.flexslider.min.js?ver=2.1 HTTP/1.1" 200 6232 "https://www.mydogh2o.com/de/" "Mozilla/5.0 (Android 9; Mobile; rv:86.0) Gecko/86.0 Firefox/86.0"
158.181.76.196 - - [20/Mar/2021:18:04:54 +0800] "GET /wordpress/wp-content/themes/vantage/js/jquery.theme-main.min.js?ver=1.7.9 HTTP/1.1" 200 2510 "https://www.mydogh2o.com/de/" "Mozilla/5.0 (Android 9; Mobile; rv:86.0) Gecko/86.0 Firefox/86.0"
158.181.76.196 - - [20/Mar/2021:18:04:54 +0800] "GET /wordpress/wp-content/themes/vantage/js/jquery.touchSwipe.min.js?ver=1.6.6 HTTP/1.1" 200 3672 "https://www.mydogh2o.com/de/" "Mozilla/5.0 (Android 9; Mobile; rv:86.0) Gecko/86.0 Firefox/86.0"
158.181.76.196 - - [20/Mar/2021:18:04:54 +0800] "GET /wordpress/wp-content/themes/vantage/js/jquery.fitvids.min.js?ver=1.0 HTTP/1.1" 200 797 "https://www.mydogh2o.com/de/" "Mozilla/5.0 (Android 9; Mobile; rv:86.0) Gecko/86.0 Firefox/86.0"
158.181.76.196 - - [20/Mar/2021:18:04:54 +0800] "GET /wordpress/wp-includes/js/wp-embed.min.js?ver=5.0.11 HTTP/1.1" 200 753 "https://www.mydogh2o.com/de/" "Mozilla/5.0 (Android 9; Mobile; rv:86.0) Gecko/86.0 Firefox/86.0"
158.181.76.196 - - [20/Mar/2021:18:04:54 +0800] "GET /wordpress/wp-includes/js/jquery/ui/position.min.js?ver=1.11.4 HTTP/1.1" 200 2562 "https://www.mydogh2o.com/de/" "Mozilla/5.0 (Android 9; Mobile; rv:86.0) Gecko/86.0 Firefox/86.0"
158.181.76.196 - - [20/Mar/2021:18:04:54 +0800] "GET /wordpress/wp-content/plugins/elementor/assets/js/frontend-modules.min.js?ver=3.0.13 HTTP/1.1" 200 18275 "https://www.mydogh2o.com/de/" "Mozilla/5.0 (Android 9; Mobile; rv:86.0) Gecko/86.0 Firefox/86.0"
158.181.76.196 - - [20/Mar/2021:18:04:54 +0800] "GET /wordpress/wp-content/plugins/elementor/assets/lib/dialog/dialog.min.js?ver=4.8.1 HTTP/1.1" 200 3510 "https://www.mydogh2o.com/de/" "Mozilla/5.0 (Android 9; Mobile; rv:86.0) Gecko/86.0 Firefox/86.0"
158.181.76.196 - - [20/Mar/2021:18:04:54 +0800] "GET /wordpress/wp-content/plugins/elementor/assets/lib/waypoints/waypoints.min.js?ver=4.0.2 HTTP/1.1" 200 2993 "https://www.mydogh2o.com/de/" "Mozilla/5.0 (Android 9; Mobile; rv:86.0) Gecko/86.0 Firefox/86.0"
158.181.76.196 - - [20/Mar/2021:18:04:54 +0800] "GET /wordpress/wp-content/plugins/elementor/assets/lib/share-link/share-link.min.js?ver=3.0.13 HTTP/1.1" 200 1099 "https://www.mydogh2o.com/de/" "Mozilla/5.0 (Android 9; Mobile; rv:86.0) Gecko/86.0 Firefox/86.0"
158.181.76.196 - - [20/Mar/2021:18:04:54 +0800] "GET /wordpress/wp-content/plugins/elementor/assets/lib/swiper/swiper.min.js?ver=5.3.6 HTTP/1.1" 200 35491 "https://www.mydogh2o.com/de/" "Mozilla/5.0 (Android 9; Mobile; rv:86.0) Gecko/86.0 Firefox/86.0"
158.181.76.196 - - [20/Mar/2021:18:04:54 +0800] "GET /wordpress/wp-content/plugins/elementor/assets/js/frontend.min.js?ver=3.0.13 HTTP/1.1" 200 31698 "https://www.mydogh2o.com/de/" "Mozilla/5.0 (Android 9; Mobile; rv:86.0) Gecko/86.0 Firefox/86.0"
158.181.76.196 - - [20/Mar/2021:18:04:55 +0800] "GET /wordpress/wp-content/themes/vantage/icons/vantage-icons.woff HTTP/1.1" 200 1380 "https://www.mydogh2o.com/wordpress/wp-content/themes/vantage/style.css?ver=1.7.9" "Mozilla/5.0 (Android 9; Mobile; rv:86.0) Gecko/86.0 Firefox/86.0"
158.181.76.196 - - [20/Mar/2021:18:04:55 +0800] "GET /wordpress/wp-content/uploads/2018/09/header-left.png HTTP/1.1" 200 134458 "https://www.mydogh2o.com/de/" "Mozilla/5.0 (Android 9; Mobile; rv:86.0) Gecko/86.0 Firefox/86.0"
158.181.76.196 - - [20/Mar/2021:18:04:56 +0800] "GET /wordpress/wp-content/uploads/2018/09/F_-3.png HTTP/1.1" 200 56413 "https://www.mydogh2o.com/de/" "Mozilla/5.0 (Android 9; Mobile; rv:86.0) Gecko/86.0 Firefox/86.0"
158.181.76.196 - - [20/Mar/2021:18:04:55 +0800] "GET /wordpress/wp-content/plugins/elementor/assets/lib/font-awesome/fonts/fontawesome-webfont.woff2?v=4.7.0 HTTP/1.1" 200 77160 "https://www.mydogh2o.com/wordpress/wp-content/plugins/elementor/assets/lib/font-awesome/css/font-awesome.min.css?ver=4.7.0" "Mozilla/5.0 (Android 9; Mobile; rv:86.0) Gecko/86.0 Firefox/86.0"
158.181.76.196 - - [20/Mar/2021:18:04:56 +0800] "GET /wordpress/wp-content/uploads/2018/09/F_8.png HTTP/1.1" 200 68640 "https://www.mydogh2o.com/de/" "Mozilla/5.0 (Android 9; Mobile; rv:86.0) Gecko/86.0 Firefox/86.0"
158.181.76.196 - - [20/Mar/2021:18:04:55 +0800] "GET /wordpress/wp-content/plugins/elementor/assets/lib/eicons/fonts/eicons.woff2?5.9.1 HTTP/1.1" 200 84384 "https://www.mydogh2o.com/wordpress/wp-content/plugins/elementor/assets/lib/eicons/css/elementor-icons.min.css?ver=5.9.1" "Mozilla/5.0 (Android 9; Mobile; rv:86.0) Gecko/86.0 Firefox/86.0"
158.181.76.196 - - [20/Mar/2021:18:04:57 +0800] "GET /wordpress/wp-content/uploads/2018/09/F_-4.png HTTP/1.1" 200 63208 "https://www.mydogh2o.com/de/" "Mozilla/5.0 (Android 9; Mobile; rv:86.0) Gecko/86.0 Firefox/86.0"
158.181.76.196 - - [20/Mar/2021:18:04:57 +0800] "GET /wordpress/wp-content/uploads/2018/09/F_-2.png HTTP/1.1" 200 43902 "https://www.mydogh2o.com/de/" "Mozilla/5.0 (Android 9; Mobile; rv:86.0) Gecko/86.0 Firefox/86.0"
158.181.76.196 - - [20/Mar/2021:18:04:55 +0800] "GET /wordpress/wp-content/uploads/2018/10/DC_DH020-German.jpg HTTP/1.1" 200 137890 "https://www.mydogh2o.com/de/" "Mozilla/5.0 (Android 9; Mobile; rv:86.0) Gecko/86.0 Firefox/86.0"
158.181.76.196 - - [20/Mar/2021:18:04:55 +0800] "GET /wordpress/wp-content/uploads/2018/08/dogh2o_02.jpg HTTP/1.1" 200 244899 "https://www.mydogh2o.com/de/" "Mozilla/5.0 (Android 9; Mobile; rv:86.0) Gecko/86.0 Firefox/86.0"
158.181.76.196 - - [20/Mar/2021:18:04:57 +0800] "GET /wordpress/wp-content/uploads/2018/09/F_-1.png HTTP/1.1" 200 54750 "https://www.mydogh2o.com/de/" "Mozilla/5.0 (Android 9; Mobile; rv:86.0) Gecko/86.0 Firefox/86.0"
158.181.76.196 - - [20/Mar/2021:18:04:57 +0800] "GET /wordpress/wp-content/uploads/2018/09/F_5.png HTTP/1.1" 200 50888 "https://www.mydogh2o.com/de/" "Mozilla/5.0 (Android 9; Mobile; rv:86.0) Gecko/86.0 Firefox/86.0"
158.181.76.196 - - [20/Mar/2021:18:04:57 +0800] "GET /wordpress/wp-content/uploads/2018/09/%E7%94%BB%E6%9D%BF-11-1.png HTTP/1.1" 200 59251 "https://www.mydogh2o.com/de/" "Mozilla/5.0 (Android 9; Mobile; rv:86.0) Gecko/86.0 Firefox/86.0"
158.181.76.196 - - [20/Mar/2021:18:04:57 +0800] "GET /wordpress/wp-content/uploads/2018/09/%E7%94%BB%E6%9D%BF-12.png HTTP/1.1" 200 17715 "https://www.mydogh2o.com/de/" "Mozilla/5.0 (Android 9; Mobile; rv:86.0) Gecko/86.0 Firefox/86.0"
158.181.76.196 - - [20/Mar/2021:18:04:55 +0800] "GET /wordpress/wp-content/uploads/2018/09/COVER-03-03.png HTTP/1.1" 200 573167 "https://www.mydogh2o.com/de/" "Mozilla/5.0 (Android 9; Mobile; rv:86.0) Gecko/86.0 Firefox/86.0"
158.181.76.196 - - [20/Mar/2021:18:04:57 +0800] "GET /wordpress/wp-content/uploads/2018/09/DH015.jpg HTTP/1.1" 200 40771 "https://www.mydogh2o.com/de/" "Mozilla/5.0 (Android 9; Mobile; rv:86.0) Gecko/86.0 Firefox/86.0"
158.181.76.196 - - [20/Mar/2021:18:04:58 +0800] "GET /wordpress/wp-content/uploads/2018/09/DH020.jpg HTTP/1.1" 200 44606 "https://www.mydogh2o.com/de/" "Mozilla/5.0 (Android 9; Mobile; rv:86.0) Gecko/86.0 Firefox/86.0"
158.181.76.196 - - [20/Mar/2021:18:04:57 +0800] "GET /wordpress/wp-content/uploads/2018/09/F_6.png HTTP/1.1" 200 136872 "https://www.mydogh2o.com/de/" "Mozilla/5.0 (Android 9; Mobile; rv:86.0) Gecko/86.0 Firefox/86.0"
158.181.76.196 - - [20/Mar/2021:18:04:58 +0800] "GET /wordpress/wp-content/uploads/2018/09/DH025.jpg HTTP/1.1" 200 35414 "https://www.mydogh2o.com/de/" "Mozilla/5.0 (Android 9; Mobile; rv:86.0) Gecko/86.0 Firefox/86.0"
158.181.76.196 - - [20/Mar/2021:18:04:58 +0800] "GET /wordpress/wp-content/uploads/2018/09/R-015-CH.jpg HTTP/1.1" 200 47702 "https://www.mydogh2o.com/de/" "Mozilla/5.0 (Android 9; Mobile; rv:86.0) Gecko/86.0 Firefox/86.0"
158.181.76.196 - - [20/Mar/2021:18:04:58 +0800] "GET /wordpress/wp-content/uploads/2018/09/R-016-CDH.jpg HTTP/1.1" 200 65546 "https://www.mydogh2o.com/de/" "Mozilla/5.0 (Android 9; Mobile; rv:86.0) Gecko/86.0 Firefox/86.0"
158.181.76.196 - - [20/Mar/2021:18:04:58 +0800] "GET /wordpress/wp-content/uploads/2018/09/R-017.jpg HTTP/1.1" 200 47619 "https://www.mydogh2o.com/de/" "Mozilla/5.0 (Android 9; Mobile; rv:86.0) Gecko/86.0 Firefox/86.0"
158.181.76.196 - - [20/Mar/2021:18:04:58 +0800] "GET /wordpress/wp-content/uploads/2018/09/DH08DC.jpg HTTP/1.1" 200 46134 "https://www.mydogh2o.com/de/" "Mozilla/5.0 (Android 9; Mobile; rv:86.0) Gecko/86.0 Firefox/86.0"
158.181.76.196 - - [20/Mar/2021:18:04:58 +0800] "GET /wordpress/wp-content/uploads/2018/09/CHD001.jpg HTTP/1.1" 200 52707 "https://www.mydogh2o.com/de/" "Mozilla/5.0 (Android 9; Mobile; rv:86.0) Gecko/86.0 Firefox/86.0"
158.181.76.196 - - [20/Mar/2021:18:04:58 +0800] "GET /wordpress/wp-content/uploads/2018/09/AA190A.jpg HTTP/1.1" 200 44924 "https://www.mydogh2o.com/de/" "Mozilla/5.0 (Android 9; Mobile; rv:86.0) Gecko/86.0 Firefox/86.0"
158.181.76.196 - - [20/Mar/2021:18:04:58 +0800] "GET /wordpress/wp-content/uploads/2018/09/%E7%94%BB%E6%9D%BF-13.png HTTP/1.1" 200 25812 "https://www.mydogh2o.com/de/" "Mozilla/5.0 (Android 9; Mobile; rv:86.0) Gecko/86.0 Firefox/86.0"
158.181.76.196 - - [20/Mar/2021:18:04:58 +0800] "GET /wordpress/wp-content/uploads/2018/08/aa_logo.png HTTP/1.1" 200 7228 "https://www.mydogh2o.com/de/" "Mozilla/5.0 (Android 9; Mobile; rv:86.0) Gecko/86.0 Firefox/86.0"
158.181.76.196 - - [20/Mar/2021:18:04:59 +0800] "GET /wordpress/wp-content/uploads/2018/08/KM_LOGO_2.jpg HTTP/1.1" 200 16293 "https://www.mydogh2o.com/de/" "Mozilla/5.0 (Android 9; Mobile; rv:86.0) Gecko/86.0 Firefox/86.0"
158.181.76.196 - - [20/Mar/2021:18:04:58 +0800] "GET /wordpress/wp-content/uploads/2018/09/V2_pump_cover-04.png HTTP/1.1" 200 124015 "https://www.mydogh2o.com/de/" "Mozilla/5.0 (Android 9; Mobile; rv:86.0) Gecko/86.0 Firefox/86.0"
158.181.76.196 - - [20/Mar/2021:18:04:59 +0800] "GET /wordpress/wp-content/uploads/2018/09/CatH2O-_r.png HTTP/1.1" 200 13152 "https://www.mydogh2o.com/de/" "Mozilla/5.0 (Android 9; Mobile; rv:86.0) Gecko/86.0 Firefox/86.0"
158.181.76.196 - - [20/Mar/2021:18:04:59 +0800] "GET /wordpress/wp-content/uploads/2019/05/websitelogo.png HTTP/1.1" 200 1453 "https://www.mydogh2o.com/de/" "Mozilla/5.0 (Android 9; Mobile; rv:86.0) Gecko/86.0 Firefox/86.0"
158.181.76.196 - - [20/Mar/2021:18:04:58 +0800] "GET /wordpress/wp-content/uploads/2018/03/dogh2o_03.jpg HTTP/1.1" 200 186218 "https://www.mydogh2o.com/de/" "Mozilla/5.0 (Android 9; Mobile; rv:86.0) Gecko/86.0 Firefox/86.0"
66.249.71.104 - - [20/Mar/2021:18:05:14 +0800] "GET /ads.txt HTTP/1.1" 404 4296 "-" "Mozilla/5.0 (compatible; Googlebot/2.1; +http://www.google.com/bot.html)"
203.124.10.177 - - [20/Mar/2021:18:37:27 +0800] "POST /wordpress/wp-cron.php?doing_wp_cron=1616236647.0703608989715576171875 HTTP/1.1" 200 20 "https://www.mydogh2o.com/wordpress/wp-cron.php?doing_wp_cron=1616236647.0703608989715576171875" "WordPress/5.0.11; https://www.mydogh2o.com"
74.208.136.135 - - [20/Mar/2021:18:37:26 +0800] "GET / HTTP/1.1" 200 92732 "-" "FreeWebMonitoring SiteChecker/0.2 (+https://www.freewebmonitoring.com/bot.html)"
49.7.21.105 - - [20/Mar/2021:18:43:22 +0800] "GET / HTTP/1.1" 302 186 "-" "Sogou web spider/4.0(+http://www.sogou.com/docs/help/webmasters.htm#07)"
49.7.21.107 - - [20/Mar/2021:18:54:51 +0800] "GET / HTTP/1.1" 200 15284 "-" "Sogou web spider/4.0(+http://www.sogou.com/docs/help/webmasters.htm#07)"
74.208.136.135 - - [20/Mar/2021:18:58:33 +0800] "GET / HTTP/1.1" 200 92732 "-" "FreeWebMonitoring SiteChecker/0.2 (+https://www.freewebmonitoring.com/bot.html)"
203.124.10.177 - - [20/Mar/2021:19:10:43 +0800] "POST /wordpress/wp-cron.php?doing_wp_cron=1616238643.3342349529266357421875 HTTP/1.1" 200 20 "https://www.mydogh2o.com/wordpress/wp-cron.php?doing_wp_cron=1616238643.3342349529266357421875" "WordPress/5.0.11; https://www.mydogh2o.com"
39.103.181.213 - - [20/Mar/2021:19:10:42 +0800] "GET /data/admin/allowurl.txt HTTP/1.1" 404 4292 "-" "Mozilla/5.0 (Windows NT 10.0; WOW64; rv:48.0) Gecko/20100101 Firefox/48.0"
74.208.136.135 - - [20/Mar/2021:19:38:23 +0800] "GET / HTTP/1.1" 200 92732 "-" "FreeWebMonitoring SiteChecker/0.2 (+https://www.freewebmonitoring.com/bot.html)"
114.119.148.49 - - [20/Mar/2021:19:50:22 +0800] "GET /robots.txt HTTP/1.1" 200 79 "-" "(compatible;PetalBot;+https://aspiegel.com/petalbot)"
74.208.136.135 - - [20/Mar/2021:20:00:10 +0800] "GET / HTTP/1.1" 200 92732 "-" "FreeWebMonitoring SiteChecker/0.2 (+https://www.freewebmonitoring.com/bot.html)"
220.181.108.115 - - [20/Mar/2021:20:00:16 +0800] "GET /wordpress/wp-content/uploads/2018/09/F_-3.png HTTP/1.1" 302 186 "-" "Mozilla/5.0 (compatible; Baiduspider/2.0; +http://www.baidu.com/search/spider.html)"
220.181.108.176 - - [20/Mar/2021:20:00:19 +0800] "GET /wordpress/wp-content/uploads/2018/09/%BB%AD%B0%E5-13.png HTTP/1.1" 404 4292 "-" "Mozilla/5.0 (compatible; Baiduspider/2.0; +http://www.baidu.com/search/spider.html)"
220.181.108.176 - - [20/Mar/2021:20:00:21 +0800] "GET /wordpress/wp-content/uploads/2018/09/V2_pump_cover-04.png HTTP/1.1" 302 186 "-" "Mozilla/5.0 (compatible; Baiduspider/2.0; +http://www.baidu.com/search/spider.html)"
220.181.108.110 - - [20/Mar/2021:20:00:32 +0800] "GET / HTTP/1.1" 200 92732 "-" "Mozilla/5.0 (compatible; Baiduspider/2.0; +http://www.baidu.com/search/spider.html)"
220.181.108.123 - - [20/Mar/2021:20:00:41 +0800] "GET / HTTP/1.1" 200 92732 "-" "Mozilla/5.0 (compatible; Baiduspider/2.0; +http://www.baidu.com/search/spider.html)"
203.124.10.177 - - [20/Mar/2021:20:21:12 +0800] "POST /wordpress/wp-cron.php?doing_wp_cron=1616242872.4245181083679199218750 HTTP/1.1" 200 20 "https://www.mydogh2o.com/wordpress/wp-cron.php?doing_wp_cron=1616242872.4245181083679199218750" "WordPress/5.0.11; https://www.mydogh2o.com"
69.12.66.251 - - [20/Mar/2021:20:21:11 +0800] "POST /wordpress/wp-login.php HTTP/1.1" 200 1488 "-" "Mozilla/5.0 (Windows NT 6.1; WOW64) AppleWebKit/537.36 (KHTML, like Gecko) Chrome/48.0.2564.116 Safari/537.36"
185.5.164.115 - - [20/Mar/2021:20:39:29 +0800] "GET / HTTP/1.1" 302 186 "-" "Mozilla/5.0 (iPhone; CPU iPhone OS 14_4_1 like Mac OS X) AppleWebKit/605.1.15 (KHTML, like Gecko) Version/14.0.3 Mobile/15E148 Safari/604.1"
185.5.164.115 - - [20/Mar/2021:20:39:31 +0800] "GET / HTTP/1.1" 200 15296 "-" "Mozilla/5.0 (iPhone; CPU iPhone OS 14_4_1 like Mac OS X) AppleWebKit/605.1.15 (KHTML, like Gecko) Version/14.0.3 Mobile/15E148 Safari/604.1"
185.5.164.115 - - [20/Mar/2021:20:39:34 +0800] "GET /wordpress/wp-content/plugins/elementor/assets/lib/font-awesome/css/font-awesome.min.css?ver=4.7.0 HTTP/1.1" 200 7052 "https://www.mydogh2o.com/" "Mozilla/5.0 (iPhone; CPU iPhone OS 14_4_1 like Mac OS X) AppleWebKit/605.1.15 (KHTML, like Gecko) Version/14.0.3 Mobile/15E148 Safari/604.1"
185.5.164.115 - - [20/Mar/2021:20:39:34 +0800] "GET /wordpress/wp-content/plugins/elementor/assets/lib/eicons/css/elementor-icons.min.css?ver=5.9.1 HTTP/1.1" 200 3478 "https://www.mydogh2o.com/" "Mozilla/5.0 (iPhone; CPU iPhone OS 14_4_1 like Mac OS X) AppleWebKit/605.1.15 (KHTML, like Gecko) Version/14.0.3 Mobile/15E148 Safari/604.1"
185.5.164.115 - - [20/Mar/2021:20:39:34 +0800] "GET /wordpress/wp-includes/css/dist/block-library/style.min.css?ver=5.0.11 HTTP/1.1" 200 4302 "https://www.mydogh2o.com/" "Mozilla/5.0 (iPhone; CPU iPhone OS 14_4_1 like Mac OS X) AppleWebKit/605.1.15 (KHTML, like Gecko) Version/14.0.3 Mobile/15E148 Safari/604.1"
185.5.164.115 - - [20/Mar/2021:20:39:34 +0800] "GET /wordpress/wp-content/plugins/elementor/assets/lib/animations/animations.min.css?ver=3.0.13 HTTP/1.1" 200 2592 "https://www.mydogh2o.com/" "Mozilla/5.0 (iPhone; CPU iPhone OS 14_4_1 like Mac OS X) AppleWebKit/605.1.15 (KHTML, like Gecko) Version/14.0.3 Mobile/15E148 Safari/604.1"
185.5.164.115 - - [20/Mar/2021:20:39:35 +0800] "GET /wordpress/wp-content/plugins/elementor/assets/css/frontend-legacy.min.css?ver=3.0.13 HTTP/1.1" 200 536 "https://www.mydogh2o.com/" "Mozilla/5.0 (iPhone; CPU iPhone OS 14_4_1 like Mac OS X) AppleWebKit/605.1.15 (KHTML, like Gecko) Version/14.0.3 Mobile/15E148 Safari/604.1"
185.5.164.115 - - [20/Mar/2021:20:39:35 +0800] "GET /wordpress/wp-content/plugins/elementor/assets/css/frontend.min.css?ver=3.0.13 HTTP/1.1" 200 15888 "https://www.mydogh2o.com/" "Mozilla/5.0 (iPhone; CPU iPhone OS 14_4_1 like Mac OS X) AppleWebKit/605.1.15 (KHTML, like Gecko) Version/14.0.3 Mobile/15E148 Safari/604.1"
185.5.164.115 - - [20/Mar/2021:20:39:35 +0800] "GET /wordpress/wp-content/uploads/elementor/css/post-683.css?ver=1604823916 HTTP/1.1" 200 372 "https://www.mydogh2o.com/" "Mozilla/5.0 (iPhone; CPU iPhone OS 14_4_1 like Mac OS X) AppleWebKit/605.1.15 (KHTML, like Gecko) Version/14.0.3 Mobile/15E148 Safari/604.1"
185.5.164.115 - - [20/Mar/2021:20:39:35 +0800] "GET /wordpress/wp-content/themes/vantage/style.css?ver=1.7.9 HTTP/1.1" 200 15006 "https://www.mydogh2o.com/" "Mozilla/5.0 (iPhone; CPU iPhone OS 14_4_1 like Mac OS X) AppleWebKit/605.1.15 (KHTML, like Gecko) Version/14.0.3 Mobile/15E148 Safari/604.1"
185.5.164.115 - - [20/Mar/2021:20:39:35 +0800] "GET /wordpress/wp-includes/js/wp-emoji-release.min.js?ver=5.0.11 HTTP/1.1" 200 4382 "https://www.mydogh2o.com/" "Mozilla/5.0 (iPhone; CPU iPhone OS 14_4_1 like Mac OS X) AppleWebKit/605.1.15 (KHTML, like Gecko) Version/14.0.3 Mobile/15E148 Safari/604.1"
185.5.164.115 - - [20/Mar/2021:20:39:35 +0800] "GET /wordpress/wp-content/uploads/elementor/css/global.css?ver=1604824073 HTTP/1.1" 200 804 "https://www.mydogh2o.com/" "Mozilla/5.0 (iPhone; CPU iPhone OS 14_4_1 like Mac OS X) AppleWebKit/605.1.15 (KHTML, like Gecko) Version/14.0.3 Mobile/15E148 Safari/604.1"
185.5.164.115 - - [20/Mar/2021:20:39:35 +0800] "GET /wordpress/wp-content/uploads/elementor/css/post-2.css?ver=1604825091 HTTP/1.1" 200 1084 "https://www.mydogh2o.com/" "Mozilla/5.0 (iPhone; CPU iPhone OS 14_4_1 like Mac OS X) AppleWebKit/605.1.15 (KHTML, like Gecko) Version/14.0.3 Mobile/15E148 Safari/604.1"
185.5.164.115 - - [20/Mar/2021:20:39:35 +0800] "GET /wordpress/wp-includes/js/jquery/jquery-migrate.min.js?ver=1.4.1 HTTP/1.1" 200 4014 "https://www.mydogh2o.com/" "Mozilla/5.0 (iPhone; CPU iPhone OS 14_4_1 like Mac OS X) AppleWebKit/605.1.15 (KHTML, like Gecko) Version/14.0.3 Mobile/15E148 Safari/604.1"
185.5.164.115 - - [20/Mar/2021:20:39:35 +0800] "GET /wordpress/wp-includes/js/jquery/jquery.js?ver=1.12.4 HTTP/1.1" 200 33776 "https://www.mydogh2o.com/" "Mozilla/5.0 (iPhone; CPU iPhone OS 14_4_1 like Mac OS X) AppleWebKit/605.1.15 (KHTML, like Gecko) Version/14.0.3 Mobile/15E148 Safari/604.1"
185.5.164.115 - - [20/Mar/2021:20:39:35 +0800] "GET /wordpress/wp-content/themes/vantage/js/jquery.flexslider.min.js?ver=2.1 HTTP/1.1" 200 6232 "https://www.mydogh2o.com/" "Mozilla/5.0 (iPhone; CPU iPhone OS 14_4_1 like Mac OS X) AppleWebKit/605.1.15 (KHTML, like Gecko) Version/14.0.3 Mobile/15E148 Safari/604.1"
185.5.164.115 - - [20/Mar/2021:20:39:36 +0800] "GET /wordpress/wp-content/themes/vantage/js/jquery.touchSwipe.min.js?ver=1.6.6 HTTP/1.1" 200 3672 "https://www.mydogh2o.com/" "Mozilla/5.0 (iPhone; CPU iPhone OS 14_4_1 like Mac OS X) AppleWebKit/605.1.15 (KHTML, like Gecko) Version/14.0.3 Mobile/15E148 Safari/604.1"
