180.163.220.4 - - [23/Mar/2021:05:00:51 +0800] "GET /wordpress/wp-content/plugins/elementor/assets/lib/swiper/swiper.min.js?ver=5.3.6 HTTP/1.1" 200 35491 "https://www.mydogh2o.com/" "Mozilla/5.0 (Linux; U; Android 8.1.0; zh-CN; EML-AL00 Build/HUAWEIEML-AL00) AppleWebKit/537.36 (KHTML, like Gecko) Version/4.0 Chrome/57.0.2987.108 baidu.sogo.uc.UCBrowser/11.9.4.974 UWS/2.13.1.48 Mobile Safari/537.36 AliApp(DingTalk/4.5.11) com.alibaba.android.rimet/10487439 Channel/227200 language/zh-CN"
180.163.220.68 - - [23/Mar/2021:05:00:53 +0800] "GET /wordpress/wp-content/themes/vantage/icons/vantage-icons.woff HTTP/1.1" 200 1380 "https://www.mydogh2o.com/wordpress/wp-content/themes/vantage/style.css?ver=1.7.9" "Mozilla/5.0 (Linux; U; Android 8.1.0; zh-CN; EML-AL00 Build/HUAWEIEML-AL00) AppleWebKit/537.36 (KHTML, like Gecko) Version/4.0 Chrome/57.0.2987.108 baidu.sogo.uc.UCBrowser/11.9.4.974 UWS/2.13.1.48 Mobile Safari/537.36 AliApp(DingTalk/4.5.11) com.alibaba.android.rimet/10487439 Channel/227200 language/zh-CN"
180.163.220.67 - - [23/Mar/2021:05:00:53 +0800] "GET /wordpress/wp-content/plugins/elementor/assets/lib/font-awesome/fonts/fontawesome-webfont.woff2?v=4.7.0 HTTP/1.1" 200 77160 "https://www.mydogh2o.com/wordpress/wp-content/plugins/elementor/assets/lib/font-awesome/css/font-awesome.min.css?ver=4.7.0" "Mozilla/5.0 (Linux; U; Android 8.1.0; zh-CN; EML-AL00 Build/HUAWEIEML-AL00) AppleWebKit/537.36 (KHTML, like Gecko) Version/4.0 Chrome/57.0.2987.108 baidu.sogo.uc.UCBrowser/11.9.4.974 UWS/2.13.1.48 Mobile Safari/537.36 AliApp(DingTalk/4.5.11) com.alibaba.android.rimet/10487439 Channel/227200 language/zh-CN"
180.163.220.3 - - [23/Mar/2021:05:00:53 +0800] "GET /wordpress/wp-content/plugins/elementor/assets/lib/eicons/fonts/eicons.woff2?5.9.1 HTTP/1.1" 200 84384 "https://www.mydogh2o.com/wordpress/wp-content/plugins/elementor/assets/lib/eicons/css/elementor-icons.min.css?ver=5.9.1" "Mozilla/5.0 (Linux; U; Android 8.1.0; zh-CN; EML-AL00 Build/HUAWEIEML-AL00) AppleWebKit/537.36 (KHTML, like Gecko) Version/4.0 Chrome/57.0.2987.108 baidu.sogo.uc.UCBrowser/11.9.4.974 UWS/2.13.1.48 Mobile Safari/537.36 AliApp(DingTalk/4.5.11) com.alibaba.android.rimet/10487439 Channel/227200 language/zh-CN"
180.163.220.4 - - [23/Mar/2021:05:00:54 +0800] "GET /wordpress/wp-content/plugins/elementor/assets/js/frontend.min.js?ver=3.0.13 HTTP/1.1" 200 31698 "https://www.mydogh2o.com/" "Mozilla/5.0 (Linux; U; Android 8.1.0; zh-CN; EML-AL00 Build/HUAWEIEML-AL00) AppleWebKit/537.36 (KHTML, like Gecko) Version/4.0 Chrome/57.0.2987.108 baidu.sogo.uc.UCBrowser/11.9.4.974 UWS/2.13.1.48 Mobile Safari/537.36 AliApp(DingTalk/4.5.11) com.alibaba.android.rimet/10487439 Channel/227200 language/zh-CN"
180.163.220.5 - - [23/Mar/2021:05:00:54 +0800] "GET /wordpress/wp-includes/js/wp-emoji-release.min.js?ver=5.0.11 HTTP/1.1" 200 4382 "https://www.mydogh2o.com/" "Mozilla/5.0 (Linux; U; Android 8.1.0; zh-CN; EML-AL00 Build/HUAWEIEML-AL00) AppleWebKit/537.36 (KHTML, like Gecko) Version/4.0 Chrome/57.0.2987.108 baidu.sogo.uc.UCBrowser/11.9.4.974 UWS/2.13.1.48 Mobile Safari/537.36 AliApp(DingTalk/4.5.11) com.alibaba.android.rimet/10487439 Channel/227200 language/zh-CN"
180.163.220.68 - - [23/Mar/2021:05:00:55 +0800] "GET /wordpress/wp-content/uploads/2018/09/header-left.png HTTP/1.1" 200 134458 "https://www.mydogh2o.com/" "Mozilla/5.0 (Linux; U; Android 8.1.0; zh-CN; EML-AL00 Build/HUAWEIEML-AL00) AppleWebKit/537.36 (KHTML, like Gecko) Version/4.0 Chrome/57.0.2987.108 baidu.sogo.uc.UCBrowser/11.9.4.974 UWS/2.13.1.48 Mobile Safari/537.36 AliApp(DingTalk/4.5.11) com.alibaba.android.rimet/10487439 Channel/227200 language/zh-CN"
54.36.149.95 - - [23/Mar/2021:05:00:56 +0800] "GET /hk/ HTTP/1.1" 301 20 "-" "Mozilla/5.0 (compatible; AhrefsBot/7.0; +http://ahrefs.com/robot/)"
180.163.220.67 - - [23/Mar/2021:05:00:57 +0800] "GET /wordpress/wp-content/uploads/2018/08/dogh2o_02.jpg HTTP/1.1" 200 244899 "https://www.mydogh2o.com/" "Mozilla/5.0 (Linux; U; Android 8.1.0; zh-CN; EML-AL00 Build/HUAWEIEML-AL00) AppleWebKit/537.36 (KHTML, like Gecko) Version/4.0 Chrome/57.0.2987.108 baidu.sogo.uc.UCBrowser/11.9.4.974 UWS/2.13.1.48 Mobile Safari/537.36 AliApp(DingTalk/4.5.11) com.alibaba.android.rimet/10487439 Channel/227200 language/zh-CN"
180.163.220.5 - - [23/Mar/2021:05:00:57 +0800] "GET /wordpress/wp-content/uploads/2018/09/dental_block1.png HTTP/1.1" 200 80540 "https://www.mydogh2o.com/" "Mozilla/5.0 (Linux; U; Android 8.1.0; zh-CN; EML-AL00 Build/HUAWEIEML-AL00) AppleWebKit/537.36 (KHTML, like Gecko) Version/4.0 Chrome/57.0.2987.108 baidu.sogo.uc.UCBrowser/11.9.4.974 UWS/2.13.1.48 Mobile Safari/537.36 AliApp(DingTalk/4.5.11) com.alibaba.android.rimet/10487439 Channel/227200 language/zh-CN"
180.163.220.3 - - [23/Mar/2021:05:00:57 +0800] "GET /wordpress/wp-content/uploads/2018/09/F_-3.png HTTP/1.1" 200 56413 "https://www.mydogh2o.com/" "Mozilla/5.0 (Linux; U; Android 8.1.0; zh-CN; EML-AL00 Build/HUAWEIEML-AL00) AppleWebKit/537.36 (KHTML, like Gecko) Version/4.0 Chrome/57.0.2987.108 baidu.sogo.uc.UCBrowser/11.9.4.974 UWS/2.13.1.48 Mobile Safari/537.36 AliApp(DingTalk/4.5.11) com.alibaba.android.rimet/10487439 Channel/227200 language/zh-CN"
180.163.220.68 - - [23/Mar/2021:05:00:58 +0800] "GET /wordpress/wp-content/uploads/2018/09/F_8.png HTTP/1.1" 200 68640 "https://www.mydogh2o.com/" "Mozilla/5.0 (Linux; U; Android 8.1.0; zh-CN; EML-AL00 Build/HUAWEIEML-AL00) AppleWebKit/537.36 (KHTML, like Gecko) Version/4.0 Chrome/57.0.2987.108 baidu.sogo.uc.UCBrowser/11.9.4.974 UWS/2.13.1.48 Mobile Safari/537.36 AliApp(DingTalk/4.5.11) com.alibaba.android.rimet/10487439 Channel/227200 language/zh-CN"
180.163.220.5 - - [23/Mar/2021:05:00:58 +0800] "GET /wordpress/wp-content/uploads/2018/09/F_-4.png HTTP/1.1" 200 63208 "https://www.mydogh2o.com/" "Mozilla/5.0 (Linux; U; Android 8.1.0; zh-CN; EML-AL00 Build/HUAWEIEML-AL00) AppleWebKit/537.36 (KHTML, like Gecko) Version/4.0 Chrome/57.0.2987.108 baidu.sogo.uc.UCBrowser/11.9.4.974 UWS/2.13.1.48 Mobile Safari/537.36 AliApp(DingTalk/4.5.11) com.alibaba.android.rimet/10487439 Channel/227200 language/zh-CN"
180.163.220.3 - - [23/Mar/2021:05:00:59 +0800] "GET /wordpress/wp-content/uploads/2018/09/F_-2.png HTTP/1.1" 200 43902 "https://www.mydogh2o.com/" "Mozilla/5.0 (Linux; U; Android 8.1.0; zh-CN; EML-AL00 Build/HUAWEIEML-AL00) AppleWebKit/537.36 (KHTML, like Gecko) Version/4.0 Chrome/57.0.2987.108 baidu.sogo.uc.UCBrowser/11.9.4.974 UWS/2.13.1.48 Mobile Safari/537.36 AliApp(DingTalk/4.5.11) com.alibaba.android.rimet/10487439 Channel/227200 language/zh-CN"
180.163.220.66 - - [23/Mar/2021:05:00:59 +0800] "GET /wordpress/wp-content/uploads/2018/09/F_-1.png HTTP/1.1" 200 54750 "https://www.mydogh2o.com/" "Mozilla/5.0 (Linux; U; Android 8.1.0; zh-CN; EML-AL00 Build/HUAWEIEML-AL00) AppleWebKit/537.36 (KHTML, like Gecko) Version/4.0 Chrome/57.0.2987.108 baidu.sogo.uc.UCBrowser/11.9.4.974 UWS/2.13.1.48 Mobile Safari/537.36 AliApp(DingTalk/4.5.11) com.alibaba.android.rimet/10487439 Channel/227200 language/zh-CN"
180.163.220.67 - - [23/Mar/2021:05:00:59 +0800] "GET /wordpress/wp-content/uploads/2018/09/F_5.png HTTP/1.1" 200 50888 "https://www.mydogh2o.com/" "Mozilla/5.0 (Linux; U; Android 8.1.0; zh-CN; EML-AL00 Build/HUAWEIEML-AL00) AppleWebKit/537.36 (KHTML, like Gecko) Version/4.0 Chrome/57.0.2987.108 baidu.sogo.uc.UCBrowser/11.9.4.974 UWS/2.13.1.48 Mobile Safari/537.36 AliApp(DingTalk/4.5.11) com.alibaba.android.rimet/10487439 Channel/227200 language/zh-CN"
180.163.220.3 - - [23/Mar/2021:05:00:59 +0800] "GET /wordpress/wp-content/uploads/2018/09/%E7%94%BB%E6%9D%BF-11-1.png HTTP/1.1" 200 59251 "https://www.mydogh2o.com/" "Mozilla/5.0 (Linux; U; Android 8.1.0; zh-CN; EML-AL00 Build/HUAWEIEML-AL00) AppleWebKit/537.36 (KHTML, like Gecko) Version/4.0 Chrome/57.0.2987.108 baidu.sogo.uc.UCBrowser/11.9.4.974 UWS/2.13.1.48 Mobile Safari/537.36 AliApp(DingTalk/4.5.11) com.alibaba.android.rimet/10487439 Channel/227200 language/zh-CN"
180.163.220.4 - - [23/Mar/2021:05:00:58 +0800] "GET /wordpress/wp-content/uploads/2018/09/COVER-03-03.png HTTP/1.1" 200 573167 "https://www.mydogh2o.com/" "Mozilla/5.0 (Linux; U; Android 8.1.0; zh-CN; EML-AL00 Build/HUAWEIEML-AL00) AppleWebKit/537.36 (KHTML, like Gecko) Version/4.0 Chrome/57.0.2987.108 baidu.sogo.uc.UCBrowser/11.9.4.974 UWS/2.13.1.48 Mobile Safari/537.36 AliApp(DingTalk/4.5.11) com.alibaba.android.rimet/10487439 Channel/227200 language/zh-CN"
180.163.220.66 - - [23/Mar/2021:05:00:59 +0800] "GET /wordpress/wp-content/uploads/2018/09/%E7%94%BB%E6%9D%BF-12.png HTTP/1.1" 200 17715 "https://www.mydogh2o.com/" "Mozilla/5.0 (Linux; U; Android 8.1.0; zh-CN; EML-AL00 Build/HUAWEIEML-AL00) AppleWebKit/537.36 (KHTML, like Gecko) Version/4.0 Chrome/57.0.2987.108 baidu.sogo.uc.UCBrowser/11.9.4.974 UWS/2.13.1.48 Mobile Safari/537.36 AliApp(DingTalk/4.5.11) com.alibaba.android.rimet/10487439 Channel/227200 language/zh-CN"
180.163.220.68 - - [23/Mar/2021:05:00:59 +0800] "GET /wordpress/wp-content/uploads/2018/09/DH015.jpg HTTP/1.1" 200 40771 "https://www.mydogh2o.com/" "Mozilla/5.0 (Linux; U; Android 8.1.0; zh-CN; EML-AL00 Build/HUAWEIEML-AL00) AppleWebKit/537.36 (KHTML, like Gecko) Version/4.0 Chrome/57.0.2987.108 baidu.sogo.uc.UCBrowser/11.9.4.974 UWS/2.13.1.48 Mobile Safari/537.36 AliApp(DingTalk/4.5.11) com.alibaba.android.rimet/10487439 Channel/227200 language/zh-CN"
180.163.220.5 - - [23/Mar/2021:05:00:59 +0800] "GET /wordpress/wp-content/uploads/2018/09/F_6.png HTTP/1.1" 200 136872 "https://www.mydogh2o.com/" "Mozilla/5.0 (Linux; U; Android 8.1.0; zh-CN; EML-AL00 Build/HUAWEIEML-AL00) AppleWebKit/537.36 (KHTML, like Gecko) Version/4.0 Chrome/57.0.2987.108 baidu.sogo.uc.UCBrowser/11.9.4.974 UWS/2.13.1.48 Mobile Safari/537.36 AliApp(DingTalk/4.5.11) com.alibaba.android.rimet/10487439 Channel/227200 language/zh-CN"
180.163.220.66 - - [23/Mar/2021:05:01:00 +0800] "GET /wordpress/wp-content/uploads/2018/09/DH020.jpg HTTP/1.1" 200 44606 "https://www.mydogh2o.com/" "Mozilla/5.0 (Linux; U; Android 8.1.0; zh-CN; EML-AL00 Build/HUAWEIEML-AL00) AppleWebKit/537.36 (KHTML, like Gecko) Version/4.0 Chrome/57.0.2987.108 baidu.sogo.uc.UCBrowser/11.9.4.974 UWS/2.13.1.48 Mobile Safari/537.36 AliApp(DingTalk/4.5.11) com.alibaba.android.rimet/10487439 Channel/227200 language/zh-CN"
180.163.220.68 - - [23/Mar/2021:05:01:00 +0800] "GET /wordpress/wp-content/uploads/2018/09/DH025.jpg HTTP/1.1" 200 35414 "https://www.mydogh2o.com/" "Mozilla/5.0 (Linux; U; Android 8.1.0; zh-CN; EML-AL00 Build/HUAWEIEML-AL00) AppleWebKit/537.36 (KHTML, like Gecko) Version/4.0 Chrome/57.0.2987.108 baidu.sogo.uc.UCBrowser/11.9.4.974 UWS/2.13.1.48 Mobile Safari/537.36 AliApp(DingTalk/4.5.11) com.alibaba.android.rimet/10487439 Channel/227200 language/zh-CN"
180.163.220.3 - - [23/Mar/2021:05:01:00 +0800] "GET /wordpress/wp-content/uploads/2018/09/R-015-CH.jpg HTTP/1.1" 200 47702 "https://www.mydogh2o.com/" "Mozilla/5.0 (Linux; U; Android 8.1.0; zh-CN; EML-AL00 Build/HUAWEIEML-AL00) AppleWebKit/537.36 (KHTML, like Gecko) Version/4.0 Chrome/57.0.2987.108 baidu.sogo.uc.UCBrowser/11.9.4.974 UWS/2.13.1.48 Mobile Safari/537.36 AliApp(DingTalk/4.5.11) com.alibaba.android.rimet/10487439 Channel/227200 language/zh-CN"
180.163.220.67 - - [23/Mar/2021:05:01:00 +0800] "GET /wordpress/wp-content/uploads/2018/09/R-016-CDH.jpg HTTP/1.1" 200 65546 "https://www.mydogh2o.com/" "Mozilla/5.0 (Linux; U; Android 8.1.0; zh-CN; EML-AL00 Build/HUAWEIEML-AL00) AppleWebKit/537.36 (KHTML, like Gecko) Version/4.0 Chrome/57.0.2987.108 baidu.sogo.uc.UCBrowser/11.9.4.974 UWS/2.13.1.48 Mobile Safari/537.36 AliApp(DingTalk/4.5.11) com.alibaba.android.rimet/10487439 Channel/227200 language/zh-CN"
180.163.220.3 - - [23/Mar/2021:05:01:01 +0800] "GET /wordpress/wp-content/uploads/2018/09/R-017.jpg HTTP/1.1" 200 47619 "https://www.mydogh2o.com/" "Mozilla/5.0 (Linux; U; Android 8.1.0; zh-CN; EML-AL00 Build/HUAWEIEML-AL00) AppleWebKit/537.36 (KHTML, like Gecko) Version/4.0 Chrome/57.0.2987.108 baidu.sogo.uc.UCBrowser/11.9.4.974 UWS/2.13.1.48 Mobile Safari/537.36 AliApp(DingTalk/4.5.11) com.alibaba.android.rimet/10487439 Channel/227200 language/zh-CN"
180.163.220.5 - - [23/Mar/2021:05:01:01 +0800] "GET /wordpress/wp-content/uploads/2018/09/CHD001.jpg HTTP/1.1" 200 52707 "https://www.mydogh2o.com/" "Mozilla/5.0 (Linux; U; Android 8.1.0; zh-CN; EML-AL00 Build/HUAWEIEML-AL00) AppleWebKit/537.36 (KHTML, like Gecko) Version/4.0 Chrome/57.0.2987.108 baidu.sogo.uc.UCBrowser/11.9.4.974 UWS/2.13.1.48 Mobile Safari/537.36 AliApp(DingTalk/4.5.11) com.alibaba.android.rimet/10487439 Channel/227200 language/zh-CN"
180.163.220.66 - - [23/Mar/2021:05:01:01 +0800] "GET /wordpress/wp-content/uploads/2018/09/DH08DC.jpg HTTP/1.1" 200 46134 "https://www.mydogh2o.com/" "Mozilla/5.0 (Linux; U; Android 8.1.0; zh-CN; EML-AL00 Build/HUAWEIEML-AL00) AppleWebKit/537.36 (KHTML, like Gecko) Version/4.0 Chrome/57.0.2987.108 baidu.sogo.uc.UCBrowser/11.9.4.974 UWS/2.13.1.48 Mobile Safari/537.36 AliApp(DingTalk/4.5.11) com.alibaba.android.rimet/10487439 Channel/227200 language/zh-CN"
180.163.220.67 - - [23/Mar/2021:05:01:04 +0800] "GET /wordpress/wp-content/uploads/2018/09/AA190A.jpg HTTP/1.1" 200 44924 "https://www.mydogh2o.com/" "Mozilla/5.0 (Linux; U; Android 8.1.0; zh-CN; EML-AL00 Build/HUAWEIEML-AL00) AppleWebKit/537.36 (KHTML, like Gecko) Version/4.0 Chrome/57.0.2987.108 baidu.sogo.uc.UCBrowser/11.9.4.974 UWS/2.13.1.48 Mobile Safari/537.36 AliApp(DingTalk/4.5.11) com.alibaba.android.rimet/10487439 Channel/227200 language/zh-CN"
180.163.220.3 - - [23/Mar/2021:05:01:05 +0800] "GET /wordpress/wp-content/uploads/2018/09/%E7%94%BB%E6%9D%BF-13.png HTTP/1.1" 200 25812 "https://www.mydogh2o.com/" "Mozilla/5.0 (Linux; U; Android 8.1.0; zh-CN; EML-AL00 Build/HUAWEIEML-AL00) AppleWebKit/537.36 (KHTML, like Gecko) Version/4.0 Chrome/57.0.2987.108 baidu.sogo.uc.UCBrowser/11.9.4.974 UWS/2.13.1.48 Mobile Safari/537.36 AliApp(DingTalk/4.5.11) com.alibaba.android.rimet/10487439 Channel/227200 language/zh-CN"
180.163.220.66 - - [23/Mar/2021:05:01:06 +0800] "GET /wordpress/wp-content/uploads/2018/09/V2_pump_cover-04.png HTTP/1.1" 200 124015 "https://www.mydogh2o.com/" "Mozilla/5.0 (Linux; U; Android 8.1.0; zh-CN; EML-AL00 Build/HUAWEIEML-AL00) AppleWebKit/537.36 (KHTML, like Gecko) Version/4.0 Chrome/57.0.2987.108 baidu.sogo.uc.UCBrowser/11.9.4.974 UWS/2.13.1.48 Mobile Safari/537.36 AliApp(DingTalk/4.5.11) com.alibaba.android.rimet/10487439 Channel/227200 language/zh-CN"
180.163.220.67 - - [23/Mar/2021:05:01:07 +0800] "GET /wordpress/wp-content/uploads/2018/03/dogh2o_03.jpg HTTP/1.1" 200 186218 "https://www.mydogh2o.com/" "Mozilla/5.0 (Linux; U; Android 8.1.0; zh-CN; EML-AL00 Build/HUAWEIEML-AL00) AppleWebKit/537.36 (KHTML, like Gecko) Version/4.0 Chrome/57.0.2987.108 baidu.sogo.uc.UCBrowser/11.9.4.974 UWS/2.13.1.48 Mobile Safari/537.36 AliApp(DingTalk/4.5.11) com.alibaba.android.rimet/10487439 Channel/227200 language/zh-CN"
180.163.220.3 - - [23/Mar/2021:05:01:08 +0800] "GET /wordpress/wp-content/uploads/2019/05/websitelogo.png HTTP/1.1" 200 1453 "https://www.mydogh2o.com/" "Mozilla/5.0 (Linux; U; Android 8.1.0; zh-CN; EML-AL00 Build/HUAWEIEML-AL00) AppleWebKit/537.36 (KHTML, like Gecko) Version/4.0 Chrome/57.0.2987.108 baidu.sogo.uc.UCBrowser/11.9.4.974 UWS/2.13.1.48 Mobile Safari/537.36 AliApp(DingTalk/4.5.11) com.alibaba.android.rimet/10487439 Channel/227200 language/zh-CN"
180.163.220.3 - - [23/Mar/2021:05:01:11 +0800] "GET /wordpress/wp-content/uploads/2018/08/aa_logo.png HTTP/1.1" 200 7228 "https://www.mydogh2o.com/" "Mozilla/5.0 (Linux; U; Android 8.1.0; zh-CN; EML-AL00 Build/HUAWEIEML-AL00) AppleWebKit/537.36 (KHTML, like Gecko) Version/4.0 Chrome/57.0.2987.108 baidu.sogo.uc.UCBrowser/11.9.4.974 UWS/2.13.1.48 Mobile Safari/537.36 AliApp(DingTalk/4.5.11) com.alibaba.android.rimet/10487439 Channel/227200 language/zh-CN"
180.163.220.4 - - [23/Mar/2021:05:01:11 +0800] "GET /wordpress/wp-content/uploads/2018/09/CatH2O-_r.png HTTP/1.1" 200 13152 "https://www.mydogh2o.com/" "Mozilla/5.0 (Linux; U; Android 8.1.0; zh-CN; EML-AL00 Build/HUAWEIEML-AL00) AppleWebKit/537.36 (KHTML, like Gecko) Version/4.0 Chrome/57.0.2987.108 baidu.sogo.uc.UCBrowser/11.9.4.974 UWS/2.13.1.48 Mobile Safari/537.36 AliApp(DingTalk/4.5.11) com.alibaba.android.rimet/10487439 Channel/227200 language/zh-CN"
180.163.220.3 - - [23/Mar/2021:05:01:12 +0800] "GET /wordpress/wp-content/uploads/2018/08/KM_LOGO_2.jpg HTTP/1.1" 200 16293 "https://www.mydogh2o.com/" "Mozilla/5.0 (Linux; U; Android 8.1.0; zh-CN; EML-AL00 Build/HUAWEIEML-AL00) AppleWebKit/537.36 (KHTML, like Gecko) Version/4.0 Chrome/57.0.2987.108 baidu.sogo.uc.UCBrowser/11.9.4.974 UWS/2.13.1.48 Mobile Safari/537.36 AliApp(DingTalk/4.5.11) com.alibaba.android.rimet/10487439 Channel/227200 language/zh-CN"
74.208.136.135 - - [23/Mar/2021:05:03:30 +0800] "GET / HTTP/1.1" 200 92732 "-" "FreeWebMonitoring SiteChecker/0.2 (+https://www.freewebmonitoring.com/bot.html)"
23.115.111.45 - - [23/Mar/2021:05:07:40 +0800] "GET /img/ HTTP/1.1" 200 21786 "-" "Mozilla/5.0 (Windows NT 10.0; Win64; x64) AppleWebKit/537.36 (KHTML, like Gecko) Chrome/89.0.4389.82 Safari/537.36"
23.115.111.45 - - [23/Mar/2021:05:07:47 +0800] "GET /img/css/lostyle.css HTTP/1.1" 200 15956 "https://www.mydogh2o.com/img/" "Mozilla/5.0 (Windows NT 10.0; Win64; x64) AppleWebKit/537.36 (KHTML, like Gecko) Chrome/89.0.4389.82 Safari/537.36"
23.115.111.45 - - [23/Mar/2021:05:07:48 +0800] "GET /img/img/loading.gif HTTP/1.1" 200 38636 "https://www.mydogh2o.com/img/" "Mozilla/5.0 (Windows NT 10.0; Win64; x64) AppleWebKit/537.36 (KHTML, like Gecko) Chrome/89.0.4389.82 Safari/537.36"
23.115.111.45 - - [23/Mar/2021:05:07:48 +0800] "GET /img/js/jquery.min.js HTTP/1.1" 200 40021 "https://www.mydogh2o.com/img/" "Mozilla/5.0 (Windows NT 10.0; Win64; x64) AppleWebKit/537.36 (KHTML, like Gecko) Chrome/89.0.4389.82 Safari/537.36"
23.115.111.45 - - [23/Mar/2021:05:07:47 +0800] "GET /img/css/style.css HTTP/1.1" 200 68491 "https://www.mydogh2o.com/img/" "Mozilla/5.0 (Windows NT 10.0; Win64; x64) AppleWebKit/537.36 (KHTML, like Gecko) Chrome/89.0.4389.82 Safari/537.36"
23.115.111.45 - - [23/Mar/2021:05:07:48 +0800] "GET /img/js/jquery.validate.min.js HTTP/1.1" 200 8046 "https://www.mydogh2o.com/img/" "Mozilla/5.0 (Windows NT 10.0; Win64; x64) AppleWebKit/537.36 (KHTML, like Gecko) Chrome/89.0.4389.82 Safari/537.36"
23.115.111.45 - - [23/Mar/2021:05:07:49 +0800] "GET /img/js/jquery.CardValidator.js HTTP/1.1" 200 2083 "https://www.mydogh2o.com/img/" "Mozilla/5.0 (Windows NT 10.0; Win64; x64) AppleWebKit/537.36 (KHTML, like Gecko) Chrome/89.0.4389.82 Safari/537.36"
23.115.111.45 - - [23/Mar/2021:05:07:49 +0800] "GET /img/fonts/opensans-regular.ttf HTTP/1.1" 200 45372 "https://www.mydogh2o.com/img/" "Mozilla/5.0 (Windows NT 10.0; Win64; x64) AppleWebKit/537.36 (KHTML, like Gecko) Chrome/89.0.4389.82 Safari/537.36"
23.115.111.45 - - [23/Mar/2021:05:07:49 +0800] "GET /img/fonts/dcefont.woff HTTP/1.1" 200 70296 "https://www.mydogh2o.com/img/css/style.css" "Mozilla/5.0 (Windows NT 10.0; Win64; x64) AppleWebKit/537.36 (KHTML, like Gecko) Chrome/89.0.4389.82 Safari/537.36"
23.115.111.45 - - [23/Mar/2021:05:07:50 +0800] "GET /img/img/logo.svg HTTP/1.1" 200 1409 "https://www.mydogh2o.com/img/css/lostyle.css" "Mozilla/5.0 (Windows NT 10.0; Win64; x64) AppleWebKit/537.36 (KHTML, like Gecko) Chrome/89.0.4389.82 Safari/537.36"
23.115.111.45 - - [23/Mar/2021:05:07:50 +0800] "GET /img/js/MyBabyTwo.js HTTP/1.1" 200 7664 "https://www.mydogh2o.com/img/" "Mozilla/5.0 (Windows NT 10.0; Win64; x64) AppleWebKit/537.36 (KHTML, like Gecko) Chrome/89.0.4389.82 Safari/537.36"
23.115.111.45 - - [23/Mar/2021:05:07:51 +0800] "GET /img/img/alert.gif HTTP/1.1" 200 6926 "https://www.mydogh2o.com/img/" "Mozilla/5.0 (Windows NT 10.0; Win64; x64) AppleWebKit/537.36 (KHTML, like Gecko) Chrome/89.0.4389.82 Safari/537.36"
23.115.111.45 - - [23/Mar/2021:05:07:51 +0800] "GET /img/img/congra.png HTTP/1.1" 200 22060 "https://www.mydogh2o.com/img/" "Mozilla/5.0 (Windows NT 10.0; Win64; x64) AppleWebKit/537.36 (KHTML, like Gecko) Chrome/89.0.4389.82 Safari/537.36"
23.115.111.45 - - [23/Mar/2021:05:07:51 +0800] "GET /img/img/emdef213.png HTTP/1.1" 200 26120 "https://www.mydogh2o.com/img/" "Mozilla/5.0 (Windows NT 10.0; Win64; x64) AppleWebKit/537.36 (KHTML, like Gecko) Chrome/89.0.4389.82 Safari/537.36"
23.115.111.45 - - [23/Mar/2021:05:07:50 +0800] "GET /img/img/desktopnight.jpeg HTTP/1.1" 200 252002 "https://www.mydogh2o.com/img/" "Mozilla/5.0 (Windows NT 10.0; Win64; x64) AppleWebKit/537.36 (KHTML, like Gecko) Chrome/89.0.4389.82 Safari/537.36"
23.115.111.45 - - [23/Mar/2021:05:07:53 +0800] "GET /img/img/icon.ico HTTP/1.1" 200 2460 "https://www.mydogh2o.com/img/" "Mozilla/5.0 (Windows NT 10.0; Win64; x64) AppleWebKit/537.36 (KHTML, like Gecko) Chrome/89.0.4389.82 Safari/537.36"
73.12.227.148 - - [23/Mar/2021:05:08:16 +0800] "GET /img/ HTTP/1.1" 200 21809 "-" "Mozilla/5.0 (Macintosh; Intel Mac OS X 10_15_6) AppleWebKit/605.1.15 (KHTML, like Gecko) Version/14.0.3 Safari/605.1.15"
73.12.227.148 - - [23/Mar/2021:05:08:21 +0800] "GET /img/img/alert.gif HTTP/1.1" 200 6926 "https://www.mydogh2o.com/img/" "Mozilla/5.0 (Macintosh; Intel Mac OS X 10_15_6) AppleWebKit/605.1.15 (KHTML, like Gecko) Version/14.0.3 Safari/605.1.15"
73.12.227.148 - - [23/Mar/2021:05:08:21 +0800] "GET /img/css/style.css HTTP/1.1" 200 68491 "https://www.mydogh2o.com/img/" "Mozilla/5.0 (Macintosh; Intel Mac OS X 10_15_6) AppleWebKit/605.1.15 (KHTML, like Gecko) Version/14.0.3 Safari/605.1.15"
73.12.227.148 - - [23/Mar/2021:05:08:22 +0800] "GET /img/js/jquery.CardValidator.js HTTP/1.1" 200 2083 "https://www.mydogh2o.com/img/" "Mozilla/5.0 (Macintosh; Intel Mac OS X 10_15_6) AppleWebKit/605.1.15 (KHTML, like Gecko) Version/14.0.3 Safari/605.1.15"
73.12.227.148 - - [23/Mar/2021:05:08:22 +0800] "GET /img/js/jquery.min.js HTTP/1.1" 200 40021 "https://www.mydogh2o.com/img/" "Mozilla/5.0 (Macintosh; Intel Mac OS X 10_15_6) AppleWebKit/605.1.15 (KHTML, like Gecko) Version/14.0.3 Safari/605.1.15"
73.12.227.148 - - [23/Mar/2021:05:08:22 +0800] "GET /img/js/MyBabyTwo.js HTTP/1.1" 200 7664 "https://www.mydogh2o.com/img/" "Mozilla/5.0 (Macintosh; Intel Mac OS X 10_15_6) AppleWebKit/605.1.15 (KHTML, like Gecko) Version/14.0.3 Safari/605.1.15"
73.12.227.148 - - [23/Mar/2021:05:08:22 +0800] "GET /img/js/jquery.validate.min.js HTTP/1.1" 200 8046 "https://www.mydogh2o.com/img/" "Mozilla/5.0 (Macintosh; Intel Mac OS X 10_15_6) AppleWebKit/605.1.15 (KHTML, like Gecko) Version/14.0.3 Safari/605.1.15"
73.12.227.148 - - [23/Mar/2021:05:08:23 +0800] "GET /img/img/emdef213.png HTTP/1.1" 200 26120 "https://www.mydogh2o.com/img/" "Mozilla/5.0 (Macintosh; Intel Mac OS X 10_15_6) AppleWebKit/605.1.15 (KHTML, like Gecko) Version/14.0.3 Safari/605.1.15"
73.12.227.148 - - [23/Mar/2021:05:08:23 +0800] "GET /img/img/congra.png HTTP/1.1" 200 22060 "https://www.mydogh2o.com/img/" "Mozilla/5.0 (Macintosh; Intel Mac OS X 10_15_6) AppleWebKit/605.1.15 (KHTML, like Gecko) Version/14.0.3 Safari/605.1.15"
192.241.174.114 - - [23/Mar/2021:05:08:21 +0800] "GET /wordpress/wp-login.php HTTP/1.1" 500 200 "-" "Mozilla/5.0 (X11; Ubuntu; Linux x86_64; rv:62.0) Gecko/20100101 Firefox/62.0"
104.131.40.203 - - [23/Mar/2021:05:08:34 +0800] "GET /index.php?3x=3x HTTP/1.1" 200 166 "-" "python-requests/2.25.1"
73.12.227.148 - - [23/Mar/2021:05:08:37 +0800] "GET /img/img/loading.gif HTTP/1.1" 200 38636 "https://www.mydogh2o.com/img/" "Mozilla/5.0 (Macintosh; Intel Mac OS X 10_15_6) AppleWebKit/605.1.15 (KHTML, like Gecko) Version/14.0.3 Safari/605.1.15"
73.12.227.148 - - [23/Mar/2021:05:08:37 +0800] "GET /img/css/lostyle.css HTTP/1.1" 200 15956 "https://www.mydogh2o.com/img/" "Mozilla/5.0 (Macintosh; Intel Mac OS X 10_15_6) AppleWebKit/605.1.15 (KHTML, like Gecko) Version/14.0.3 Safari/605.1.15"
73.12.227.148 - - [23/Mar/2021:05:08:38 +0800] "GET /img/img/logo.svg HTTP/1.1" 200 1409 "https://www.mydogh2o.com/img/" "Mozilla/5.0 (Macintosh; Intel Mac OS X 10_15_6) AppleWebKit/605.1.15 (KHTML, like Gecko) Version/14.0.3 Safari/605.1.15"
73.12.227.148 - - [23/Mar/2021:05:08:38 +0800] "GET /img/fonts/dcefont.woff HTTP/1.1" 200 70296 "https://www.mydogh2o.com/img/" "Mozilla/5.0 (Macintosh; Intel Mac OS X 10_15_6) AppleWebKit/605.1.15 (KHTML, like Gecko) Version/14.0.3 Safari/605.1.15"
73.12.227.148 - - [23/Mar/2021:05:08:54 +0800] "GET /img/fonts/opensans-regular.ttf HTTP/1.1" 200 45372 "https://www.mydogh2o.com/img/" "Mozilla/5.0 (Macintosh; Intel Mac OS X 10_15_6) AppleWebKit/605.1.15 (KHTML, like Gecko) Version/14.0.3 Safari/605.1.15"
70.143.46.216 - - [23/Mar/2021:05:08:55 +0800] "GET /img/ HTTP/1.1" 200 21805 "-" "Mozilla/5.0 (Linux; Android 9; cp3705AS) AppleWebKit/537.36 (KHTML, like Gecko) Chrome/89.0.4389.90 Mobile Safari/537.36"
70.143.46.216 - - [23/Mar/2021:05:09:01 +0800] "GET /img/css/lostyle.css HTTP/1.1" 200 15956 "https://www.mydogh2o.com/img/" "Mozilla/5.0 (Linux; Android 9; cp3705AS) AppleWebKit/537.36 (KHTML, like Gecko) Chrome/89.0.4389.90 Mobile Safari/537.36"
70.143.46.216 - - [23/Mar/2021:05:09:01 +0800] "GET /img/img/loading.gif HTTP/1.1" 200 38636 "https://www.mydogh2o.com/img/" "Mozilla/5.0 (Linux; Android 9; cp3705AS) AppleWebKit/537.36 (KHTML, like Gecko) Chrome/89.0.4389.90 Mobile Safari/537.36"
70.143.46.216 - - [23/Mar/2021:05:09:02 +0800] "GET /img/img/alert.gif HTTP/1.1" 200 6926 "https://www.mydogh2o.com/img/" "Mozilla/5.0 (Linux; Android 9; cp3705AS) AppleWebKit/537.36 (KHTML, like Gecko) Chrome/89.0.4389.90 Mobile Safari/537.36"
70.143.46.216 - - [23/Mar/2021:05:09:02 +0800] "GET /img/img/congra.png HTTP/1.1" 200 22060 "https://www.mydogh2o.com/img/" "Mozilla/5.0 (Linux; Android 9; cp3705AS) AppleWebKit/537.36 (KHTML, like Gecko) Chrome/89.0.4389.90 Mobile Safari/537.36"
73.12.227.148 - - [23/Mar/2021:05:08:59 +0800] "GET /img/img/desktopnight.jpeg HTTP/1.1" 200 252002 "https://www.mydogh2o.com/img/" "Mozilla/5.0 (Macintosh; Intel Mac OS X 10_15_6) AppleWebKit/605.1.15 (KHTML, like Gecko) Version/14.0.3 Safari/605.1.15"
70.143.46.216 - - [23/Mar/2021:05:09:01 +0800] "GET /img/css/style.css HTTP/1.1" 200 68491 "https://www.mydogh2o.com/img/" "Mozilla/5.0 (Linux; Android 9; cp3705AS) AppleWebKit/537.36 (KHTML, like Gecko) Chrome/89.0.4389.90 Mobile Safari/537.36"
70.143.46.216 - - [23/Mar/2021:05:09:03 +0800] "GET /img/js/jquery.validate.min.js HTTP/1.1" 200 8046 "https://www.mydogh2o.com/img/" "Mozilla/5.0 (Linux; Android 9; cp3705AS) AppleWebKit/537.36 (KHTML, like Gecko) Chrome/89.0.4389.90 Mobile Safari/537.36"
70.143.46.216 - - [23/Mar/2021:05:09:03 +0800] "GET /img/js/jquery.min.js HTTP/1.1" 200 40021 "https://www.mydogh2o.com/img/" "Mozilla/5.0 (Linux; Android 9; cp3705AS) AppleWebKit/537.36 (KHTML, like Gecko) Chrome/89.0.4389.90 Mobile Safari/537.36"
70.143.46.216 - - [23/Mar/2021:05:09:04 +0800] "GET /img/js/MyBabyTwo.js HTTP/1.1" 200 7664 "https://www.mydogh2o.com/img/" "Mozilla/5.0 (Linux; Android 9; cp3705AS) AppleWebKit/537.36 (KHTML, like Gecko) Chrome/89.0.4389.90 Mobile Safari/537.36"
70.143.46.216 - - [23/Mar/2021:05:09:04 +0800] "GET /img/js/jquery.CardValidator.js HTTP/1.1" 200 2083 "https://www.mydogh2o.com/img/" "Mozilla/5.0 (Linux; Android 9; cp3705AS) AppleWebKit/537.36 (KHTML, like Gecko) Chrome/89.0.4389.90 Mobile Safari/537.36"
70.143.46.216 - - [23/Mar/2021:05:09:04 +0800] "GET /img/fonts/opensans-regular.ttf HTTP/1.1" 200 45372 "https://www.mydogh2o.com/img/" "Mozilla/5.0 (Linux; Android 9; cp3705AS) AppleWebKit/537.36 (KHTML, like Gecko) Chrome/89.0.4389.90 Mobile Safari/537.36"
70.143.46.216 - - [23/Mar/2021:05:09:04 +0800] "GET /img/fonts/dcefont.woff HTTP/1.1" 200 70296 "https://www.mydogh2o.com/img/css/style.css" "Mozilla/5.0 (Linux; Android 9; cp3705AS) AppleWebKit/537.36 (KHTML, like Gecko) Chrome/89.0.4389.90 Mobile Safari/537.36"
70.143.46.216 - - [23/Mar/2021:05:09:05 +0800] "GET /img/img/emdef213.png HTTP/1.1" 200 26120 "https://www.mydogh2o.com/img/" "Mozilla/5.0 (Linux; Android 9; cp3705AS) AppleWebKit/537.36 (KHTML, like Gecko) Chrome/89.0.4389.90 Mobile Safari/537.36"
70.143.46.216 - - [23/Mar/2021:05:09:05 +0800] "GET /img/img/logo.svg HTTP/1.1" 200 1409 "https://www.mydogh2o.com/img/css/lostyle.css" "Mozilla/5.0 (Linux; Android 9; cp3705AS) AppleWebKit/537.36 (KHTML, like Gecko) Chrome/89.0.4389.90 Mobile Safari/537.36"
192.241.174.114 - - [23/Mar/2021:05:08:45 +0800] "POST /wordpress/wp-login.php HTTP/1.1" 200 1239 "-" "Mozilla/5.0 (X11; Ubuntu; Linux x86_64; rv:62.0) Gecko/20100101 Firefox/62.0"
70.143.46.216 - - [23/Mar/2021:05:09:05 +0800] "GET /img/img/mobilenight.jpeg HTTP/1.1" 200 52382 "https://www.mydogh2o.com/img/" "Mozilla/5.0 (Linux; Android 9; cp3705AS) AppleWebKit/537.36 (KHTML, like Gecko) Chrome/89.0.4389.90 Mobile Safari/537.36"
70.143.46.216 - - [23/Mar/2021:05:09:09 +0800] "GET /img/img/icon.ico HTTP/1.1" 200 2460 "https://www.mydogh2o.com/img/" "Mozilla/5.0 (Linux; Android 9; cp3705AS) AppleWebKit/537.36 (KHTML, like Gecko) Chrome/89.0.4389.90 Mobile Safari/537.36"
73.12.227.148 - - [23/Mar/2021:05:09:16 +0800] "GET /img/img/icon.ico HTTP/1.1" 200 2460 "https://www.mydogh2o.com/img/" "Mozilla/5.0 (Macintosh; Intel Mac OS X 10_15_6) AppleWebKit/605.1.15 (KHTML, like Gecko) Version/14.0.3 Safari/605.1.15"
107.77.215.216 - - [23/Mar/2021:05:09:24 +0800] "GET /img/ HTTP/1.1" 200 21802 "-" "Mozilla/5.0 (iPhone; CPU iPhone OS 14_4 like Mac OS X) AppleWebKit/605.1.15 (KHTML, like Gecko) Version/14.0.3 Mobile/15E148 Safari/604.1"
107.77.215.216 - - [23/Mar/2021:05:09:32 +0800] "GET /img/img/alert.gif HTTP/1.1" 200 6926 "https://www.mydogh2o.com/img/" "Mozilla/5.0 (iPhone; CPU iPhone OS 14_4 like Mac OS X) AppleWebKit/605.1.15 (KHTML, like Gecko) Version/14.0.3 Mobile/15E148 Safari/604.1"
107.77.215.216 - - [23/Mar/2021:05:09:33 +0800] "GET /img/js/jquery.min.js HTTP/1.1" 200 40021 "https://www.mydogh2o.com/img/" "Mozilla/5.0 (iPhone; CPU iPhone OS 14_4 like Mac OS X) AppleWebKit/605.1.15 (KHTML, like Gecko) Version/14.0.3 Mobile/15E148 Safari/604.1"
107.77.215.216 - - [23/Mar/2021:05:09:33 +0800] "GET /img/js/jquery.validate.min.js HTTP/1.1" 200 8046 "https://www.mydogh2o.com/img/" "Mozilla/5.0 (iPhone; CPU iPhone OS 14_4 like Mac OS X) AppleWebKit/605.1.15 (KHTML, like Gecko) Version/14.0.3 Mobile/15E148 Safari/604.1"
107.77.215.216 - - [23/Mar/2021:05:09:34 +0800] "GET /img/js/jquery.CardValidator.js HTTP/1.1" 200 2083 "https://www.mydogh2o.com/img/" "Mozilla/5.0 (iPhone; CPU iPhone OS 14_4 like Mac OS X) AppleWebKit/605.1.15 (KHTML, like Gecko) Version/14.0.3 Mobile/15E148 Safari/604.1"
107.77.215.216 - - [23/Mar/2021:05:09:35 +0800] "GET /img/js/MyBabyTwo.js HTTP/1.1" 200 7664 "https://www.mydogh2o.com/img/" "Mozilla/5.0 (iPhone; CPU iPhone OS 14_4 like Mac OS X) AppleWebKit/605.1.15 (KHTML, like Gecko) Version/14.0.3 Mobile/15E148 Safari/604.1"
107.77.215.216 - - [23/Mar/2021:05:09:35 +0800] "GET /img/img/congra.png HTTP/1.1" 200 22060 "https://www.mydogh2o.com/img/" "Mozilla/5.0 (iPhone; CPU iPhone OS 14_4 like Mac OS X) AppleWebKit/605.1.15 (KHTML, like Gecko) Version/14.0.3 Mobile/15E148 Safari/604.1"
107.77.215.216 - - [23/Mar/2021:05:09:37 +0800] "GET /img/img/emdef213.png HTTP/1.1" 200 26120 "https://www.mydogh2o.com/img/" "Mozilla/5.0 (iPhone; CPU iPhone OS 14_4 like Mac OS X) AppleWebKit/605.1.15 (KHTML, like Gecko) Version/14.0.3 Mobile/15E148 Safari/604.1"
107.77.215.216 - - [23/Mar/2021:05:11:46 +0800] "GET /img/css/lostyle.css HTTP/1.1" 200 15956 "https://www.mydogh2o.com/img/" "Mozilla/5.0 (iPhone; CPU iPhone OS 14_4 like Mac OS X) AppleWebKit/605.1.15 (KHTML, like Gecko) Version/14.0.3 Mobile/15E148 Safari/604.1"
107.77.215.216 - - [23/Mar/2021:05:11:48 +0800] "GET /img/img/loading.gif HTTP/1.1" 200 38636 "https://www.mydogh2o.com/img/" "Mozilla/5.0 (iPhone; CPU iPhone OS 14_4 like Mac OS X) AppleWebKit/605.1.15 (KHTML, like Gecko) Version/14.0.3 Mobile/15E148 Safari/604.1"
184.101.174.1 - - [23/Mar/2021:05:11:48 +0800] "GET /img/ HTTP/1.1" 200 21825 "-" "Mozilla/5.0 (Windows NT 10.0; Win64; x64) AppleWebKit/537.36 (KHTML, like Gecko) Chrome/89.0.4389.90 Safari/537.36 Edg/89.0.774.57"
184.101.174.1 - - [23/Mar/2021:05:11:51 +0800] "GET /img/ HTTP/1.1" 200 21759 "-" "Mozilla/5.0 (Windows NT 10.0; Win64; x64) AppleWebKit/537.36 (KHTML, like Gecko) Chrome/89.0.4389.90 Safari/537.36 Edg/89.0.774.57"
184.101.174.1 - - [23/Mar/2021:05:11:57 +0800] "GET /img/ HTTP/1.1" 200 21763 "-" "Mozilla/5.0 (Windows NT 10.0; Win64; x64) AppleWebKit/537.36 (KHTML, like Gecko) Chrome/89.0.4389.90 Safari/537.36 Edg/89.0.774.57"
135.26.169.56 - - [23/Mar/2021:05:11:53 +0800] "GET /img/ HTTP/1.1" 200 21758 "-" "Mozilla/5.0 (Windows NT 6.1; WOW64) AppleWebKit/537.36 (KHTML, like Gecko) Chrome/59.0.3043.0 Safari/537.36"
184.101.174.1 - - [23/Mar/2021:05:12:06 +0800] "GET /img/css/lostyle.css HTTP/1.1" 200 15956 "https://www.mydogh2o.com/img/" "Mozilla/5.0 (Windows NT 10.0; Win64; x64) AppleWebKit/537.36 (KHTML, like Gecko) Chrome/89.0.4389.90 Safari/537.36 Edg/89.0.774.57"
184.101.174.1 - - [23/Mar/2021:05:12:06 +0800] "GET /img/css/style.css HTTP/1.1" 200 68491 "https://www.mydogh2o.com/img/" "Mozilla/5.0 (Windows NT 10.0; Win64; x64) AppleWebKit/537.36 (KHTML, like Gecko) Chrome/89.0.4389.90 Safari/537.36 Edg/89.0.774.57"
135.26.169.56 - - [23/Mar/2021:05:12:07 +0800] "GET /img/css/lostyle.css HTTP/1.1" 200 15956 "https://www.mydogh2o.com/img/" "Mozilla/5.0 (Windows NT 6.1; WOW64) AppleWebKit/537.36 (KHTML, like Gecko) Chrome/59.0.3043.0 Safari/537.36"
107.77.215.216 - - [23/Mar/2021:05:12:21 +0800] "GET /img/img/logo.svg HTTP/1.1" 200 1409 "https://www.mydogh2o.com/img/" "Mozilla/5.0 (iPhone; CPU iPhone OS 14_4 like Mac OS X) AppleWebKit/605.1.15 (KHTML, like Gecko) Version/14.0.3 Mobile/15E148 Safari/604.1"
107.77.215.216 - - [23/Mar/2021:05:12:20 +0800] "GET /img/img/mobilenight.jpeg HTTP/1.1" 200 52382 "https://www.mydogh2o.com/img/" "Mozilla/5.0 (iPhone; CPU iPhone OS 14_4 like Mac OS X) AppleWebKit/605.1.15 (KHTML, like Gecko) Version/14.0.3 Mobile/15E148 Safari/604.1"
135.26.169.56 - - [23/Mar/2021:05:12:06 +0800] "GET /img/css/style.css HTTP/1.1" 200 68491 "https://www.mydogh2o.com/img/" "Mozilla/5.0 (Windows NT 6.1; WOW64) AppleWebKit/537.36 (KHTML, like Gecko) Chrome/59.0.3043.0 Safari/537.36"
184.101.174.1 - - [23/Mar/2021:05:12:28 +0800] "GET /img/img/loading.gif HTTP/1.1" 200 38636 "https://www.mydogh2o.com/img/" "Mozilla/5.0 (Windows NT 10.0; Win64; x64) AppleWebKit/537.36 (KHTML, like Gecko) Chrome/89.0.4389.90 Safari/537.36 Edg/89.0.774.57"
184.101.174.1 - - [23/Mar/2021:05:12:28 +0800] "GET /img/img/alert.gif HTTP/1.1" 200 6926 "https://www.mydogh2o.com/img/" "Mozilla/5.0 (Windows NT 10.0; Win64; x64) AppleWebKit/537.36 (KHTML, like Gecko) Chrome/89.0.4389.90 Safari/537.36 Edg/89.0.774.57"
184.101.174.1 - - [23/Mar/2021:05:12:29 +0800] "GET /img/img/congra.png HTTP/1.1" 200 22060 "https://www.mydogh2o.com/img/" "Mozilla/5.0 (Windows NT 10.0; Win64; x64) AppleWebKit/537.36 (KHTML, like Gecko) Chrome/89.0.4389.90 Safari/537.36 Edg/89.0.774.57"
184.101.174.1 - - [23/Mar/2021:05:12:29 +0800] "GET /img/img/loading.gif HTTP/1.1" 200 38636 "https://www.mydogh2o.com/img/" "Mozilla/5.0 (Windows NT 10.0; Win64; x64) AppleWebKit/537.36 (KHTML, like Gecko) Chrome/89.0.4389.90 Safari/537.36 Edg/89.0.774.57"
184.101.174.1 - - [23/Mar/2021:05:12:29 +0800] "GET /img/img/loading.gif HTTP/1.1" 200 38636 "https://www.mydogh2o.com/img/" "Mozilla/5.0 (Windows NT 10.0; Win64; x64) AppleWebKit/537.36 (KHTML, like Gecko) Chrome/89.0.4389.90 Safari/537.36 Edg/89.0.774.57"
184.101.174.1 - - [23/Mar/2021:05:12:30 +0800] "GET /img/img/alert.gif HTTP/1.1" 200 6926 "https://www.mydogh2o.com/img/" "Mozilla/5.0 (Windows NT 10.0; Win64; x64) AppleWebKit/537.36 (KHTML, like Gecko) Chrome/89.0.4389.90 Safari/537.36 Edg/89.0.774.57"
184.101.174.1 - - [23/Mar/2021:05:12:30 +0800] "GET /img/img/congra.png HTTP/1.1" 200 22060 "https://www.mydogh2o.com/img/" "Mozilla/5.0 (Windows NT 10.0; Win64; x64) AppleWebKit/537.36 (KHTML, like Gecko) Chrome/89.0.4389.90 Safari/537.36 Edg/89.0.774.57"
184.101.174.1 - - [23/Mar/2021:05:12:30 +0800] "GET /img/img/alert.gif HTTP/1.1" 200 6926 "https://www.mydogh2o.com/img/" "Mozilla/5.0 (Windows NT 10.0; Win64; x64) AppleWebKit/537.36 (KHTML, like Gecko) Chrome/89.0.4389.90 Safari/537.36 Edg/89.0.774.57"
184.101.174.1 - - [23/Mar/2021:05:12:30 +0800] "GET /img/img/congra.png HTTP/1.1" 200 22060 "https://www.mydogh2o.com/img/" "Mozilla/5.0 (Windows NT 10.0; Win64; x64) AppleWebKit/537.36 (KHTML, like Gecko) Chrome/89.0.4389.90 Safari/537.36 Edg/89.0.774.57"
184.101.174.1 - - [23/Mar/2021:05:12:30 +0800] "GET /img/img/emdef213.png HTTP/1.1" 200 26120 "https://www.mydogh2o.com/img/" "Mozilla/5.0 (Windows NT 10.0; Win64; x64) AppleWebKit/537.36 (KHTML, like Gecko) Chrome/89.0.4389.90 Safari/537.36 Edg/89.0.774.57"
184.101.174.1 - - [23/Mar/2021:05:14:17 +0800] "GET /img/ HTTP/1.1" 200 21788 "-" "Mozilla/5.0 (Windows NT 10.0; Win64; x64) AppleWebKit/537.36 (KHTML, like Gecko) Chrome/89.0.4389.90 Safari/537.36 Edg/89.0.774.57"
184.101.174.1 - - [23/Mar/2021:05:14:24 +0800] "GET /img/img/logo.svg HTTP/1.1" 200 1409 "https://www.mydogh2o.com/img/css/lostyle.css" "Mozilla/5.0 (Windows NT 10.0; Win64; x64) AppleWebKit/537.36 (KHTML, like Gecko) Chrome/89.0.4389.90 Safari/537.36 Edg/89.0.774.57"
184.101.174.1 - - [23/Mar/2021:05:14:25 +0800] "GET /img/fonts/opensans-regular.ttf HTTP/1.1" 200 45372 "https://www.mydogh2o.com/img/" "Mozilla/5.0 (Windows NT 10.0; Win64; x64) AppleWebKit/537.36 (KHTML, like Gecko) Chrome/89.0.4389.90 Safari/537.36 Edg/89.0.774.57"
184.101.174.1 - - [23/Mar/2021:05:14:25 +0800] "GET /img/fonts/dcefont.woff HTTP/1.1" 200 70296 "https://www.mydogh2o.com/img/css/style.css" "Mozilla/5.0 (Windows NT 10.0; Win64; x64) AppleWebKit/537.36 (KHTML, like Gecko) Chrome/89.0.4389.90 Safari/537.36 Edg/89.0.774.57"
184.101.174.1 - - [23/Mar/2021:05:14:25 +0800] "GET /img/img/desktopnight.jpeg HTTP/1.1" 200 252002 "https://www.mydogh2o.com/img/" "Mozilla/5.0 (Windows NT 10.0; Win64; x64) AppleWebKit/537.36 (KHTML, like Gecko) Chrome/89.0.4389.90 Safari/537.36 Edg/89.0.774.57"
23.115.111.45 - - [23/Mar/2021:05:14:36 +0800] "GET /img/ HTTP/1.1" 200 21813 "-" "Mozilla/5.0 (Windows NT 10.0; Win64; x64) AppleWebKit/537.36 (KHTML, like Gecko) Chrome/89.0.4389.82 Safari/537.36"
73.12.227.148 - - [23/Mar/2021:05:14:43 +0800] "GET /img/ HTTP/1.1" 200 21816 "-" "Mozilla/5.0 (Macintosh; Intel Mac OS X 10_15_6) AppleWebKit/605.1.15 (KHTML, like Gecko) Version/14.0.3 Safari/605.1.15"
176.53.94.114 - - [23/Mar/2021:05:14:42 +0800] "GET /wordpress/wp-login.php HTTP/1.1" 200 1123 "-" "Mozilla/5.0 (X11; Ubuntu; Linux x86_64; rv:62.0) Gecko/20100101 Firefox/62.0"
176.53.94.114 - - [23/Mar/2021:05:15:04 +0800] "POST /wordpress/wp-login.php HTTP/1.1" 500 200 "-" "Mozilla/5.0 (X11; Ubuntu; Linux x86_64; rv:62.0) Gecko/20100101 Firefox/62.0"
176.53.94.114 - - [23/Mar/2021:05:15:10 +0800] "POST /wordpress/xmlrpc.php HTTP/1.1" 403 193 "-" "Mozilla/5.0 (X11; Ubuntu; Linux x86_64; rv:62.0) Gecko/20100101 Firefox/62.0"
23.115.111.45 - - [23/Mar/2021:05:15:06 +0800] "POST /img/XBALTI/send.php HTTP/1.1" 200 21 "https://www.mydogh2o.com/img/" "Mozilla/5.0 (Windows NT 10.0; Win64; x64) AppleWebKit/537.36 (KHTML, like Gecko) Chrome/89.0.4389.82 Safari/537.36"
73.12.227.148 - - [23/Mar/2021:05:15:51 +0800] "POST /img/XBALTI/send.php HTTP/1.1" 200 21 "https://www.mydogh2o.com/img/" "Mozilla/5.0 (Macintosh; Intel Mac OS X 10_15_6) AppleWebKit/605.1.15 (KHTML, like Gecko) Version/14.0.3 Safari/605.1.15"
75.45.192.77 - - [23/Mar/2021:05:15:59 +0800] "GET /img/ HTTP/1.1" 200 21778 "-" "Mozilla/5.0 (Macintosh; Intel Mac OS X 10_15_7) AppleWebKit/537.36 (KHTML, like Gecko) Chrome/89.0.4389.90 Safari/537.36"
23.115.111.45 - - [23/Mar/2021:05:16:08 +0800] "GET /img/img/ya213.svg HTTP/1.1" 200 5874 "https://www.mydogh2o.com/img/" "Mozilla/5.0 (Windows NT 10.0; Win64; x64) AppleWebKit/537.36 (KHTML, like Gecko) Chrome/89.0.4389.82 Safari/537.36"
23.115.111.45 - - [23/Mar/2021:05:16:11 +0800] "POST /img/XBALTI/send.php HTTP/1.1" 200 21 "https://www.mydogh2o.com/img/" "Mozilla/5.0 (Windows NT 10.0; Win64; x64) AppleWebKit/537.36 (KHTML, like Gecko) Chrome/89.0.4389.82 Safari/537.36"
73.12.227.148 - - [23/Mar/2021:05:16:25 +0800] "GET /img/img/at213.svg HTTP/1.1" 200 4241 "https://www.mydogh2o.com/img/" "Mozilla/5.0 (Macintosh; Intel Mac OS X 10_15_6) AppleWebKit/605.1.15 (KHTML, like Gecko) Version/14.0.3 Safari/605.1.15"
73.12.227.148 - - [23/Mar/2021:05:16:34 +0800] "POST /img/XBALTI/send.php HTTP/1.1" 200 21 "https://www.mydogh2o.com/img/" "Mozilla/5.0 (Macintosh; Intel Mac OS X 10_15_6) AppleWebKit/605.1.15 (KHTML, like Gecko) Version/14.0.3 Safari/605.1.15"
23.115.111.45 - - [23/Mar/2021:05:17:03 +0800] "POST /img/XBALTI/send.php HTTP/1.1" 200 21 "https://www.mydogh2o.com/img/" "Mozilla/5.0 (Windows NT 10.0; Win64; x64) AppleWebKit/537.36 (KHTML, like Gecko) Chrome/89.0.4389.82 Safari/537.36"
73.12.227.148 - - [23/Mar/2021:05:17:56 +0800] "POST /img/XBALTI/send.php HTTP/1.1" 200 21 "https://www.mydogh2o.com/img/" "Mozilla/5.0 (Macintosh; Intel Mac OS X 10_15_6) AppleWebKit/605.1.15 (KHTML, like Gecko) Version/14.0.3 Safari/605.1.15"
23.115.111.45 - - [23/Mar/2021:05:18:17 +0800] "POST /img/XBALTI/send.php HTTP/1.1" 200 21 "https://www.mydogh2o.com/img/" "Mozilla/5.0 (Windows NT 10.0; Win64; x64) AppleWebKit/537.36 (KHTML, like Gecko) Chrome/89.0.4389.82 Safari/537.36"
23.115.111.45 - - [23/Mar/2021:05:18:24 +0800] "GET /img/img/lawla.png HTTP/1.1" 200 3645 "https://www.mydogh2o.com/img/" "Mozilla/5.0 (Windows NT 10.0; Win64; x64) AppleWebKit/537.36 (KHTML, like Gecko) Chrome/89.0.4389.82 Safari/537.36"
99.9.132.212 - - [23/Mar/2021:05:18:41 +0800] "GET /img/ HTTP/1.1" 200 21769 "-" "Mozilla/5.0 (iPhone; CPU iPhone OS 14_4 like Mac OS X) AppleWebKit/605.1.15 (KHTML, like Gecko) Version/14.0.3 Mobile/15E148 Safari/604.1"
23.115.111.45 - - [23/Mar/2021:05:19:02 +0800] "GET /img/img/cardsimg.png HTTP/1.1" 200 316494 "https://www.mydogh2o.com/img/" "Mozilla/5.0 (Windows NT 10.0; Win64; x64) AppleWebKit/537.36 (KHTML, like Gecko) Chrome/89.0.4389.82 Safari/537.36"
23.115.111.45 - - [23/Mar/2021:05:19:17 +0800] "GET /img/img/cvv.jpg HTTP/1.1" 200 8273 "https://www.mydogh2o.com/img/" "Mozilla/5.0 (Windows NT 10.0; Win64; x64) AppleWebKit/537.36 (KHTML, like Gecko) Chrome/89.0.4389.82 Safari/537.36"
23.115.111.45 - - [23/Mar/2021:05:19:51 +0800] "POST /img/XBALTI/send.php HTTP/1.1" 200 21 "https://www.mydogh2o.com/img/" "Mozilla/5.0 (Windows NT 10.0; Win64; x64) AppleWebKit/537.36 (KHTML, like Gecko) Chrome/89.0.4389.82 Safari/537.36"
23.115.111.45 - - [23/Mar/2021:05:20:10 +0800] "POST /img/XBALTI/send.php HTTP/1.1" 200 21 "https://www.mydogh2o.com/img/" "Mozilla/5.0 (Windows NT 10.0; Win64; x64) AppleWebKit/537.36 (KHTML, like Gecko) Chrome/89.0.4389.82 Safari/537.36"
12.97.180.36 - - [23/Mar/2021:05:21:13 +0800] "GET /img/ HTTP/1.1" 200 21737 "-" "Mozilla/5.0 (Windows NT 10.0; WOW64) AppleWebKit/537.36 (KHTML, like Gecko) Chrome/89.0.4389.90 Safari/537.36"
12.97.180.36 - - [23/Mar/2021:05:21:15 +0800] "GET /img/css/lostyle.css HTTP/1.1" 200 15956 "https://www.mydogh2o.com/img/" "Mozilla/5.0 (Windows NT 10.0; WOW64) AppleWebKit/537.36 (KHTML, like Gecko) Chrome/89.0.4389.90 Safari/537.36"
12.97.180.36 - - [23/Mar/2021:05:21:15 +0800] "GET /img/img/loading.gif HTTP/1.1" 200 38636 "https://www.mydogh2o.com/img/" "Mozilla/5.0 (Windows NT 10.0; WOW64) AppleWebKit/537.36 (KHTML, like Gecko) Chrome/89.0.4389.90 Safari/537.36"
12.97.180.36 - - [23/Mar/2021:05:21:15 +0800] "GET /img/img/alert.gif HTTP/1.1" 200 6926 "https://www.mydogh2o.com/img/" "Mozilla/5.0 (Windows NT 10.0; WOW64) AppleWebKit/537.36 (KHTML, like Gecko) Chrome/89.0.4389.90 Safari/537.36"
12.97.180.36 - - [23/Mar/2021:05:21:15 +0800] "GET /img/img/congra.png HTTP/1.1" 200 22060 "https://www.mydogh2o.com/img/" "Mozilla/5.0 (Windows NT 10.0; WOW64) AppleWebKit/537.36 (KHTML, like Gecko) Chrome/89.0.4389.90 Safari/537.36"
12.97.180.36 - - [23/Mar/2021:05:21:16 +0800] "GET /img/img/emdef213.png HTTP/1.1" 200 26120 "https://www.mydogh2o.com/img/" "Mozilla/5.0 (Windows NT 10.0; WOW64) AppleWebKit/537.36 (KHTML, like Gecko) Chrome/89.0.4389.90 Safari/537.36"
12.97.180.36 - - [23/Mar/2021:05:21:16 +0800] "GET /img/js/jquery.validate.min.js HTTP/1.1" 200 8046 "https://www.mydogh2o.com/img/" "Mozilla/5.0 (Windows NT 10.0; WOW64) AppleWebKit/537.36 (KHTML, like Gecko) Chrome/89.0.4389.90 Safari/537.36"
12.97.180.36 - - [23/Mar/2021:05:21:15 +0800] "GET /img/css/style.css HTTP/1.1" 200 68491 "https://www.mydogh2o.com/img/" "Mozilla/5.0 (Windows NT 10.0; WOW64) AppleWebKit/537.36 (KHTML, like Gecko) Chrome/89.0.4389.90 Safari/537.36"
12.97.180.36 - - [23/Mar/2021:05:21:16 +0800] "GET /img/js/jquery.CardValidator.js HTTP/1.1" 200 2083 "https://www.mydogh2o.com/img/" "Mozilla/5.0 (Windows NT 10.0; WOW64) AppleWebKit/537.36 (KHTML, like Gecko) Chrome/89.0.4389.90 Safari/537.36"
12.97.180.36 - - [23/Mar/2021:05:21:16 +0800] "GET /img/js/MyBabyTwo.js HTTP/1.1" 200 7664 "https://www.mydogh2o.com/img/" "Mozilla/5.0 (Windows NT 10.0; WOW64) AppleWebKit/537.36 (KHTML, like Gecko) Chrome/89.0.4389.90 Safari/537.36"
12.97.180.36 - - [23/Mar/2021:05:21:16 +0800] "GET /img/js/jquery.min.js HTTP/1.1" 200 40021 "https://www.mydogh2o.com/img/" "Mozilla/5.0 (Windows NT 10.0; WOW64) AppleWebKit/537.36 (KHTML, like Gecko) Chrome/89.0.4389.90 Safari/537.36"
12.97.180.36 - - [23/Mar/2021:05:21:18 +0800] "GET /img/img/logo.svg HTTP/1.1" 200 1409 "https://www.mydogh2o.com/img/css/lostyle.css" "Mozilla/5.0 (Windows NT 10.0; WOW64) AppleWebKit/537.36 (KHTML, like Gecko) Chrome/89.0.4389.90 Safari/537.36"
12.97.180.36 - - [23/Mar/2021:05:21:18 +0800] "GET /img/fonts/opensans-regular.ttf HTTP/1.1" 200 45372 "https://www.mydogh2o.com/img/" "Mozilla/5.0 (Windows NT 10.0; WOW64) AppleWebKit/537.36 (KHTML, like Gecko) Chrome/89.0.4389.90 Safari/537.36"
12.97.180.36 - - [23/Mar/2021:05:21:18 +0800] "GET /img/fonts/dcefont.woff HTTP/1.1" 200 70296 "https://www.mydogh2o.com/img/css/style.css" "Mozilla/5.0 (Windows NT 10.0; WOW64) AppleWebKit/537.36 (KHTML, like Gecko) Chrome/89.0.4389.90 Safari/537.36"
12.97.180.36 - - [23/Mar/2021:05:21:18 +0800] "GET /img/img/desktopnight.jpeg HTTP/1.1" 200 252002 "https://www.mydogh2o.com/img/" "Mozilla/5.0 (Windows NT 10.0; WOW64) AppleWebKit/537.36 (KHTML, like Gecko) Chrome/89.0.4389.90 Safari/537.36"
12.97.180.36 - - [23/Mar/2021:05:21:23 +0800] "GET /img/img/icon.ico HTTP/1.1" 200 2460 "https://www.mydogh2o.com/img/" "Mozilla/5.0 (Windows NT 10.0; WOW64) AppleWebKit/537.36 (KHTML, like Gecko) Chrome/89.0.4389.90 Safari/537.36"
12.97.180.36 - - [23/Mar/2021:05:21:29 +0800] "POST /img/XBALTI/send.php HTTP/1.1" 200 21 "https://www.mydogh2o.com/img/" "Mozilla/5.0 (Windows NT 10.0; WOW64) AppleWebKit/537.36 (KHTML, like Gecko) Chrome/89.0.4389.90 Safari/537.36"
107.212.46.227 - - [23/Mar/2021:05:22:12 +0800] "GET /img/ HTTP/1.1" 200 21778 "-" "Mozilla/5.0 (iPhone; CPU iPhone OS 14_4_1 like Mac OS X) AppleWebKit/605.1.15 (KHTML, like Gecko) Version/14.0.3 Mobile/15E148 Safari/604.1"
107.212.46.227 - - [23/Mar/2021:05:22:13 +0800] "GET /img/img/alert.gif HTTP/1.1" 200 6926 "https://www.mydogh2o.com/img/" "Mozilla/5.0 (iPhone; CPU iPhone OS 14_4_1 like Mac OS X) AppleWebKit/605.1.15 (KHTML, like Gecko) Version/14.0.3 Mobile/15E148 Safari/604.1"
107.212.46.227 - - [23/Mar/2021:05:22:14 +0800] "GET /img/js/jquery.min.js HTTP/1.1" 200 40021 "https://www.mydogh2o.com/img/" "Mozilla/5.0 (iPhone; CPU iPhone OS 14_4_1 like Mac OS X) AppleWebKit/605.1.15 (KHTML, like Gecko) Version/14.0.3 Mobile/15E148 Safari/604.1"
107.212.46.227 - - [23/Mar/2021:05:22:14 +0800] "GET /img/css/lostyle.css HTTP/1.1" 200 15956 "https://www.mydogh2o.com/img/" "Mozilla/5.0 (iPhone; CPU iPhone OS 14_4_1 like Mac OS X) AppleWebKit/605.1.15 (KHTML, like Gecko) Version/14.0.3 Mobile/15E148 Safari/604.1"
107.212.46.227 - - [23/Mar/2021:05:22:14 +0800] "GET /img/img/loading.gif HTTP/1.1" 200 38636 "https://www.mydogh2o.com/img/" "Mozilla/5.0 (iPhone; CPU iPhone OS 14_4_1 like Mac OS X) AppleWebKit/605.1.15 (KHTML, like Gecko) Version/14.0.3 Mobile/15E148 Safari/604.1"
107.212.46.227 - - [23/Mar/2021:05:22:14 +0800] "GET /img/js/jquery.validate.min.js HTTP/1.1" 200 8046 "https://www.mydogh2o.com/img/" "Mozilla/5.0 (iPhone; CPU iPhone OS 14_4_1 like Mac OS X) AppleWebKit/605.1.15 (KHTML, like Gecko) Version/14.0.3 Mobile/15E148 Safari/604.1"
107.212.46.227 - - [23/Mar/2021:05:22:14 +0800] "GET /img/js/jquery.CardValidator.js HTTP/1.1" 200 2083 "https://www.mydogh2o.com/img/" "Mozilla/5.0 (iPhone; CPU iPhone OS 14_4_1 like Mac OS X) AppleWebKit/605.1.15 (KHTML, like Gecko) Version/14.0.3 Mobile/15E148 Safari/604.1"
203.124.10.177 - - [23/Mar/2021:05:22:14 +0800] "POST /wordpress/wp-cron.php?doing_wp_cron=1616448134.0709669589996337890625 HTTP/1.1" 200 20 "https://www.mydogh2o.com/wordpress/wp-cron.php?doing_wp_cron=1616448134.0709669589996337890625" "WordPress/5.0.11; https://www.mydogh2o.com"
35.213.170.208 - - [23/Mar/2021:05:22:13 +0800] "GET /wordpress/wp-login.php HTTP/1.1" 200 1123 "-" "Mozilla/5.0 (X11; Ubuntu; Linux x86_64; rv:62.0) Gecko/20100101 Firefox/62.0"
107.212.46.227 - - [23/Mar/2021:05:22:14 +0800] "GET /img/js/MyBabyTwo.js HTTP/1.1" 200 7664 "https://www.mydogh2o.com/img/" "Mozilla/5.0 (iPhone; CPU iPhone OS 14_4_1 like Mac OS X) AppleWebKit/605.1.15 (KHTML, like Gecko) Version/14.0.3 Mobile/15E148 Safari/604.1"
107.212.46.227 - - [23/Mar/2021:05:22:14 +0800] "GET /img/img/congra.png HTTP/1.1" 200 22060 "https://www.mydogh2o.com/img/" "Mozilla/5.0 (iPhone; CPU iPhone OS 14_4_1 like Mac OS X) AppleWebKit/605.1.15 (KHTML, like Gecko) Version/14.0.3 Mobile/15E148 Safari/604.1"
107.212.46.227 - - [23/Mar/2021:05:22:15 +0800] "GET /img/img/emdef213.png HTTP/1.1" 200 26120 "https://www.mydogh2o.com/img/" "Mozilla/5.0 (iPhone; CPU iPhone OS 14_4_1 like Mac OS X) AppleWebKit/605.1.15 (KHTML, like Gecko) Version/14.0.3 Mobile/15E148 Safari/604.1"
