86.106.87.254 - - [22/Mar/2021:20:55:06 +0800] "GET / HTTP/1.1" 302 208 "-" "Mozilla/5.0 (Windows NT 10.0; Win64; x64) AppleWebKit/537.36 (KHTML, like Gecko) Chrome/55.0.2883.87 Safari/537.36 eM Client/8.2.1175.0"
86.106.87.254 - - [22/Mar/2021:20:55:05 +0800] "GET /apple-touch-icon-precomposed.png HTTP/1.1" 404 14165 "-" "Mozilla/5.0 (Windows NT 10.0; Win64; x64) AppleWebKit/537.36 (KHTML, like Gecko) Chrome/55.0.2883.87 Safari/537.36 eM Client/8.2.1175.0"
86.106.87.254 - - [22/Mar/2021:20:55:06 +0800] "GET / HTTP/1.1" 200 92732 "-" "Mozilla/5.0 (Windows NT 10.0; Win64; x64) AppleWebKit/537.36 (KHTML, like Gecko) Chrome/55.0.2883.87 Safari/537.36 eM Client/8.2.1175.0"
86.106.87.254 - - [22/Mar/2021:20:55:06 +0800] "GET / HTTP/1.1" 200 92732 "-" "Mozilla/5.0 (Windows NT 10.0; Win64; x64) AppleWebKit/537.36 (KHTML, like Gecko) Chrome/55.0.2883.87 Safari/537.36 eM Client/8.2.1175.0"
86.106.87.254 - - [22/Mar/2021:20:55:07 +0800] "GET / HTTP/1.1" 200 92732 "-" "Mozilla/5.0 (Windows NT 10.0; Win64; x64) AppleWebKit/537.36 (KHTML, like Gecko) Chrome/55.0.2883.87 Safari/537.36 eM Client/8.2.1175.0"
86.106.87.254 - - [22/Mar/2021:20:55:08 +0800] "GET / HTTP/1.1" 200 92732 "-" "Mozilla/5.0 (Windows NT 10.0; Win64; x64) AppleWebKit/537.36 (KHTML, like Gecko) Chrome/55.0.2883.87 Safari/537.36 eM Client/8.2.1175.0"
86.106.87.254 - - [22/Mar/2021:20:55:13 +0800] "GET /favicon.ico HTTP/1.1" 200 1150 "-" "Mozilla/5.0 (Windows NT 10.0; Win64; x64) AppleWebKit/537.36 (KHTML, like Gecko) Chrome/55.0.2883.87 Safari/537.36 eM Client/8.2.1175.0"
86.106.87.254 - - [22/Mar/2021:20:55:13 +0800] "GET /apple-touch-icon.png HTTP/1.1" 404 14111 "-" "Mozilla/5.0 (Windows NT 10.0; Win64; x64) AppleWebKit/537.36 (KHTML, like Gecko) Chrome/55.0.2883.87 Safari/537.36 eM Client/8.2.1175.0"
86.106.87.254 - - [22/Mar/2021:20:55:14 +0800] "GET /apple-touch-icon-precomposed.png HTTP/1.1" 404 14111 "-" "Mozilla/5.0 (Windows NT 10.0; Win64; x64) AppleWebKit/537.36 (KHTML, like Gecko) Chrome/55.0.2883.87 Safari/537.36 eM Client/8.2.1175.0"
185.2.82.247 - - [22/Mar/2021:20:53:32 +0800] "POST /rddfvgtran.php?pass=uphiuxactd HTTP/1.1" 200 311287 "https://www.mydogh2o.com/rddfvgtran.php?pass=uphiuxactd" "Mozilla/5.0 (Windows NT 10.0; Win64; x64) AppleWebKit/537.36 (KHTML, like Gecko) Chrome/87.0.4280.66 Safari/537.36"
149.3.170.66 - - [22/Mar/2021:20:56:44 +0800] "POST /index.php?lang=en HTTP/1.1" 200 15274 "-" "Mozilla/5.0 (Windows NT 10.0; Win64; x64) AppleWebKit/537.36 (KHTML, like Gecko) Chrome/80.0.3987.149 Safari/537.36"
139.59.7.48 - - [22/Mar/2021:20:56:47 +0800] "POST /hdgyrkzalj.php?pass=xifaskcjlr HTTP/1.1" 200 46143 "-" "Mozilla/5.0 (Windows NT 10.0; WOW64; rv:43.0) Gecko/20100101 Firefox/43.0"
185.2.82.247 - - [22/Mar/2021:21:03:27 +0800] "POST /rddfvgtran.php?pass=uphiuxactd HTTP/1.1" 200 181925 "https://www.mydogh2o.com/rddfvgtran.php?pass=uphiuxactd" "Mozilla/5.0 (Windows NT 10.0; Win64; x64) AppleWebKit/537.36 (KHTML, like Gecko) Chrome/87.0.4280.66 Safari/537.36"
185.2.82.247 - - [22/Mar/2021:21:06:01 +0800] "POST /rddfvgtran.php?pass=uphiuxactd HTTP/1.1" 200 167966 "https://www.mydogh2o.com/rddfvgtran.php?pass=uphiuxactd" "Mozilla/5.0 (Windows NT 10.0; Win64; x64) AppleWebKit/537.36 (KHTML, like Gecko) Chrome/87.0.4280.66 Safari/537.36"
185.2.82.247 - - [22/Mar/2021:21:08:40 +0800] "POST /rddfvgtran.php?pass=uphiuxactd HTTP/1.1" 200 189535 "https://www.mydogh2o.com/rddfvgtran.php?pass=uphiuxactd" "Mozilla/5.0 (Windows NT 10.0; Win64; x64) AppleWebKit/537.36 (KHTML, like Gecko) Chrome/87.0.4280.66 Safari/537.36"
203.124.10.177 - - [22/Mar/2021:21:10:28 +0800] "POST /wordpress/wp-cron.php?doing_wp_cron=1616418628.0002410411834716796875 HTTP/1.1" 200 20 "https://www.mydogh2o.com/wordpress/wp-cron.php?doing_wp_cron=1616418628.0002410411834716796875" "WordPress/5.0.11; https://www.mydogh2o.com"
13.66.139.10 - - [22/Mar/2021:21:10:27 +0800] "GET / HTTP/1.1" 200 15284 "-" "Mozilla/5.0 (compatible; bingbot/2.0; +http://www.bing.com/bingbot.htm)"
45.63.115.64 - - [22/Mar/2021:21:10:47 +0800] "POST /hdgyrkzalj.php?pass=xifaskcjlr HTTP/1.1" 200 46165 "-" "Mozilla/5.0 (Windows NT 10.0; WOW64; rv:43.0) Gecko/20100101 Firefox/43.0"
185.2.82.247 - - [22/Mar/2021:21:10:53 +0800] "POST /rddfvgtran.php?pass=uphiuxactd HTTP/1.1" 200 160763 "https://www.mydogh2o.com/rddfvgtran.php?pass=uphiuxactd" "Mozilla/5.0 (Windows NT 10.0; Win64; x64) AppleWebKit/537.36 (KHTML, like Gecko) Chrome/87.0.4280.66 Safari/537.36"
3.86.38.119 - - [22/Mar/2021:21:13:07 +0800] "GET / HTTP/1.1" 302 186 "-" "Mozilla/5.0 (iPhone; CPU iPhone OS 10_0 like Mac OS X) AppleWebKit/602.1.38 (KHTML, like Gecko) Version/10.0 Mobile/14A5297c Safari/602.1"
3.86.38.119 - - [22/Mar/2021:21:13:09 +0800] "GET / HTTP/1.1" 200 15296 "http://mydogh2o.com" "Mozilla/5.0 (iPhone; CPU iPhone OS 10_0 like Mac OS X) AppleWebKit/602.1.38 (KHTML, like Gecko) Version/10.0 Mobile/14A5297c Safari/602.1"
3.86.38.119 - - [22/Mar/2021:21:13:11 +0800] "GET /favicon.ico HTTP/1.1" 200 697 "-" "Mozilla/5.0 (iPhone; CPU iPhone OS 10_0 like Mac OS X) AppleWebKit/602.1.38 (KHTML, like Gecko) Version/10.0 Mobile/14A5297c Safari/602.1"
3.86.38.119 - - [22/Mar/2021:21:13:11 +0800] "GET /apple-touch-icon-precomposed.png HTTP/1.1" 404 4305 "-" "Mozilla/5.0 (iPhone; CPU iPhone OS 10_0 like Mac OS X) AppleWebKit/602.1.38 (KHTML, like Gecko) Version/10.0 Mobile/14A5297c Safari/602.1"
3.86.38.119 - - [22/Mar/2021:21:13:12 +0800] "GET /apple-touch-icon.png HTTP/1.1" 404 4305 "-" "Mozilla/5.0 (iPhone; CPU iPhone OS 10_0 like Mac OS X) AppleWebKit/602.1.38 (KHTML, like Gecko) Version/10.0 Mobile/14A5297c Safari/602.1"
185.2.82.247 - - [22/Mar/2021:21:12:32 +0800] "POST /rddfvgtran.php?pass=uphiuxactd HTTP/1.1" 200 170660 "https://www.mydogh2o.com/rddfvgtran.php?pass=uphiuxactd" "Mozilla/5.0 (Windows NT 10.0; Win64; x64) AppleWebKit/537.36 (KHTML, like Gecko) Chrome/87.0.4280.66 Safari/537.36"
185.2.82.247 - - [22/Mar/2021:21:14:48 +0800] "POST /rddfvgtran.php?pass=uphiuxactd HTTP/1.1" 200 163169 "https://www.mydogh2o.com/rddfvgtran.php?pass=uphiuxactd" "Mozilla/5.0 (Windows NT 10.0; Win64; x64) AppleWebKit/537.36 (KHTML, like Gecko) Chrome/87.0.4280.66 Safari/537.36"
185.2.82.247 - - [22/Mar/2021:21:17:08 +0800] "POST /rddfvgtran.php?pass=uphiuxactd HTTP/1.1" 200 160272 "https://www.mydogh2o.com/rddfvgtran.php?pass=uphiuxactd" "Mozilla/5.0 (Windows NT 10.0; Win64; x64) AppleWebKit/537.36 (KHTML, like Gecko) Chrome/87.0.4280.66 Safari/537.36"
3.135.19.65 - - [22/Mar/2021:21:18:18 +0800] "GET /wordpress/wp-login.php HTTP/1.1" 200 1123 "-" "Mozilla/5.0 (X11; Ubuntu; Linux x86_64; rv:62.0) Gecko/20100101 Firefox/62.0"
84.74.224.163 - - [22/Mar/2021:21:18:17 +0800] "GET /fr/ HTTP/1.1" 200 16054 "https://www.google.com/" "Mozilla/5.0 (Linux; Android 11; SM-G975F) AppleWebKit/537.36 (KHTML, like Gecko) Chrome/89.0.4389.86 Mobile Safari/537.36"
84.74.224.163 - - [22/Mar/2021:21:18:19 +0800] "GET /wordpress/wp-includes/css/dist/block-library/style.min.css?ver=5.0.11 HTTP/1.1" 200 4302 "https://www.mydogh2o.com/fr/" "Mozilla/5.0 (Linux; Android 11; SM-G975F) AppleWebKit/537.36 (KHTML, like Gecko) Chrome/89.0.4389.86 Mobile Safari/537.36"
84.74.224.163 - - [22/Mar/2021:21:18:19 +0800] "GET /wordpress/wp-content/themes/vantage/style.css?ver=1.7.9 HTTP/1.1" 200 15006 "https://www.mydogh2o.com/fr/" "Mozilla/5.0 (Linux; Android 11; SM-G975F) AppleWebKit/537.36 (KHTML, like Gecko) Chrome/89.0.4389.86 Mobile Safari/537.36"
84.74.224.163 - - [22/Mar/2021:21:18:19 +0800] "GET /wordpress/wp-content/plugins/elementor/assets/lib/font-awesome/css/font-awesome.min.css?ver=4.7.0 HTTP/1.1" 200 7052 "https://www.mydogh2o.com/fr/" "Mozilla/5.0 (Linux; Android 11; SM-G975F) AppleWebKit/537.36 (KHTML, like Gecko) Chrome/89.0.4389.86 Mobile Safari/537.36"
84.74.224.163 - - [22/Mar/2021:21:18:20 +0800] "GET /wordpress/wp-content/plugins/elementor/assets/lib/eicons/css/elementor-icons.min.css?ver=5.9.1 HTTP/1.1" 200 3478 "https://www.mydogh2o.com/fr/" "Mozilla/5.0 (Linux; Android 11; SM-G975F) AppleWebKit/537.36 (KHTML, like Gecko) Chrome/89.0.4389.86 Mobile Safari/537.36"
84.74.224.163 - - [22/Mar/2021:21:18:20 +0800] "GET /wordpress/wp-content/plugins/elementor/assets/css/frontend-legacy.min.css?ver=3.0.13 HTTP/1.1" 200 536 "https://www.mydogh2o.com/fr/" "Mozilla/5.0 (Linux; Android 11; SM-G975F) AppleWebKit/537.36 (KHTML, like Gecko) Chrome/89.0.4389.86 Mobile Safari/537.36"
84.74.224.163 - - [22/Mar/2021:21:18:20 +0800] "GET /wordpress/wp-content/plugins/elementor/assets/lib/animations/animations.min.css?ver=3.0.13 HTTP/1.1" 200 2592 "https://www.mydogh2o.com/fr/" "Mozilla/5.0 (Linux; Android 11; SM-G975F) AppleWebKit/537.36 (KHTML, like Gecko) Chrome/89.0.4389.86 Mobile Safari/537.36"
84.74.224.163 - - [22/Mar/2021:21:18:20 +0800] "GET /wordpress/wp-content/uploads/elementor/css/global.css?ver=1604824073 HTTP/1.1" 200 804 "https://www.mydogh2o.com/fr/" "Mozilla/5.0 (Linux; Android 11; SM-G975F) AppleWebKit/537.36 (KHTML, like Gecko) Chrome/89.0.4389.86 Mobile Safari/537.36"
84.74.224.163 - - [22/Mar/2021:21:18:20 +0800] "GET /wordpress/wp-content/uploads/elementor/css/post-683.css?ver=1604823916 HTTP/1.1" 200 372 "https://www.mydogh2o.com/fr/" "Mozilla/5.0 (Linux; Android 11; SM-G975F) AppleWebKit/537.36 (KHTML, like Gecko) Chrome/89.0.4389.86 Mobile Safari/537.36"
84.74.224.163 - - [22/Mar/2021:21:18:20 +0800] "GET /wordpress/wp-content/uploads/elementor/css/post-422.css?ver=1604835802 HTTP/1.1" 200 1090 "https://www.mydogh2o.com/fr/" "Mozilla/5.0 (Linux; Android 11; SM-G975F) AppleWebKit/537.36 (KHTML, like Gecko) Chrome/89.0.4389.86 Mobile Safari/537.36"
84.74.224.163 - - [22/Mar/2021:21:18:20 +0800] "GET /wordpress/wp-content/plugins/elementor/assets/css/frontend.min.css?ver=3.0.13 HTTP/1.1" 200 15888 "https://www.mydogh2o.com/fr/" "Mozilla/5.0 (Linux; Android 11; SM-G975F) AppleWebKit/537.36 (KHTML, like Gecko) Chrome/89.0.4389.86 Mobile Safari/537.36"
84.74.224.163 - - [22/Mar/2021:21:18:20 +0800] "GET /wordpress/wp-includes/js/jquery/jquery-migrate.min.js?ver=1.4.1 HTTP/1.1" 200 4014 "https://www.mydogh2o.com/fr/" "Mozilla/5.0 (Linux; Android 11; SM-G975F) AppleWebKit/537.36 (KHTML, like Gecko) Chrome/89.0.4389.86 Mobile Safari/537.36"
84.74.224.163 - - [22/Mar/2021:21:18:20 +0800] "GET /wordpress/wp-content/themes/vantage/js/jquery.theme-main.min.js?ver=1.7.9 HTTP/1.1" 200 2510 "https://www.mydogh2o.com/fr/" "Mozilla/5.0 (Linux; Android 11; SM-G975F) AppleWebKit/537.36 (KHTML, like Gecko) Chrome/89.0.4389.86 Mobile Safari/537.36"
84.74.224.163 - - [22/Mar/2021:21:18:20 +0800] "GET /wordpress/wp-content/themes/vantage/js/jquery.touchSwipe.min.js?ver=1.6.6 HTTP/1.1" 200 3672 "https://www.mydogh2o.com/fr/" "Mozilla/5.0 (Linux; Android 11; SM-G975F) AppleWebKit/537.36 (KHTML, like Gecko) Chrome/89.0.4389.86 Mobile Safari/537.36"
84.74.224.163 - - [22/Mar/2021:21:18:20 +0800] "GET /wordpress/wp-content/themes/vantage/js/jquery.flexslider.min.js?ver=2.1 HTTP/1.1" 200 6232 "https://www.mydogh2o.com/fr/" "Mozilla/5.0 (Linux; Android 11; SM-G975F) AppleWebKit/537.36 (KHTML, like Gecko) Chrome/89.0.4389.86 Mobile Safari/537.36"
84.74.224.163 - - [22/Mar/2021:21:18:20 +0800] "GET /wordpress/wp-includes/js/jquery/jquery.js?ver=1.12.4 HTTP/1.1" 200 33776 "https://www.mydogh2o.com/fr/" "Mozilla/5.0 (Linux; Android 11; SM-G975F) AppleWebKit/537.36 (KHTML, like Gecko) Chrome/89.0.4389.86 Mobile Safari/537.36"
3.135.19.65 - - [22/Mar/2021:21:18:20 +0800] "POST /wordpress/wp-login.php HTTP/1.1" 200 1488 "-" "Mozilla/5.0 (X11; Ubuntu; Linux x86_64; rv:62.0) Gecko/20100101 Firefox/62.0"
84.74.224.163 - - [22/Mar/2021:21:18:21 +0800] "GET /wordpress/wp-content/themes/vantage/js/jquery.fitvids.min.js?ver=1.0 HTTP/1.1" 200 797 "https://www.mydogh2o.com/fr/" "Mozilla/5.0 (Linux; Android 11; SM-G975F) AppleWebKit/537.36 (KHTML, like Gecko) Chrome/89.0.4389.86 Mobile Safari/537.36"
84.74.224.163 - - [22/Mar/2021:21:18:21 +0800] "GET /wordpress/wp-includes/js/wp-embed.min.js?ver=5.0.11 HTTP/1.1" 200 753 "https://www.mydogh2o.com/fr/" "Mozilla/5.0 (Linux; Android 11; SM-G975F) AppleWebKit/537.36 (KHTML, like Gecko) Chrome/89.0.4389.86 Mobile Safari/537.36"
84.74.224.163 - - [22/Mar/2021:21:18:21 +0800] "GET /wordpress/wp-content/plugins/elementor/assets/js/frontend-modules.min.js?ver=3.0.13 HTTP/1.1" 200 18275 "https://www.mydogh2o.com/fr/" "Mozilla/5.0 (Linux; Android 11; SM-G975F) AppleWebKit/537.36 (KHTML, like Gecko) Chrome/89.0.4389.86 Mobile Safari/537.36"
84.74.224.163 - - [22/Mar/2021:21:18:21 +0800] "GET /wordpress/wp-includes/js/jquery/ui/position.min.js?ver=1.11.4 HTTP/1.1" 200 2562 "https://www.mydogh2o.com/fr/" "Mozilla/5.0 (Linux; Android 11; SM-G975F) AppleWebKit/537.36 (KHTML, like Gecko) Chrome/89.0.4389.86 Mobile Safari/537.36"
84.74.224.163 - - [22/Mar/2021:21:18:21 +0800] "GET /wordpress/wp-content/plugins/elementor/assets/lib/waypoints/waypoints.min.js?ver=4.0.2 HTTP/1.1" 200 2993 "https://www.mydogh2o.com/fr/" "Mozilla/5.0 (Linux; Android 11; SM-G975F) AppleWebKit/537.36 (KHTML, like Gecko) Chrome/89.0.4389.86 Mobile Safari/537.36"
84.74.224.163 - - [22/Mar/2021:21:18:21 +0800] "GET /wordpress/wp-content/plugins/elementor/assets/lib/share-link/share-link.min.js?ver=3.0.13 HTTP/1.1" 200 1099 "https://www.mydogh2o.com/fr/" "Mozilla/5.0 (Linux; Android 11; SM-G975F) AppleWebKit/537.36 (KHTML, like Gecko) Chrome/89.0.4389.86 Mobile Safari/537.36"
84.74.224.163 - - [22/Mar/2021:21:18:21 +0800] "GET /wordpress/wp-content/plugins/elementor/assets/lib/dialog/dialog.min.js?ver=4.8.1 HTTP/1.1" 200 3510 "https://www.mydogh2o.com/fr/" "Mozilla/5.0 (Linux; Android 11; SM-G975F) AppleWebKit/537.36 (KHTML, like Gecko) Chrome/89.0.4389.86 Mobile Safari/537.36"
84.74.224.163 - - [22/Mar/2021:21:18:21 +0800] "GET /wordpress/wp-content/plugins/elementor/assets/lib/swiper/swiper.min.js?ver=5.3.6 HTTP/1.1" 200 35491 "https://www.mydogh2o.com/fr/" "Mozilla/5.0 (Linux; Android 11; SM-G975F) AppleWebKit/537.36 (KHTML, like Gecko) Chrome/89.0.4389.86 Mobile Safari/537.36"
84.74.224.163 - - [22/Mar/2021:21:18:21 +0800] "GET /wordpress/wp-content/themes/vantage/icons/vantage-icons.woff HTTP/1.1" 200 1380 "https://www.mydogh2o.com/wordpress/wp-content/themes/vantage/style.css?ver=1.7.9" "Mozilla/5.0 (Linux; Android 11; SM-G975F) AppleWebKit/537.36 (KHTML, like Gecko) Chrome/89.0.4389.86 Mobile Safari/537.36"
3.135.19.65 - - [22/Mar/2021:21:18:22 +0800] "POST /wordpress/xmlrpc.php HTTP/1.1" 403 193 "-" "Mozilla/5.0 (X11; Ubuntu; Linux x86_64; rv:62.0) Gecko/20100101 Firefox/62.0"
84.74.224.163 - - [22/Mar/2021:21:18:21 +0800] "GET /wordpress/wp-content/plugins/elementor/assets/lib/eicons/fonts/eicons.woff2?5.9.1 HTTP/1.1" 200 84384 "https://www.mydogh2o.com/wordpress/wp-content/plugins/elementor/assets/lib/eicons/css/elementor-icons.min.css?ver=5.9.1" "Mozilla/5.0 (Linux; Android 11; SM-G975F) AppleWebKit/537.36 (KHTML, like Gecko) Chrome/89.0.4389.86 Mobile Safari/537.36"
84.74.224.163 - - [22/Mar/2021:21:18:22 +0800] "GET /wordpress/wp-content/plugins/elementor/assets/js/frontend.min.js?ver=3.0.13 HTTP/1.1" 200 31698 "https://www.mydogh2o.com/fr/" "Mozilla/5.0 (Linux; Android 11; SM-G975F) AppleWebKit/537.36 (KHTML, like Gecko) Chrome/89.0.4389.86 Mobile Safari/537.36"
84.74.224.163 - - [22/Mar/2021:21:18:21 +0800] "GET /wordpress/wp-content/plugins/elementor/assets/lib/font-awesome/fonts/fontawesome-webfont.woff2?v=4.7.0 HTTP/1.1" 200 77160 "https://www.mydogh2o.com/wordpress/wp-content/plugins/elementor/assets/lib/font-awesome/css/font-awesome.min.css?ver=4.7.0" "Mozilla/5.0 (Linux; Android 11; SM-G975F) AppleWebKit/537.36 (KHTML, like Gecko) Chrome/89.0.4389.86 Mobile Safari/537.36"
84.74.224.163 - - [22/Mar/2021:21:18:22 +0800] "GET /wordpress/wp-content/uploads/2018/09/F_-3.png HTTP/1.1" 200 56413 "https://www.mydogh2o.com/fr/" "Mozilla/5.0 (Linux; Android 11; SM-G975F) AppleWebKit/537.36 (KHTML, like Gecko) Chrome/89.0.4389.86 Mobile Safari/537.36"
84.74.224.163 - - [22/Mar/2021:21:18:22 +0800] "GET /wordpress/wp-content/uploads/2018/10/DC_DH020-French.jpg HTTP/1.1" 200 144397 "https://www.mydogh2o.com/fr/" "Mozilla/5.0 (Linux; Android 11; SM-G975F) AppleWebKit/537.36 (KHTML, like Gecko) Chrome/89.0.4389.86 Mobile Safari/537.36"
84.74.224.163 - - [22/Mar/2021:21:18:21 +0800] "GET /wordpress/wp-content/uploads/2018/09/header-left.png HTTP/1.1" 200 134458 "https://www.mydogh2o.com/fr/" "Mozilla/5.0 (Linux; Android 11; SM-G975F) AppleWebKit/537.36 (KHTML, like Gecko) Chrome/89.0.4389.86 Mobile Safari/537.36"
84.74.224.163 - - [22/Mar/2021:21:18:22 +0800] "GET /wordpress/wp-content/uploads/2018/09/F_8.png HTTP/1.1" 200 68640 "https://www.mydogh2o.com/fr/" "Mozilla/5.0 (Linux; Android 11; SM-G975F) AppleWebKit/537.36 (KHTML, like Gecko) Chrome/89.0.4389.86 Mobile Safari/537.36"
84.74.224.163 - - [22/Mar/2021:21:18:22 +0800] "GET /wordpress/wp-content/uploads/2018/09/F_-4.png HTTP/1.1" 200 63208 "https://www.mydogh2o.com/fr/" "Mozilla/5.0 (Linux; Android 11; SM-G975F) AppleWebKit/537.36 (KHTML, like Gecko) Chrome/89.0.4389.86 Mobile Safari/537.36"
84.74.224.163 - - [22/Mar/2021:21:18:23 +0800] "GET /wordpress/wp-content/uploads/2018/09/F_-2.png HTTP/1.1" 200 43902 "https://www.mydogh2o.com/fr/" "Mozilla/5.0 (Linux; Android 11; SM-G975F) AppleWebKit/537.36 (KHTML, like Gecko) Chrome/89.0.4389.86 Mobile Safari/537.36"
84.74.224.163 - - [22/Mar/2021:21:18:23 +0800] "GET /wordpress/wp-content/uploads/2018/09/F_-1.png HTTP/1.1" 200 54750 "https://www.mydogh2o.com/fr/" "Mozilla/5.0 (Linux; Android 11; SM-G975F) AppleWebKit/537.36 (KHTML, like Gecko) Chrome/89.0.4389.86 Mobile Safari/537.36"
84.74.224.163 - - [22/Mar/2021:21:18:23 +0800] "GET /wordpress/wp-content/uploads/2018/09/F_5.png HTTP/1.1" 200 50888 "https://www.mydogh2o.com/fr/" "Mozilla/5.0 (Linux; Android 11; SM-G975F) AppleWebKit/537.36 (KHTML, like Gecko) Chrome/89.0.4389.86 Mobile Safari/537.36"
84.74.224.163 - - [22/Mar/2021:21:18:22 +0800] "GET /wordpress/wp-content/uploads/2018/08/dogh2o_02.jpg HTTP/1.1" 200 244899 "https://www.mydogh2o.com/fr/" "Mozilla/5.0 (Linux; Android 11; SM-G975F) AppleWebKit/537.36 (KHTML, like Gecko) Chrome/89.0.4389.86 Mobile Safari/537.36"
84.74.224.163 - - [22/Mar/2021:21:18:23 +0800] "GET /wordpress/wp-content/uploads/2018/09/%E7%94%BB%E6%9D%BF-11-1.png HTTP/1.1" 200 59251 "https://www.mydogh2o.com/fr/" "Mozilla/5.0 (Linux; Android 11; SM-G975F) AppleWebKit/537.36 (KHTML, like Gecko) Chrome/89.0.4389.86 Mobile Safari/537.36"
84.74.224.163 - - [22/Mar/2021:21:18:23 +0800] "GET /wordpress/wp-content/uploads/2018/09/%E7%94%BB%E6%9D%BF-12.png HTTP/1.1" 200 17715 "https://www.mydogh2o.com/fr/" "Mozilla/5.0 (Linux; Android 11; SM-G975F) AppleWebKit/537.36 (KHTML, like Gecko) Chrome/89.0.4389.86 Mobile Safari/537.36"
84.74.224.163 - - [22/Mar/2021:21:18:23 +0800] "GET /wordpress/wp-content/uploads/2018/09/DH015.jpg HTTP/1.1" 200 40771 "https://www.mydogh2o.com/fr/" "Mozilla/5.0 (Linux; Android 11; SM-G975F) AppleWebKit/537.36 (KHTML, like Gecko) Chrome/89.0.4389.86 Mobile Safari/537.36"
84.74.224.163 - - [22/Mar/2021:21:18:23 +0800] "GET /wordpress/wp-content/uploads/2018/09/DH020.jpg HTTP/1.1" 200 44606 "https://www.mydogh2o.com/fr/" "Mozilla/5.0 (Linux; Android 11; SM-G975F) AppleWebKit/537.36 (KHTML, like Gecko) Chrome/89.0.4389.86 Mobile Safari/537.36"
84.74.224.163 - - [22/Mar/2021:21:18:23 +0800] "GET /wordpress/wp-content/uploads/2018/09/F_6.png HTTP/1.1" 200 136872 "https://www.mydogh2o.com/fr/" "Mozilla/5.0 (Linux; Android 11; SM-G975F) AppleWebKit/537.36 (KHTML, like Gecko) Chrome/89.0.4389.86 Mobile Safari/537.36"
84.74.224.163 - - [22/Mar/2021:21:18:21 +0800] "GET /wordpress/wp-content/uploads/2018/09/COVER-03-03.png HTTP/1.1" 200 573167 "https://www.mydogh2o.com/fr/" "Mozilla/5.0 (Linux; Android 11; SM-G975F) AppleWebKit/537.36 (KHTML, like Gecko) Chrome/89.0.4389.86 Mobile Safari/537.36"
162.144.66.89 - - [22/Mar/2021:21:20:21 +0800] "GET /wordpress/wp-login.php HTTP/1.1" 200 1123 "-" "Mozilla/5.0 (X11; Ubuntu; Linux x86_64; rv:62.0) Gecko/20100101 Firefox/62.0"
162.144.66.89 - - [22/Mar/2021:21:20:23 +0800] "POST /wordpress/wp-login.php HTTP/1.1" 200 1488 "-" "Mozilla/5.0 (X11; Ubuntu; Linux x86_64; rv:62.0) Gecko/20100101 Firefox/62.0"
173.252.87.3 - - [22/Mar/2021:21:20:23 +0800] "GET /wordpress/wp-content/uploads/2018/09/header-left.png HTTP/1.1" 200 134458 "-" "cortex/1.0"
173.252.87.118 - - [22/Mar/2021:21:20:24 +0800] "GET / HTTP/1.1" 206 15284 "-" "facebookexternalhit/1.1 (+http://www.facebook.com/externalhit_uatext.php)"
185.2.82.247 - - [22/Mar/2021:21:19:20 +0800] "POST /rddfvgtran.php?pass=uphiuxactd HTTP/1.1" 200 159879 "https://www.mydogh2o.com/rddfvgtran.php?pass=uphiuxactd" "Mozilla/5.0 (Windows NT 10.0; Win64; x64) AppleWebKit/537.36 (KHTML, like Gecko) Chrome/87.0.4280.66 Safari/537.36"
173.252.87.2 - - [22/Mar/2021:21:20:24 +0800] "GET / HTTP/1.1" 206 15284 "-" "facebookexternalhit/1.1 (+http://www.facebook.com/externalhit_uatext.php)"
162.144.66.89 - - [22/Mar/2021:21:20:26 +0800] "POST /wordpress/xmlrpc.php HTTP/1.1" 403 193 "-" "Mozilla/5.0 (X11; Ubuntu; Linux x86_64; rv:62.0) Gecko/20100101 Firefox/62.0"
185.2.82.247 - - [22/Mar/2021:21:21:03 +0800] "POST /rddfvgtran.php?pass=uphiuxactd HTTP/1.1" 200 186312 "https://www.mydogh2o.com/rddfvgtran.php?pass=uphiuxactd" "Mozilla/5.0 (Windows NT 10.0; Win64; x64) AppleWebKit/537.36 (KHTML, like Gecko) Chrome/87.0.4280.66 Safari/537.36"
149.202.8.66 - - [22/Mar/2021:21:29:16 +0800] "GET /wordpress/wp-login.php HTTP/1.1" 200 1123 "-" "Mozilla/5.0 (X11; Ubuntu; Linux x86_64; rv:62.0) Gecko/20100101 Firefox/62.0"
149.202.8.66 - - [22/Mar/2021:21:29:20 +0800] "POST /wordpress/wp-login.php HTTP/1.1" 200 1488 "-" "Mozilla/5.0 (X11; Ubuntu; Linux x86_64; rv:62.0) Gecko/20100101 Firefox/62.0"
149.202.8.66 - - [22/Mar/2021:21:29:22 +0800] "POST /wordpress/xmlrpc.php HTTP/1.1" 403 193 "-" "Mozilla/5.0 (X11; Ubuntu; Linux x86_64; rv:62.0) Gecko/20100101 Firefox/62.0"
203.124.10.177 - - [22/Mar/2021:21:29:17 +0800] "POST /wordpress/wp-cron.php?doing_wp_cron=1616419757.6085999011993408203125 HTTP/1.1" 200 20 "https://www.mydogh2o.com/wordpress/wp-cron.php?doing_wp_cron=1616419757.6085999011993408203125" "WordPress/5.0.11; https://www.mydogh2o.com"
3.86.38.119 - - [22/Mar/2021:21:29:59 +0800] "GET / HTTP/1.1" 302 186 "-" "Mozilla/5.0 (iPhone; CPU iPhone OS 10_0 like Mac OS X) AppleWebKit/602.1.38 (KHTML, like Gecko) Version/10.0 Mobile/14A5297c Safari/602.1"
3.86.38.119 - - [22/Mar/2021:21:30:00 +0800] "GET / HTTP/1.1" 200 15296 "http://mydogh2o.com" "Mozilla/5.0 (iPhone; CPU iPhone OS 10_0 like Mac OS X) AppleWebKit/602.1.38 (KHTML, like Gecko) Version/10.0 Mobile/14A5297c Safari/602.1"
3.86.38.119 - - [22/Mar/2021:21:30:03 +0800] "GET /favicon.ico HTTP/1.1" 200 697 "-" "Mozilla/5.0 (iPhone; CPU iPhone OS 10_0 like Mac OS X) AppleWebKit/602.1.38 (KHTML, like Gecko) Version/10.0 Mobile/14A5297c Safari/602.1"
3.86.38.119 - - [22/Mar/2021:21:30:03 +0800] "GET /apple-touch-icon-precomposed.png HTTP/1.1" 404 4305 "-" "Mozilla/5.0 (iPhone; CPU iPhone OS 10_0 like Mac OS X) AppleWebKit/602.1.38 (KHTML, like Gecko) Version/10.0 Mobile/14A5297c Safari/602.1"
3.86.38.119 - - [22/Mar/2021:21:30:03 +0800] "GET /apple-touch-icon.png HTTP/1.1" 404 4305 "-" "Mozilla/5.0 (iPhone; CPU iPhone OS 10_0 like Mac OS X) AppleWebKit/602.1.38 (KHTML, like Gecko) Version/10.0 Mobile/14A5297c Safari/602.1"
74.208.136.135 - - [22/Mar/2021:21:36:57 +0800] "GET / HTTP/1.1" 200 92732 "-" "FreeWebMonitoring SiteChecker/0.2 (+https://www.freewebmonitoring.com/bot.html)"
74.208.136.135 - - [22/Mar/2021:21:40:33 +0800] "GET / HTTP/1.1" 200 92732 "-" "FreeWebMonitoring SiteChecker/0.2 (+https://www.freewebmonitoring.com/bot.html)"
157.97.120.15 - - [22/Mar/2021:21:44:35 +0800] "GET / HTTP/1.1" 302 208 "-" "Mozilla/5.0 (Windows NT 10.0; Win64; x64) AppleWebKit/537.36 (KHTML, like Gecko) Chrome/55.0.2883.87 Safari/537.36 eM Client/8.1.1054.0"
157.97.120.15 - - [22/Mar/2021:21:44:35 +0800] "GET / HTTP/1.1" 302 208 "-" "Mozilla/5.0 (Windows NT 10.0; Win64; x64) AppleWebKit/537.36 (KHTML, like Gecko) Chrome/55.0.2883.87 Safari/537.36 eM Client/8.1.1054.0"
157.97.120.15 - - [22/Mar/2021:21:44:35 +0800] "GET /apple-touch-icon-precomposed.png HTTP/1.1" 404 14165 "-" "Mozilla/5.0 (Windows NT 10.0; Win64; x64) AppleWebKit/537.36 (KHTML, like Gecko) Chrome/55.0.2883.87 Safari/537.36 eM Client/8.1.1054.0"
157.97.120.15 - - [22/Mar/2021:21:44:35 +0800] "GET /apple-touch-icon.png HTTP/1.1" 404 14165 "-" "Mozilla/5.0 (Windows NT 10.0; Win64; x64) AppleWebKit/537.36 (KHTML, like Gecko) Chrome/55.0.2883.87 Safari/537.36 eM Client/8.1.1054.0"
157.97.120.15 - - [22/Mar/2021:21:44:37 +0800] "GET / HTTP/1.1" 200 92732 "-" "Mozilla/5.0 (Windows NT 10.0; Win64; x64) AppleWebKit/537.36 (KHTML, like Gecko) Chrome/55.0.2883.87 Safari/537.36 eM Client/8.1.1054.0"
157.97.120.15 - - [22/Mar/2021:21:44:37 +0800] "GET / HTTP/1.1" 200 92732 "-" "Mozilla/5.0 (Windows NT 10.0; Win64; x64) AppleWebKit/537.36 (KHTML, like Gecko) Chrome/55.0.2883.87 Safari/537.36 eM Client/8.1.1054.0"
157.97.120.15 - - [22/Mar/2021:21:44:42 +0800] "GET /favicon.ico HTTP/1.1" 200 1150 "-" "Mozilla/5.0 (Windows NT 10.0; Win64; x64) AppleWebKit/537.36 (KHTML, like Gecko) Chrome/55.0.2883.87 Safari/537.36 eM Client/8.1.1054.0"
157.97.120.15 - - [22/Mar/2021:21:44:42 +0800] "GET /apple-touch-icon-precomposed.png HTTP/1.1" 404 14111 "-" "Mozilla/5.0 (Windows NT 10.0; Win64; x64) AppleWebKit/537.36 (KHTML, like Gecko) Chrome/55.0.2883.87 Safari/537.36 eM Client/8.1.1054.0"
157.97.120.15 - - [22/Mar/2021:21:44:42 +0800] "GET /apple-touch-icon.png HTTP/1.1" 404 14111 "-" "Mozilla/5.0 (Windows NT 10.0; Win64; x64) AppleWebKit/537.36 (KHTML, like Gecko) Chrome/55.0.2883.87 Safari/537.36 eM Client/8.1.1054.0"
49.7.20.75 - - [22/Mar/2021:21:49:36 +0800] "GET / HTTP/1.1" 200 15284 "-" "Sogou web spider/4.0(+http://www.sogou.com/docs/help/webmasters.htm#07)"
203.183.42.106 - - [22/Mar/2021:21:56:32 +0800] "GET /wordpress/wp-login.php HTTP/1.1" 200 1123 "-" "Mozilla/5.0 (X11; Ubuntu; Linux x86_64; rv:62.0) Gecko/20100101 Firefox/62.0"
203.183.42.106 - - [22/Mar/2021:21:56:33 +0800] "POST /wordpress/wp-login.php HTTP/1.1" 200 1488 "-" "Mozilla/5.0 (X11; Ubuntu; Linux x86_64; rv:62.0) Gecko/20100101 Firefox/62.0"
203.183.42.106 - - [22/Mar/2021:21:56:38 +0800] "POST /wordpress/xmlrpc.php HTTP/1.1" 403 193 "-" "Mozilla/5.0 (X11; Ubuntu; Linux x86_64; rv:62.0) Gecko/20100101 Firefox/62.0"
178.128.51.162 - - [22/Mar/2021:21:57:07 +0800] "GET /wordpress/wp-login.php HTTP/1.1" 200 1123 "-" "Mozilla/5.0 (X11; Ubuntu; Linux x86_64; rv:62.0) Gecko/20100101 Firefox/62.0"
178.128.51.162 - - [22/Mar/2021:21:57:08 +0800] "POST /wordpress/wp-login.php HTTP/1.1" 200 1488 "-" "Mozilla/5.0 (X11; Ubuntu; Linux x86_64; rv:62.0) Gecko/20100101 Firefox/62.0"
178.128.51.162 - - [22/Mar/2021:21:57:09 +0800] "POST /wordpress/xmlrpc.php HTTP/1.1" 403 193 "-" "Mozilla/5.0 (X11; Ubuntu; Linux x86_64; rv:62.0) Gecko/20100101 Firefox/62.0"
111.202.101.108 - - [22/Mar/2021:21:57:13 +0800] "GET / HTTP/1.1" 200 15284 "-" "Sogou web spider/4.0(+http://www.sogou.com/docs/help/webmasters.htm#07)"
159.203.101.143 - - [22/Mar/2021:22:07:28 +0800] "GET /wordpress/wp-login.php HTTP/1.1" 200 1123 "-" "Mozilla/5.0 (X11; Ubuntu; Linux x86_64; rv:62.0) Gecko/20100101 Firefox/62.0"
159.203.101.143 - - [22/Mar/2021:22:07:35 +0800] "POST /wordpress/wp-login.php HTTP/1.1" 200 1488 "-" "Mozilla/5.0 (X11; Ubuntu; Linux x86_64; rv:62.0) Gecko/20100101 Firefox/62.0"
159.203.101.143 - - [22/Mar/2021:22:07:47 +0800] "POST /wordpress/xmlrpc.php HTTP/1.1" 403 193 "-" "Mozilla/5.0 (X11; Ubuntu; Linux x86_64; rv:62.0) Gecko/20100101 Firefox/62.0"
203.124.10.177 - - [22/Mar/2021:22:08:31 +0800] "POST /wordpress/wp-cron.php?doing_wp_cron=1616422111.5639400482177734375000 HTTP/1.1" 200 20 "https://www.mydogh2o.com/wordpress/wp-cron.php?doing_wp_cron=1616422111.5639400482177734375000" "WordPress/5.0.11; https://www.mydogh2o.com"
66.249.71.76 - - [22/Mar/2021:22:08:30 +0800] "GET /robots.txt HTTP/1.1" 200 79 "-" "Mozilla/5.0 (compatible; Googlebot/2.1; +http://www.google.com/bot.html)"
66.249.71.74 - - [22/Mar/2021:22:08:32 +0800] "GET /wordpress/wp-content/uploads/2018/08/KM_LOGO_2.jpg HTTP/1.1" 200 16293 "-" "Googlebot-Image/1.0"
51.158.150.237 - - [22/Mar/2021:22:22:34 +0800] "POST /wordpress/wp-login.php HTTP/1.1" 200 1488 "-" "Mozilla/5.0 (Windows NT 6.1; WOW64) AppleWebKit/537.36 (KHTML, like Gecko) Chrome/52.0.2743.116 Safari/537.36"
216.244.66.230 - - [22/Mar/2021:22:24:25 +0800] "GET /robots.txt HTTP/1.1" 200 87 "-" "Mozilla/5.0 (compatible; DotBot/1.2; +https://opensiteexplorer.org/dotbot; help@moz.com)"
216.244.66.230 - - [22/Mar/2021:22:34:54 +0800] "GET / HTTP/1.1" 302 208 "-" "Mozilla/5.0 (compatible; DotBot/1.2; +https://opensiteexplorer.org/dotbot; help@moz.com)"
74.208.136.135 - - [22/Mar/2021:22:38:16 +0800] "GET / HTTP/1.1" 200 92732 "-" "FreeWebMonitoring SiteChecker/0.2 (+https://www.freewebmonitoring.com/bot.html)"
49.87.53.55 - - [22/Mar/2021:22:40:44 +0800] "GET /robots.txt HTTP/1.1" 200 79 "-" "Mozilla/5.0 (compatible; MSIE 8.0; Windows NT 6.0; Trident/4.0; WOW64; Trident/4.0; SLCC2; .NET CLR 2.0.50727; .NET CLR 3.5.30729; .NET CLR 3.0.30729; .NET CLR 1.0.3705; .NET CLR 1.1.4322)"
103.131.71.36 - - [22/Mar/2021:22:40:53 +0800] "GET /robots.txt HTTP/1.1" 200 79 "-" "Mozilla/5.0 (compatible; coccocbot-image/1.0; +http://help.coccoc.com/searchengine)"
74.208.136.135 - - [22/Mar/2021:22:41:44 +0800] "GET / HTTP/1.1" 200 92732 "-" "FreeWebMonitoring SiteChecker/0.2 (+https://www.freewebmonitoring.com/bot.html)"
185.2.82.247 - - [22/Mar/2021:22:42:17 +0800] "POST /rddfvgtran.php?pass=uphiuxactd HTTP/1.1" 200 186312 "https://www.mydogh2o.com/rddfvgtran.php?pass=uphiuxactd" "Mozilla/5.0 (Windows NT 10.0; Win64; x64) AppleWebKit/537.36 (KHTML, like Gecko) Chrome/87.0.4280.66 Safari/537.36"
111.202.101.108 - - [22/Mar/2021:22:44:09 +0800] "GET / HTTP/1.1" 200 15284 "-" "Sogou web spider/4.0(+http://www.sogou.com/docs/help/webmasters.htm#07)"
185.2.82.247 - - [22/Mar/2021:22:45:19 +0800] "POST /rddfvgtran.php?pass=uphiuxactd HTTP/1.1" 200 129546 "https://www.mydogh2o.com/rddfvgtran.php?pass=uphiuxactd" "Mozilla/5.0 (Windows NT 10.0; Win64; x64) AppleWebKit/537.36 (KHTML, like Gecko) Chrome/87.0.4280.66 Safari/537.36"
185.2.82.247 - - [22/Mar/2021:22:46:17 +0800] "POST /rddfvgtran.php?pass=uphiuxactd HTTP/1.1" 200 153795 "https://www.mydogh2o.com/rddfvgtran.php?pass=uphiuxactd" "Mozilla/5.0 (Windows NT 10.0; Win64; x64) AppleWebKit/537.36 (KHTML, like Gecko) Chrome/87.0.4280.66 Safari/537.36"
85.2.244.48 - - [22/Mar/2021:22:48:39 +0800] "GET / HTTP/1.1" 200 15284 "https://www.google.ch/" "Mozilla/5.0 (Macintosh; Intel Mac OS X 10_15_6) AppleWebKit/605.1.15 (KHTML, like Gecko) Version/14.0.3 Safari/605.1.15"
85.2.244.48 - - [22/Mar/2021:22:48:41 +0800] "GET /wordpress/wp-content/plugins/elementor/assets/lib/font-awesome/css/font-awesome.min.css?ver=4.7.0 HTTP/1.1" 200 7052 "https://www.mydogh2o.com/" "Mozilla/5.0 (Macintosh; Intel Mac OS X 10_15_6) AppleWebKit/605.1.15 (KHTML, like Gecko) Version/14.0.3 Safari/605.1.15"
85.2.244.48 - - [22/Mar/2021:22:48:42 +0800] "GET /wordpress/wp-content/plugins/elementor/assets/lib/eicons/css/elementor-icons.min.css?ver=5.9.1 HTTP/1.1" 200 3478 "https://www.mydogh2o.com/" "Mozilla/5.0 (Macintosh; Intel Mac OS X 10_15_6) AppleWebKit/605.1.15 (KHTML, like Gecko) Version/14.0.3 Safari/605.1.15"
85.2.244.48 - - [22/Mar/2021:22:48:42 +0800] "GET /wordpress/wp-includes/css/dist/block-library/style.min.css?ver=5.0.11 HTTP/1.1" 200 4302 "https://www.mydogh2o.com/" "Mozilla/5.0 (Macintosh; Intel Mac OS X 10_15_6) AppleWebKit/605.1.15 (KHTML, like Gecko) Version/14.0.3 Safari/605.1.15"
85.2.244.48 - - [22/Mar/2021:22:48:42 +0800] "GET /wordpress/wp-content/plugins/elementor/assets/lib/animations/animations.min.css?ver=3.0.13 HTTP/1.1" 200 2592 "https://www.mydogh2o.com/" "Mozilla/5.0 (Macintosh; Intel Mac OS X 10_15_6) AppleWebKit/605.1.15 (KHTML, like Gecko) Version/14.0.3 Safari/605.1.15"
85.2.244.48 - - [22/Mar/2021:22:48:42 +0800] "GET /wordpress/wp-content/plugins/elementor/assets/css/frontend-legacy.min.css?ver=3.0.13 HTTP/1.1" 200 536 "https://www.mydogh2o.com/" "Mozilla/5.0 (Macintosh; Intel Mac OS X 10_15_6) AppleWebKit/605.1.15 (KHTML, like Gecko) Version/14.0.3 Safari/605.1.15"
85.2.244.48 - - [22/Mar/2021:22:48:42 +0800] "GET /wordpress/wp-content/plugins/elementor/assets/css/frontend.min.css?ver=3.0.13 HTTP/1.1" 200 15888 "https://www.mydogh2o.com/" "Mozilla/5.0 (Macintosh; Intel Mac OS X 10_15_6) AppleWebKit/605.1.15 (KHTML, like Gecko) Version/14.0.3 Safari/605.1.15"
85.2.244.48 - - [22/Mar/2021:22:48:42 +0800] "GET /wordpress/wp-includes/js/wp-emoji-release.min.js?ver=5.0.11 HTTP/1.1" 200 4382 "https://www.mydogh2o.com/" "Mozilla/5.0 (Macintosh; Intel Mac OS X 10_15_6) AppleWebKit/605.1.15 (KHTML, like Gecko) Version/14.0.3 Safari/605.1.15"
85.2.244.48 - - [22/Mar/2021:22:48:42 +0800] "GET /wordpress/wp-content/themes/vantage/style.css?ver=1.7.9 HTTP/1.1" 200 15006 "https://www.mydogh2o.com/" "Mozilla/5.0 (Macintosh; Intel Mac OS X 10_15_6) AppleWebKit/605.1.15 (KHTML, like Gecko) Version/14.0.3 Safari/605.1.15"
85.2.244.48 - - [22/Mar/2021:22:48:42 +0800] "GET /wordpress/wp-content/uploads/elementor/css/post-683.css?ver=1604823916 HTTP/1.1" 200 372 "https://www.mydogh2o.com/" "Mozilla/5.0 (Macintosh; Intel Mac OS X 10_15_6) AppleWebKit/605.1.15 (KHTML, like Gecko) Version/14.0.3 Safari/605.1.15"
85.2.244.48 - - [22/Mar/2021:22:48:42 +0800] "GET /wordpress/wp-content/uploads/elementor/css/global.css?ver=1604824073 HTTP/1.1" 200 804 "https://www.mydogh2o.com/" "Mozilla/5.0 (Macintosh; Intel Mac OS X 10_15_6) AppleWebKit/605.1.15 (KHTML, like Gecko) Version/14.0.3 Safari/605.1.15"
85.2.244.48 - - [22/Mar/2021:22:48:42 +0800] "GET /wordpress/wp-content/uploads/elementor/css/post-2.css?ver=1604825091 HTTP/1.1" 200 1084 "https://www.mydogh2o.com/" "Mozilla/5.0 (Macintosh; Intel Mac OS X 10_15_6) AppleWebKit/605.1.15 (KHTML, like Gecko) Version/14.0.3 Safari/605.1.15"
85.2.244.48 - - [22/Mar/2021:22:48:42 +0800] "GET /wordpress/wp-includes/js/jquery/jquery.js?ver=1.12.4 HTTP/1.1" 200 33776 "https://www.mydogh2o.com/" "Mozilla/5.0 (Macintosh; Intel Mac OS X 10_15_6) AppleWebKit/605.1.15 (KHTML, like Gecko) Version/14.0.3 Safari/605.1.15"
85.2.244.48 - - [22/Mar/2021:22:48:42 +0800] "GET /wordpress/wp-includes/js/jquery/jquery-migrate.min.js?ver=1.4.1 HTTP/1.1" 200 4014 "https://www.mydogh2o.com/" "Mozilla/5.0 (Macintosh; Intel Mac OS X 10_15_6) AppleWebKit/605.1.15 (KHTML, like Gecko) Version/14.0.3 Safari/605.1.15"
85.2.244.48 - - [22/Mar/2021:22:48:42 +0800] "GET /wordpress/wp-content/themes/vantage/js/jquery.flexslider.min.js?ver=2.1 HTTP/1.1" 200 6232 "https://www.mydogh2o.com/" "Mozilla/5.0 (Macintosh; Intel Mac OS X 10_15_6) AppleWebKit/605.1.15 (KHTML, like Gecko) Version/14.0.3 Safari/605.1.15"
85.2.244.48 - - [22/Mar/2021:22:48:42 +0800] "GET /wordpress/wp-content/themes/vantage/js/jquery.touchSwipe.min.js?ver=1.6.6 HTTP/1.1" 200 3672 "https://www.mydogh2o.com/" "Mozilla/5.0 (Macintosh; Intel Mac OS X 10_15_6) AppleWebKit/605.1.15 (KHTML, like Gecko) Version/14.0.3 Safari/605.1.15"
85.2.244.48 - - [22/Mar/2021:22:48:43 +0800] "GET /wordpress/wp-content/themes/vantage/js/jquery.theme-main.min.js?ver=1.7.9 HTTP/1.1" 200 2510 "https://www.mydogh2o.com/" "Mozilla/5.0 (Macintosh; Intel Mac OS X 10_15_6) AppleWebKit/605.1.15 (KHTML, like Gecko) Version/14.0.3 Safari/605.1.15"
85.2.244.48 - - [22/Mar/2021:22:48:43 +0800] "GET /wordpress/wp-content/themes/vantage/js/jquery.fitvids.min.js?ver=1.0 HTTP/1.1" 200 797 "https://www.mydogh2o.com/" "Mozilla/5.0 (Macintosh; Intel Mac OS X 10_15_6) AppleWebKit/605.1.15 (KHTML, like Gecko) Version/14.0.3 Safari/605.1.15"
85.2.244.48 - - [22/Mar/2021:22:48:43 +0800] "GET /wordpress/wp-includes/js/wp-embed.min.js?ver=5.0.11 HTTP/1.1" 200 753 "https://www.mydogh2o.com/" "Mozilla/5.0 (Macintosh; Intel Mac OS X 10_15_6) AppleWebKit/605.1.15 (KHTML, like Gecko) Version/14.0.3 Safari/605.1.15"
85.2.244.48 - - [22/Mar/2021:22:48:43 +0800] "GET /wordpress/wp-content/plugins/elementor/assets/js/frontend-modules.min.js?ver=3.0.13 HTTP/1.1" 200 18275 "https://www.mydogh2o.com/" "Mozilla/5.0 (Macintosh; Intel Mac OS X 10_15_6) AppleWebKit/605.1.15 (KHTML, like Gecko) Version/14.0.3 Safari/605.1.15"
85.2.244.48 - - [22/Mar/2021:22:48:43 +0800] "GET /wordpress/wp-includes/js/jquery/ui/position.min.js?ver=1.11.4 HTTP/1.1" 200 2562 "https://www.mydogh2o.com/" "Mozilla/5.0 (Macintosh; Intel Mac OS X 10_15_6) AppleWebKit/605.1.15 (KHTML, like Gecko) Version/14.0.3 Safari/605.1.15"
85.2.244.48 - - [22/Mar/2021:22:48:43 +0800] "GET /wordpress/wp-content/plugins/elementor/assets/lib/dialog/dialog.min.js?ver=4.8.1 HTTP/1.1" 200 3510 "https://www.mydogh2o.com/" "Mozilla/5.0 (Macintosh; Intel Mac OS X 10_15_6) AppleWebKit/605.1.15 (KHTML, like Gecko) Version/14.0.3 Safari/605.1.15"
85.2.244.48 - - [22/Mar/2021:22:48:43 +0800] "GET /wordpress/wp-content/plugins/elementor/assets/lib/waypoints/waypoints.min.js?ver=4.0.2 HTTP/1.1" 200 2993 "https://www.mydogh2o.com/" "Mozilla/5.0 (Macintosh; Intel Mac OS X 10_15_6) AppleWebKit/605.1.15 (KHTML, like Gecko) Version/14.0.3 Safari/605.1.15"
85.2.244.48 - - [22/Mar/2021:22:48:43 +0800] "GET /wordpress/wp-content/plugins/elementor/assets/lib/swiper/swiper.min.js?ver=5.3.6 HTTP/1.1" 200 35491 "https://www.mydogh2o.com/" "Mozilla/5.0 (Macintosh; Intel Mac OS X 10_15_6) AppleWebKit/605.1.15 (KHTML, like Gecko) Version/14.0.3 Safari/605.1.15"
85.2.244.48 - - [22/Mar/2021:22:48:43 +0800] "GET /wordpress/wp-content/plugins/elementor/assets/lib/share-link/share-link.min.js?ver=3.0.13 HTTP/1.1" 200 1099 "https://www.mydogh2o.com/" "Mozilla/5.0 (Macintosh; Intel Mac OS X 10_15_6) AppleWebKit/605.1.15 (KHTML, like Gecko) Version/14.0.3 Safari/605.1.15"
85.2.244.48 - - [22/Mar/2021:22:48:43 +0800] "GET /wordpress/wp-content/plugins/elementor/assets/js/frontend.min.js?ver=3.0.13 HTTP/1.1" 200 31698 "https://www.mydogh2o.com/" "Mozilla/5.0 (Macintosh; Intel Mac OS X 10_15_6) AppleWebKit/605.1.15 (KHTML, like Gecko) Version/14.0.3 Safari/605.1.15"
85.2.244.48 - - [22/Mar/2021:22:48:43 +0800] "GET /wordpress/wp-content/plugins/elementor/assets/lib/font-awesome/fonts/fontawesome-webfont.woff2?v=4.7.0 HTTP/1.1" 200 77160 "https://www.mydogh2o.com/" "Mozilla/5.0 (Macintosh; Intel Mac OS X 10_15_6) AppleWebKit/605.1.15 (KHTML, like Gecko) Version/14.0.3 Safari/605.1.15"
85.2.244.48 - - [22/Mar/2021:22:48:44 +0800] "GET /wordpress/wp-content/themes/vantage/icons/vantage-icons.woff HTTP/1.1" 200 1380 "https://www.mydogh2o.com/" "Mozilla/5.0 (Macintosh; Intel Mac OS X 10_15_6) AppleWebKit/605.1.15 (KHTML, like Gecko) Version/14.0.3 Safari/605.1.15"
85.2.244.48 - - [22/Mar/2021:22:48:44 +0800] "GET /wordpress/wp-content/plugins/elementor/assets/lib/eicons/fonts/eicons.woff2?5.9.1 HTTP/1.1" 200 84384 "https://www.mydogh2o.com/" "Mozilla/5.0 (Macintosh; Intel Mac OS X 10_15_6) AppleWebKit/605.1.15 (KHTML, like Gecko) Version/14.0.3 Safari/605.1.15"
85.2.244.48 - - [22/Mar/2021:22:48:43 +0800] "GET /wordpress/wp-content/uploads/2018/09/header-left.png HTTP/1.1" 200 134458 "https://www.mydogh2o.com/" "Mozilla/5.0 (Macintosh; Intel Mac OS X 10_15_6) AppleWebKit/605.1.15 (KHTML, like Gecko) Version/14.0.3 Safari/605.1.15"
85.2.244.48 - - [22/Mar/2021:22:48:44 +0800] "GET /wordpress/wp-content/uploads/2018/09/dental_block1.png HTTP/1.1" 200 80540 "https://www.mydogh2o.com/" "Mozilla/5.0 (Macintosh; Intel Mac OS X 10_15_6) AppleWebKit/605.1.15 (KHTML, like Gecko) Version/14.0.3 Safari/605.1.15"
85.2.244.48 - - [22/Mar/2021:22:48:45 +0800] "GET /wordpress/wp-content/uploads/2018/09/F_-3.png HTTP/1.1" 200 56413 "https://www.mydogh2o.com/" "Mozilla/5.0 (Macintosh; Intel Mac OS X 10_15_6) AppleWebKit/605.1.15 (KHTML, like Gecko) Version/14.0.3 Safari/605.1.15"
85.2.244.48 - - [22/Mar/2021:22:48:44 +0800] "GET /wordpress/wp-content/uploads/2018/08/dogh2o_02.jpg HTTP/1.1" 200 244899 "https://www.mydogh2o.com/" "Mozilla/5.0 (Macintosh; Intel Mac OS X 10_15_6) AppleWebKit/605.1.15 (KHTML, like Gecko) Version/14.0.3 Safari/605.1.15"
85.2.244.48 - - [22/Mar/2021:22:48:45 +0800] "GET /wordpress/wp-content/uploads/2018/09/F_-4.png HTTP/1.1" 200 63208 "https://www.mydogh2o.com/" "Mozilla/5.0 (Macintosh; Intel Mac OS X 10_15_6) AppleWebKit/605.1.15 (KHTML, like Gecko) Version/14.0.3 Safari/605.1.15"
85.2.244.48 - - [22/Mar/2021:22:48:45 +0800] "GET /wordpress/wp-content/uploads/2018/09/F_8.png HTTP/1.1" 200 68640 "https://www.mydogh2o.com/" "Mozilla/5.0 (Macintosh; Intel Mac OS X 10_15_6) AppleWebKit/605.1.15 (KHTML, like Gecko) Version/14.0.3 Safari/605.1.15"
85.2.244.48 - - [22/Mar/2021:22:48:45 +0800] "GET /wordpress/wp-content/uploads/2018/09/F_-2.png HTTP/1.1" 200 43902 "https://www.mydogh2o.com/" "Mozilla/5.0 (Macintosh; Intel Mac OS X 10_15_6) AppleWebKit/605.1.15 (KHTML, like Gecko) Version/14.0.3 Safari/605.1.15"
85.2.244.48 - - [22/Mar/2021:22:48:45 +0800] "GET /wordpress/wp-content/uploads/2018/09/F_-1.png HTTP/1.1" 200 54750 "https://www.mydogh2o.com/" "Mozilla/5.0 (Macintosh; Intel Mac OS X 10_15_6) AppleWebKit/605.1.15 (KHTML, like Gecko) Version/14.0.3 Safari/605.1.15"
85.2.244.48 - - [22/Mar/2021:22:48:44 +0800] "GET /wordpress/wp-content/uploads/2018/09/COVER-03-03.png HTTP/1.1" 200 573167 "https://www.mydogh2o.com/" "Mozilla/5.0 (Macintosh; Intel Mac OS X 10_15_6) AppleWebKit/605.1.15 (KHTML, like Gecko) Version/14.0.3 Safari/605.1.15"
85.2.244.48 - - [22/Mar/2021:22:48:45 +0800] "GET /wordpress/wp-content/uploads/2018/09/F_5.png HTTP/1.1" 200 50888 "https://www.mydogh2o.com/" "Mozilla/5.0 (Macintosh; Intel Mac OS X 10_15_6) AppleWebKit/605.1.15 (KHTML, like Gecko) Version/14.0.3 Safari/605.1.15"
85.2.244.48 - - [22/Mar/2021:22:48:45 +0800] "GET /wordpress/wp-content/uploads/2018/09/%E7%94%BB%E6%9D%BF-11-1.png HTTP/1.1" 200 59251 "https://www.mydogh2o.com/" "Mozilla/5.0 (Macintosh; Intel Mac OS X 10_15_6) AppleWebKit/605.1.15 (KHTML, like Gecko) Version/14.0.3 Safari/605.1.15"
85.2.244.48 - - [22/Mar/2021:22:48:46 +0800] "GET /wordpress/wp-content/uploads/2018/09/%E7%94%BB%E6%9D%BF-12.png HTTP/1.1" 200 17715 "https://www.mydogh2o.com/" "Mozilla/5.0 (Macintosh; Intel Mac OS X 10_15_6) AppleWebKit/605.1.15 (KHTML, like Gecko) Version/14.0.3 Safari/605.1.15"
85.2.244.48 - - [22/Mar/2021:22:48:46 +0800] "GET /wordpress/wp-content/uploads/2018/09/DH015.jpg HTTP/1.1" 200 40771 "https://www.mydogh2o.com/" "Mozilla/5.0 (Macintosh; Intel Mac OS X 10_15_6) AppleWebKit/605.1.15 (KHTML, like Gecko) Version/14.0.3 Safari/605.1.15"
85.2.244.48 - - [22/Mar/2021:22:48:46 +0800] "GET /wordpress/wp-content/uploads/2018/09/F_6.png HTTP/1.1" 200 136872 "https://www.mydogh2o.com/" "Mozilla/5.0 (Macintosh; Intel Mac OS X 10_15_6) AppleWebKit/605.1.15 (KHTML, like Gecko) Version/14.0.3 Safari/605.1.15"
85.2.244.48 - - [22/Mar/2021:22:48:46 +0800] "GET /wordpress/wp-content/uploads/2018/09/DH020.jpg HTTP/1.1" 200 44606 "https://www.mydogh2o.com/" "Mozilla/5.0 (Macintosh; Intel Mac OS X 10_15_6) AppleWebKit/605.1.15 (KHTML, like Gecko) Version/14.0.3 Safari/605.1.15"
85.2.244.48 - - [22/Mar/2021:22:48:46 +0800] "GET /wordpress/wp-content/uploads/2018/09/DH025.jpg HTTP/1.1" 200 35414 "https://www.mydogh2o.com/" "Mozilla/5.0 (Macintosh; Intel Mac OS X 10_15_6) AppleWebKit/605.1.15 (KHTML, like Gecko) Version/14.0.3 Safari/605.1.15"
85.2.244.48 - - [22/Mar/2021:22:48:46 +0800] "GET /wordpress/wp-content/uploads/2018/09/R-016-CDH.jpg HTTP/1.1" 200 65546 "https://www.mydogh2o.com/" "Mozilla/5.0 (Macintosh; Intel Mac OS X 10_15_6) AppleWebKit/605.1.15 (KHTML, like Gecko) Version/14.0.3 Safari/605.1.15"
85.2.244.48 - - [22/Mar/2021:22:48:46 +0800] "GET /wordpress/wp-content/uploads/2018/09/R-017.jpg HTTP/1.1" 200 47619 "https://www.mydogh2o.com/" "Mozilla/5.0 (Macintosh; Intel Mac OS X 10_15_6) AppleWebKit/605.1.15 (KHTML, like Gecko) Version/14.0.3 Safari/605.1.15"
85.2.244.48 - - [22/Mar/2021:22:48:46 +0800] "GET /wordpress/wp-content/uploads/2018/09/DH08DC.jpg HTTP/1.1" 200 46134 "https://www.mydogh2o.com/" "Mozilla/5.0 (Macintosh; Intel Mac OS X 10_15_6) AppleWebKit/605.1.15 (KHTML, like Gecko) Version/14.0.3 Safari/605.1.15"
85.2.244.48 - - [22/Mar/2021:22:48:47 +0800] "GET /wordpress/wp-content/uploads/2018/09/CHD001.jpg HTTP/1.1" 200 52707 "https://www.mydogh2o.com/" "Mozilla/5.0 (Macintosh; Intel Mac OS X 10_15_6) AppleWebKit/605.1.15 (KHTML, like Gecko) Version/14.0.3 Safari/605.1.15"
85.2.244.48 - - [22/Mar/2021:22:48:47 +0800] "GET /wordpress/wp-content/uploads/2018/09/AA190A.jpg HTTP/1.1" 200 44924 "https://www.mydogh2o.com/" "Mozilla/5.0 (Macintosh; Intel Mac OS X 10_15_6) AppleWebKit/605.1.15 (KHTML, like Gecko) Version/14.0.3 Safari/605.1.15"
85.2.244.48 - - [22/Mar/2021:22:48:47 +0800] "GET /wordpress/wp-content/uploads/2018/09/%E7%94%BB%E6%9D%BF-13.png HTTP/1.1" 200 25812 "https://www.mydogh2o.com/" "Mozilla/5.0 (Macintosh; Intel Mac OS X 10_15_6) AppleWebKit/605.1.15 (KHTML, like Gecko) Version/14.0.3 Safari/605.1.15"
85.2.244.48 - - [22/Mar/2021:22:48:47 +0800] "GET /wordpress/wp-content/uploads/2018/09/V2_pump_cover-04.png HTTP/1.1" 200 124015 "https://www.mydogh2o.com/" "Mozilla/5.0 (Macintosh; Intel Mac OS X 10_15_6) AppleWebKit/605.1.15 (KHTML, like Gecko) Version/14.0.3 Safari/605.1.15"
85.2.244.48 - - [22/Mar/2021:22:48:46 +0800] "GET /wordpress/wp-content/uploads/2018/09/R-015-CH.jpg HTTP/1.1" 200 47702 "https://www.mydogh2o.com/" "Mozilla/5.0 (Macintosh; Intel Mac OS X 10_15_6) AppleWebKit/605.1.15 (KHTML, like Gecko) Version/14.0.3 Safari/605.1.15"
85.2.244.48 - - [22/Mar/2021:22:48:47 +0800] "GET /wordpress/wp-content/uploads/2019/05/websitelogo.png HTTP/1.1" 200 1453 "https://www.mydogh2o.com/" "Mozilla/5.0 (Macintosh; Intel Mac OS X 10_15_6) AppleWebKit/605.1.15 (KHTML, like Gecko) Version/14.0.3 Safari/605.1.15"
85.2.244.48 - - [22/Mar/2021:22:48:47 +0800] "GET /wordpress/wp-content/uploads/2018/08/aa_logo.png HTTP/1.1" 200 7228 "https://www.mydogh2o.com/" "Mozilla/5.0 (Macintosh; Intel Mac OS X 10_15_6) AppleWebKit/605.1.15 (KHTML, like Gecko) Version/14.0.3 Safari/605.1.15"
85.2.244.48 - - [22/Mar/2021:22:48:47 +0800] "GET /wordpress/wp-content/uploads/2018/08/KM_LOGO_2.jpg HTTP/1.1" 200 16293 "https://www.mydogh2o.com/" "Mozilla/5.0 (Macintosh; Intel Mac OS X 10_15_6) AppleWebKit/605.1.15 (KHTML, like Gecko) Version/14.0.3 Safari/605.1.15"
85.2.244.48 - - [22/Mar/2021:22:48:47 +0800] "GET /wordpress/wp-content/uploads/2018/09/CatH2O-_r.png HTTP/1.1" 200 13152 "https://www.mydogh2o.com/" "Mozilla/5.0 (Macintosh; Intel Mac OS X 10_15_6) AppleWebKit/605.1.15 (KHTML, like Gecko) Version/14.0.3 Safari/605.1.15"
85.2.244.48 - - [22/Mar/2021:22:48:47 +0800] "GET /wordpress/wp-content/uploads/2018/03/dogh2o_03.jpg HTTP/1.1" 200 186218 "https://www.mydogh2o.com/" "Mozilla/5.0 (Macintosh; Intel Mac OS X 10_15_6) AppleWebKit/605.1.15 (KHTML, like Gecko) Version/14.0.3 Safari/605.1.15"
85.2.244.48 - - [22/Mar/2021:22:48:48 +0800] "GET /favicon.ico HTTP/1.1" 200 697 "https://www.mydogh2o.com/" "Mozilla/5.0 (Macintosh; Intel Mac OS X 10_15_6) AppleWebKit/605.1.15 (KHTML, like Gecko) Version/14.0.3 Safari/605.1.15"
185.2.82.247 - - [22/Mar/2021:22:48:06 +0800] "POST /rddfvgtran.php?pass=uphiuxactd HTTP/1.1" 200 161841 "https://www.mydogh2o.com/rddfvgtran.php?pass=uphiuxactd" "Mozilla/5.0 (Windows NT 10.0; Win64; x64) AppleWebKit/537.36 (KHTML, like Gecko) Chrome/87.0.4280.66 Safari/537.36"
185.2.82.247 - - [22/Mar/2021:22:53:09 +0800] "POST /rddfvgtran.php?pass=uphiuxactd HTTP/1.1" 200 145913 "https://www.mydogh2o.com/rddfvgtran.php?pass=uphiuxactd" "Mozilla/5.0 (Windows NT 10.0; Win64; x64) AppleWebKit/537.36 (KHTML, like Gecko) Chrome/87.0.4280.66 Safari/537.36"
104.168.47.52 - - [22/Mar/2021:22:56:37 +0800] "POST /xfwuhuhjdi.php HTTP/1.1" 200 113 "https://www.mydogh2o.com/xfwuhuhjdi.php" "Mozilla/5.0 (Windows NT 10.0; Win64; x64) AppleWebKit/537.36 (KHTML, like Gecko) Chrome/78.0.3904.87 Safari/537.36"
104.168.47.49 - - [22/Mar/2021:22:56:52 +0800] "GET /xfwuhuhjdi.php?watchx=true HTTP/1.1" 200 114 "https://www.mydogh2o.com/xfwuhuhjdi.php?watchx=true" "Mozilla/5.0 (Windows NT 10.0; Win64; x64) AppleWebKit/537.36 (KHTML, like Gecko) Chrome/59.0.3071.115 Safari/537.36"
34.86.219.57 - - [22/Mar/2021:22:57:22 +0800] "GET /xfwuhuhjdi.php HTTP/1.1" 200 216 "-" "Mozilla/5.0 (Windows NT 10.0; Win64; x64; rv:85.0) Gecko/20100101 Firefox/85.0"
34.86.219.57 - - [22/Mar/2021:22:57:22 +0800] "GET /favicon.ico HTTP/1.1" 200 697 "https://www.mydogh2o.com/xfwuhuhjdi.php" "Mozilla/5.0 (Windows NT 10.0; Win64; x64; rv:85.0) Gecko/20100101 Firefox/85.0"
34.86.219.57 - - [22/Mar/2021:22:57:34 +0800] "POST /xfwuhuhjdi.php HTTP/1.1" 200 7362 "https://www.mydogh2o.com/xfwuhuhjdi.php" "Mozilla/5.0 (Windows NT 10.0; Win64; x64; rv:85.0) Gecko/20100101 Firefox/85.0"
34.86.219.57 - - [22/Mar/2021:22:57:58 +0800] "POST /xfwuhuhjdi.php HTTP/1.1" 200 7400 "https://www.mydogh2o.com/xfwuhuhjdi.php" "Mozilla/5.0 (Windows NT 10.0; Win64; x64; rv:85.0) Gecko/20100101 Firefox/85.0"
34.86.219.57 - - [22/Mar/2021:22:58:04 +0800] "POST /xfwuhuhjdi.php HTTP/1.1" 200 4194 "https://www.mydogh2o.com/xfwuhuhjdi.php" "Mozilla/5.0 (Windows NT 10.0; Win64; x64; rv:85.0) Gecko/20100101 Firefox/85.0"
185.2.82.247 - - [22/Mar/2021:22:56:58 +0800] "POST /rddfvgtran.php?pass=uphiuxactd HTTP/1.1" 200 159675 "https://www.mydogh2o.com/rddfvgtran.php?pass=uphiuxactd" "Mozilla/5.0 (Windows NT 10.0; Win64; x64) AppleWebKit/537.36 (KHTML, like Gecko) Chrome/87.0.4280.66 Safari/537.36"
34.86.219.57 - - [22/Mar/2021:22:58:21 +0800] "POST /xfwuhuhjdi.php HTTP/1.1" 200 4330 "https://www.mydogh2o.com/xfwuhuhjdi.php" "Mozilla/5.0 (Windows NT 10.0; Win64; x64; rv:85.0) Gecko/20100101 Firefox/85.0"
34.86.219.57 - - [22/Mar/2021:22:58:55 +0800] "POST /xfwuhuhjdi.php HTTP/1.1" 200 5395 "https://www.mydogh2o.com/xfwuhuhjdi.php" "Mozilla/5.0 (Windows NT 10.0; Win64; x64; rv:85.0) Gecko/20100101 Firefox/85.0"
