82.132.238.98 - - [21/Mar/2021:07:48:40 +0800] "GET / HTTP/1.1" 200 15296 "-" "Mozilla/5.0 (iPhone; CPU iPhone OS 14_4_1 like Mac OS X) AppleWebKit/605.1.15 (KHTML, like Gecko) Version/14.0.3 Mobile/15E148 Safari/604.1"
86.3.139.192 - - [21/Mar/2021:07:52:24 +0800] "GET /images/dental_block.png HTTP/1.1" 302 186 "-" "Mozilla/5.0 (iPhone; CPU iPhone OS 14_4_1 like Mac OS X) AppleWebKit/605.1.15 (KHTML, like Gecko) Version/14.0.3 Mobile/15E148 Safari/604.1"
86.3.139.192 - - [21/Mar/2021:07:52:26 +0800] "GET / HTTP/1.1" 200 15296 "-" "Mozilla/5.0 (iPhone; CPU iPhone OS 14_4_1 like Mac OS X) AppleWebKit/605.1.15 (KHTML, like Gecko) Version/14.0.3 Mobile/15E148 Safari/604.1"
86.3.139.192 - - [21/Mar/2021:07:52:39 +0800] "GET /images/dental_block.png HTTP/1.1" 302 186 "-" "Mozilla/5.0 (iPhone; CPU iPhone OS 14_4_1 like Mac OS X) AppleWebKit/605.1.15 (KHTML, like Gecko) Version/14.0.3 Mobile/15E148 Safari/604.1"
86.3.139.192 - - [21/Mar/2021:07:52:39 +0800] "GET /images/dental_block.png HTTP/1.1" 302 186 "-" "Mozilla/5.0 (iPhone; CPU iPhone OS 14_4_1 like Mac OS X) AppleWebKit/605.1.15 (KHTML, like Gecko) Version/14.0.3 Mobile/15E148 Safari/604.1"
86.3.139.192 - - [21/Mar/2021:07:52:40 +0800] "GET / HTTP/1.1" 200 15296 "-" "Mozilla/5.0 (iPhone; CPU iPhone OS 14_4_1 like Mac OS X) AppleWebKit/605.1.15 (KHTML, like Gecko) Version/14.0.3 Mobile/15E148 Safari/604.1"
74.208.136.135 - - [21/Mar/2021:07:57:49 +0800] "GET / HTTP/1.1" 200 92732 "-" "FreeWebMonitoring SiteChecker/0.2 (+https://www.freewebmonitoring.com/bot.html)"
42.236.10.71 - - [21/Mar/2021:08:09:25 +0800] "GET / HTTP/1.1" 302 186 "http://www.mydogh2o.com/" "Mozilla/5.0 (Windows NT 6.1; WOW64) AppleWebKit/537.36 (KHTML, like Gecko) Chrome/50.4.2661.102 Safari/537.36; 360Spider"
203.124.10.177 - - [21/Mar/2021:08:09:27 +0800] "POST /wordpress/wp-cron.php?doing_wp_cron=1616285367.1429879665374755859375 HTTP/1.1" 200 20 "https://www.mydogh2o.com/wordpress/wp-cron.php?doing_wp_cron=1616285367.1429879665374755859375" "WordPress/5.0.11; https://www.mydogh2o.com"
42.236.10.72 - - [21/Mar/2021:08:09:26 +0800] "GET / HTTP/1.1" 200 15284 "https://www.mydogh2o.com" "Mozilla/5.0 (Windows NT 6.1; WOW64) AppleWebKit/537.36 (KHTML, like Gecko) Chrome/50.4.2661.102 Safari/537.36; 360Spider"
42.236.10.113 - - [21/Mar/2021:08:11:23 +0800] "GET / HTTP/1.1" 302 186 "http://mydogh2o.com/" "Mozilla/5.0 (Windows NT 6.1; WOW64) AppleWebKit/537.36 (KHTML, like Gecko) Chrome/50.4.2661.102 Safari/537.36; 360Spider"
42.236.10.107 - - [21/Mar/2021:08:11:23 +0800] "GET / HTTP/1.1" 200 15284 "https://www.mydogh2o.com" "Mozilla/5.0 (Windows NT 6.1; WOW64) AppleWebKit/537.36 (KHTML, like Gecko) Chrome/50.4.2661.102 Safari/537.36; 360Spider"
42.236.10.103 - - [21/Mar/2021:08:14:33 +0800] "GET / HTTP/1.1" 200 15284 "https://www.mydogh2o.com/" "Mozilla/5.0 (Windows NT 6.1; WOW64) AppleWebKit/537.36 (KHTML, like Gecko) Chrome/50.4.2661.102 Safari/537.36; 360Spider"
74.208.136.135 - - [21/Mar/2021:08:14:59 +0800] "GET / HTTP/1.1" 200 92732 "-" "FreeWebMonitoring SiteChecker/0.2 (+https://www.freewebmonitoring.com/bot.html)"
51.81.111.187 - - [21/Mar/2021:08:16:59 +0800] "GET /index.php?3x=3x HTTP/1.1" 200 166 "-" "python-requests/2.25.1"
104.131.40.203 - - [21/Mar/2021:08:48:20 +0800] "GET /wp-includes/css/css.php HTTP/1.1" 404 4296 "-" "python-requests/2.25.1"
104.131.40.203 - - [21/Mar/2021:08:48:39 +0800] "GET /wp-includes/fonts/css.php HTTP/1.1" 404 4296 "-" "python-requests/2.25.1"
74.208.136.135 - - [21/Mar/2021:09:00:08 +0800] "GET / HTTP/1.1" 200 92732 "-" "FreeWebMonitoring SiteChecker/0.2 (+https://www.freewebmonitoring.com/bot.html)"
203.124.10.177 - - [21/Mar/2021:09:15:58 +0800] "POST /wordpress/wp-cron.php?doing_wp_cron=1616289357.8360080718994140625000 HTTP/1.1" 200 20 "https://www.mydogh2o.com/wordpress/wp-cron.php?doing_wp_cron=1616289357.8360080718994140625000" "WordPress/5.0.11; https://www.mydogh2o.com"
74.208.136.135 - - [21/Mar/2021:09:15:57 +0800] "GET / HTTP/1.1" 200 92732 "-" "FreeWebMonitoring SiteChecker/0.2 (+https://www.freewebmonitoring.com/bot.html)"
123.183.224.94 - - [21/Mar/2021:09:38:22 +0800] "GET / HTTP/1.1" 302 186 "-" "Sogou web spider/4.0(+http://www.sogou.com/docs/help/webmasters.htm#07)"
106.38.241.163 - - [21/Mar/2021:09:41:29 +0800] "GET / HTTP/1.1" 200 15284 "-" "Sogou web spider/4.0(+http://www.sogou.com/docs/help/webmasters.htm#07)"
203.124.10.177 - - [21/Mar/2021:09:41:30 +0800] "POST /wordpress/wp-cron.php?doing_wp_cron=1616290890.4874010086059570312500 HTTP/1.1" 200 20 "https://www.mydogh2o.com/wordpress/wp-cron.php?doing_wp_cron=1616290890.4874010086059570312500" "WordPress/5.0.11; https://www.mydogh2o.com"
49.7.21.122 - - [21/Mar/2021:09:44:43 +0800] "GET / HTTP/1.1" 302 186 "-" "Sogou web spider/4.0(+http://www.sogou.com/docs/help/webmasters.htm#07)"
123.183.224.94 - - [21/Mar/2021:09:48:12 +0800] "GET / HTTP/1.1" 200 15284 "-" "Sogou web spider/4.0(+http://www.sogou.com/docs/help/webmasters.htm#07)"
174.247.9.43 - - [21/Mar/2021:09:48:15 +0800] "GET / HTTP/1.1" 200 15296 "https://www.google.com/" "Mozilla/5.0 (iPhone; CPU iPhone OS 13_6_1 like Mac OS X) AppleWebKit/605.1.15 (KHTML, like Gecko) Version/13.1.2 Mobile/15E148 Safari/604.1"
174.247.9.43 - - [21/Mar/2021:09:48:18 +0800] "GET /wordpress/wp-includes/js/wp-emoji-release.min.js?ver=5.0.11 HTTP/1.1" 200 4382 "https://www.mydogh2o.com/" "Mozilla/5.0 (iPhone; CPU iPhone OS 13_6_1 like Mac OS X) AppleWebKit/605.1.15 (KHTML, like Gecko) Version/13.1.2 Mobile/15E148 Safari/604.1"
174.247.9.43 - - [21/Mar/2021:09:48:18 +0800] "GET /wordpress/wp-content/plugins/elementor/assets/lib/eicons/css/elementor-icons.min.css?ver=5.9.1 HTTP/1.1" 200 3478 "https://www.mydogh2o.com/" "Mozilla/5.0 (iPhone; CPU iPhone OS 13_6_1 like Mac OS X) AppleWebKit/605.1.15 (KHTML, like Gecko) Version/13.1.2 Mobile/15E148 Safari/604.1"
174.247.9.43 - - [21/Mar/2021:09:48:18 +0800] "GET /wordpress/wp-content/plugins/elementor/assets/lib/animations/animations.min.css?ver=3.0.13 HTTP/1.1" 200 2592 "https://www.mydogh2o.com/" "Mozilla/5.0 (iPhone; CPU iPhone OS 13_6_1 like Mac OS X) AppleWebKit/605.1.15 (KHTML, like Gecko) Version/13.1.2 Mobile/15E148 Safari/604.1"
174.247.9.43 - - [21/Mar/2021:09:48:18 +0800] "GET /wordpress/wp-content/plugins/elementor/assets/lib/font-awesome/css/font-awesome.min.css?ver=4.7.0 HTTP/1.1" 200 7052 "https://www.mydogh2o.com/" "Mozilla/5.0 (iPhone; CPU iPhone OS 13_6_1 like Mac OS X) AppleWebKit/605.1.15 (KHTML, like Gecko) Version/13.1.2 Mobile/15E148 Safari/604.1"
174.247.9.43 - - [21/Mar/2021:09:48:18 +0800] "GET /wordpress/wp-content/plugins/elementor/assets/css/frontend-legacy.min.css?ver=3.0.13 HTTP/1.1" 200 536 "https://www.mydogh2o.com/" "Mozilla/5.0 (iPhone; CPU iPhone OS 13_6_1 like Mac OS X) AppleWebKit/605.1.15 (KHTML, like Gecko) Version/13.1.2 Mobile/15E148 Safari/604.1"
174.247.9.43 - - [21/Mar/2021:09:48:19 +0800] "GET /wordpress/wp-content/plugins/elementor/assets/css/frontend.min.css?ver=3.0.13 HTTP/1.1" 200 15888 "https://www.mydogh2o.com/" "Mozilla/5.0 (iPhone; CPU iPhone OS 13_6_1 like Mac OS X) AppleWebKit/605.1.15 (KHTML, like Gecko) Version/13.1.2 Mobile/15E148 Safari/604.1"
174.247.9.43 - - [21/Mar/2021:09:48:19 +0800] "GET /wordpress/wp-content/uploads/elementor/css/post-683.css?ver=1604823916 HTTP/1.1" 200 372 "https://www.mydogh2o.com/" "Mozilla/5.0 (iPhone; CPU iPhone OS 13_6_1 like Mac OS X) AppleWebKit/605.1.15 (KHTML, like Gecko) Version/13.1.2 Mobile/15E148 Safari/604.1"
174.247.9.43 - - [21/Mar/2021:09:48:19 +0800] "GET /wordpress/wp-includes/css/dist/block-library/style.min.css?ver=5.0.11 HTTP/1.1" 200 4302 "https://www.mydogh2o.com/" "Mozilla/5.0 (iPhone; CPU iPhone OS 13_6_1 like Mac OS X) AppleWebKit/605.1.15 (KHTML, like Gecko) Version/13.1.2 Mobile/15E148 Safari/604.1"
174.247.9.43 - - [21/Mar/2021:09:48:19 +0800] "GET /wordpress/wp-content/uploads/elementor/css/global.css?ver=1604824073 HTTP/1.1" 200 804 "https://www.mydogh2o.com/" "Mozilla/5.0 (iPhone; CPU iPhone OS 13_6_1 like Mac OS X) AppleWebKit/605.1.15 (KHTML, like Gecko) Version/13.1.2 Mobile/15E148 Safari/604.1"
174.247.9.43 - - [21/Mar/2021:09:48:19 +0800] "GET /wordpress/wp-content/themes/vantage/style.css?ver=1.7.9 HTTP/1.1" 200 15006 "https://www.mydogh2o.com/" "Mozilla/5.0 (iPhone; CPU iPhone OS 13_6_1 like Mac OS X) AppleWebKit/605.1.15 (KHTML, like Gecko) Version/13.1.2 Mobile/15E148 Safari/604.1"
174.247.9.43 - - [21/Mar/2021:09:48:19 +0800] "GET /wordpress/wp-content/uploads/elementor/css/post-2.css?ver=1604825091 HTTP/1.1" 200 1084 "https://www.mydogh2o.com/" "Mozilla/5.0 (iPhone; CPU iPhone OS 13_6_1 like Mac OS X) AppleWebKit/605.1.15 (KHTML, like Gecko) Version/13.1.2 Mobile/15E148 Safari/604.1"
174.247.9.43 - - [21/Mar/2021:09:48:19 +0800] "GET /wordpress/wp-includes/js/jquery/jquery.js?ver=1.12.4 HTTP/1.1" 200 33776 "https://www.mydogh2o.com/" "Mozilla/5.0 (iPhone; CPU iPhone OS 13_6_1 like Mac OS X) AppleWebKit/605.1.15 (KHTML, like Gecko) Version/13.1.2 Mobile/15E148 Safari/604.1"
174.247.9.43 - - [21/Mar/2021:09:48:19 +0800] "GET /wordpress/wp-includes/js/jquery/jquery-migrate.min.js?ver=1.4.1 HTTP/1.1" 200 4014 "https://www.mydogh2o.com/" "Mozilla/5.0 (iPhone; CPU iPhone OS 13_6_1 like Mac OS X) AppleWebKit/605.1.15 (KHTML, like Gecko) Version/13.1.2 Mobile/15E148 Safari/604.1"
174.247.9.43 - - [21/Mar/2021:09:48:19 +0800] "GET /wordpress/wp-content/themes/vantage/js/jquery.flexslider.min.js?ver=2.1 HTTP/1.1" 200 6232 "https://www.mydogh2o.com/" "Mozilla/5.0 (iPhone; CPU iPhone OS 13_6_1 like Mac OS X) AppleWebKit/605.1.15 (KHTML, like Gecko) Version/13.1.2 Mobile/15E148 Safari/604.1"
174.247.9.43 - - [21/Mar/2021:09:48:19 +0800] "GET /wordpress/wp-content/themes/vantage/js/jquery.touchSwipe.min.js?ver=1.6.6 HTTP/1.1" 200 3672 "https://www.mydogh2o.com/" "Mozilla/5.0 (iPhone; CPU iPhone OS 13_6_1 like Mac OS X) AppleWebKit/605.1.15 (KHTML, like Gecko) Version/13.1.2 Mobile/15E148 Safari/604.1"
174.247.9.43 - - [21/Mar/2021:09:48:19 +0800] "GET /wordpress/wp-content/themes/vantage/js/jquery.theme-main.min.js?ver=1.7.9 HTTP/1.1" 200 2510 "https://www.mydogh2o.com/" "Mozilla/5.0 (iPhone; CPU iPhone OS 13_6_1 like Mac OS X) AppleWebKit/605.1.15 (KHTML, like Gecko) Version/13.1.2 Mobile/15E148 Safari/604.1"
174.247.9.43 - - [21/Mar/2021:09:48:20 +0800] "GET /wordpress/wp-content/themes/vantage/js/jquery.fitvids.min.js?ver=1.0 HTTP/1.1" 200 797 "https://www.mydogh2o.com/" "Mozilla/5.0 (iPhone; CPU iPhone OS 13_6_1 like Mac OS X) AppleWebKit/605.1.15 (KHTML, like Gecko) Version/13.1.2 Mobile/15E148 Safari/604.1"
174.247.9.43 - - [21/Mar/2021:09:48:20 +0800] "GET /wordpress/wp-includes/js/wp-embed.min.js?ver=5.0.11 HTTP/1.1" 200 753 "https://www.mydogh2o.com/" "Mozilla/5.0 (iPhone; CPU iPhone OS 13_6_1 like Mac OS X) AppleWebKit/605.1.15 (KHTML, like Gecko) Version/13.1.2 Mobile/15E148 Safari/604.1"
174.247.9.43 - - [21/Mar/2021:09:48:20 +0800] "GET /wordpress/wp-content/plugins/elementor/assets/js/frontend-modules.min.js?ver=3.0.13 HTTP/1.1" 200 18275 "https://www.mydogh2o.com/" "Mozilla/5.0 (iPhone; CPU iPhone OS 13_6_1 like Mac OS X) AppleWebKit/605.1.15 (KHTML, like Gecko) Version/13.1.2 Mobile/15E148 Safari/604.1"
174.247.9.43 - - [21/Mar/2021:09:48:20 +0800] "GET /wordpress/wp-includes/js/jquery/ui/position.min.js?ver=1.11.4 HTTP/1.1" 200 2562 "https://www.mydogh2o.com/" "Mozilla/5.0 (iPhone; CPU iPhone OS 13_6_1 like Mac OS X) AppleWebKit/605.1.15 (KHTML, like Gecko) Version/13.1.2 Mobile/15E148 Safari/604.1"
174.247.9.43 - - [21/Mar/2021:09:48:20 +0800] "GET /wordpress/wp-content/plugins/elementor/assets/lib/dialog/dialog.min.js?ver=4.8.1 HTTP/1.1" 200 3510 "https://www.mydogh2o.com/" "Mozilla/5.0 (iPhone; CPU iPhone OS 13_6_1 like Mac OS X) AppleWebKit/605.1.15 (KHTML, like Gecko) Version/13.1.2 Mobile/15E148 Safari/604.1"
174.247.9.43 - - [21/Mar/2021:09:48:20 +0800] "GET /wordpress/wp-content/plugins/elementor/assets/lib/waypoints/waypoints.min.js?ver=4.0.2 HTTP/1.1" 200 2993 "https://www.mydogh2o.com/" "Mozilla/5.0 (iPhone; CPU iPhone OS 13_6_1 like Mac OS X) AppleWebKit/605.1.15 (KHTML, like Gecko) Version/13.1.2 Mobile/15E148 Safari/604.1"
174.247.9.43 - - [21/Mar/2021:09:48:20 +0800] "GET /wordpress/wp-content/plugins/elementor/assets/lib/share-link/share-link.min.js?ver=3.0.13 HTTP/1.1" 200 1099 "https://www.mydogh2o.com/" "Mozilla/5.0 (iPhone; CPU iPhone OS 13_6_1 like Mac OS X) AppleWebKit/605.1.15 (KHTML, like Gecko) Version/13.1.2 Mobile/15E148 Safari/604.1"
174.247.9.43 - - [21/Mar/2021:09:48:20 +0800] "GET /wordpress/wp-content/plugins/elementor/assets/lib/swiper/swiper.min.js?ver=5.3.6 HTTP/1.1" 200 35491 "https://www.mydogh2o.com/" "Mozilla/5.0 (iPhone; CPU iPhone OS 13_6_1 like Mac OS X) AppleWebKit/605.1.15 (KHTML, like Gecko) Version/13.1.2 Mobile/15E148 Safari/604.1"
174.247.9.43 - - [21/Mar/2021:09:48:20 +0800] "GET /wordpress/wp-content/plugins/elementor/assets/js/frontend.min.js?ver=3.0.13 HTTP/1.1" 200 31698 "https://www.mydogh2o.com/" "Mozilla/5.0 (iPhone; CPU iPhone OS 13_6_1 like Mac OS X) AppleWebKit/605.1.15 (KHTML, like Gecko) Version/13.1.2 Mobile/15E148 Safari/604.1"
174.247.9.43 - - [21/Mar/2021:09:48:20 +0800] "GET /wordpress/wp-content/plugins/elementor/assets/lib/font-awesome/fonts/fontawesome-webfont.woff2?v=4.7.0 HTTP/1.1" 200 77160 "https://www.mydogh2o.com/" "Mozilla/5.0 (iPhone; CPU iPhone OS 13_6_1 like Mac OS X) AppleWebKit/605.1.15 (KHTML, like Gecko) Version/13.1.2 Mobile/15E148 Safari/604.1"
174.247.9.43 - - [21/Mar/2021:09:48:20 +0800] "GET /wordpress/wp-content/plugins/elementor/assets/lib/eicons/fonts/eicons.woff2?5.9.1 HTTP/1.1" 200 84384 "https://www.mydogh2o.com/" "Mozilla/5.0 (iPhone; CPU iPhone OS 13_6_1 like Mac OS X) AppleWebKit/605.1.15 (KHTML, like Gecko) Version/13.1.2 Mobile/15E148 Safari/604.1"
174.247.9.43 - - [21/Mar/2021:09:48:20 +0800] "GET /wordpress/wp-content/themes/vantage/icons/vantage-icons.woff HTTP/1.1" 200 1380 "https://www.mydogh2o.com/" "Mozilla/5.0 (iPhone; CPU iPhone OS 13_6_1 like Mac OS X) AppleWebKit/605.1.15 (KHTML, like Gecko) Version/13.1.2 Mobile/15E148 Safari/604.1"
174.247.9.43 - - [21/Mar/2021:09:48:21 +0800] "GET /wordpress/wp-content/uploads/2018/09/header-left.png HTTP/1.1" 200 134458 "https://www.mydogh2o.com/" "Mozilla/5.0 (iPhone; CPU iPhone OS 13_6_1 like Mac OS X) AppleWebKit/605.1.15 (KHTML, like Gecko) Version/13.1.2 Mobile/15E148 Safari/604.1"
174.247.9.43 - - [21/Mar/2021:09:48:21 +0800] "GET /wordpress/wp-content/uploads/2018/09/dental_block1.png HTTP/1.1" 200 80540 "https://www.mydogh2o.com/" "Mozilla/5.0 (iPhone; CPU iPhone OS 13_6_1 like Mac OS X) AppleWebKit/605.1.15 (KHTML, like Gecko) Version/13.1.2 Mobile/15E148 Safari/604.1"
174.247.9.43 - - [21/Mar/2021:09:48:21 +0800] "GET /wordpress/wp-content/uploads/2018/09/F_8.png HTTP/1.1" 200 68640 "https://www.mydogh2o.com/" "Mozilla/5.0 (iPhone; CPU iPhone OS 13_6_1 like Mac OS X) AppleWebKit/605.1.15 (KHTML, like Gecko) Version/13.1.2 Mobile/15E148 Safari/604.1"
174.247.9.43 - - [21/Mar/2021:09:48:21 +0800] "GET /wordpress/wp-content/uploads/2018/09/F_-3.png HTTP/1.1" 200 56413 "https://www.mydogh2o.com/" "Mozilla/5.0 (iPhone; CPU iPhone OS 13_6_1 like Mac OS X) AppleWebKit/605.1.15 (KHTML, like Gecko) Version/13.1.2 Mobile/15E148 Safari/604.1"
174.247.9.43 - - [21/Mar/2021:09:48:21 +0800] "GET /wordpress/wp-content/uploads/2018/08/dogh2o_02.jpg HTTP/1.1" 200 244899 "https://www.mydogh2o.com/" "Mozilla/5.0 (iPhone; CPU iPhone OS 13_6_1 like Mac OS X) AppleWebKit/605.1.15 (KHTML, like Gecko) Version/13.1.2 Mobile/15E148 Safari/604.1"
174.247.9.43 - - [21/Mar/2021:09:48:22 +0800] "GET /wordpress/wp-content/uploads/2018/09/F_-4.png HTTP/1.1" 200 63208 "https://www.mydogh2o.com/" "Mozilla/5.0 (iPhone; CPU iPhone OS 13_6_1 like Mac OS X) AppleWebKit/605.1.15 (KHTML, like Gecko) Version/13.1.2 Mobile/15E148 Safari/604.1"
174.247.9.43 - - [21/Mar/2021:09:48:22 +0800] "GET /wordpress/wp-content/uploads/2018/09/F_-2.png HTTP/1.1" 200 43902 "https://www.mydogh2o.com/" "Mozilla/5.0 (iPhone; CPU iPhone OS 13_6_1 like Mac OS X) AppleWebKit/605.1.15 (KHTML, like Gecko) Version/13.1.2 Mobile/15E148 Safari/604.1"
174.247.9.43 - - [21/Mar/2021:09:48:22 +0800] "GET /wordpress/wp-content/uploads/2018/09/F_-1.png HTTP/1.1" 200 54750 "https://www.mydogh2o.com/" "Mozilla/5.0 (iPhone; CPU iPhone OS 13_6_1 like Mac OS X) AppleWebKit/605.1.15 (KHTML, like Gecko) Version/13.1.2 Mobile/15E148 Safari/604.1"
174.247.9.43 - - [21/Mar/2021:09:48:22 +0800] "GET /wordpress/wp-content/uploads/2018/09/F_5.png HTTP/1.1" 200 50888 "https://www.mydogh2o.com/" "Mozilla/5.0 (iPhone; CPU iPhone OS 13_6_1 like Mac OS X) AppleWebKit/605.1.15 (KHTML, like Gecko) Version/13.1.2 Mobile/15E148 Safari/604.1"
174.247.9.43 - - [21/Mar/2021:09:48:22 +0800] "GET /wordpress/wp-content/uploads/2018/09/%E7%94%BB%E6%9D%BF-11-1.png HTTP/1.1" 200 59251 "https://www.mydogh2o.com/" "Mozilla/5.0 (iPhone; CPU iPhone OS 13_6_1 like Mac OS X) AppleWebKit/605.1.15 (KHTML, like Gecko) Version/13.1.2 Mobile/15E148 Safari/604.1"
174.247.9.43 - - [21/Mar/2021:09:48:22 +0800] "GET /wordpress/wp-content/uploads/2018/09/%E7%94%BB%E6%9D%BF-12.png HTTP/1.1" 200 17715 "https://www.mydogh2o.com/" "Mozilla/5.0 (iPhone; CPU iPhone OS 13_6_1 like Mac OS X) AppleWebKit/605.1.15 (KHTML, like Gecko) Version/13.1.2 Mobile/15E148 Safari/604.1"
174.247.9.43 - - [21/Mar/2021:09:48:21 +0800] "GET /wordpress/wp-content/uploads/2018/09/COVER-03-03.png HTTP/1.1" 200 573167 "https://www.mydogh2o.com/" "Mozilla/5.0 (iPhone; CPU iPhone OS 13_6_1 like Mac OS X) AppleWebKit/605.1.15 (KHTML, like Gecko) Version/13.1.2 Mobile/15E148 Safari/604.1"
174.247.9.43 - - [21/Mar/2021:09:48:22 +0800] "GET /wordpress/wp-content/uploads/2018/09/DH015.jpg HTTP/1.1" 200 40771 "https://www.mydogh2o.com/" "Mozilla/5.0 (iPhone; CPU iPhone OS 13_6_1 like Mac OS X) AppleWebKit/605.1.15 (KHTML, like Gecko) Version/13.1.2 Mobile/15E148 Safari/604.1"
174.247.9.43 - - [21/Mar/2021:09:48:22 +0800] "GET /wordpress/wp-content/uploads/2018/09/DH020.jpg HTTP/1.1" 200 44606 "https://www.mydogh2o.com/" "Mozilla/5.0 (iPhone; CPU iPhone OS 13_6_1 like Mac OS X) AppleWebKit/605.1.15 (KHTML, like Gecko) Version/13.1.2 Mobile/15E148 Safari/604.1"
174.247.9.43 - - [21/Mar/2021:09:48:22 +0800] "GET /wordpress/wp-content/uploads/2018/09/DH025.jpg HTTP/1.1" 200 35414 "https://www.mydogh2o.com/" "Mozilla/5.0 (iPhone; CPU iPhone OS 13_6_1 like Mac OS X) AppleWebKit/605.1.15 (KHTML, like Gecko) Version/13.1.2 Mobile/15E148 Safari/604.1"
174.247.9.43 - - [21/Mar/2021:09:48:22 +0800] "GET /wordpress/wp-content/uploads/2018/09/R-015-CH.jpg HTTP/1.1" 200 47702 "https://www.mydogh2o.com/" "Mozilla/5.0 (iPhone; CPU iPhone OS 13_6_1 like Mac OS X) AppleWebKit/605.1.15 (KHTML, like Gecko) Version/13.1.2 Mobile/15E148 Safari/604.1"
174.247.9.43 - - [21/Mar/2021:09:48:23 +0800] "GET /wordpress/wp-content/uploads/2018/09/R-017.jpg HTTP/1.1" 200 47619 "https://www.mydogh2o.com/" "Mozilla/5.0 (iPhone; CPU iPhone OS 13_6_1 like Mac OS X) AppleWebKit/605.1.15 (KHTML, like Gecko) Version/13.1.2 Mobile/15E148 Safari/604.1"
174.247.9.43 - - [21/Mar/2021:09:48:23 +0800] "GET /wordpress/wp-content/uploads/2018/09/DH08DC.jpg HTTP/1.1" 200 46134 "https://www.mydogh2o.com/" "Mozilla/5.0 (iPhone; CPU iPhone OS 13_6_1 like Mac OS X) AppleWebKit/605.1.15 (KHTML, like Gecko) Version/13.1.2 Mobile/15E148 Safari/604.1"
174.247.9.43 - - [21/Mar/2021:09:48:23 +0800] "GET /wordpress/wp-content/uploads/2018/09/CHD001.jpg HTTP/1.1" 200 52707 "https://www.mydogh2o.com/" "Mozilla/5.0 (iPhone; CPU iPhone OS 13_6_1 like Mac OS X) AppleWebKit/605.1.15 (KHTML, like Gecko) Version/13.1.2 Mobile/15E148 Safari/604.1"
174.247.9.43 - - [21/Mar/2021:09:48:23 +0800] "GET /wordpress/wp-content/uploads/2018/09/AA190A.jpg HTTP/1.1" 200 44924 "https://www.mydogh2o.com/" "Mozilla/5.0 (iPhone; CPU iPhone OS 13_6_1 like Mac OS X) AppleWebKit/605.1.15 (KHTML, like Gecko) Version/13.1.2 Mobile/15E148 Safari/604.1"
174.247.9.43 - - [21/Mar/2021:09:48:23 +0800] "GET /wordpress/wp-content/uploads/2018/09/%E7%94%BB%E6%9D%BF-13.png HTTP/1.1" 200 25812 "https://www.mydogh2o.com/" "Mozilla/5.0 (iPhone; CPU iPhone OS 13_6_1 like Mac OS X) AppleWebKit/605.1.15 (KHTML, like Gecko) Version/13.1.2 Mobile/15E148 Safari/604.1"
174.247.9.43 - - [21/Mar/2021:09:48:23 +0800] "GET /wordpress/wp-content/uploads/2019/05/websitelogo.png HTTP/1.1" 200 1453 "https://www.mydogh2o.com/" "Mozilla/5.0 (iPhone; CPU iPhone OS 13_6_1 like Mac OS X) AppleWebKit/605.1.15 (KHTML, like Gecko) Version/13.1.2 Mobile/15E148 Safari/604.1"
174.247.9.43 - - [21/Mar/2021:09:48:23 +0800] "GET /wordpress/wp-content/uploads/2018/09/V2_pump_cover-04.png HTTP/1.1" 200 124015 "https://www.mydogh2o.com/" "Mozilla/5.0 (iPhone; CPU iPhone OS 13_6_1 like Mac OS X) AppleWebKit/605.1.15 (KHTML, like Gecko) Version/13.1.2 Mobile/15E148 Safari/604.1"
174.247.9.43 - - [21/Mar/2021:09:48:23 +0800] "GET /wordpress/wp-content/uploads/2018/08/aa_logo.png HTTP/1.1" 200 7228 "https://www.mydogh2o.com/" "Mozilla/5.0 (iPhone; CPU iPhone OS 13_6_1 like Mac OS X) AppleWebKit/605.1.15 (KHTML, like Gecko) Version/13.1.2 Mobile/15E148 Safari/604.1"
174.247.9.43 - - [21/Mar/2021:09:48:23 +0800] "GET /wordpress/wp-content/uploads/2018/08/KM_LOGO_2.jpg HTTP/1.1" 200 16293 "https://www.mydogh2o.com/" "Mozilla/5.0 (iPhone; CPU iPhone OS 13_6_1 like Mac OS X) AppleWebKit/605.1.15 (KHTML, like Gecko) Version/13.1.2 Mobile/15E148 Safari/604.1"
174.247.9.43 - - [21/Mar/2021:09:48:23 +0800] "GET /wordpress/wp-content/uploads/2018/03/dogh2o_03.jpg HTTP/1.1" 200 186218 "https://www.mydogh2o.com/" "Mozilla/5.0 (iPhone; CPU iPhone OS 13_6_1 like Mac OS X) AppleWebKit/605.1.15 (KHTML, like Gecko) Version/13.1.2 Mobile/15E148 Safari/604.1"
174.247.9.43 - - [21/Mar/2021:09:48:23 +0800] "GET /wordpress/wp-content/uploads/2018/09/CatH2O-_r.png HTTP/1.1" 200 13152 "https://www.mydogh2o.com/" "Mozilla/5.0 (iPhone; CPU iPhone OS 13_6_1 like Mac OS X) AppleWebKit/605.1.15 (KHTML, like Gecko) Version/13.1.2 Mobile/15E148 Safari/604.1"
174.247.9.43 - - [21/Mar/2021:09:48:24 +0800] "GET /wordpress/wp-content/uploads/2018/09/R-016-CDH.jpg HTTP/1.1" 200 65546 "https://www.mydogh2o.com/" "Mozilla/5.0 (iPhone; CPU iPhone OS 13_6_1 like Mac OS X) AppleWebKit/605.1.15 (KHTML, like Gecko) Version/13.1.2 Mobile/15E148 Safari/604.1"
174.247.9.43 - - [21/Mar/2021:09:48:23 +0800] "GET /wordpress/wp-content/uploads/2018/09/F_6.png HTTP/1.1" 200 136872 "https://www.mydogh2o.com/" "Mozilla/5.0 (iPhone; CPU iPhone OS 13_6_1 like Mac OS X) AppleWebKit/605.1.15 (KHTML, like Gecko) Version/13.1.2 Mobile/15E148 Safari/604.1"
174.247.9.43 - - [21/Mar/2021:09:48:24 +0800] "GET /wordpress/wp-content/uploads/2018/09/COVER-03-03-768x432.png HTTP/1.1" 200 394463 "https://www.mydogh2o.com/" "Mozilla/5.0 (iPhone; CPU iPhone OS 13_6_1 like Mac OS X) AppleWebKit/605.1.15 (KHTML, like Gecko) Version/13.1.2 Mobile/15E148 Safari/604.1"
174.247.9.43 - - [21/Mar/2021:09:48:26 +0800] "GET /favicon.ico HTTP/1.1" 200 697 "https://www.mydogh2o.com/" "Mozilla/5.0 (iPhone; CPU iPhone OS 13_6_1 like Mac OS X) AppleWebKit/605.1.15 (KHTML, like Gecko) Version/13.1.2 Mobile/15E148 Safari/604.1"
49.7.21.122 - - [21/Mar/2021:09:51:14 +0800] "GET / HTTP/1.1" 200 15284 "-" "Sogou web spider/4.0(+http://www.sogou.com/docs/help/webmasters.htm#07)"
114.119.146.98 - - [21/Mar/2021:09:59:46 +0800] "GET /robots.txt HTTP/1.1" 200 79 "-" "(compatible;PetalBot;+https://aspiegel.com/petalbot)"
74.208.136.135 - - [21/Mar/2021:10:01:52 +0800] "GET / HTTP/1.1" 200 92732 "-" "FreeWebMonitoring SiteChecker/0.2 (+https://www.freewebmonitoring.com/bot.html)"
203.124.10.177 - - [21/Mar/2021:10:17:36 +0800] "POST /wordpress/wp-cron.php?doing_wp_cron=1616293056.1265509128570556640625 HTTP/1.1" 200 20 "https://www.mydogh2o.com/wordpress/wp-cron.php?doing_wp_cron=1616293056.1265509128570556640625" "WordPress/5.0.11; https://www.mydogh2o.com"
74.208.136.135 - - [21/Mar/2021:10:17:35 +0800] "GET / HTTP/1.1" 200 92732 "-" "FreeWebMonitoring SiteChecker/0.2 (+https://www.freewebmonitoring.com/bot.html)"
114.119.145.19 - - [21/Mar/2021:10:48:25 +0800] "GET /robots.txt HTTP/1.1" 200 79 "-" "(compatible;PetalBot;+https://aspiegel.com/petalbot)"
54.190.100.55 - - [21/Mar/2021:10:48:51 +0800] "GET / HTTP/1.1" 302 186 "-" "Mozilla/5.0 (Windows NT 10.0; Win64; x64) AppleWebKit/537.36 (KHTML, like Gecko; compatible; BW/1.1; bit.ly/2W6Px8S) Chrome/84.0.4147.105 Safari/537.36"
54.190.100.55 - - [21/Mar/2021:10:48:52 +0800] "GET / HTTP/1.1" 200 15284 "-" "Mozilla/5.0 (Windows NT 10.0; Win64; x64) AppleWebKit/537.36 (KHTML, like Gecko; compatible; BW/1.1; bit.ly/2W6Px8S) Chrome/84.0.4147.105 Safari/537.36"
54.190.100.55 - - [21/Mar/2021:10:48:54 +0800] "GET /robots.txt HTTP/1.1" 200 79 "-" "Mozilla/5.0 (Windows NT 10.0; Win64; x64) AppleWebKit/537.36 (KHTML, like Gecko; compatible; BW/1.1; bit.ly/2W6Px8S) Chrome/84.0.4147.105 Safari/537.36"
106.38.241.163 - - [21/Mar/2021:10:50:41 +0800] "GET / HTTP/1.1" 302 186 "-" "Sogou web spider/4.0(+http://www.sogou.com/docs/help/webmasters.htm#07)"
49.7.21.122 - - [21/Mar/2021:10:56:28 +0800] "GET / HTTP/1.1" 302 186 "-" "Sogou web spider/4.0(+http://www.sogou.com/docs/help/webmasters.htm#07)"
106.38.241.163 - - [21/Mar/2021:10:59:26 +0800] "GET / HTTP/1.1" 200 15284 "-" "Sogou web spider/4.0(+http://www.sogou.com/docs/help/webmasters.htm#07)"
49.7.21.122 - - [21/Mar/2021:11:01:55 +0800] "GET / HTTP/1.1" 200 15284 "-" "Sogou web spider/4.0(+http://www.sogou.com/docs/help/webmasters.htm#07)"
74.208.136.135 - - [21/Mar/2021:11:03:05 +0800] "GET / HTTP/1.1" 200 92732 "-" "FreeWebMonitoring SiteChecker/0.2 (+https://www.freewebmonitoring.com/bot.html)"
45.143.142.5 - - [21/Mar/2021:11:16:21 +0800] "GET / HTTP/1.1" 302 208 "http://kino-rf.ru/" "Re-re Studio (+http://vip0.ru/)"
203.124.10.177 - - [21/Mar/2021:11:19:25 +0800] "POST /wordpress/wp-cron.php?doing_wp_cron=1616296765.6787559986114501953125 HTTP/1.1" 200 20 "https://www.mydogh2o.com/wordpress/wp-cron.php?doing_wp_cron=1616296765.6787559986114501953125" "WordPress/5.0.11; https://www.mydogh2o.com"
74.208.136.135 - - [21/Mar/2021:11:19:24 +0800] "GET / HTTP/1.1" 200 92732 "-" "FreeWebMonitoring SiteChecker/0.2 (+https://www.freewebmonitoring.com/bot.html)"
103.131.71.104 - - [21/Mar/2021:11:43:11 +0800] "GET /robots.txt HTTP/1.1" 200 79 "-" "Mozilla/5.0 (compatible; coccocbot-web/1.0; +http://help.coccoc.com/searchengine)"
203.124.10.177 - - [21/Mar/2021:11:43:12 +0800] "POST /wordpress/wp-cron.php?doing_wp_cron=1616298192.3393530845642089843750 HTTP/1.1" 200 20 "https://www.mydogh2o.com/wordpress/wp-cron.php?doing_wp_cron=1616298192.3393530845642089843750" "WordPress/5.0.11; https://www.mydogh2o.com"
203.124.10.177 - - [21/Mar/2021:12:07:52 +0800] "POST /wordpress/wp-cron.php?doing_wp_cron=1616299672.6603600978851318359375 HTTP/1.1" 200 20 "https://www.mydogh2o.com/wordpress/wp-cron.php?doing_wp_cron=1616299672.6603600978851318359375" "WordPress/5.0.11; https://www.mydogh2o.com"
74.208.136.135 - - [21/Mar/2021:12:07:51 +0800] "GET / HTTP/1.1" 200 92732 "-" "FreeWebMonitoring SiteChecker/0.2 (+https://www.freewebmonitoring.com/bot.html)"
203.124.10.177 - - [21/Mar/2021:12:20:01 +0800] "POST /wordpress/wp-cron.php?doing_wp_cron=1616300401.0022799968719482421875 HTTP/1.1" 200 20 "https://www.mydogh2o.com/wordpress/wp-cron.php?doing_wp_cron=1616300401.0022799968719482421875" "WordPress/5.0.11; https://www.mydogh2o.com"
74.208.136.135 - - [21/Mar/2021:12:20:00 +0800] "GET / HTTP/1.1" 200 92732 "-" "FreeWebMonitoring SiteChecker/0.2 (+https://www.freewebmonitoring.com/bot.html)"
203.124.10.177 - - [21/Mar/2021:13:09:54 +0800] "POST /wordpress/wp-cron.php?doing_wp_cron=1616303394.6621050834655761718750 HTTP/1.1" 200 20 "https://www.mydogh2o.com/wordpress/wp-cron.php?doing_wp_cron=1616303394.6621050834655761718750" "WordPress/5.0.11; https://www.mydogh2o.com"
74.208.136.135 - - [21/Mar/2021:13:09:54 +0800] "GET / HTTP/1.1" 200 92732 "-" "FreeWebMonitoring SiteChecker/0.2 (+https://www.freewebmonitoring.com/bot.html)"
74.208.136.135 - - [21/Mar/2021:13:20:57 +0800] "GET / HTTP/1.1" 200 92732 "-" "FreeWebMonitoring SiteChecker/0.2 (+https://www.freewebmonitoring.com/bot.html)"
35.202.2.1 - - [21/Mar/2021:13:32:53 +0800] "GET /robots.txt HTTP/1.1" 200 79 "-" "ltx71 - (http://ltx71.com/)"
35.202.2.1 - - [21/Mar/2021:13:33:48 +0800] "GET / HTTP/1.1" 302 186 "-" "ltx71 - (http://ltx71.com/)"
35.202.2.1 - - [21/Mar/2021:13:35:34 +0800] "GET /robots.txt HTTP/1.1" 200 79 "-" "ltx71 - (http://ltx71.com/)"
35.202.2.1 - - [21/Mar/2021:13:37:07 +0800] "GET / HTTP/1.1" 200 15284 "-" "ltx71 - (http://ltx71.com/)"
35.202.2.1 - - [21/Mar/2021:13:38:45 +0800] "GET /es/sp/ HTTP/1.1" 200 16234 "-" "ltx71 - (http://ltx71.com/)"
35.202.2.1 - - [21/Mar/2021:13:40:19 +0800] "GET /zh/cn/ HTTP/1.1" 200 15823 "-" "ltx71 - (http://ltx71.com/)"
35.202.2.1 - - [21/Mar/2021:13:40:57 +0800] "GET /zk/hk/ HTTP/1.1" 200 16062 "-" "ltx71 - (http://ltx71.com/)"
35.202.2.1 - - [21/Mar/2021:13:41:32 +0800] "GET /robots.txt HTTP/1.1" 200 79 "-" "ltx71 - (http://ltx71.com/)"
35.202.2.1 - - [21/Mar/2021:13:41:37 +0800] "GET /fr/ HTTP/1.1" 200 16042 "-" "ltx71 - (http://ltx71.com/)"
35.202.2.1 - - [21/Mar/2021:13:42:13 +0800] "GET /ib_efds.pdf HTTP/1.1" 302 186 "-" "ltx71 - (http://ltx71.com/)"
35.202.2.1 - - [21/Mar/2021:13:42:35 +0800] "GET /de/ HTTP/1.1" 200 16060 "-" "ltx71 - (http://ltx71.com/)"
35.202.2.1 - - [21/Mar/2021:13:44:05 +0800] "GET /wordpress/wp-content/plugins/elementor/assets/js/frontend-modules.min.js?ver=3.0.13 HTTP/1.1" 200 18275 "-" "ltx71 - (http://ltx71.com/)"
35.202.2.1 - - [21/Mar/2021:13:44:55 +0800] "GET /wordpress/wp-content/plugins/elementor/assets/js/frontend.min.js?ver=3.0.13 HTTP/1.1" 200 31698 "-" "ltx71 - (http://ltx71.com/)"
35.202.2.1 - - [21/Mar/2021:13:45:37 +0800] "GET /wordpress/wp-content/themes/vantage/js/jquery.theme-main.min.js?ver=1.7.9 HTTP/1.1" 200 2510 "-" "ltx71 - (http://ltx71.com/)"
35.202.2.1 - - [21/Mar/2021:13:46:18 +0800] "GET /wordpress/wp-content/plugins/elementor/assets/lib/share-link/share-link.min.js?ver=3.0.13 HTTP/1.1" 200 1099 "-" "ltx71 - (http://ltx71.com/)"
35.202.2.1 - - [21/Mar/2021:13:47:18 +0800] "GET /wordpress/wp-content/themes/vantage/js/jquery.flexslider.min.js?ver=2.1 HTTP/1.1" 200 6232 "-" "ltx71 - (http://ltx71.com/)"
203.124.10.177 - - [21/Mar/2021:14:08:11 +0800] "POST /wordpress/wp-cron.php?doing_wp_cron=1616306891.4257950782775878906250 HTTP/1.1" 200 20 "https://www.mydogh2o.com/wordpress/wp-cron.php?doing_wp_cron=1616306891.4257950782775878906250" "WordPress/5.0.11; https://www.mydogh2o.com"
111.202.101.114 - - [21/Mar/2021:14:08:10 +0800] "GET / HTTP/1.1" 200 15284 "-" "Sogou web spider/4.0(+http://www.sogou.com/docs/help/webmasters.htm#07)"
74.208.136.135 - - [21/Mar/2021:14:10:53 +0800] "GET / HTTP/1.1" 200 92732 "-" "FreeWebMonitoring SiteChecker/0.2 (+https://www.freewebmonitoring.com/bot.html)"
74.208.136.135 - - [21/Mar/2021:14:21:59 +0800] "GET / HTTP/1.1" 200 92732 "-" "FreeWebMonitoring SiteChecker/0.2 (+https://www.freewebmonitoring.com/bot.html)"
54.36.148.141 - - [21/Mar/2021:14:24:58 +0800] "GET /fr/ HTTP/1.1" 200 16042 "-" "Mozilla/5.0 (compatible; AhrefsBot/7.0; +http://ahrefs.com/robot/)"
123.183.224.94 - - [21/Mar/2021:14:44:48 +0800] "GET / HTTP/1.1" 302 186 "-" "Sogou web spider/4.0(+http://www.sogou.com/docs/help/webmasters.htm#07)"
49.7.21.122 - - [21/Mar/2021:14:48:55 +0800] "GET / HTTP/1.1" 200 15284 "-" "Sogou web spider/4.0(+http://www.sogou.com/docs/help/webmasters.htm#07)"
114.119.140.136 - - [21/Mar/2021:14:50:36 +0800] "GET /robots.txt HTTP/1.1" 200 79 "-" "(compatible;PetalBot;+https://aspiegel.com/petalbot)"
123.183.224.94 - - [21/Mar/2021:14:51:41 +0800] "GET / HTTP/1.1" 200 15284 "-" "Sogou web spider/4.0(+http://www.sogou.com/docs/help/webmasters.htm#07)"
80.95.44.194 - - [21/Mar/2021:14:53:58 +0800] "GET / HTTP/1.0" 302 208 "http://www.mydogh2o.com/" "Mozilla/5.0 (Windows NT 10.0; Win64; x64) AppleWebKit/537.36 (KHTML, like Gecko) Chrome/83.0.4103.61 Safari/537.36 Edg/83.0.478.37"
80.95.44.194 - - [21/Mar/2021:14:53:59 +0800] "GET / HTTP/1.0" 200 92732 "https://www.mydogh2o.com/" "Mozilla/5.0 (Windows NT 10.0; Win64; x64) AppleWebKit/537.36 (KHTML, like Gecko) Chrome/83.0.4103.61 Safari/537.36 Edg/83.0.478.37"
37.49.225.131 - - [21/Mar/2021:15:10:51 +0800] "GET / HTTP/1.1" 302 186 "-" "Mozilla/4.0 (compatible; MSIE 7.0; Windows NT 6.2; WOW64; Trident/7.0; .NET4.0E; .NET4.0C)"
203.124.10.177 - - [21/Mar/2021:15:10:54 +0800] "POST /wordpress/wp-cron.php?doing_wp_cron=1616310654.8002429008483886718750 HTTP/1.1" 200 20 "https://www.mydogh2o.com/wordpress/wp-cron.php?doing_wp_cron=1616310654.8002429008483886718750" "WordPress/5.0.11; https://www.mydogh2o.com"
37.49.225.131 - - [21/Mar/2021:15:10:54 +0800] "GET / HTTP/1.1" 200 15284 "-" "Mozilla/4.0 (compatible; MSIE 7.0; Windows NT 6.2; WOW64; Trident/7.0; .NET4.0E; .NET4.0C)"
74.208.136.135 - - [21/Mar/2021:15:12:00 +0800] "GET / HTTP/1.1" 200 92732 "-" "FreeWebMonitoring SiteChecker/0.2 (+https://www.freewebmonitoring.com/bot.html)"
66.249.71.154 - - [21/Mar/2021:15:22:38 +0800] "GET / HTTP/1.1" 200 15284 "-" "Mozilla/5.0 (compatible; Googlebot/2.1; +http://www.google.com/bot.html)"
66.249.71.152 - - [21/Mar/2021:15:23:07 +0800] "GET /wordpress/wp-content/themes/vantage/js/jquery.theme-main.min.js?ver=1.7.9 HTTP/1.1" 200 2510 "https://www.mydogh2o.com/" "Mozilla/5.0 AppleWebKit/537.36 (KHTML, like Gecko; compatible; Googlebot/2.1; +http://www.google.com/bot.html) Chrome/89.0.4389.93 Safari/537.36"
203.124.10.177 - - [21/Mar/2021:15:23:19 +0800] "POST /wordpress/wp-cron.php?doing_wp_cron=1616311399.1516790390014648437500 HTTP/1.1" 200 20 "https://www.mydogh2o.com/wordpress/wp-cron.php?doing_wp_cron=1616311399.1516790390014648437500" "WordPress/5.0.11; https://www.mydogh2o.com"
74.208.136.135 - - [21/Mar/2021:15:23:18 +0800] "GET / HTTP/1.1" 200 92732 "-" "FreeWebMonitoring SiteChecker/0.2 (+https://www.freewebmonitoring.com/bot.html)"
111.202.101.114 - - [21/Mar/2021:15:37:15 +0800] "GET / HTTP/1.1" 302 186 "-" "Sogou web spider/4.0(+http://www.sogou.com/docs/help/webmasters.htm#07)"
123.183.224.94 - - [21/Mar/2021:15:37:26 +0800] "GET / HTTP/1.1" 200 15284 "-" "Sogou web spider/4.0(+http://www.sogou.com/docs/help/webmasters.htm#07)"
106.38.241.163 - - [21/Mar/2021:15:49:18 +0800] "GET / HTTP/1.1" 302 186 "-" "Sogou web spider/4.0(+http://www.sogou.com/docs/help/webmasters.htm#07)"
185.205.94.214 - - [21/Mar/2021:15:49:29 +0800] "GET / HTTP/1.1" 302 186 "-" "Mozilla/4.0 (compatible; MSIE 7.0; Windows NT 6.2; WOW64; Trident/7.0; .NET4.0E; .NET4.0C)"
185.205.94.214 - - [21/Mar/2021:15:49:31 +0800] "GET / HTTP/1.1" 200 15284 "-" "Mozilla/4.0 (compatible; MSIE 7.0; Windows NT 6.2; WOW64; Trident/7.0; .NET4.0E; .NET4.0C)"
114.119.137.153 - - [21/Mar/2021:15:57:24 +0800] "GET /fr HTTP/1.1" 301 20 "-" "Mozilla/5.0 (Linux; Android 7.0;) AppleWebKit/537.36 (KHTML, like Gecko) Mobile Safari/537.36 (compatible; PetalBot;+https://aspiegel.com/petalbot)"
114.119.137.153 - - [21/Mar/2021:15:57:25 +0800] "GET /fr/ HTTP/1.1" 200 16054 "-" "Mozilla/5.0 (Linux; Android 7.0;) AppleWebKit/537.36 (KHTML, like Gecko) Mobile Safari/537.36 (compatible; PetalBot;+https://aspiegel.com/petalbot)"
162.210.196.129 - - [21/Mar/2021:15:58:19 +0800] "GET /robots.txt HTTP/1.1" 200 87 "-" "Mozilla/5.0 (compatible; MJ12bot/v1.4.8; http://mj12bot.com/)"
162.210.196.129 - - [21/Mar/2021:15:58:22 +0800] "GET / HTTP/1.1" 302 186 "-" "Mozilla/5.0 (compatible; MJ12bot/v1.4.8; http://mj12bot.com/)"
162.210.196.129 - - [21/Mar/2021:15:58:28 +0800] "GET /robots.txt HTTP/1.1" 200 87 "-" "Mozilla/5.0 (compatible; MJ12bot/v1.4.8; http://mj12bot.com/)"
162.210.196.129 - - [21/Mar/2021:15:58:34 +0800] "GET / HTTP/1.1" 200 15284 "-" "Mozilla/5.0 (compatible; MJ12bot/v1.4.8; http://mj12bot.com/)"
162.210.196.129 - - [21/Mar/2021:15:58:40 +0800] "GET / HTTP/1.1" 200 15284 "-" "Mozilla/5.0 (compatible; MJ12bot/v1.4.8; http://mj12bot.com/)"
106.38.241.163 - - [21/Mar/2021:15:59:42 +0800] "GET / HTTP/1.1" 200 15284 "-" "Sogou web spider/4.0(+http://www.sogou.com/docs/help/webmasters.htm#07)"
154.54.249.15 - - [21/Mar/2021:16:05:09 +0800] "GET /robots.txt HTTP/1.1" 200 79 "-" "Mozilla/5.0 (compatible; Barkrowler/0.9; +https://babbar.tech/crawler)"
154.54.249.15 - - [21/Mar/2021:16:05:21 +0800] "GET /robots.txt HTTP/1.1" 200 79 "-" "Mozilla/5.0 (compatible; Barkrowler/0.9; +https://babbar.tech/crawler)"
154.54.249.15 - - [21/Mar/2021:16:05:32 +0800] "GET /index.php?lang=fr HTTP/1.1" 301 20 "-" "Mozilla/5.0 (compatible; Barkrowler/0.9; +https://babbar.tech/crawler)"
154.54.249.15 - - [21/Mar/2021:16:05:44 +0800] "GET / HTTP/1.1" 200 15284 "-" "Mozilla/5.0 (compatible; Barkrowler/0.9; +https://babbar.tech/crawler)"
203.124.10.177 - - [21/Mar/2021:16:13:03 +0800] "POST /wordpress/wp-cron.php?doing_wp_cron=1616314383.3045210838317871093750 HTTP/1.1" 200 20 "https://www.mydogh2o.com/wordpress/wp-cron.php?doing_wp_cron=1616314383.3045210838317871093750" "WordPress/5.0.11; https://www.mydogh2o.com"
74.208.136.135 - - [21/Mar/2021:16:13:02 +0800] "GET / HTTP/1.1" 200 92732 "-" "FreeWebMonitoring SiteChecker/0.2 (+https://www.freewebmonitoring.com/bot.html)"
74.208.136.135 - - [21/Mar/2021:16:24:21 +0800] "GET / HTTP/1.1" 200 92732 "-" "FreeWebMonitoring SiteChecker/0.2 (+https://www.freewebmonitoring.com/bot.html)"
66.249.71.73 - - [21/Mar/2021:17:05:37 +0800] "GET /robots.txt HTTP/1.1" 200 79 "-" "Mozilla/5.0 (compatible; Googlebot/2.1; +http://www.google.com/bot.html)"
66.249.79.105 - - [21/Mar/2021:17:05:38 +0800] "GET /ads.txt HTTP/1.1" 404 4296 "-" "Mozilla/5.0 (compatible; Googlebot/2.1; +http://www.google.com/bot.html)"
203.124.10.177 - - [21/Mar/2021:17:09:34 +0800] "POST /wordpress/wp-cron.php?doing_wp_cron=1616317774.2671709060668945312500 HTTP/1.1" 200 20 "https://www.mydogh2o.com/wordpress/wp-cron.php?doing_wp_cron=1616317774.2671709060668945312500" "WordPress/5.0.11; https://www.mydogh2o.com"
89.248.165.177 - - [21/Mar/2021:17:09:33 +0800] "GET /wp-content/themes/vantage/thumb.php HTTP/1.1" 404 4292 "-" "Mozilla/5.0 (X11; Linux x86_64; rv:86.0; en.support.wordpress.com) Gecko/20100101 Firefox/86.0"
74.208.136.135 - - [21/Mar/2021:17:14:09 +0800] "GET / HTTP/1.1" 200 92732 "-" "FreeWebMonitoring SiteChecker/0.2 (+https://www.freewebmonitoring.com/bot.html)"
74.208.136.135 - - [21/Mar/2021:17:25:41 +0800] "GET / HTTP/1.1" 200 92732 "-" "FreeWebMonitoring SiteChecker/0.2 (+https://www.freewebmonitoring.com/bot.html)"
66.249.71.76 - - [21/Mar/2021:17:35:38 +0800] "GET /robots.txt HTTP/1.1" 200 79 "-" "Mozilla/5.0 (compatible; Googlebot/2.1; +http://www.google.com/bot.html)"
66.249.71.76 - - [21/Mar/2021:17:35:39 +0800] "GET /ads.txt HTTP/1.1" 404 4296 "-" "Mozilla/5.0 (compatible; Googlebot/2.1; +http://www.google.com/bot.html)"
54.36.149.80 - - [21/Mar/2021:17:39:38 +0800] "GET /fr/?lang=fr HTTP/1.1" 200 16029 "-" "Mozilla/5.0 (compatible; AhrefsBot/7.0; +http://ahrefs.com/robot/)"
203.124.10.177 - - [21/Mar/2021:18:15:03 +0800] "POST /wordpress/wp-cron.php?doing_wp_cron=1616321703.6305480003356933593750 HTTP/1.1" 200 20 "https://www.mydogh2o.com/wordpress/wp-cron.php?doing_wp_cron=1616321703.6305480003356933593750" "WordPress/5.0.11; https://www.mydogh2o.com"
74.208.136.135 - - [21/Mar/2021:18:15:03 +0800] "GET / HTTP/1.1" 200 92732 "-" "FreeWebMonitoring SiteChecker/0.2 (+https://www.freewebmonitoring.com/bot.html)"
74.208.136.135 - - [21/Mar/2021:18:27:21 +0800] "GET / HTTP/1.1" 200 92732 "-" "FreeWebMonitoring SiteChecker/0.2 (+https://www.freewebmonitoring.com/bot.html)"
49.82.145.50 - - [21/Mar/2021:18:30:29 +0800] "GET /robots.txt HTTP/1.1" 200 79 "-" "Mozilla/4.0 (compatible; MSIE 6.0; Windows NT 5.1; SV1; AcooBrowser; .NET CLR 1.1.4322; .NET CLR 2.0.50727)"
95.163.255.174 - - [21/Mar/2021:18:34:42 +0800] "GET /robots.txt HTTP/1.0" 200 87 "-" "Mozilla/5.0 (compatible; Linux x86_64; Mail.RU_Bot/2.0; +http://go.mail.ru/help/robots)"
95.163.255.150 - - [21/Mar/2021:18:34:45 +0800] "GET /wordpress/wp-content/uploads/2018/09/DH025.jpg HTTP/1.1" 200 35414 "-" "Mozilla/5.0 (compatible; Linux x86_64; Mail.RU_Bot/2.0; +http://go.mail.ru/help/robots)"
66.249.71.71 - - [21/Mar/2021:18:34:58 +0800] "GET / HTTP/1.1" 302 186 "-" "Mozilla/5.0 (compatible; Googlebot/2.1; +http://www.google.com/bot.html)"
66.249.71.151 - - [21/Mar/2021:18:36:29 +0800] "GET / HTTP/1.1" 302 186 "-" "Mozilla/5.0 (Linux; Android 6.0.1; Nexus 5X Build/MMB29P) AppleWebKit/537.36 (KHTML, like Gecko) Chrome/89.0.4389.95 Mobile Safari/537.36 (compatible; Googlebot/2.1; +http://www.google.com/bot.html)"
66.249.71.78 - - [21/Mar/2021:18:36:31 +0800] "GET / HTTP/1.1" 200 15296 "-" "Mozilla/5.0 (Linux; Android 6.0.1; Nexus 5X Build/MMB29P) AppleWebKit/537.36 (KHTML, like Gecko) Chrome/89.0.4389.95 Mobile Safari/537.36 (compatible; Googlebot/2.1; +http://www.google.com/bot.html)"
212.108.140.133 - - [21/Mar/2021:18:42:24 +0800] "GET / HTTP/1.1" 302 186 "-" "Mozilla/4.0 (compatible; MSIE 7.0; Windows NT 6.2; WOW64; Trident/7.0; .NET4.0E; .NET4.0C)"
212.108.140.133 - - [21/Mar/2021:18:42:28 +0800] "GET / HTTP/1.1" 200 15284 "-" "Mozilla/4.0 (compatible; MSIE 7.0; Windows NT 6.2; WOW64; Trident/7.0; .NET4.0E; .NET4.0C)"
162.210.196.129 - - [21/Mar/2021:18:50:28 +0800] "GET /robots.txt HTTP/1.1" 200 87 "-" "Mozilla/5.0 (compatible; MJ12bot/v1.4.8; http://mj12bot.com/)"
162.210.196.129 - - [21/Mar/2021:18:50:35 +0800] "GET / HTTP/1.1" 302 186 "-" "Mozilla/5.0 (compatible; MJ12bot/v1.4.8; http://mj12bot.com/)"
162.210.196.129 - - [21/Mar/2021:18:50:59 +0800] "GET / HTTP/1.1" 200 15284 "-" "Mozilla/5.0 (compatible; MJ12bot/v1.4.8; http://mj12bot.com/)"
45.88.3.179 - - [21/Mar/2021:19:02:47 +0800] "GET /adminer-4.3.0.php HTTP/1.1" 404 4292 "-" "Mozilla/5.0 (Macintosh; Intel Mac OS X 10_14_4) AppleWebKit/537.36 (KHTML, like Gecko) Chrome/83.0.3770.100 Safari/537.36"
45.88.3.179 - - [21/Mar/2021:19:03:09 +0800] "GET /adminer-4.3.0-en.php HTTP/1.1" 404 4292 "-" "Mozilla/5.0 (Macintosh; Intel Mac OS X 10_14_4) AppleWebKit/537.36 (KHTML, like Gecko) Chrome/83.0.3770.100 Safari/537.36"
45.88.3.179 - - [21/Mar/2021:19:03:25 +0800] "GET /adminer-4.3.0-en.php HTTP/1.1" 404 4292 "-" "Mozilla/5.0 (Macintosh; Intel Mac OS X 10_14_4) AppleWebKit/537.36 (KHTML, like Gecko) Chrome/83.0.3770.100 Safari/537.36"
45.88.3.179 - - [21/Mar/2021:19:03:52 +0800] "GET /adminer-4.2.5.php HTTP/1.1" 404 4292 "-" "Mozilla/5.0 (Macintosh; Intel Mac OS X 10_14_4) AppleWebKit/537.36 (KHTML, like Gecko) Chrome/83.0.3770.100 Safari/537.36"
185.191.32.207 - - [21/Mar/2021:19:06:18 +0800] "GET / HTTP/1.1" 302 186 "-" "-"
185.191.32.207 - - [21/Mar/2021:19:06:20 +0800] "GET / HTTP/1.1" 200 15284 "-" "-"
185.191.32.207 - - [21/Mar/2021:19:06:23 +0800] "GET /adminer.php HTTP/1.1" 404 4292 "-" "-"
203.124.10.177 - - [21/Mar/2021:19:16:03 +0800] "POST /wordpress/wp-cron.php?doing_wp_cron=1616325362.8539578914642333984375 HTTP/1.1" 200 20 "https://www.mydogh2o.com/wordpress/wp-cron.php?doing_wp_cron=1616325362.8539578914642333984375" "WordPress/5.0.11; https://www.mydogh2o.com"
74.208.136.135 - - [21/Mar/2021:19:16:02 +0800] "GET / HTTP/1.1" 200 92732 "-" "FreeWebMonitoring SiteChecker/0.2 (+https://www.freewebmonitoring.com/bot.html)"
95.187.88.144 - - [21/Mar/2021:19:21:27 +0800] "GET / HTTP/1.1" 302 186 "-" "Mozilla/5.0 (iPhone; CPU iPhone OS 14_4 like Mac OS X) AppleWebKit/605.1.15 (KHTML, like Gecko) Version/14.0.3 Mobile/15E148 Safari/604.1"
95.187.88.144 - - [21/Mar/2021:19:21:29 +0800] "GET / HTTP/1.1" 200 15296 "-" "Mozilla/5.0 (iPhone; CPU iPhone OS 14_4 like Mac OS X) AppleWebKit/605.1.15 (KHTML, like Gecko) Version/14.0.3 Mobile/15E148 Safari/604.1"
95.187.88.144 - - [21/Mar/2021:19:21:32 +0800] "GET /wordpress/wp-content/plugins/elementor/assets/lib/font-awesome/css/font-awesome.min.css?ver=4.7.0 HTTP/1.1" 200 7052 "https://www.mydogh2o.com/" "Mozilla/5.0 (iPhone; CPU iPhone OS 14_4 like Mac OS X) AppleWebKit/605.1.15 (KHTML, like Gecko) Version/14.0.3 Mobile/15E148 Safari/604.1"
95.187.88.144 - - [21/Mar/2021:19:21:32 +0800] "GET /wordpress/wp-content/plugins/elementor/assets/lib/eicons/css/elementor-icons.min.css?ver=5.9.1 HTTP/1.1" 200 3478 "https://www.mydogh2o.com/" "Mozilla/5.0 (iPhone; CPU iPhone OS 14_4 like Mac OS X) AppleWebKit/605.1.15 (KHTML, like Gecko) Version/14.0.3 Mobile/15E148 Safari/604.1"
95.187.88.144 - - [21/Mar/2021:19:21:32 +0800] "GET /wordpress/wp-includes/js/wp-emoji-release.min.js?ver=5.0.11 HTTP/1.1" 200 4382 "https://www.mydogh2o.com/" "Mozilla/5.0 (iPhone; CPU iPhone OS 14_4 like Mac OS X) AppleWebKit/605.1.15 (KHTML, like Gecko) Version/14.0.3 Mobile/15E148 Safari/604.1"
95.187.88.144 - - [21/Mar/2021:19:21:32 +0800] "GET /wordpress/wp-content/plugins/elementor/assets/lib/animations/animations.min.css?ver=3.0.13 HTTP/1.1" 200 2592 "https://www.mydogh2o.com/" "Mozilla/5.0 (iPhone; CPU iPhone OS 14_4 like Mac OS X) AppleWebKit/605.1.15 (KHTML, like Gecko) Version/14.0.3 Mobile/15E148 Safari/604.1"
95.187.88.144 - - [21/Mar/2021:19:21:33 +0800] "GET /wordpress/wp-content/plugins/elementor/assets/css/frontend-legacy.min.css?ver=3.0.13 HTTP/1.1" 200 536 "https://www.mydogh2o.com/" "Mozilla/5.0 (iPhone; CPU iPhone OS 14_4 like Mac OS X) AppleWebKit/605.1.15 (KHTML, like Gecko) Version/14.0.3 Mobile/15E148 Safari/604.1"
95.187.88.144 - - [21/Mar/2021:19:21:33 +0800] "GET /wordpress/wp-content/plugins/elementor/assets/css/frontend.min.css?ver=3.0.13 HTTP/1.1" 200 15888 "https://www.mydogh2o.com/" "Mozilla/5.0 (iPhone; CPU iPhone OS 14_4 like Mac OS X) AppleWebKit/605.1.15 (KHTML, like Gecko) Version/14.0.3 Mobile/15E148 Safari/604.1"
95.187.88.144 - - [21/Mar/2021:19:21:33 +0800] "GET /wordpress/wp-includes/css/dist/block-library/style.min.css?ver=5.0.11 HTTP/1.1" 200 4302 "https://www.mydogh2o.com/" "Mozilla/5.0 (iPhone; CPU iPhone OS 14_4 like Mac OS X) AppleWebKit/605.1.15 (KHTML, like Gecko) Version/14.0.3 Mobile/15E148 Safari/604.1"
95.187.88.144 - - [21/Mar/2021:19:21:33 +0800] "GET /wordpress/wp-content/uploads/elementor/css/post-683.css?ver=1604823916 HTTP/1.1" 200 372 "https://www.mydogh2o.com/" "Mozilla/5.0 (iPhone; CPU iPhone OS 14_4 like Mac OS X) AppleWebKit/605.1.15 (KHTML, like Gecko) Version/14.0.3 Mobile/15E148 Safari/604.1"
95.187.88.144 - - [21/Mar/2021:19:21:33 +0800] "GET /wordpress/wp-content/uploads/elementor/css/global.css?ver=1604824073 HTTP/1.1" 200 804 "https://www.mydogh2o.com/" "Mozilla/5.0 (iPhone; CPU iPhone OS 14_4 like Mac OS X) AppleWebKit/605.1.15 (KHTML, like Gecko) Version/14.0.3 Mobile/15E148 Safari/604.1"
95.187.88.144 - - [21/Mar/2021:19:21:33 +0800] "GET /wordpress/wp-content/themes/vantage/style.css?ver=1.7.9 HTTP/1.1" 200 15006 "https://www.mydogh2o.com/" "Mozilla/5.0 (iPhone; CPU iPhone OS 14_4 like Mac OS X) AppleWebKit/605.1.15 (KHTML, like Gecko) Version/14.0.3 Mobile/15E148 Safari/604.1"
95.187.88.144 - - [21/Mar/2021:19:21:33 +0800] "GET /wordpress/wp-content/uploads/elementor/css/post-2.css?ver=1604825091 HTTP/1.1" 200 1084 "https://www.mydogh2o.com/" "Mozilla/5.0 (iPhone; CPU iPhone OS 14_4 like Mac OS X) AppleWebKit/605.1.15 (KHTML, like Gecko) Version/14.0.3 Mobile/15E148 Safari/604.1"
95.187.88.144 - - [21/Mar/2021:19:21:33 +0800] "GET /wordpress/wp-includes/js/jquery/jquery.js?ver=1.12.4 HTTP/1.1" 200 33776 "https://www.mydogh2o.com/" "Mozilla/5.0 (iPhone; CPU iPhone OS 14_4 like Mac OS X) AppleWebKit/605.1.15 (KHTML, like Gecko) Version/14.0.3 Mobile/15E148 Safari/604.1"
95.187.88.144 - - [21/Mar/2021:19:21:34 +0800] "GET /wordpress/wp-includes/js/jquery/jquery-migrate.min.js?ver=1.4.1 HTTP/1.1" 200 4014 "https://www.mydogh2o.com/" "Mozilla/5.0 (iPhone; CPU iPhone OS 14_4 like Mac OS X) AppleWebKit/605.1.15 (KHTML, like Gecko) Version/14.0.3 Mobile/15E148 Safari/604.1"
95.187.88.144 - - [21/Mar/2021:19:21:34 +0800] "GET /wordpress/wp-content/themes/vantage/js/jquery.flexslider.min.js?ver=2.1 HTTP/1.1" 200 6232 "https://www.mydogh2o.com/" "Mozilla/5.0 (iPhone; CPU iPhone OS 14_4 like Mac OS X) AppleWebKit/605.1.15 (KHTML, like Gecko) Version/14.0.3 Mobile/15E148 Safari/604.1"
95.187.88.144 - - [21/Mar/2021:19:21:34 +0800] "GET /wordpress/wp-content/themes/vantage/js/jquery.theme-main.min.js?ver=1.7.9 HTTP/1.1" 200 2510 "https://www.mydogh2o.com/" "Mozilla/5.0 (iPhone; CPU iPhone OS 14_4 like Mac OS X) AppleWebKit/605.1.15 (KHTML, like Gecko) Version/14.0.3 Mobile/15E148 Safari/604.1"
95.187.88.144 - - [21/Mar/2021:19:21:34 +0800] "GET /wordpress/wp-content/themes/vantage/js/jquery.fitvids.min.js?ver=1.0 HTTP/1.1" 200 797 "https://www.mydogh2o.com/" "Mozilla/5.0 (iPhone; CPU iPhone OS 14_4 like Mac OS X) AppleWebKit/605.1.15 (KHTML, like Gecko) Version/14.0.3 Mobile/15E148 Safari/604.1"
95.187.88.144 - - [21/Mar/2021:19:21:34 +0800] "GET /wordpress/wp-content/themes/vantage/js/jquery.touchSwipe.min.js?ver=1.6.6 HTTP/1.1" 200 3672 "https://www.mydogh2o.com/" "Mozilla/5.0 (iPhone; CPU iPhone OS 14_4 like Mac OS X) AppleWebKit/605.1.15 (KHTML, like Gecko) Version/14.0.3 Mobile/15E148 Safari/604.1"
95.187.88.144 - - [21/Mar/2021:19:21:34 +0800] "GET /wordpress/wp-includes/js/wp-embed.min.js?ver=5.0.11 HTTP/1.1" 200 753 "https://www.mydogh2o.com/" "Mozilla/5.0 (iPhone; CPU iPhone OS 14_4 like Mac OS X) AppleWebKit/605.1.15 (KHTML, like Gecko) Version/14.0.3 Mobile/15E148 Safari/604.1"
95.187.88.144 - - [21/Mar/2021:19:21:34 +0800] "GET /wordpress/wp-content/plugins/elementor/assets/js/frontend-modules.min.js?ver=3.0.13 HTTP/1.1" 200 18275 "https://www.mydogh2o.com/" "Mozilla/5.0 (iPhone; CPU iPhone OS 14_4 like Mac OS X) AppleWebKit/605.1.15 (KHTML, like Gecko) Version/14.0.3 Mobile/15E148 Safari/604.1"
95.187.88.144 - - [21/Mar/2021:19:21:34 +0800] "GET /wordpress/wp-includes/js/jquery/ui/position.min.js?ver=1.11.4 HTTP/1.1" 200 2562 "https://www.mydogh2o.com/" "Mozilla/5.0 (iPhone; CPU iPhone OS 14_4 like Mac OS X) AppleWebKit/605.1.15 (KHTML, like Gecko) Version/14.0.3 Mobile/15E148 Safari/604.1"
