| Current File : //var/venusli/access_log.20210325 |
173.252.87.24 - - [20/Mar/2021:04:01:24 +0800] "GET / HTTP/1.1" 302 186 "-" "facebookexternalhit/1.1 (+http://www.facebook.com/externalhit_uatext.php)"
173.252.87.24 - - [20/Mar/2021:04:01:26 +0800] "GET / HTTP/1.1" 206 15284 "-" "facebookexternalhit/1.1 (+http://www.facebook.com/externalhit_uatext.php)"
103.131.71.98 - - [20/Mar/2021:04:02:26 +0800] "GET /robots.txt HTTP/1.1" 200 79 "-" "Mozilla/5.0 (compatible; coccocbot-web/1.0; +http://help.coccoc.com/searchengine)"
203.124.10.177 - - [20/Mar/2021:04:21:08 +0800] "POST /wordpress/wp-cron.php?doing_wp_cron=1616185268.4639129638671875000000 HTTP/1.1" 200 20 "https://www.mydogh2o.com/wordpress/wp-cron.php?doing_wp_cron=1616185268.4639129638671875000000" "WordPress/5.0.11; https://www.mydogh2o.com"
74.208.136.135 - - [20/Mar/2021:04:21:07 +0800] "GET / HTTP/1.1" 200 92732 "-" "FreeWebMonitoring SiteChecker/0.2 (+https://www.freewebmonitoring.com/bot.html)"
74.208.136.135 - - [20/Mar/2021:04:43:45 +0800] "GET / HTTP/1.1" 200 92732 "-" "FreeWebMonitoring SiteChecker/0.2 (+https://www.freewebmonitoring.com/bot.html)"
66.249.71.56 - - [20/Mar/2021:05:16:32 +0800] "GET /wordpress/wp-content/uploads/elementor/css/post-420.css?ver=1604825534 HTTP/1.1" 200 1087 "https://www.mydogh2o.com/de/?lang=de" "Mozilla/5.0 (Linux; Android 6.0.1; Nexus 5X Build/MMB29P) AppleWebKit/537.36 (KHTML, like Gecko) Chrome/89.0.4389.93 Mobile Safari/537.36 (compatible; Googlebot/2.1; +http://www.google.com/bot.html)"
203.124.10.177 - - [20/Mar/2021:05:22:16 +0800] "POST /wordpress/wp-cron.php?doing_wp_cron=1616188935.8877069950103759765625 HTTP/1.1" 200 20 "https://www.mydogh2o.com/wordpress/wp-cron.php?doing_wp_cron=1616188935.8877069950103759765625" "WordPress/5.0.11; https://www.mydogh2o.com"
74.208.136.135 - - [20/Mar/2021:05:22:15 +0800] "GET / HTTP/1.1" 200 92732 "-" "FreeWebMonitoring SiteChecker/0.2 (+https://www.freewebmonitoring.com/bot.html)"
162.210.196.130 - - [20/Mar/2021:05:34:06 +0800] "GET /robots.txt HTTP/1.1" 200 87 "-" "Mozilla/5.0 (compatible; MJ12bot/v1.4.8; http://mj12bot.com/)"
162.210.196.130 - - [20/Mar/2021:05:34:14 +0800] "GET / HTTP/1.1" 302 186 "-" "Mozilla/5.0 (compatible; MJ12bot/v1.4.8; http://mj12bot.com/)"
162.210.196.130 - - [20/Mar/2021:05:34:17 +0800] "GET /robots.txt HTTP/1.1" 200 87 "-" "Mozilla/5.0 (compatible; MJ12bot/v1.4.8; http://mj12bot.com/)"
162.210.196.130 - - [20/Mar/2021:05:34:22 +0800] "GET / HTTP/1.1" 200 15284 "-" "Mozilla/5.0 (compatible; MJ12bot/v1.4.8; http://mj12bot.com/)"
162.210.196.130 - - [20/Mar/2021:05:34:27 +0800] "GET / HTTP/1.1" 200 15284 "-" "Mozilla/5.0 (compatible; MJ12bot/v1.4.8; http://mj12bot.com/)"
74.208.136.135 - - [20/Mar/2021:05:44:36 +0800] "GET / HTTP/1.1" 200 92732 "-" "FreeWebMonitoring SiteChecker/0.2 (+https://www.freewebmonitoring.com/bot.html)"
51.38.88.226 - - [20/Mar/2021:05:52:38 +0800] "GET / HTTP/1.1" 302 186 "-" "Mozilla/4.0 (compatible; MSIE 7.0; Windows NT 6.2; WOW64; Trident/7.0; .NET4.0E; .NET4.0C)"
51.38.88.226 - - [20/Mar/2021:05:52:40 +0800] "GET / HTTP/1.1" 200 15284 "-" "Mozilla/4.0 (compatible; MSIE 7.0; Windows NT 6.2; WOW64; Trident/7.0; .NET4.0E; .NET4.0C)"
203.124.10.177 - - [20/Mar/2021:06:23:32 +0800] "POST /wordpress/wp-cron.php?doing_wp_cron=1616192612.3797760009765625000000 HTTP/1.1" 200 20 "https://www.mydogh2o.com/wordpress/wp-cron.php?doing_wp_cron=1616192612.3797760009765625000000" "WordPress/5.0.11; https://www.mydogh2o.com"
74.208.136.135 - - [20/Mar/2021:06:23:31 +0800] "GET / HTTP/1.1" 200 92732 "-" "FreeWebMonitoring SiteChecker/0.2 (+https://www.freewebmonitoring.com/bot.html)"
74.208.136.135 - - [20/Mar/2021:06:46:12 +0800] "GET / HTTP/1.1" 200 92732 "-" "FreeWebMonitoring SiteChecker/0.2 (+https://www.freewebmonitoring.com/bot.html)"
35.190.182.251 - - [20/Mar/2021:06:50:21 +0800] "GET /robots.txt HTTP/1.0" 200 79 "-" "ZoominfoBot (zoominfobot at zoominfo dot com)"
35.190.182.251 - - [20/Mar/2021:06:50:23 +0800] "GET / HTTP/1.0" 302 186 "-" "ZoominfoBot (zoominfobot at zoominfo dot com)"
66.249.71.74 - - [20/Mar/2021:06:56:41 +0800] "GET /wordpress/wp-content/plugins/elementor/assets/css/frontend-legacy.min.css?ver=3.0.13 HTTP/1.1" 200 536 "https://www.mydogh2o.com/" "Mozilla/5.0 AppleWebKit/537.36 (KHTML, like Gecko; compatible; Googlebot/2.1; +http://www.google.com/bot.html) Chrome/89.0.4389.93 Safari/537.36"
66.249.71.76 - - [20/Mar/2021:06:56:41 +0800] "GET /wordpress/wp-includes/js/wp-embed.min.js?ver=5.0.11 HTTP/1.1" 200 753 "https://www.mydogh2o.com/" "Mozilla/5.0 AppleWebKit/537.36 (KHTML, like Gecko; compatible; Googlebot/2.1; +http://www.google.com/bot.html) Chrome/89.0.4389.93 Safari/537.36"
66.249.71.56 - - [20/Mar/2021:06:56:42 +0800] "GET /wordpress/wp-content/plugins/elementor/assets/lib/waypoints/waypoints.min.js?ver=4.0.2 HTTP/1.1" 200 2993 "https://www.mydogh2o.com/" "Mozilla/5.0 AppleWebKit/537.36 (KHTML, like Gecko; compatible; Googlebot/2.1; +http://www.google.com/bot.html) Chrome/89.0.4389.93 Safari/537.36"
20.52.181.19 - - [20/Mar/2021:07:05:30 +0800] "GET / HTTP/1.1" 302 186 "-" "python-requests/2.25.1"
35.190.182.251 - - [20/Mar/2021:07:05:47 +0800] "GET /robots.txt HTTP/1.0" 200 79 "-" "ZoominfoBot (zoominfobot at zoominfo dot com)"
35.190.182.251 - - [20/Mar/2021:07:05:47 +0800] "GET / HTTP/1.0" 302 186 "-" "ZoominfoBot (zoominfobot at zoominfo dot com)"
35.190.182.251 - - [20/Mar/2021:07:05:48 +0800] "GET /robots.txt HTTP/1.0" 200 79 "-" "ZoominfoBot (zoominfobot at zoominfo dot com)"
35.190.182.251 - - [20/Mar/2021:07:05:50 +0800] "GET / HTTP/1.0" 200 15284 "-" "ZoominfoBot (zoominfobot at zoominfo dot com)"
20.52.181.19 - - [20/Mar/2021:07:05:51 +0800] "GET / HTTP/1.1" 200 15284 "-" "python-requests/2.25.1"
203.124.10.177 - - [20/Mar/2021:07:08:14 +0800] "POST /wordpress/wp-cron.php?doing_wp_cron=1616195293.8427500724792480468750 HTTP/1.1" 200 20 "https://www.mydogh2o.com/wordpress/wp-cron.php?doing_wp_cron=1616195293.8427500724792480468750" "WordPress/5.0.11; https://www.mydogh2o.com"
68.66.226.81 - - [20/Mar/2021:07:08:13 +0800] "GET /OLD/wp-admin/ HTTP/1.1" 404 14165 "http://mydogh2o.com/" "Mozilla/5.0 (Windows NT 10.0; Win64; x64) AppleWebKit/537.36 (KHTML, like Gecko) Chrome/78.0.3904.97 Safari/537.36"
142.4.215.41 - - [20/Mar/2021:07:08:23 +0800] "POST /wordpress/wp-login.php HTTP/1.1" 200 1488 "-" "Mozilla/5.0 (Windows; U; Windows NT 5.1; en-US) AppleWebKit/533.4 (KHTML, like Gecko) Chrome/5.0.375.99 Safari/533.4"
173.252.83.11 - - [20/Mar/2021:07:18:31 +0800] "GET /wordpress/wp-content/uploads/2018/09/header-left.png HTTP/1.1" 200 134458 "-" "cortex/1.0"
173.252.83.12 - - [20/Mar/2021:07:18:32 +0800] "GET / HTTP/1.1" 206 15284 "-" "facebookexternalhit/1.1 (+http://www.facebook.com/externalhit_uatext.php)"
173.252.83.118 - - [20/Mar/2021:07:18:32 +0800] "GET / HTTP/1.1" 206 15284 "-" "facebookexternalhit/1.1 (+http://www.facebook.com/externalhit_uatext.php)"
173.252.83.19 - - [20/Mar/2021:07:18:36 +0800] "GET /wordpress/wp-content/uploads/2018/09/header-left.png HTTP/1.1" 200 134458 "-" "facebookexternalhit/1.1 (+http://www.facebook.com/externalhit_uatext.php)"
74.208.136.135 - - [20/Mar/2021:07:24:47 +0800] "GET / HTTP/1.1" 200 92732 "-" "FreeWebMonitoring SiteChecker/0.2 (+https://www.freewebmonitoring.com/bot.html)"
223.247.154.173 - - [20/Mar/2021:07:31:54 +0800] "GET /css/album.css HTTP/1.1" 404 4292 "-" "Mozilla/5.0 (Windows NT 10.0; WOW64; rv:48.0) Gecko/20100101 Firefox/48.0"
223.247.154.173 - - [20/Mar/2021:07:31:54 +0800] "GET /e/data/js/ajax.js HTTP/1.1" 404 4292 "-" "Mozilla/5.0 (Windows NT 10.0; WOW64; rv:48.0) Gecko/20100101 Firefox/48.0"
223.247.154.173 - - [20/Mar/2021:07:31:54 +0800] "GET /data/admin/allowurl.txt HTTP/1.1" 404 4292 "-" "Mozilla/5.0 (Windows NT 10.0; WOW64; rv:48.0) Gecko/20100101 Firefox/48.0"
66.249.71.58 - - [20/Mar/2021:07:33:08 +0800] "GET / HTTP/1.1" 200 15296 "-" "Mozilla/5.0 (Linux; Android 6.0.1; Nexus 5X Build/MMB29P) AppleWebKit/537.36 (KHTML, like Gecko) Chrome/89.0.4389.95 Mobile Safari/537.36 (compatible; Googlebot/2.1; +http://www.google.com/bot.html)"
66.249.71.140 - - [20/Mar/2021:07:35:06 +0800] "GET /robots.txt HTTP/1.1" 200 79 "-" "Mozilla/5.0 (compatible; Googlebot/2.1; +http://www.google.com/bot.html)"
66.249.71.123 - - [20/Mar/2021:07:35:07 +0800] "GET /ads.txt HTTP/1.1" 404 4292 "-" "Mozilla/5.0 (compatible; Googlebot/2.1; +http://www.google.com/bot.html)"
66.249.71.136 - - [20/Mar/2021:07:35:12 +0800] "GET /ads.txt HTTP/1.1" 404 4292 "-" "Mozilla/5.0 (compatible; Googlebot/2.1; +http://www.google.com/bot.html)"
74.208.136.135 - - [20/Mar/2021:07:47:26 +0800] "GET / HTTP/1.1" 200 92732 "-" "FreeWebMonitoring SiteChecker/0.2 (+https://www.freewebmonitoring.com/bot.html)"
66.249.71.122 - - [20/Mar/2021:07:55:51 +0800] "GET /wordpress/wp-content/plugins/elementor/assets/lib/swiper/swiper.min.js?ver=5.3.6 HTTP/1.1" 200 35491 "https://www.mydogh2o.com/" "Mozilla/5.0 (Linux; Android 6.0.1; Nexus 5X Build/MMB29P) AppleWebKit/537.36 (KHTML, like Gecko) Chrome/89.0.4389.93 Mobile Safari/537.36 (compatible; Googlebot/2.1; +http://www.google.com/bot.html)"
66.249.71.122 - - [20/Mar/2021:07:55:52 +0800] "GET /wordpress/wp-content/plugins/elementor/assets/js/frontend.min.js?ver=3.0.13 HTTP/1.1" 200 31698 "https://www.mydogh2o.com/" "Mozilla/5.0 (Linux; Android 6.0.1; Nexus 5X Build/MMB29P) AppleWebKit/537.36 (KHTML, like Gecko) Chrome/89.0.4389.93 Mobile Safari/537.36 (compatible; Googlebot/2.1; +http://www.google.com/bot.html)"
188.239.119.120 - - [20/Mar/2021:08:07:38 +0800] "GET /__media__/js/netsoltrademark.php?d=zxcvbn.zxc HTTP/1.1" 404 4296 "-" "Mozilla/5.0 (Windows NT 10.0; Win64; x64) AppleWebKit/537.36 (KHTML, like Gecko) Chrome/89.0.4389.82 Safari/537.36"
120.92.72.185 - - [20/Mar/2021:08:17:14 +0800] "GET / HTTP/1.1" 302 186 "-" "Mozilla/5.0 (Windows NT 10.0; Win64; x64) AppleWebKit/537.36 (KHTML, like Gecko) Chrome/46.0.2486.0 Safari/537.36 Edge/13.10586"
203.124.10.177 - - [20/Mar/2021:08:17:18 +0800] "POST /wordpress/wp-cron.php?doing_wp_cron=1616199438.2936539649963378906250 HTTP/1.1" 200 20 "https://www.mydogh2o.com/wordpress/wp-cron.php?doing_wp_cron=1616199438.2936539649963378906250" "WordPress/5.0.11; https://www.mydogh2o.com"
120.92.72.50 - - [20/Mar/2021:08:17:17 +0800] "GET / HTTP/1.1" 200 15284 "-" "Mozilla/5.0 (Windows NT 10.0; Win64; x64) AppleWebKit/537.36 (KHTML, like Gecko) Chrome/46.0.2486.0 Safari/537.36 Edge/13.10586"
120.92.72.170 - - [20/Mar/2021:08:17:22 +0800] "GET /wordpress/wp-includes/js/jquery/jquery-migrate.min.js?ver=1.4.1 HTTP/1.1" 200 4014 "https://www.mydogh2o.com" "Mozilla/5.0 (Windows NT 10.0; Win64; x64) AppleWebKit/537.36 (KHTML, like Gecko) Chrome/46.0.2486.0 Safari/537.36 Edge/13.10586"
120.92.72.149 - - [20/Mar/2021:08:17:23 +0800] "GET /wordpress/wp-content/themes/vantage/js/jquery.flexslider.min.js?ver=2.1 HTTP/1.1" 200 6232 "https://www.mydogh2o.com" "Mozilla/5.0 (Windows NT 10.0; Win64; x64) AppleWebKit/537.36 (KHTML, like Gecko) Chrome/46.0.2486.0 Safari/537.36 Edge/13.10586"
120.92.72.246 - - [20/Mar/2021:08:17:23 +0800] "GET /wordpress/wp-content/themes/vantage/js/jquery.touchSwipe.min.js?ver=1.6.6 HTTP/1.1" 200 3672 "https://www.mydogh2o.com" "Mozilla/5.0 (Windows NT 10.0; Win64; x64) AppleWebKit/537.36 (KHTML, like Gecko) Chrome/46.0.2486.0 Safari/537.36 Edge/13.10586"
120.92.72.144 - - [20/Mar/2021:08:17:23 +0800] "GET /wordpress/wp-content/themes/vantage/js/jquery.theme-main.min.js?ver=1.7.9 HTTP/1.1" 200 2510 "https://www.mydogh2o.com" "Mozilla/5.0 (Windows NT 10.0; Win64; x64) AppleWebKit/537.36 (KHTML, like Gecko) Chrome/46.0.2486.0 Safari/537.36 Edge/13.10586"
120.92.72.199 - - [20/Mar/2021:08:17:23 +0800] "GET /wordpress/wp-includes/js/jquery/ui/position.min.js?ver=1.11.4 HTTP/1.1" 200 2562 "https://www.mydogh2o.com" "Mozilla/5.0 (Windows NT 10.0; Win64; x64) AppleWebKit/537.36 (KHTML, like Gecko) Chrome/46.0.2486.0 Safari/537.36 Edge/13.10586"
120.92.72.149 - - [20/Mar/2021:08:17:26 +0800] "GET /wordpress/wp-includes/js/wp-emoji-release.min.js?ver=5.0.11 HTTP/1.1" 200 4382 "https://www.mydogh2o.com" "Mozilla/5.0 (Windows NT 10.0; Win64; x64) AppleWebKit/537.36 (KHTML, like Gecko) Chrome/46.0.2486.0 Safari/537.36 Edge/13.10586"
120.92.72.106 - - [20/Mar/2021:08:17:26 +0800] "GET /wordpress/wp-content/plugins/elementor/assets/ HTTP/1.1" 200 253 "https://www.mydogh2o.com" "Mozilla/5.0 (Windows NT 10.0; Win64; x64) AppleWebKit/537.36 (KHTML, like Gecko) Chrome/46.0.2486.0 Safari/537.36 Edge/13.10586"
120.92.72.144 - - [20/Mar/2021:08:17:26 +0800] "GET /wordpress/wp-content/themes/vantage/js/jquery.fitvids.min.js?ver=1.0 HTTP/1.1" 200 797 "https://www.mydogh2o.com" "Mozilla/5.0 (Windows NT 10.0; Win64; x64) AppleWebKit/537.36 (KHTML, like Gecko) Chrome/46.0.2486.0 Safari/537.36 Edge/13.10586"
120.92.72.170 - - [20/Mar/2021:08:17:32 +0800] "GET /wordpress/wp-includes/js/jquery/jquery.js?ver=1.12.4 HTTP/1.1" 200 33776 "https://www.mydogh2o.com" "Mozilla/5.0 (Windows NT 10.0; Win64; x64) AppleWebKit/537.36 (KHTML, like Gecko) Chrome/46.0.2486.0 Safari/537.36 Edge/13.10586"
74.208.136.135 - - [20/Mar/2021:08:25:32 +0800] "GET / HTTP/1.1" 200 92732 "-" "FreeWebMonitoring SiteChecker/0.2 (+https://www.freewebmonitoring.com/bot.html)"
74.208.136.135 - - [20/Mar/2021:08:48:25 +0800] "GET / HTTP/1.1" 200 92732 "-" "FreeWebMonitoring SiteChecker/0.2 (+https://www.freewebmonitoring.com/bot.html)"
203.124.10.177 - - [20/Mar/2021:09:18:14 +0800] "POST /wordpress/wp-cron.php?doing_wp_cron=1616203094.4663219451904296875000 HTTP/1.1" 200 20 "https://www.mydogh2o.com/wordpress/wp-cron.php?doing_wp_cron=1616203094.4663219451904296875000" "WordPress/5.0.11; https://www.mydogh2o.com"
114.119.153.191 - - [20/Mar/2021:09:18:13 +0800] "GET /de HTTP/1.1" 301 20 "-" "Mozilla/5.0 (Linux; Android 7.0;) AppleWebKit/537.36 (KHTML, like Gecko) Mobile Safari/537.36 (compatible; PetalBot;+https://aspiegel.com/petalbot)"
114.119.153.191 - - [20/Mar/2021:09:18:15 +0800] "GET /de/ HTTP/1.1" 200 16072 "-" "Mozilla/5.0 (Linux; Android 7.0;) AppleWebKit/537.36 (KHTML, like Gecko) Mobile Safari/537.36 (compatible; PetalBot;+https://aspiegel.com/petalbot)"
74.208.136.135 - - [20/Mar/2021:09:25:57 +0800] "GET / HTTP/1.1" 200 92732 "-" "FreeWebMonitoring SiteChecker/0.2 (+https://www.freewebmonitoring.com/bot.html)"
203.124.10.177 - - [20/Mar/2021:09:25:58 +0800] "POST /wordpress/wp-cron.php?doing_wp_cron=1616203558.5243101119995117187500 HTTP/1.1" 200 20 "https://www.mydogh2o.com/wordpress/wp-cron.php?doing_wp_cron=1616203558.5243101119995117187500" "WordPress/5.0.11; https://www.mydogh2o.com"
212.108.140.133 - - [20/Mar/2021:09:30:56 +0800] "GET / HTTP/1.1" 302 186 "-" "Mozilla/4.0 (compatible; MSIE 7.0; Windows NT 6.2; WOW64; Trident/7.0; .NET4.0E; .NET4.0C)"
203.124.10.177 - - [20/Mar/2021:09:31:00 +0800] "POST /wordpress/wp-cron.php?doing_wp_cron=1616203860.0656590461730957031250 HTTP/1.1" 200 20 "https://www.mydogh2o.com/wordpress/wp-cron.php?doing_wp_cron=1616203860.0656590461730957031250" "WordPress/5.0.11; https://www.mydogh2o.com"
212.108.140.133 - - [20/Mar/2021:09:30:59 +0800] "GET / HTTP/1.1" 200 15284 "-" "Mozilla/4.0 (compatible; MSIE 7.0; Windows NT 6.2; WOW64; Trident/7.0; .NET4.0E; .NET4.0C)"
111.202.101.106 - - [20/Mar/2021:09:39:25 +0800] "GET / HTTP/1.1" 302 186 "-" "Sogou web spider/4.0(+http://www.sogou.com/docs/help/webmasters.htm#07)"
114.119.154.253 - - [20/Mar/2021:09:43:33 +0800] "GET /robots.txt HTTP/1.1" 200 79 "-" "(compatible;PetalBot;+https://aspiegel.com/petalbot)"
123.183.224.94 - - [20/Mar/2021:09:43:59 +0800] "GET / HTTP/1.1" 302 186 "-" "Sogou web spider/4.0(+http://www.sogou.com/docs/help/webmasters.htm#07)"
49.7.21.122 - - [20/Mar/2021:09:48:02 +0800] "GET / HTTP/1.1" 200 15284 "-" "Sogou web spider/4.0(+http://www.sogou.com/docs/help/webmasters.htm#07)"
74.208.136.135 - - [20/Mar/2021:09:49:07 +0800] "GET / HTTP/1.1" 200 92732 "-" "FreeWebMonitoring SiteChecker/0.2 (+https://www.freewebmonitoring.com/bot.html)"
123.183.224.94 - - [20/Mar/2021:09:56:46 +0800] "GET / HTTP/1.1" 200 15284 "-" "Sogou web spider/4.0(+http://www.sogou.com/docs/help/webmasters.htm#07)"
73.141.77.165 - - [20/Mar/2021:10:18:39 +0800] "GET / HTTP/1.1" 302 186 "-" "Mozilla/4.0 (compatible; MSIE 7.0; Windows NT 6.2; WOW64; Trident/7.0; .NET4.0E; .NET4.0C)"
203.124.10.177 - - [20/Mar/2021:10:18:41 +0800] "POST /wordpress/wp-cron.php?doing_wp_cron=1616206721.5868580341339111328125 HTTP/1.1" 200 20 "https://www.mydogh2o.com/wordpress/wp-cron.php?doing_wp_cron=1616206721.5868580341339111328125" "WordPress/5.0.11; https://www.mydogh2o.com"
73.141.77.165 - - [20/Mar/2021:10:18:40 +0800] "GET / HTTP/1.1" 200 15284 "-" "Mozilla/4.0 (compatible; MSIE 7.0; Windows NT 6.2; WOW64; Trident/7.0; .NET4.0E; .NET4.0C)"
74.208.136.135 - - [20/Mar/2021:10:26:42 +0800] "GET / HTTP/1.1" 200 92732 "-" "FreeWebMonitoring SiteChecker/0.2 (+https://www.freewebmonitoring.com/bot.html)"
49.7.21.122 - - [20/Mar/2021:10:29:41 +0800] "GET / HTTP/1.1" 302 186 "-" "Sogou web spider/4.0(+http://www.sogou.com/docs/help/webmasters.htm#07)"
49.7.21.122 - - [20/Mar/2021:10:29:41 +0800] "GET / HTTP/1.1" 200 15284 "-" "Sogou web spider/4.0(+http://www.sogou.com/docs/help/webmasters.htm#07)"
24.15.36.128 - - [20/Mar/2021:10:38:42 +0800] "GET / HTTP/1.1" 200 15296 "https://www.google.com/" "Mozilla/5.0 (Linux; Android 11; Pixel 4a) AppleWebKit/537.36 (KHTML, like Gecko) Chrome/89.0.4389.90 Mobile Safari/537.36"
24.15.36.128 - - [20/Mar/2021:10:38:44 +0800] "GET /wordpress/wp-includes/css/dist/block-library/style.min.css?ver=5.0.11 HTTP/1.1" 200 4302 "https://www.mydogh2o.com/" "Mozilla/5.0 (Linux; Android 11; Pixel 4a) AppleWebKit/537.36 (KHTML, like Gecko) Chrome/89.0.4389.90 Mobile Safari/537.36"
24.15.36.128 - - [20/Mar/2021:10:38:44 +0800] "GET /wordpress/wp-content/themes/vantage/style.css?ver=1.7.9 HTTP/1.1" 200 15006 "https://www.mydogh2o.com/" "Mozilla/5.0 (Linux; Android 11; Pixel 4a) AppleWebKit/537.36 (KHTML, like Gecko) Chrome/89.0.4389.90 Mobile Safari/537.36"
24.15.36.128 - - [20/Mar/2021:10:38:44 +0800] "GET /wordpress/wp-content/plugins/elementor/assets/lib/font-awesome/css/font-awesome.min.css?ver=4.7.0 HTTP/1.1" 200 7052 "https://www.mydogh2o.com/" "Mozilla/5.0 (Linux; Android 11; Pixel 4a) AppleWebKit/537.36 (KHTML, like Gecko) Chrome/89.0.4389.90 Mobile Safari/537.36"
24.15.36.128 - - [20/Mar/2021:10:38:44 +0800] "GET /wordpress/wp-content/plugins/elementor/assets/lib/eicons/css/elementor-icons.min.css?ver=5.9.1 HTTP/1.1" 200 3478 "https://www.mydogh2o.com/" "Mozilla/5.0 (Linux; Android 11; Pixel 4a) AppleWebKit/537.36 (KHTML, like Gecko) Chrome/89.0.4389.90 Mobile Safari/537.36"
24.15.36.128 - - [20/Mar/2021:10:38:44 +0800] "GET /wordpress/wp-content/uploads/elementor/css/post-683.css?ver=1604823916 HTTP/1.1" 200 372 "https://www.mydogh2o.com/" "Mozilla/5.0 (Linux; Android 11; Pixel 4a) AppleWebKit/537.36 (KHTML, like Gecko) Chrome/89.0.4389.90 Mobile Safari/537.36"
24.15.36.128 - - [20/Mar/2021:10:38:44 +0800] "GET /wordpress/wp-content/plugins/elementor/assets/lib/animations/animations.min.css?ver=3.0.13 HTTP/1.1" 200 2592 "https://www.mydogh2o.com/" "Mozilla/5.0 (Linux; Android 11; Pixel 4a) AppleWebKit/537.36 (KHTML, like Gecko) Chrome/89.0.4389.90 Mobile Safari/537.36"
24.15.36.128 - - [20/Mar/2021:10:38:44 +0800] "GET /wordpress/wp-content/plugins/elementor/assets/css/frontend-legacy.min.css?ver=3.0.13 HTTP/1.1" 200 536 "https://www.mydogh2o.com/" "Mozilla/5.0 (Linux; Android 11; Pixel 4a) AppleWebKit/537.36 (KHTML, like Gecko) Chrome/89.0.4389.90 Mobile Safari/537.36"
24.15.36.128 - - [20/Mar/2021:10:38:44 +0800] "GET /wordpress/wp-content/plugins/elementor/assets/css/frontend.min.css?ver=3.0.13 HTTP/1.1" 200 15888 "https://www.mydogh2o.com/" "Mozilla/5.0 (Linux; Android 11; Pixel 4a) AppleWebKit/537.36 (KHTML, like Gecko) Chrome/89.0.4389.90 Mobile Safari/537.36"
24.15.36.128 - - [20/Mar/2021:10:38:44 +0800] "GET /wordpress/wp-content/uploads/elementor/css/global.css?ver=1604824073 HTTP/1.1" 200 804 "https://www.mydogh2o.com/" "Mozilla/5.0 (Linux; Android 11; Pixel 4a) AppleWebKit/537.36 (KHTML, like Gecko) Chrome/89.0.4389.90 Mobile Safari/537.36"
24.15.36.128 - - [20/Mar/2021:10:38:44 +0800] "GET /wordpress/wp-content/uploads/elementor/css/post-2.css?ver=1604825091 HTTP/1.1" 200 1084 "https://www.mydogh2o.com/" "Mozilla/5.0 (Linux; Android 11; Pixel 4a) AppleWebKit/537.36 (KHTML, like Gecko) Chrome/89.0.4389.90 Mobile Safari/537.36"
24.15.36.128 - - [20/Mar/2021:10:38:44 +0800] "GET /wordpress/wp-includes/js/jquery/jquery-migrate.min.js?ver=1.4.1 HTTP/1.1" 200 4014 "https://www.mydogh2o.com/" "Mozilla/5.0 (Linux; Android 11; Pixel 4a) AppleWebKit/537.36 (KHTML, like Gecko) Chrome/89.0.4389.90 Mobile Safari/537.36"
24.15.36.128 - - [20/Mar/2021:10:38:44 +0800] "GET /wordpress/wp-includes/js/jquery/jquery.js?ver=1.12.4 HTTP/1.1" 200 33776 "https://www.mydogh2o.com/" "Mozilla/5.0 (Linux; Android 11; Pixel 4a) AppleWebKit/537.36 (KHTML, like Gecko) Chrome/89.0.4389.90 Mobile Safari/537.36"
24.15.36.128 - - [20/Mar/2021:10:38:44 +0800] "GET /wordpress/wp-content/themes/vantage/js/jquery.flexslider.min.js?ver=2.1 HTTP/1.1" 200 6232 "https://www.mydogh2o.com/" "Mozilla/5.0 (Linux; Android 11; Pixel 4a) AppleWebKit/537.36 (KHTML, like Gecko) Chrome/89.0.4389.90 Mobile Safari/537.36"
24.15.36.128 - - [20/Mar/2021:10:38:44 +0800] "GET /wordpress/wp-content/themes/vantage/js/jquery.touchSwipe.min.js?ver=1.6.6 HTTP/1.1" 200 3672 "https://www.mydogh2o.com/" "Mozilla/5.0 (Linux; Android 11; Pixel 4a) AppleWebKit/537.36 (KHTML, like Gecko) Chrome/89.0.4389.90 Mobile Safari/537.36"
24.15.36.128 - - [20/Mar/2021:10:38:44 +0800] "GET /wordpress/wp-content/themes/vantage/js/jquery.theme-main.min.js?ver=1.7.9 HTTP/1.1" 200 2510 "https://www.mydogh2o.com/" "Mozilla/5.0 (Linux; Android 11; Pixel 4a) AppleWebKit/537.36 (KHTML, like Gecko) Chrome/89.0.4389.90 Mobile Safari/537.36"
24.15.36.128 - - [20/Mar/2021:10:38:45 +0800] "GET /wordpress/wp-content/themes/vantage/js/jquery.fitvids.min.js?ver=1.0 HTTP/1.1" 200 797 "https://www.mydogh2o.com/" "Mozilla/5.0 (Linux; Android 11; Pixel 4a) AppleWebKit/537.36 (KHTML, like Gecko) Chrome/89.0.4389.90 Mobile Safari/537.36"
24.15.36.128 - - [20/Mar/2021:10:38:45 +0800] "GET /wordpress/wp-includes/js/wp-embed.min.js?ver=5.0.11 HTTP/1.1" 200 753 "https://www.mydogh2o.com/" "Mozilla/5.0 (Linux; Android 11; Pixel 4a) AppleWebKit/537.36 (KHTML, like Gecko) Chrome/89.0.4389.90 Mobile Safari/537.36"
24.15.36.128 - - [20/Mar/2021:10:38:45 +0800] "GET /wordpress/wp-content/plugins/elementor/assets/js/frontend-modules.min.js?ver=3.0.13 HTTP/1.1" 200 18275 "https://www.mydogh2o.com/" "Mozilla/5.0 (Linux; Android 11; Pixel 4a) AppleWebKit/537.36 (KHTML, like Gecko) Chrome/89.0.4389.90 Mobile Safari/537.36"
24.15.36.128 - - [20/Mar/2021:10:38:45 +0800] "GET /wordpress/wp-content/plugins/elementor/assets/lib/dialog/dialog.min.js?ver=4.8.1 HTTP/1.1" 200 3510 "https://www.mydogh2o.com/" "Mozilla/5.0 (Linux; Android 11; Pixel 4a) AppleWebKit/537.36 (KHTML, like Gecko) Chrome/89.0.4389.90 Mobile Safari/537.36"
24.15.36.128 - - [20/Mar/2021:10:38:45 +0800] "GET /wordpress/wp-includes/js/jquery/ui/position.min.js?ver=1.11.4 HTTP/1.1" 200 2562 "https://www.mydogh2o.com/" "Mozilla/5.0 (Linux; Android 11; Pixel 4a) AppleWebKit/537.36 (KHTML, like Gecko) Chrome/89.0.4389.90 Mobile Safari/537.36"
24.15.36.128 - - [20/Mar/2021:10:38:45 +0800] "GET /wordpress/wp-content/plugins/elementor/assets/lib/waypoints/waypoints.min.js?ver=4.0.2 HTTP/1.1" 200 2993 "https://www.mydogh2o.com/" "Mozilla/5.0 (Linux; Android 11; Pixel 4a) AppleWebKit/537.36 (KHTML, like Gecko) Chrome/89.0.4389.90 Mobile Safari/537.36"
24.15.36.128 - - [20/Mar/2021:10:38:45 +0800] "GET /wordpress/wp-content/plugins/elementor/assets/lib/swiper/swiper.min.js?ver=5.3.6 HTTP/1.1" 200 35491 "https://www.mydogh2o.com/" "Mozilla/5.0 (Linux; Android 11; Pixel 4a) AppleWebKit/537.36 (KHTML, like Gecko) Chrome/89.0.4389.90 Mobile Safari/537.36"
24.15.36.128 - - [20/Mar/2021:10:38:45 +0800] "GET /wordpress/wp-content/plugins/elementor/assets/lib/share-link/share-link.min.js?ver=3.0.13 HTTP/1.1" 200 1099 "https://www.mydogh2o.com/" "Mozilla/5.0 (Linux; Android 11; Pixel 4a) AppleWebKit/537.36 (KHTML, like Gecko) Chrome/89.0.4389.90 Mobile Safari/537.36"
24.15.36.128 - - [20/Mar/2021:10:38:45 +0800] "GET /wordpress/wp-content/plugins/elementor/assets/js/frontend.min.js?ver=3.0.13 HTTP/1.1" 200 31698 "https://www.mydogh2o.com/" "Mozilla/5.0 (Linux; Android 11; Pixel 4a) AppleWebKit/537.36 (KHTML, like Gecko) Chrome/89.0.4389.90 Mobile Safari/537.36"
95.67.55.192 - - [20/Mar/2021:10:40:45 +0800] "GET / HTTP/1.1" 302 186 "-" "Mozilla/5.0 (X11; Ubuntu; Linux x86_64; rv:62.0) Gecko/20100101 Firefox/62.0"
95.67.55.192 - - [20/Mar/2021:10:40:46 +0800] "GET / HTTP/1.1" 200 15284 "http://mydogh2o.com/" "Mozilla/5.0 (X11; Ubuntu; Linux x86_64; rv:62.0) Gecko/20100101 Firefox/62.0"
123.183.224.94 - - [20/Mar/2021:10:47:30 +0800] "GET / HTTP/1.1" 302 186 "-" "Sogou web spider/4.0(+http://www.sogou.com/docs/help/webmasters.htm#07)"
74.208.136.135 - - [20/Mar/2021:10:50:31 +0800] "GET / HTTP/1.1" 200 92732 "-" "FreeWebMonitoring SiteChecker/0.2 (+https://www.freewebmonitoring.com/bot.html)"
106.38.241.163 - - [20/Mar/2021:10:51:13 +0800] "GET / HTTP/1.1" 200 15284 "-" "Sogou web spider/4.0(+http://www.sogou.com/docs/help/webmasters.htm#07)"
49.7.21.122 - - [20/Mar/2021:10:51:36 +0800] "GET / HTTP/1.1" 302 186 "-" "Sogou web spider/4.0(+http://www.sogou.com/docs/help/webmasters.htm#07)"
123.183.224.94 - - [20/Mar/2021:10:54:52 +0800] "GET / HTTP/1.1" 200 15284 "-" "Sogou web spider/4.0(+http://www.sogou.com/docs/help/webmasters.htm#07)"
49.7.21.122 - - [20/Mar/2021:10:58:13 +0800] "GET / HTTP/1.1" 200 15284 "-" "Sogou web spider/4.0(+http://www.sogou.com/docs/help/webmasters.htm#07)"
34.77.162.28 - - [20/Mar/2021:11:18:11 +0800] "GET / HTTP/1.1" 302 208 "-" "Expanse indexes the network perimeters of our customers. If you have any questions or concerns, please reach out to: scaninfo@expanseinc.com"
69.12.66.210 - - [20/Mar/2021:11:25:32 +0800] "POST /wordpress/wp-login.php HTTP/1.1" 200 1488 "-" "Mozilla/5.0 (Windows NT 10.0; Win64; x64) AppleWebKit/537.36 (KHTML, like Gecko) Chrome/78.0.3904.70 Safari/537.36"
203.124.10.177 - - [20/Mar/2021:11:25:33 +0800] "POST /wordpress/wp-cron.php?doing_wp_cron=1616210733.2339200973510742187500 HTTP/1.1" 200 20 "https://www.mydogh2o.com/wordpress/wp-cron.php?doing_wp_cron=1616210733.2339200973510742187500" "WordPress/5.0.11; https://www.mydogh2o.com"
138.246.253.24 - - [20/Mar/2021:11:26:46 +0800] "HEAD / HTTP/1.1" 301 - "-" "Mozilla/5.0 (Windows NT 10.0; Win64; x64) AppleWebKit/537.36 (KHTML, like Gecko) Chrome/88.0.4324.146 Safari/537.36"
34.106.63.153 - - [20/Mar/2021:11:26:56 +0800] "GET / HTTP/1.1" 302 208 "-" "Mozilla/5.0 (Windows NT 10.0; Win64; x64) AppleWebKit/537.36 (KHTML, like Gecko) Chrome/63.0.3239.132 Safari/537.36"
74.208.136.135 - - [20/Mar/2021:11:27:20 +0800] "GET / HTTP/1.1" 200 92732 "-" "FreeWebMonitoring SiteChecker/0.2 (+https://www.freewebmonitoring.com/bot.html)"
62.210.143.10 - - [20/Mar/2021:11:29:10 +0800] "GET /robots.txt HTTP/1.1" 200 79 "-" "Mozilla/5.0 (compatible; Barkrowler/0.9; +https://babbar.tech/crawler)"
62.210.143.10 - - [20/Mar/2021:11:29:24 +0800] "GET /robots.txt HTTP/1.1" 200 79 "-" "Mozilla/5.0 (compatible; Barkrowler/0.9; +https://babbar.tech/crawler)"
62.210.143.10 - - [20/Mar/2021:11:29:43 +0800] "GET /robots.txt HTTP/1.1" 200 79 "-" "Mozilla/5.0 (compatible; Barkrowler/0.9; +https://babbar.tech/crawler)"
62.210.143.10 - - [20/Mar/2021:11:29:57 +0800] "GET / HTTP/1.1" 302 186 "-" "Mozilla/5.0 (compatible; Barkrowler/0.9; +https://babbar.tech/crawler)"
62.210.143.10 - - [20/Mar/2021:11:30:12 +0800] "GET / HTTP/1.1" 302 186 "-" "Mozilla/5.0 (compatible; Barkrowler/0.9; +https://babbar.tech/crawler)"
203.124.10.177 - - [20/Mar/2021:11:30:28 +0800] "POST /wordpress/wp-cron.php?doing_wp_cron=1616211028.0359408855438232421875 HTTP/1.1" 200 20 "https://www.mydogh2o.com/wordpress/wp-cron.php?doing_wp_cron=1616211028.0359408855438232421875" "WordPress/5.0.11; https://www.mydogh2o.com"
62.210.143.10 - - [20/Mar/2021:11:30:27 +0800] "GET /fr/?lang=fr HTTP/1.1" 200 16029 "-" "Mozilla/5.0 (compatible; Barkrowler/0.9; +https://babbar.tech/crawler)"
62.210.143.10 - - [20/Mar/2021:11:30:56 +0800] "GET /fr/ HTTP/1.1" 301 20 "-" "Mozilla/5.0 (compatible; Barkrowler/0.9; +https://babbar.tech/crawler)"
62.210.143.10 - - [20/Mar/2021:11:31:12 +0800] "GET /de/ HTTP/1.1" 200 16060 "-" "Mozilla/5.0 (compatible; Barkrowler/0.9; +https://babbar.tech/crawler)"
62.210.143.10 - - [20/Mar/2021:11:31:32 +0800] "GET / HTTP/1.1" 200 15284 "-" "Mozilla/5.0 (compatible; Barkrowler/0.9; +https://babbar.tech/crawler)"
62.210.143.10 - - [20/Mar/2021:11:31:50 +0800] "GET /fr/ HTTP/1.1" 200 16042 "-" "Mozilla/5.0 (compatible; Barkrowler/0.9; +https://babbar.tech/crawler)"
62.210.143.10 - - [20/Mar/2021:11:32:10 +0800] "GET /feed/ HTTP/1.1" 200 833 "-" "Mozilla/5.0 (compatible; Barkrowler/0.9; +https://babbar.tech/crawler)"
62.210.143.10 - - [20/Mar/2021:11:32:28 +0800] "GET /de/feed/ HTTP/1.1" 200 449 "-" "Mozilla/5.0 (compatible; Barkrowler/0.9; +https://babbar.tech/crawler)"
62.210.143.10 - - [20/Mar/2021:11:32:46 +0800] "GET /fr/feed/ HTTP/1.1" 200 450 "-" "Mozilla/5.0 (compatible; Barkrowler/0.9; +https://babbar.tech/crawler)"
62.210.143.10 - - [20/Mar/2021:11:33:05 +0800] "GET /es/feed/ HTTP/1.1" 200 446 "-" "Mozilla/5.0 (compatible; Barkrowler/0.9; +https://babbar.tech/crawler)"
66.249.71.124 - - [20/Mar/2021:11:51:29 +0800] "GET / HTTP/1.1" 200 15284 "-" "Mozilla/5.0 (compatible; Googlebot/2.1; +http://www.google.com/bot.html)"
74.208.136.135 - - [20/Mar/2021:11:52:06 +0800] "GET / HTTP/1.1" 200 92732 "-" "FreeWebMonitoring SiteChecker/0.2 (+https://www.freewebmonitoring.com/bot.html)"
216.244.66.230 - - [20/Mar/2021:11:56:29 +0800] "GET /robots.txt HTTP/1.1" 200 87 "-" "Mozilla/5.0 (compatible; DotBot/1.2; +https://opensiteexplorer.org/dotbot; help@moz.com)"
185.191.171.5 - - [20/Mar/2021:12:00:36 +0800] "GET /robots.txt HTTP/1.1" 200 79 "-" "Mozilla/5.0 (compatible; SemrushBot/7~bl; +http://www.semrush.com/bot.html)"
185.191.171.42 - - [20/Mar/2021:12:00:38 +0800] "GET / HTTP/1.1" 301 20 "-" "Mozilla/5.0 (compatible; SemrushBot/7~bl; +http://www.semrush.com/bot.html)"
185.191.171.21 - - [20/Mar/2021:12:00:41 +0800] "GET /robots.txt HTTP/1.1" 200 79 "-" "Mozilla/5.0 (compatible; SemrushBot/7~bl; +http://www.semrush.com/bot.html)"
185.191.171.22 - - [20/Mar/2021:12:00:43 +0800] "GET / HTTP/1.1" 200 15284 "-" "Mozilla/5.0 (compatible; SemrushBot/7~bl; +http://www.semrush.com/bot.html)"
216.244.66.230 - - [20/Mar/2021:12:02:59 +0800] "GET /?lang=en HTTP/1.1" 302 216 "-" "Mozilla/5.0 (compatible; DotBot/1.2; +https://opensiteexplorer.org/dotbot; help@moz.com)"
203.124.10.177 - - [20/Mar/2021:12:29:55 +0800] "POST /wordpress/wp-cron.php?doing_wp_cron=1616214595.2723300457000732421875 HTTP/1.1" 200 20 "https://www.mydogh2o.com/wordpress/wp-cron.php?doing_wp_cron=1616214595.2723300457000732421875" "WordPress/5.0.11; https://www.mydogh2o.com"
74.208.136.135 - - [20/Mar/2021:12:29:54 +0800] "GET / HTTP/1.1" 200 92732 "-" "FreeWebMonitoring SiteChecker/0.2 (+https://www.freewebmonitoring.com/bot.html)"
74.208.136.135 - - [20/Mar/2021:12:53:06 +0800] "GET / HTTP/1.1" 200 92732 "-" "FreeWebMonitoring SiteChecker/0.2 (+https://www.freewebmonitoring.com/bot.html)"
35.243.252.220 - - [20/Mar/2021:12:54:08 +0800] "GET /robots.txt HTTP/1.0" 200 79 "-" "ZoominfoBot (zoominfobot at zoominfo dot com)"
35.243.252.220 - - [20/Mar/2021:12:54:10 +0800] "GET /wordpress/xmlrpc.php HTTP/1.0" 403 193 "-" "ZoominfoBot (zoominfobot at zoominfo dot com)"
35.243.252.220 - - [20/Mar/2021:13:01:04 +0800] "GET /feed/ HTTP/1.0" 200 833 "-" "ZoominfoBot (zoominfobot at zoominfo dot com)"
203.124.10.177 - - [20/Mar/2021:13:11:58 +0800] "POST /wordpress/wp-cron.php?doing_wp_cron=1616217118.6276490688323974609375 HTTP/1.1" 200 20 "https://www.mydogh2o.com/wordpress/wp-cron.php?doing_wp_cron=1616217118.6276490688323974609375" "WordPress/5.0.11; https://www.mydogh2o.com"
63.135.61.110 - - [20/Mar/2021:13:11:57 +0800] "GET / HTTP/1.1" 200 15296 "https://www.google.com/" "Mozilla/5.0 (Linux; Android 10; moto g power) AppleWebKit/537.36 (KHTML, like Gecko) Chrome/89.0.4389.90 Mobile Safari/537.36"
63.135.61.110 - - [20/Mar/2021:13:12:01 +0800] "GET /wordpress/wp-includes/css/dist/block-library/style.min.css?ver=5.0.11 HTTP/1.1" 200 4302 "https://www.mydogh2o.com/" "Mozilla/5.0 (Linux; Android 10; moto g power) AppleWebKit/537.36 (KHTML, like Gecko) Chrome/89.0.4389.90 Mobile Safari/537.36"
63.135.61.110 - - [20/Mar/2021:13:12:01 +0800] "GET /wordpress/wp-content/themes/vantage/style.css?ver=1.7.9 HTTP/1.1" 200 15006 "https://www.mydogh2o.com/" "Mozilla/5.0 (Linux; Android 10; moto g power) AppleWebKit/537.36 (KHTML, like Gecko) Chrome/89.0.4389.90 Mobile Safari/537.36"
63.135.61.110 - - [20/Mar/2021:13:12:01 +0800] "GET /wordpress/wp-content/plugins/elementor/assets/lib/font-awesome/css/font-awesome.min.css?ver=4.7.0 HTTP/1.1" 200 7052 "https://www.mydogh2o.com/" "Mozilla/5.0 (Linux; Android 10; moto g power) AppleWebKit/537.36 (KHTML, like Gecko) Chrome/89.0.4389.90 Mobile Safari/537.36"
63.135.61.110 - - [20/Mar/2021:13:12:01 +0800] "GET /wordpress/wp-content/plugins/elementor/assets/lib/animations/animations.min.css?ver=3.0.13 HTTP/1.1" 200 2592 "https://www.mydogh2o.com/" "Mozilla/5.0 (Linux; Android 10; moto g power) AppleWebKit/537.36 (KHTML, like Gecko) Chrome/89.0.4389.90 Mobile Safari/537.36"
63.135.61.110 - - [20/Mar/2021:13:12:01 +0800] "GET /wordpress/wp-content/plugins/elementor/assets/lib/eicons/css/elementor-icons.min.css?ver=5.9.1 HTTP/1.1" 200 3478 "https://www.mydogh2o.com/" "Mozilla/5.0 (Linux; Android 10; moto g power) AppleWebKit/537.36 (KHTML, like Gecko) Chrome/89.0.4389.90 Mobile Safari/537.36"
63.135.61.110 - - [20/Mar/2021:13:12:01 +0800] "GET /wordpress/wp-content/plugins/elementor/assets/css/frontend.min.css?ver=3.0.13 HTTP/1.1" 200 15888 "https://www.mydogh2o.com/" "Mozilla/5.0 (Linux; Android 10; moto g power) AppleWebKit/537.36 (KHTML, like Gecko) Chrome/89.0.4389.90 Mobile Safari/537.36"
63.135.61.110 - - [20/Mar/2021:13:12:01 +0800] "GET /wordpress/wp-content/plugins/elementor/assets/css/frontend-legacy.min.css?ver=3.0.13 HTTP/1.1" 200 536 "https://www.mydogh2o.com/" "Mozilla/5.0 (Linux; Android 10; moto g power) AppleWebKit/537.36 (KHTML, like Gecko) Chrome/89.0.4389.90 Mobile Safari/537.36"
63.135.61.110 - - [20/Mar/2021:13:12:01 +0800] "GET /wordpress/wp-content/uploads/elementor/css/post-683.css?ver=1604823916 HTTP/1.1" 200 372 "https://www.mydogh2o.com/" "Mozilla/5.0 (Linux; Android 10; moto g power) AppleWebKit/537.36 (KHTML, like Gecko) Chrome/89.0.4389.90 Mobile Safari/537.36"
63.135.61.110 - - [20/Mar/2021:13:12:01 +0800] "GET /wordpress/wp-content/uploads/elementor/css/global.css?ver=1604824073 HTTP/1.1" 200 804 "https://www.mydogh2o.com/" "Mozilla/5.0 (Linux; Android 10; moto g power) AppleWebKit/537.36 (KHTML, like Gecko) Chrome/89.0.4389.90 Mobile Safari/537.36"
63.135.61.110 - - [20/Mar/2021:13:12:02 +0800] "GET /wordpress/wp-content/uploads/elementor/css/post-2.css?ver=1604825091 HTTP/1.1" 200 1084 "https://www.mydogh2o.com/" "Mozilla/5.0 (Linux; Android 10; moto g power) AppleWebKit/537.36 (KHTML, like Gecko) Chrome/89.0.4389.90 Mobile Safari/537.36"
63.135.61.110 - - [20/Mar/2021:13:12:02 +0800] "GET /wordpress/wp-includes/js/jquery/jquery-migrate.min.js?ver=1.4.1 HTTP/1.1" 200 4014 "https://www.mydogh2o.com/" "Mozilla/5.0 (Linux; Android 10; moto g power) AppleWebKit/537.36 (KHTML, like Gecko) Chrome/89.0.4389.90 Mobile Safari/537.36"
63.135.61.110 - - [20/Mar/2021:13:12:02 +0800] "GET /wordpress/wp-content/themes/vantage/js/jquery.flexslider.min.js?ver=2.1 HTTP/1.1" 200 6232 "https://www.mydogh2o.com/" "Mozilla/5.0 (Linux; Android 10; moto g power) AppleWebKit/537.36 (KHTML, like Gecko) Chrome/89.0.4389.90 Mobile Safari/537.36"
63.135.61.110 - - [20/Mar/2021:13:12:02 +0800] "GET /wordpress/wp-includes/js/jquery/jquery.js?ver=1.12.4 HTTP/1.1" 200 33776 "https://www.mydogh2o.com/" "Mozilla/5.0 (Linux; Android 10; moto g power) AppleWebKit/537.36 (KHTML, like Gecko) Chrome/89.0.4389.90 Mobile Safari/537.36"
63.135.61.110 - - [20/Mar/2021:13:12:02 +0800] "GET /wordpress/wp-content/themes/vantage/js/jquery.touchSwipe.min.js?ver=1.6.6 HTTP/1.1" 200 3672 "https://www.mydogh2o.com/" "Mozilla/5.0 (Linux; Android 10; moto g power) AppleWebKit/537.36 (KHTML, like Gecko) Chrome/89.0.4389.90 Mobile Safari/537.36"
63.135.61.110 - - [20/Mar/2021:13:12:02 +0800] "GET /wordpress/wp-content/themes/vantage/js/jquery.theme-main.min.js?ver=1.7.9 HTTP/1.1" 200 2510 "https://www.mydogh2o.com/" "Mozilla/5.0 (Linux; Android 10; moto g power) AppleWebKit/537.36 (KHTML, like Gecko) Chrome/89.0.4389.90 Mobile Safari/537.36"
63.135.61.110 - - [20/Mar/2021:13:12:02 +0800] "GET /wordpress/wp-includes/js/wp-embed.min.js?ver=5.0.11 HTTP/1.1" 200 753 "https://www.mydogh2o.com/" "Mozilla/5.0 (Linux; Android 10; moto g power) AppleWebKit/537.36 (KHTML, like Gecko) Chrome/89.0.4389.90 Mobile Safari/537.36"
63.135.61.110 - - [20/Mar/2021:13:12:02 +0800] "GET /wordpress/wp-content/themes/vantage/js/jquery.fitvids.min.js?ver=1.0 HTTP/1.1" 200 797 "https://www.mydogh2o.com/" "Mozilla/5.0 (Linux; Android 10; moto g power) AppleWebKit/537.36 (KHTML, like Gecko) Chrome/89.0.4389.90 Mobile Safari/537.36"
63.135.61.110 - - [20/Mar/2021:13:12:02 +0800] "GET /wordpress/wp-content/plugins/elementor/assets/js/frontend-modules.min.js?ver=3.0.13 HTTP/1.1" 200 18275 "https://www.mydogh2o.com/" "Mozilla/5.0 (Linux; Android 10; moto g power) AppleWebKit/537.36 (KHTML, like Gecko) Chrome/89.0.4389.90 Mobile Safari/537.36"
63.135.61.110 - - [20/Mar/2021:13:12:02 +0800] "GET /wordpress/wp-includes/js/jquery/ui/position.min.js?ver=1.11.4 HTTP/1.1" 200 2562 "https://www.mydogh2o.com/" "Mozilla/5.0 (Linux; Android 10; moto g power) AppleWebKit/537.36 (KHTML, like Gecko) Chrome/89.0.4389.90 Mobile Safari/537.36"
63.135.61.110 - - [20/Mar/2021:13:12:02 +0800] "GET /wordpress/wp-content/plugins/elementor/assets/lib/dialog/dialog.min.js?ver=4.8.1 HTTP/1.1" 200 3510 "https://www.mydogh2o.com/" "Mozilla/5.0 (Linux; Android 10; moto g power) AppleWebKit/537.36 (KHTML, like Gecko) Chrome/89.0.4389.90 Mobile Safari/537.36"
63.135.61.110 - - [20/Mar/2021:13:12:02 +0800] "GET /wordpress/wp-content/plugins/elementor/assets/lib/waypoints/waypoints.min.js?ver=4.0.2 HTTP/1.1" 200 2993 "https://www.mydogh2o.com/" "Mozilla/5.0 (Linux; Android 10; moto g power) AppleWebKit/537.36 (KHTML, like Gecko) Chrome/89.0.4389.90 Mobile Safari/537.36"
63.135.61.110 - - [20/Mar/2021:13:12:02 +0800] "GET /wordpress/wp-content/plugins/elementor/assets/lib/swiper/swiper.min.js?ver=5.3.6 HTTP/1.1" 200 35491 "https://www.mydogh2o.com/" "Mozilla/5.0 (Linux; Android 10; moto g power) AppleWebKit/537.36 (KHTML, like Gecko) Chrome/89.0.4389.90 Mobile Safari/537.36"
63.135.61.110 - - [20/Mar/2021:13:12:02 +0800] "GET /wordpress/wp-content/plugins/elementor/assets/lib/share-link/share-link.min.js?ver=3.0.13 HTTP/1.1" 200 1099 "https://www.mydogh2o.com/" "Mozilla/5.0 (Linux; Android 10; moto g power) AppleWebKit/537.36 (KHTML, like Gecko) Chrome/89.0.4389.90 Mobile Safari/537.36"
63.135.61.110 - - [20/Mar/2021:13:12:02 +0800] "GET /wordpress/wp-content/plugins/elementor/assets/js/frontend.min.js?ver=3.0.13 HTTP/1.1" 200 31698 "https://www.mydogh2o.com/" "Mozilla/5.0 (Linux; Android 10; moto g power) AppleWebKit/537.36 (KHTML, like Gecko) Chrome/89.0.4389.90 Mobile Safari/537.36"
63.135.61.110 - - [20/Mar/2021:13:12:09 +0800] "GET /wordpress/wp-content/themes/vantage/icons/vantage-icons.woff HTTP/1.1" 200 1380 "https://www.mydogh2o.com/wordpress/wp-content/themes/vantage/style.css?ver=1.7.9" "Mozilla/5.0 (Linux; Android 10; moto g power) AppleWebKit/537.36 (KHTML, like Gecko) Chrome/89.0.4389.90 Mobile Safari/537.36"
63.135.61.110 - - [20/Mar/2021:13:12:09 +0800] "GET /wordpress/wp-content/uploads/2018/09/header-left.png HTTP/1.1" 200 134458 "https://www.mydogh2o.com/" "Mozilla/5.0 (Linux; Android 10; moto g power) AppleWebKit/537.36 (KHTML, like Gecko) Chrome/89.0.4389.90 Mobile Safari/537.36"
63.135.61.110 - - [20/Mar/2021:13:12:09 +0800] "GET /wordpress/wp-content/plugins/elementor/assets/lib/font-awesome/fonts/fontawesome-webfont.woff2?v=4.7.0 HTTP/1.1" 200 77160 "https://www.mydogh2o.com/wordpress/wp-content/plugins/elementor/assets/lib/font-awesome/css/font-awesome.min.css?ver=4.7.0" "Mozilla/5.0 (Linux; Android 10; moto g power) AppleWebKit/537.36 (KHTML, like Gecko) Chrome/89.0.4389.90 Mobile Safari/537.36"
63.135.61.110 - - [20/Mar/2021:13:12:09 +0800] "GET /wordpress/wp-content/plugins/elementor/assets/lib/eicons/fonts/eicons.woff2?5.9.1 HTTP/1.1" 200 84384 "https://www.mydogh2o.com/wordpress/wp-content/plugins/elementor/assets/lib/eicons/css/elementor-icons.min.css?ver=5.9.1" "Mozilla/5.0 (Linux; Android 10; moto g power) AppleWebKit/537.36 (KHTML, like Gecko) Chrome/89.0.4389.90 Mobile Safari/537.36"
63.135.61.110 - - [20/Mar/2021:13:12:09 +0800] "GET /wordpress/wp-content/uploads/2018/09/dental_block1.png HTTP/1.1" 200 80540 "https://www.mydogh2o.com/" "Mozilla/5.0 (Linux; Android 10; moto g power) AppleWebKit/537.36 (KHTML, like Gecko) Chrome/89.0.4389.90 Mobile Safari/537.36"
63.135.61.110 - - [20/Mar/2021:13:12:11 +0800] "GET /wordpress/wp-content/uploads/2018/09/F_-3.png HTTP/1.1" 200 56413 "https://www.mydogh2o.com/" "Mozilla/5.0 (Linux; Android 10; moto g power) AppleWebKit/537.36 (KHTML, like Gecko) Chrome/89.0.4389.90 Mobile Safari/537.36"
63.135.61.110 - - [20/Mar/2021:13:12:11 +0800] "GET /wordpress/wp-content/uploads/2018/09/F_-4.png HTTP/1.1" 200 63208 "https://www.mydogh2o.com/" "Mozilla/5.0 (Linux; Android 10; moto g power) AppleWebKit/537.36 (KHTML, like Gecko) Chrome/89.0.4389.90 Mobile Safari/537.36"
63.135.61.110 - - [20/Mar/2021:13:12:11 +0800] "GET /wordpress/wp-content/uploads/2018/09/F_-2.png HTTP/1.1" 200 43902 "https://www.mydogh2o.com/" "Mozilla/5.0 (Linux; Android 10; moto g power) AppleWebKit/537.36 (KHTML, like Gecko) Chrome/89.0.4389.90 Mobile Safari/537.36"
63.135.61.110 - - [20/Mar/2021:13:12:11 +0800] "GET /wordpress/wp-content/uploads/2018/09/F_-1.png HTTP/1.1" 200 54750 "https://www.mydogh2o.com/" "Mozilla/5.0 (Linux; Android 10; moto g power) AppleWebKit/537.36 (KHTML, like Gecko) Chrome/89.0.4389.90 Mobile Safari/537.36"
63.135.61.110 - - [20/Mar/2021:13:12:11 +0800] "GET /wordpress/wp-content/uploads/2018/09/F_8.png HTTP/1.1" 200 68640 "https://www.mydogh2o.com/" "Mozilla/5.0 (Linux; Android 10; moto g power) AppleWebKit/537.36 (KHTML, like Gecko) Chrome/89.0.4389.90 Mobile Safari/537.36"
63.135.61.110 - - [20/Mar/2021:13:12:09 +0800] "GET /wordpress/wp-content/uploads/2018/08/dogh2o_02.jpg HTTP/1.1" 200 244899 "https://www.mydogh2o.com/" "Mozilla/5.0 (Linux; Android 10; moto g power) AppleWebKit/537.36 (KHTML, like Gecko) Chrome/89.0.4389.90 Mobile Safari/537.36"
63.135.61.110 - - [20/Mar/2021:13:12:11 +0800] "GET /wordpress/wp-content/uploads/2018/09/F_5.png HTTP/1.1" 200 50888 "https://www.mydogh2o.com/" "Mozilla/5.0 (Linux; Android 10; moto g power) AppleWebKit/537.36 (KHTML, like Gecko) Chrome/89.0.4389.90 Mobile Safari/537.36"
63.135.61.110 - - [20/Mar/2021:13:12:11 +0800] "GET /wordpress/wp-content/uploads/2018/09/%E7%94%BB%E6%9D%BF-11-1.png HTTP/1.1" 200 59251 "https://www.mydogh2o.com/" "Mozilla/5.0 (Linux; Android 10; moto g power) AppleWebKit/537.36 (KHTML, like Gecko) Chrome/89.0.4389.90 Mobile Safari/537.36"
63.135.61.110 - - [20/Mar/2021:13:12:11 +0800] "GET /wordpress/wp-content/uploads/2018/09/%E7%94%BB%E6%9D%BF-12.png HTTP/1.1" 200 17715 "https://www.mydogh2o.com/" "Mozilla/5.0 (Linux; Android 10; moto g power) AppleWebKit/537.36 (KHTML, like Gecko) Chrome/89.0.4389.90 Mobile Safari/537.36"
63.135.61.110 - - [20/Mar/2021:13:12:12 +0800] "GET /wordpress/wp-content/uploads/2018/09/DH015.jpg HTTP/1.1" 200 40771 "https://www.mydogh2o.com/" "Mozilla/5.0 (Linux; Android 10; moto g power) AppleWebKit/537.36 (KHTML, like Gecko) Chrome/89.0.4389.90 Mobile Safari/537.36"
63.135.61.110 - - [20/Mar/2021:13:12:12 +0800] "GET /wordpress/wp-content/uploads/2018/09/DH020.jpg HTTP/1.1" 200 44606 "https://www.mydogh2o.com/" "Mozilla/5.0 (Linux; Android 10; moto g power) AppleWebKit/537.36 (KHTML, like Gecko) Chrome/89.0.4389.90 Mobile Safari/537.36"
63.135.61.110 - - [20/Mar/2021:13:12:12 +0800] "GET /wordpress/wp-content/uploads/2018/09/DH025.jpg HTTP/1.1" 200 35414 "https://www.mydogh2o.com/" "Mozilla/5.0 (Linux; Android 10; moto g power) AppleWebKit/537.36 (KHTML, like Gecko) Chrome/89.0.4389.90 Mobile Safari/537.36"
63.135.61.110 - - [20/Mar/2021:13:12:12 +0800] "GET /wordpress/wp-content/uploads/2018/09/R-015-CH.jpg HTTP/1.1" 200 47702 "https://www.mydogh2o.com/" "Mozilla/5.0 (Linux; Android 10; moto g power) AppleWebKit/537.36 (KHTML, like Gecko) Chrome/89.0.4389.90 Mobile Safari/537.36"
63.135.61.110 - - [20/Mar/2021:13:12:12 +0800] "GET /wordpress/wp-content/uploads/2018/09/R-017.jpg HTTP/1.1" 200 47619 "https://www.mydogh2o.com/" "Mozilla/5.0 (Linux; Android 10; moto g power) AppleWebKit/537.36 (KHTML, like Gecko) Chrome/89.0.4389.90 Mobile Safari/537.36"
63.135.61.110 - - [20/Mar/2021:13:12:12 +0800] "GET /wordpress/wp-content/uploads/2018/09/R-016-CDH.jpg HTTP/1.1" 200 65546 "https://www.mydogh2o.com/" "Mozilla/5.0 (Linux; Android 10; moto g power) AppleWebKit/537.36 (KHTML, like Gecko) Chrome/89.0.4389.90 Mobile Safari/537.36"
63.135.61.110 - - [20/Mar/2021:13:12:12 +0800] "GET /wordpress/wp-content/uploads/2018/09/F_6.png HTTP/1.1" 200 136872 "https://www.mydogh2o.com/" "Mozilla/5.0 (Linux; Android 10; moto g power) AppleWebKit/537.36 (KHTML, like Gecko) Chrome/89.0.4389.90 Mobile Safari/537.36"
63.135.61.110 - - [20/Mar/2021:13:12:12 +0800] "GET /wordpress/wp-content/uploads/2018/09/DH08DC.jpg HTTP/1.1" 200 46134 "https://www.mydogh2o.com/" "Mozilla/5.0 (Linux; Android 10; moto g power) AppleWebKit/537.36 (KHTML, like Gecko) Chrome/89.0.4389.90 Mobile Safari/537.36"
63.135.61.110 - - [20/Mar/2021:13:12:12 +0800] "GET /wordpress/wp-content/uploads/2018/09/AA190A.jpg HTTP/1.1" 200 44924 "https://www.mydogh2o.com/" "Mozilla/5.0 (Linux; Android 10; moto g power) AppleWebKit/537.36 (KHTML, like Gecko) Chrome/89.0.4389.90 Mobile Safari/537.36"
63.135.61.110 - - [20/Mar/2021:13:12:12 +0800] "GET /wordpress/wp-content/uploads/2018/09/CHD001.jpg HTTP/1.1" 200 52707 "https://www.mydogh2o.com/" "Mozilla/5.0 (Linux; Android 10; moto g power) AppleWebKit/537.36 (KHTML, like Gecko) Chrome/89.0.4389.90 Mobile Safari/537.36"
63.135.61.110 - - [20/Mar/2021:13:12:13 +0800] "GET /wordpress/wp-content/uploads/2018/09/%E7%94%BB%E6%9D%BF-13.png HTTP/1.1" 200 25812 "https://www.mydogh2o.com/" "Mozilla/5.0 (Linux; Android 10; moto g power) AppleWebKit/537.36 (KHTML, like Gecko) Chrome/89.0.4389.90 Mobile Safari/537.36"
63.135.61.110 - - [20/Mar/2021:13:12:13 +0800] "GET /wordpress/wp-includes/js/wp-emoji-release.min.js?ver=5.0.11 HTTP/1.1" 200 4382 "https://www.mydogh2o.com/" "Mozilla/5.0 (Linux; Android 10; moto g power) AppleWebKit/537.36 (KHTML, like Gecko) Chrome/89.0.4389.90 Mobile Safari/537.36"
63.135.61.110 - - [20/Mar/2021:13:12:13 +0800] "GET /wordpress/wp-content/uploads/2018/09/V2_pump_cover-04.png HTTP/1.1" 200 124015 "https://www.mydogh2o.com/" "Mozilla/5.0 (Linux; Android 10; moto g power) AppleWebKit/537.36 (KHTML, like Gecko) Chrome/89.0.4389.90 Mobile Safari/537.36"
63.135.61.110 - - [20/Mar/2021:13:12:13 +0800] "GET /wordpress/wp-content/uploads/2019/05/websitelogo.png HTTP/1.1" 200 1453 "https://www.mydogh2o.com/" "Mozilla/5.0 (Linux; Android 10; moto g power) AppleWebKit/537.36 (KHTML, like Gecko) Chrome/89.0.4389.90 Mobile Safari/537.36"
63.135.61.110 - - [20/Mar/2021:13:12:13 +0800] "GET /wordpress/wp-content/uploads/2018/08/aa_logo.png HTTP/1.1" 200 7228 "https://www.mydogh2o.com/" "Mozilla/5.0 (Linux; Android 10; moto g power) AppleWebKit/537.36 (KHTML, like Gecko) Chrome/89.0.4389.90 Mobile Safari/537.36"
63.135.61.110 - - [20/Mar/2021:13:12:13 +0800] "GET /wordpress/wp-content/uploads/2018/08/KM_LOGO_2.jpg HTTP/1.1" 200 16293 "https://www.mydogh2o.com/" "Mozilla/5.0 (Linux; Android 10; moto g power) AppleWebKit/537.36 (KHTML, like Gecko) Chrome/89.0.4389.90 Mobile Safari/537.36"
63.135.61.110 - - [20/Mar/2021:13:12:13 +0800] "GET /wordpress/wp-content/uploads/2018/09/CatH2O-_r.png HTTP/1.1" 200 13152 "https://www.mydogh2o.com/" "Mozilla/5.0 (Linux; Android 10; moto g power) AppleWebKit/537.36 (KHTML, like Gecko) Chrome/89.0.4389.90 Mobile Safari/537.36"
63.135.61.110 - - [20/Mar/2021:13:12:09 +0800] "GET /wordpress/wp-content/uploads/2018/09/COVER-03-03.png HTTP/1.1" 200 573167 "https://www.mydogh2o.com/" "Mozilla/5.0 (Linux; Android 10; moto g power) AppleWebKit/537.36 (KHTML, like Gecko) Chrome/89.0.4389.90 Mobile Safari/537.36"
63.135.61.110 - - [20/Mar/2021:13:12:13 +0800] "GET /wordpress/wp-content/uploads/2018/03/dogh2o_03.jpg HTTP/1.1" 200 186218 "https://www.mydogh2o.com/" "Mozilla/5.0 (Linux; Android 10; moto g power) AppleWebKit/537.36 (KHTML, like Gecko) Chrome/89.0.4389.90 Mobile Safari/537.36"
63.135.61.110 - - [20/Mar/2021:13:12:16 +0800] "GET /favicon.ico HTTP/1.1" 200 697 "https://www.mydogh2o.com/" "Mozilla/5.0 (Linux; Android 10; moto g power) AppleWebKit/537.36 (KHTML, like Gecko) Chrome/89.0.4389.90 Mobile Safari/537.36"
35.243.252.220 - - [20/Mar/2021:13:21:08 +0800] "GET /zk/hk/ HTTP/1.0" 200 16062 "-" "ZoominfoBot (zoominfobot at zoominfo dot com)"
35.243.252.220 - - [20/Mar/2021:13:25:23 +0800] "GET /comments/feed/ HTTP/1.0" 200 817 "-" "ZoominfoBot (zoominfobot at zoominfo dot com)"
74.208.136.135 - - [20/Mar/2021:13:31:26 +0800] "GET / HTTP/1.1" 200 92732 "-" "FreeWebMonitoring SiteChecker/0.2 (+https://www.freewebmonitoring.com/bot.html)"
