216.244.66.248 - - [22/Jun/2020:23:01:31 +0800] "GET /?date=1993-12-19&t=week HTTP/1.1" 301 - "-" "Mozilla/5.0 (compatible; DotBot/1.1; http://www.opensiteexplorer.org/dotbot, help@moz.com)"
216.244.66.248 - - [22/Jun/2020:23:01:33 +0800] "GET /?date=1994-2-5&t=mini HTTP/1.1" 301 - "-" "Mozilla/5.0 (compatible; DotBot/1.1; http://www.opensiteexplorer.org/dotbot, help@moz.com)"
216.244.66.248 - - [22/Jun/2020:23:01:34 +0800] "GET /?date=1995-9-12&t=list HTTP/1.1" 301 - "-" "Mozilla/5.0 (compatible; DotBot/1.1; http://www.opensiteexplorer.org/dotbot, help@moz.com)"
216.244.66.248 - - [22/Jun/2020:23:01:36 +0800] "GET /?date=2004-4-21&t=list HTTP/1.1" 301 - "-" "Mozilla/5.0 (compatible; DotBot/1.1; http://www.opensiteexplorer.org/dotbot, help@moz.com)"
216.244.66.248 - - [22/Jun/2020:23:01:38 +0800] "GET /?date=2014-11-2&t=mini HTTP/1.1" 301 - "-" "Mozilla/5.0 (compatible; DotBot/1.1; http://www.opensiteexplorer.org/dotbot, help@moz.com)"
216.244.66.248 - - [22/Jun/2020:23:01:40 +0800] "GET /?date=2014-3-23&t=mini HTTP/1.1" 301 - "-" "Mozilla/5.0 (compatible; DotBot/1.1; http://www.opensiteexplorer.org/dotbot, help@moz.com)"
216.244.66.248 - - [22/Jun/2020:23:01:41 +0800] "GET /?date=2019-5-25&t=day&paged=2 HTTP/1.1" 301 - "-" "Mozilla/5.0 (compatible; DotBot/1.1; http://www.opensiteexplorer.org/dotbot, help@moz.com)"
54.36.148.219 - - [22/Jun/2020:23:02:19 +0800] "GET /?date=2004-1&t=22220&paged=9 HTTP/1.1" 301 20 "-" "Mozilla/5.0 (compatible; AhrefsBot/6.1; +http://ahrefs.com/robot/)"
54.36.149.9 - - [22/Jun/2020:23:02:31 +0800] "GET /?date=1990-11-25&t=day&paged=5 HTTP/1.1" 301 20 "-" "Mozilla/5.0 (compatible; AhrefsBot/6.1; +http://ahrefs.com/robot/)"
192.0.102.40 - - [22/Jun/2020:23:03:00 +0800] "HEAD / HTTP/1.1" 200 - "-" "jetmon/1.0 (Jetpack Site Uptime Monitor by WordPress.com)"
54.36.149.56 - - [22/Jun/2020:23:05:46 +0800] "GET /?date=2011-10-6&t=day&paged=2 HTTP/1.1" 301 20 "-" "Mozilla/5.0 (compatible; AhrefsBot/6.1; +http://ahrefs.com/robot/)"
216.244.66.248 - - [22/Jun/2020:23:06:28 +0800] "GET /?cat=6&paged=7 HTTP/1.1" 301 - "-" "Mozilla/5.0 (compatible; DotBot/1.1; http://www.opensiteexplorer.org/dotbot, help@moz.com)"
216.244.66.248 - - [22/Jun/2020:23:06:30 +0800] "GET /?date=1992-1-24&t=list HTTP/1.1" 301 - "-" "Mozilla/5.0 (compatible; DotBot/1.1; http://www.opensiteexplorer.org/dotbot, help@moz.com)"
216.244.66.248 - - [22/Jun/2020:23:06:32 +0800] "GET /?date=1994-4-30&t=day HTTP/1.1" 301 - "-" "Mozilla/5.0 (compatible; DotBot/1.1; http://www.opensiteexplorer.org/dotbot, help@moz.com)"
216.244.66.248 - - [22/Jun/2020:23:06:34 +0800] "GET /?date=1996-5-4&t=list&paged=2 HTTP/1.1" 301 - "-" "Mozilla/5.0 (compatible; DotBot/1.1; http://www.opensiteexplorer.org/dotbot, help@moz.com)"
216.244.66.248 - - [22/Jun/2020:23:06:36 +0800] "GET /?date=1997-1-21&t=list HTTP/1.1" 301 - "-" "Mozilla/5.0 (compatible; DotBot/1.1; http://www.opensiteexplorer.org/dotbot, help@moz.com)"
216.244.66.248 - - [22/Jun/2020:23:06:37 +0800] "GET /?date=2008-11-7&t=list HTTP/1.1" 301 - "-" "Mozilla/5.0 (compatible; DotBot/1.1; http://www.opensiteexplorer.org/dotbot, help@moz.com)"
17.58.98.49 - - [22/Jun/2020:23:06:39 +0800] "GET /robots.txt HTTP/1.1" 200 69 "-" "Mozilla/5.0 (Macintosh; Intel Mac OS X 10_15_5) AppleWebKit/605.1.15 (KHTML, like Gecko) Version/13.1.1 Safari/605.1.15 (Applebot/0.1; +http://www.apple.com/go/applebot)"
216.244.66.248 - - [22/Jun/2020:23:06:39 +0800] "GET /?date=2012-5&t=mini&paged=3 HTTP/1.1" 301 - "-" "Mozilla/5.0 (compatible; DotBot/1.1; http://www.opensiteexplorer.org/dotbot, help@moz.com)"
17.58.98.84 - - [22/Jun/2020:23:06:40 +0800] "GET /?p=465 HTTP/1.1" 301 20 "-" "Mozilla/5.0 (Macintosh; Intel Mac OS X 10_15_5) AppleWebKit/605.1.15 (KHTML, like Gecko) Version/13.1.1 Safari/605.1.15 (Applebot/0.1; +http://www.apple.com/go/applebot)"
216.244.66.248 - - [22/Jun/2020:23:06:41 +0800] "GET /?date=2021-9-19&t=mini HTTP/1.1" 301 - "-" "Mozilla/5.0 (compatible; DotBot/1.1; http://www.opensiteexplorer.org/dotbot, help@moz.com)"
17.58.98.84 - - [22/Jun/2020:23:06:41 +0800] "GET /?p=465 HTTP/1.1" 404 30143 "-" "Mozilla/5.0 (Macintosh; Intel Mac OS X 10_15_5) AppleWebKit/605.1.15 (KHTML, like Gecko) Version/13.1.1 Safari/605.1.15 (Applebot/0.1; +http://www.apple.com/go/applebot)"
54.36.148.166 - - [22/Jun/2020:23:06:55 +0800] "GET /?date=2004-11-21&t=day&paged=5 HTTP/1.1" 301 20 "-" "Mozilla/5.0 (compatible; AhrefsBot/6.1; +http://ahrefs.com/robot/)"
54.36.148.201 - - [22/Jun/2020:23:08:47 +0800] "GET /?date=1998-3-16&t=day&paged=7 HTTP/1.1" 301 20 "-" "Mozilla/5.0 (compatible; AhrefsBot/6.1; +http://ahrefs.com/robot/)"
54.36.148.231 - - [22/Jun/2020:23:09:07 +0800] "GET /?date=1989-7-30&t=week&paged=5 HTTP/1.1" 301 20 "-" "Mozilla/5.0 (compatible; AhrefsBot/6.1; +http://ahrefs.com/robot/)"
66.249.79.205 - - [22/Jun/2020:23:10:39 +0800] "GET /?wordfence_lh=1&hid=1029F2196EC52098E656663BE8A49513 HTTP/1.1" 301 20 "-" "Mozilla/5.0 (compatible; Googlebot/2.1; +http://www.google.com/bot.html)"
66.249.79.107 - - [22/Jun/2020:23:10:42 +0800] "GET /?wordfence_lh=1&hid=1029F2196EC52098E656663BE8A49513 HTTP/1.1" 200 31323 "-" "Mozilla/5.0 (compatible; Googlebot/2.1; +http://www.google.com/bot.html)"
192.0.102.40 - - [22/Jun/2020:23:10:46 +0800] "HEAD / HTTP/1.1" 200 - "-" "jetmon/1.0 (Jetpack Site Uptime Monitor by WordPress.com)"
54.36.148.92 - - [22/Jun/2020:23:11:34 +0800] "GET /?date=1996-8-18&t=day&paged=5 HTTP/1.1" 301 20 "-" "Mozilla/5.0 (compatible; AhrefsBot/6.1; +http://ahrefs.com/robot/)"
54.36.149.71 - - [22/Jun/2020:23:12:43 +0800] "GET /?date=1990-7-2&t=day&paged=5 HTTP/1.1" 301 20 "-" "Mozilla/5.0 (compatible; AhrefsBot/6.1; +http://ahrefs.com/robot/)"
216.244.66.248 - - [22/Jun/2020:23:13:09 +0800] "GET /?date=1991-7-5&t=list HTTP/1.1" 301 - "-" "Mozilla/5.0 (compatible; DotBot/1.1; http://www.opensiteexplorer.org/dotbot, help@moz.com)"
216.244.66.248 - - [22/Jun/2020:23:13:10 +0800] "GET /?date=1995-8-11&t=list HTTP/1.1" 301 - "-" "Mozilla/5.0 (compatible; DotBot/1.1; http://www.opensiteexplorer.org/dotbot, help@moz.com)"
216.244.66.248 - - [22/Jun/2020:23:13:12 +0800] "GET /?date=1997-7-28&t=day HTTP/1.1" 301 - "-" "Mozilla/5.0 (compatible; DotBot/1.1; http://www.opensiteexplorer.org/dotbot, help@moz.com)"
216.244.66.248 - - [22/Jun/2020:23:13:14 +0800] "GET /?date=2015-1-5&t=day&paged=2 HTTP/1.1" 301 - "-" "Mozilla/5.0 (compatible; DotBot/1.1; http://www.opensiteexplorer.org/dotbot, help@moz.com)"
216.244.66.248 - - [22/Jun/2020:23:13:15 +0800] "GET /?date=2018-9-10&t=mini&paged=2 HTTP/1.1" 301 - "-" "Mozilla/5.0 (compatible; DotBot/1.1; http://www.opensiteexplorer.org/dotbot, help@moz.com)"
54.36.149.5 - - [22/Jun/2020:23:13:17 +0800] "GET /?date=1995-8-6&t=week&paged=4 HTTP/1.1" 301 20 "-" "Mozilla/5.0 (compatible; AhrefsBot/6.1; +http://ahrefs.com/robot/)"
216.244.66.248 - - [22/Jun/2020:23:13:17 +0800] "GET /?date=2019-5-19&t=week&paged=2 HTTP/1.1" 301 - "-" "Mozilla/5.0 (compatible; DotBot/1.1; http://www.opensiteexplorer.org/dotbot, help@moz.com)"
216.244.66.248 - - [22/Jun/2020:23:13:19 +0800] "GET /?date=2023-6&t=list&paged=2 HTTP/1.1" 301 - "-" "Mozilla/5.0 (compatible; DotBot/1.1; http://www.opensiteexplorer.org/dotbot, help@moz.com)"
216.244.66.248 - - [22/Jun/2020:23:13:21 +0800] "GET /?date=2031-6&t=list&paged=3 HTTP/1.1" 301 - "-" "Mozilla/5.0 (compatible; DotBot/1.1; http://www.opensiteexplorer.org/dotbot, help@moz.com)"
216.244.66.248 - - [22/Jun/2020:23:13:23 +0800] "GET /?date=2035-1&t=mini&paged=3 HTTP/1.1" 301 - "-" "Mozilla/5.0 (compatible; DotBot/1.1; http://www.opensiteexplorer.org/dotbot, help@moz.com)"
54.36.148.185 - - [22/Jun/2020:23:13:35 +0800] "GET /?date=2013-8-5&t=day&paged=8 HTTP/1.1" 301 20 "-" "Mozilla/5.0 (compatible; AhrefsBot/6.1; +http://ahrefs.com/robot/)"
54.36.148.185 - - [22/Jun/2020:23:13:56 +0800] "GET /?date=2002-4-18&t=day&paged=7 HTTP/1.1" 301 20 "-" "Mozilla/5.0 (compatible; AhrefsBot/6.1; +http://ahrefs.com/robot/)"
54.36.149.33 - - [22/Jun/2020:23:14:56 +0800] "GET /?date=2017-11-7&t=day&paged=4 HTTP/1.1" 301 20 "-" "Mozilla/5.0 (compatible; AhrefsBot/6.1; +http://ahrefs.com/robot/)"
34.215.255.122 - - [22/Jun/2020:23:17:24 +0800] "GET / HTTP/1.1" 200 31343 "-" "Mozilla/5.0 (Windows NT 10.0; Win64; x64)AppleWebKit/537.36 (KHTML, like Gecko) Chrome/66.0.3359.181 Safari/537.36"
192.0.102.40 - - [22/Jun/2020:23:18:35 +0800] "HEAD / HTTP/1.1" 200 - "-" "jetmon/1.0 (Jetpack Site Uptime Monitor by WordPress.com)"
54.36.149.50 - - [22/Jun/2020:23:18:55 +0800] "GET /?date=2002-4-21&t=week&paged=3 HTTP/1.1" 301 20 "-" "Mozilla/5.0 (compatible; AhrefsBot/6.1; +http://ahrefs.com/robot/)"
54.36.149.12 - - [22/Jun/2020:23:19:23 +0800] "GET /?date=2008-6-19&t=day&paged=9 HTTP/1.1" 301 20 "-" "Mozilla/5.0 (compatible; AhrefsBot/6.1; +http://ahrefs.com/robot/)"
54.36.148.31 - - [22/Jun/2020:23:21:05 +0800] "GET /?date=2010-6-17&t=day&paged=8 HTTP/1.1" 301 20 "-" "Mozilla/5.0 (compatible; AhrefsBot/6.1; +http://ahrefs.com/robot/)"
54.36.148.36 - - [22/Jun/2020:23:21:08 +0800] "GET /?date=1990-10-3&t=day&paged=2 HTTP/1.1" 301 20 "-" "Mozilla/5.0 (compatible; AhrefsBot/6.1; +http://ahrefs.com/robot/)"
54.36.148.218 - - [22/Jun/2020:23:21:50 +0800] "GET /page/4/?date=1993-3-6&t=day&paged=4 HTTP/1.1" 404 30143 "-" "Mozilla/5.0 (compatible; AhrefsBot/6.1; +http://ahrefs.com/robot/)"
54.36.148.138 - - [22/Jun/2020:23:23:29 +0800] "GET /?date=2008-9-19&t=day&paged=4 HTTP/1.1" 301 20 "-" "Mozilla/5.0 (compatible; AhrefsBot/6.1; +http://ahrefs.com/robot/)"
54.36.149.68 - - [22/Jun/2020:23:24:07 +0800] "GET /?date=2016-4&t=mini&paged=4 HTTP/1.1" 301 20 "-" "Mozilla/5.0 (compatible; AhrefsBot/6.1; +http://ahrefs.com/robot/)"
114.119.160.214 - - [22/Jun/2020:23:24:34 +0800] "GET /robots.txt HTTP/1.1" 200 69 "-" "Mozilla/5.0 (Linux; Android 7.0;) AppleWebKit/537.36 (KHTML, like Gecko) Mobile Safari/537.36 (compatible; PetalBot;+https://aspiegel.com/petalbot)"
54.36.149.92 - - [22/Jun/2020:23:24:39 +0800] "GET /?date=2005-6-24&t=day&paged=8 HTTP/1.1" 301 20 "-" "Mozilla/5.0 (compatible; AhrefsBot/6.1; +http://ahrefs.com/robot/)"
54.36.148.2 - - [22/Jun/2020:23:26:32 +0800] "GET /?date=2011-1-4&t=day&paged=7 HTTP/1.1" 301 20 "-" "Mozilla/5.0 (compatible; AhrefsBot/6.1; +http://ahrefs.com/robot/)"
192.0.102.40 - - [22/Jun/2020:23:26:33 +0800] "HEAD / HTTP/1.1" 200 - "-" "jetmon/1.0 (Jetpack Site Uptime Monitor by WordPress.com)"
54.36.148.6 - - [22/Jun/2020:23:28:02 +0800] "GET /?date=2013-8-25&t=day&paged=5 HTTP/1.1" 301 20 "-" "Mozilla/5.0 (compatible; AhrefsBot/6.1; +http://ahrefs.com/robot/)"
54.36.148.93 - - [22/Jun/2020:23:29:03 +0800] "GET /?date=2009-9&t=list&paged=9 HTTP/1.1" 301 20 "-" "Mozilla/5.0 (compatible; AhrefsBot/6.1; +http://ahrefs.com/robot/)"
54.36.148.139 - - [22/Jun/2020:23:29:23 +0800] "GET /?date=2009-2-25&t=day&paged=5 HTTP/1.1" 301 20 "-" "Mozilla/5.0 (compatible; AhrefsBot/6.1; +http://ahrefs.com/robot/)"
157.55.39.92 - - [22/Jun/2020:23:29:34 +0800] "GET /?date=2016-10-18&t=mini HTTP/1.1" 200 31323 "-" "Mozilla/5.0 (compatible; bingbot/2.0; +http://www.bing.com/bingbot.htm)"
54.36.149.32 - - [22/Jun/2020:23:30:21 +0800] "GET /?date=2008-11-19&t=day&paged=7 HTTP/1.1" 301 20 "-" "Mozilla/5.0 (compatible; AhrefsBot/6.1; +http://ahrefs.com/robot/)"
54.36.148.121 - - [22/Jun/2020:23:31:02 +0800] "GET /?date=2002-6-29&t=day&paged=8 HTTP/1.1" 301 20 "-" "Mozilla/5.0 (compatible; AhrefsBot/6.1; +http://ahrefs.com/robot/)"
54.36.148.233 - - [22/Jun/2020:23:31:29 +0800] "GET /?date=1999-3-10&t=day&paged=3 HTTP/1.1" 301 20 "-" "Mozilla/5.0 (compatible; AhrefsBot/6.1; +http://ahrefs.com/robot/)"
54.36.148.161 - - [22/Jun/2020:23:32:05 +0800] "GET /?date=2018-3-29&t=day&paged=3 HTTP/1.1" 301 20 "-" "Mozilla/5.0 (compatible; AhrefsBot/6.1; +http://ahrefs.com/robot/)"
54.36.148.254 - - [22/Jun/2020:23:33:04 +0800] "GET /?date=1994-5-30&t=day&paged=6 HTTP/1.1" 301 20 "-" "Mozilla/5.0 (compatible; AhrefsBot/6.1; +http://ahrefs.com/robot/)"
54.36.148.18 - - [22/Jun/2020:23:33:09 +0800] "GET /index.php?option=com_joomdoc&task=cat_view&gid=30&Itemid=36&limitstart=60 HTTP/1.1" 301 20 "-" "Mozilla/5.0 (compatible; AhrefsBot/6.1; +http://ahrefs.com/robot/)"
192.0.102.40 - - [22/Jun/2020:23:34:16 +0800] "HEAD / HTTP/1.1" 200 - "-" "jetmon/1.0 (Jetpack Site Uptime Monitor by WordPress.com)"
216.244.66.248 - - [22/Jun/2020:23:35:59 +0800] "GET /?date=1992-5-10&t=list HTTP/1.1" 301 - "-" "Mozilla/5.0 (compatible; DotBot/1.1; http://www.opensiteexplorer.org/dotbot, help@moz.com)"
216.244.66.248 - - [22/Jun/2020:23:36:04 +0800] "GET /?date=2022-3-19&t=list HTTP/1.1" 301 - "-" "Mozilla/5.0 (compatible; DotBot/1.1; http://www.opensiteexplorer.org/dotbot, help@moz.com)"
216.244.66.248 - - [22/Jun/2020:23:36:09 +0800] "GET /?date=2003-2&t=list&paged=3 HTTP/1.1" 301 - "-" "Mozilla/5.0 (compatible; DotBot/1.1; http://www.opensiteexplorer.org/dotbot, help@moz.com)"
216.244.66.248 - - [22/Jun/2020:23:36:28 +0800] "GET /?date=2000-7-2&t=day&paged=4 HTTP/1.1" 301 - "-" "Mozilla/5.0 (compatible; DotBot/1.1; http://www.opensiteexplorer.org/dotbot, help@moz.com)"
216.244.66.248 - - [22/Jun/2020:23:36:32 +0800] "GET /?date=2025-8&t=mini&paged=5 HTTP/1.1" 301 - "-" "Mozilla/5.0 (compatible; DotBot/1.1; http://www.opensiteexplorer.org/dotbot, help@moz.com)"
216.244.66.248 - - [22/Jun/2020:23:36:35 +0800] "GET /?date=1998-9-15&t=list&paged=3 HTTP/1.1" 301 - "-" "Mozilla/5.0 (compatible; DotBot/1.1; http://www.opensiteexplorer.org/dotbot, help@moz.com)"
216.244.66.248 - - [22/Jun/2020:23:36:38 +0800] "GET /?date=2005-12-6&t=mini&paged=2 HTTP/1.1" 301 - "-" "Mozilla/5.0 (compatible; DotBot/1.1; http://www.opensiteexplorer.org/dotbot, help@moz.com)"
216.244.66.248 - - [22/Jun/2020:23:36:40 +0800] "GET /?date=2015-10-15&t=22220&paged=2 HTTP/1.1" 301 - "-" "Mozilla/5.0 (compatible; DotBot/1.1; http://www.opensiteexplorer.org/dotbot, help@moz.com)"
216.244.66.248 - - [22/Jun/2020:23:36:43 +0800] "GET /?date=2015-4-8&t=list&paged=3 HTTP/1.1" 301 - "-" "Mozilla/5.0 (compatible; DotBot/1.1; http://www.opensiteexplorer.org/dotbot, help@moz.com)"
216.244.66.248 - - [22/Jun/2020:23:36:44 +0800] "GET /?date=2018-10-20&t=list&paged=3 HTTP/1.1" 301 - "-" "Mozilla/5.0 (compatible; DotBot/1.1; http://www.opensiteexplorer.org/dotbot, help@moz.com)"
216.244.66.248 - - [22/Jun/2020:23:36:46 +0800] "GET /?date=2019-8-16&t=mini&paged=3 HTTP/1.1" 301 - "-" "Mozilla/5.0 (compatible; DotBot/1.1; http://www.opensiteexplorer.org/dotbot, help@moz.com)"
54.36.148.158 - - [22/Jun/2020:23:36:48 +0800] "GET /?date=1993-1&t=list&paged=9 HTTP/1.1" 301 20 "-" "Mozilla/5.0 (compatible; AhrefsBot/6.1; +http://ahrefs.com/robot/)"
216.244.66.248 - - [22/Jun/2020:23:36:57 +0800] "GET /?date=1994-11-11&t=day HTTP/1.1" 301 - "-" "Mozilla/5.0 (compatible; DotBot/1.1; http://www.opensiteexplorer.org/dotbot, help@moz.com)"
54.36.148.175 - - [22/Jun/2020:23:37:01 +0800] "GET /?date=1992-5-31&t=week&paged=7 HTTP/1.1" 301 20 "-" "Mozilla/5.0 (compatible; AhrefsBot/6.1; +http://ahrefs.com/robot/)"
54.36.149.20 - - [22/Jun/2020:23:37:04 +0800] "GET /?date=1996-9-1&t=day&paged=9 HTTP/1.1" 301 20 "-" "Mozilla/5.0 (compatible; AhrefsBot/6.1; +http://ahrefs.com/robot/)"
216.244.66.248 - - [22/Jun/2020:23:37:09 +0800] "GET /?date=2013-3-21&t=list HTTP/1.1" 301 - "-" "Mozilla/5.0 (compatible; DotBot/1.1; http://www.opensiteexplorer.org/dotbot, help@moz.com)"
216.244.66.248 - - [22/Jun/2020:23:37:13 +0800] "GET /?date=2019-12-13&t=day HTTP/1.1" 200 98259 "-" "Mozilla/5.0 (compatible; DotBot/1.1; http://www.opensiteexplorer.org/dotbot, help@moz.com)"
54.36.149.8 - - [22/Jun/2020:23:37:32 +0800] "GET /?date=2003-2-9&t=day&paged=7 HTTP/1.1" 301 20 "-" "Mozilla/5.0 (compatible; AhrefsBot/6.1; +http://ahrefs.com/robot/)"
54.36.148.191 - - [22/Jun/2020:23:37:55 +0800] "GET /?date=2014-10-26&t=week&paged=5 HTTP/1.1" 301 20 "-" "Mozilla/5.0 (compatible; AhrefsBot/6.1; +http://ahrefs.com/robot/)"
54.36.148.63 - - [22/Jun/2020:23:38:09 +0800] "GET /?date=2000-8-30&t=day&paged=5 HTTP/1.1" 301 20 "-" "Mozilla/5.0 (compatible; AhrefsBot/6.1; +http://ahrefs.com/robot/)"
66.249.79.109 - - [22/Jun/2020:23:39:49 +0800] "GET /category/uncategorized/ HTTP/1.1" 200 29939 "-" "Mozilla/5.0 (compatible; Googlebot/2.1; +http://www.google.com/bot.html)"
54.36.148.43 - - [22/Jun/2020:23:40:06 +0800] "GET /?date=2008-10-28&t=day&paged=5 HTTP/1.1" 301 20 "-" "Mozilla/5.0 (compatible; AhrefsBot/6.1; +http://ahrefs.com/robot/)"
216.244.66.248 - - [22/Jun/2020:23:40:20 +0800] "GET /?date=1993-8-2&t=day HTTP/1.1" 301 - "-" "Mozilla/5.0 (compatible; DotBot/1.1; http://www.opensiteexplorer.org/dotbot, help@moz.com)"
216.244.66.248 - - [22/Jun/2020:23:40:31 +0800] "GET /?date=1993-8-2&t=list HTTP/1.1" 301 - "-" "Mozilla/5.0 (compatible; DotBot/1.1; http://www.opensiteexplorer.org/dotbot, help@moz.com)"
54.36.148.88 - - [22/Jun/2020:23:40:32 +0800] "GET /?date=2001-8-29&t=day&paged=4 HTTP/1.1" 301 20 "-" "Mozilla/5.0 (compatible; AhrefsBot/6.1; +http://ahrefs.com/robot/)"
216.244.66.248 - - [22/Jun/2020:23:40:40 +0800] "GET /?date=1993-9-4&t=day HTTP/1.1" 301 - "-" "Mozilla/5.0 (compatible; DotBot/1.1; http://www.opensiteexplorer.org/dotbot, help@moz.com)"
216.244.66.248 - - [22/Jun/2020:23:40:49 +0800] "GET /?date=1997-4-9&t=day HTTP/1.1" 301 - "-" "Mozilla/5.0 (compatible; DotBot/1.1; http://www.opensiteexplorer.org/dotbot, help@moz.com)"
216.244.66.248 - - [22/Jun/2020:23:40:56 +0800] "GET /?date=2024-7-11&t=day HTTP/1.1" 301 - "-" "Mozilla/5.0 (compatible; DotBot/1.1; http://www.opensiteexplorer.org/dotbot, help@moz.com)"
105.27.178.242 - - [22/Jun/2020:23:41:37 +0800] "GET / HTTP/1.0" 200 98373 "http://tmcc.org.hk/" "Mozilla/5.0 (Windows NT 10.0; Win64; x64) AppleWebKit/537.36 (KHTML, like Gecko) Chrome/66.0.3359.170 Safari/537.36 OPR/53.0.2907.99"
216.244.66.248 - - [22/Jun/2020:23:42:09 +0800] "GET /?date=1997-7-29&t=day HTTP/1.1" 301 - "-" "Mozilla/5.0 (compatible; DotBot/1.1; http://www.opensiteexplorer.org/dotbot, help@moz.com)"
192.0.102.40 - - [22/Jun/2020:23:42:10 +0800] "HEAD / HTTP/1.1" 200 - "-" "jetmon/1.0 (Jetpack Site Uptime Monitor by WordPress.com)"
216.244.66.248 - - [22/Jun/2020:23:42:15 +0800] "GET /?date=1998-5-17&t=list HTTP/1.1" 301 - "-" "Mozilla/5.0 (compatible; DotBot/1.1; http://www.opensiteexplorer.org/dotbot, help@moz.com)"
216.244.66.248 - - [22/Jun/2020:23:42:20 +0800] "GET /?date=2011-6-28&t=list HTTP/1.1" 301 - "-" "Mozilla/5.0 (compatible; DotBot/1.1; http://www.opensiteexplorer.org/dotbot, help@moz.com)"
216.244.66.248 - - [22/Jun/2020:23:42:24 +0800] "GET /?date=2016-8-26&t=list HTTP/1.1" 301 - "-" "Mozilla/5.0 (compatible; DotBot/1.1; http://www.opensiteexplorer.org/dotbot, help@moz.com)"
216.244.66.248 - - [22/Jun/2020:23:42:28 +0800] "GET /?date=2019-10-26&t=mini&paged=2 HTTP/1.1" 301 - "-" "Mozilla/5.0 (compatible; DotBot/1.1; http://www.opensiteexplorer.org/dotbot, help@moz.com)"
216.244.66.248 - - [22/Jun/2020:23:42:31 +0800] "GET /?date=2019-9-18&t=mini HTTP/1.1" 301 - "-" "Mozilla/5.0 (compatible; DotBot/1.1; http://www.opensiteexplorer.org/dotbot, help@moz.com)"
216.244.66.248 - - [22/Jun/2020:23:42:34 +0800] "GET /?date=2020-11-30&t=list HTTP/1.1" 301 - "-" "Mozilla/5.0 (compatible; DotBot/1.1; http://www.opensiteexplorer.org/dotbot, help@moz.com)"
103.146.22.52 - - [22/Jun/2020:23:44:33 +0800] "GET /_.php HTTP/1.1" 404 94449 "http://site.ru" "Mozilla/5.0 (Windows; U; Windows NT 5.1; en-US) AppleWebKit/533.4 (KHTML, like Gecko) Chrome/5.0.375.99 Safari/533.4"
54.36.149.41 - - [22/Jun/2020:23:44:52 +0800] "GET /?date=1998-12-30&t=day&paged=4 HTTP/1.1" 301 20 "-" "Mozilla/5.0 (compatible; AhrefsBot/6.1; +http://ahrefs.com/robot/)"
54.36.149.105 - - [22/Jun/2020:23:45:29 +0800] "GET /?date=2011-12&t=22220&paged=5 HTTP/1.1" 301 20 "-" "Mozilla/5.0 (compatible; AhrefsBot/6.1; +http://ahrefs.com/robot/)"
216.244.66.248 - - [22/Jun/2020:23:47:00 +0800] "GET /?date=1994-9-21&t=mini HTTP/1.1" 301 - "-" "Mozilla/5.0 (compatible; DotBot/1.1; http://www.opensiteexplorer.org/dotbot, help@moz.com)"
216.244.66.248 - - [22/Jun/2020:23:47:02 +0800] "GET /?date=1995-1-1&t=list&paged=2 HTTP/1.1" 301 - "-" "Mozilla/5.0 (compatible; DotBot/1.1; http://www.opensiteexplorer.org/dotbot, help@moz.com)"
216.244.66.248 - - [22/Jun/2020:23:47:04 +0800] "GET /?date=1995-9-16&t=day HTTP/1.1" 301 - "-" "Mozilla/5.0 (compatible; DotBot/1.1; http://www.opensiteexplorer.org/dotbot, help@moz.com)"
216.244.66.248 - - [22/Jun/2020:23:47:06 +0800] "GET /?date=1996-1-17&t=mini HTTP/1.1" 301 - "-" "Mozilla/5.0 (compatible; DotBot/1.1; http://www.opensiteexplorer.org/dotbot, help@moz.com)"
216.244.66.248 - - [22/Jun/2020:23:47:08 +0800] "GET /?date=1996-11-28&t=day HTTP/1.1" 301 - "-" "Mozilla/5.0 (compatible; DotBot/1.1; http://www.opensiteexplorer.org/dotbot, help@moz.com)"
216.244.66.248 - - [22/Jun/2020:23:47:10 +0800] "GET /?date=1997-11-3&t=day&paged=2 HTTP/1.1" 301 - "-" "Mozilla/5.0 (compatible; DotBot/1.1; http://www.opensiteexplorer.org/dotbot, help@moz.com)"
216.244.66.248 - - [22/Jun/2020:23:47:11 +0800] "GET /?date=1997-9-18&t=day HTTP/1.1" 301 - "-" "Mozilla/5.0 (compatible; DotBot/1.1; http://www.opensiteexplorer.org/dotbot, help@moz.com)"
216.244.66.248 - - [22/Jun/2020:23:47:13 +0800] "GET /?date=1999-2-26&t=day HTTP/1.1" 301 - "-" "Mozilla/5.0 (compatible; DotBot/1.1; http://www.opensiteexplorer.org/dotbot, help@moz.com)"
216.244.66.248 - - [22/Jun/2020:23:47:15 +0800] "GET /?date=1999-5-7&t=day&paged=2 HTTP/1.1" 301 - "-" "Mozilla/5.0 (compatible; DotBot/1.1; http://www.opensiteexplorer.org/dotbot, help@moz.com)"
216.244.66.248 - - [22/Jun/2020:23:47:17 +0800] "GET /?date=2000-12-7&t=day HTTP/1.1" 301 - "-" "Mozilla/5.0 (compatible; DotBot/1.1; http://www.opensiteexplorer.org/dotbot, help@moz.com)"
216.244.66.248 - - [22/Jun/2020:23:47:18 +0800] "GET /?date=2009-5&t=list&paged=2 HTTP/1.1" 301 - "-" "Mozilla/5.0 (compatible; DotBot/1.1; http://www.opensiteexplorer.org/dotbot, help@moz.com)"
216.244.66.248 - - [22/Jun/2020:23:47:20 +0800] "GET /?date=2010-4-12&t=list HTTP/1.1" 301 - "-" "Mozilla/5.0 (compatible; DotBot/1.1; http://www.opensiteexplorer.org/dotbot, help@moz.com)"
216.244.66.248 - - [22/Jun/2020:23:47:22 +0800] "GET /?date=2015-8&t=mini&paged=3 HTTP/1.1" 301 - "-" "Mozilla/5.0 (compatible; DotBot/1.1; http://www.opensiteexplorer.org/dotbot, help@moz.com)"
216.244.66.248 - - [22/Jun/2020:23:47:23 +0800] "GET /?date=2021-10-29&t=list HTTP/1.1" 301 - "-" "Mozilla/5.0 (compatible; DotBot/1.1; http://www.opensiteexplorer.org/dotbot, help@moz.com)"
216.244.66.248 - - [22/Jun/2020:23:47:25 +0800] "GET /?date=2022-4&t=mini&paged=2 HTTP/1.1" 301 - "-" "Mozilla/5.0 (compatible; DotBot/1.1; http://www.opensiteexplorer.org/dotbot, help@moz.com)"
216.244.66.248 - - [22/Jun/2020:23:47:27 +0800] "GET /?date=2022-8-21&t=mini HTTP/1.1" 301 - "-" "Mozilla/5.0 (compatible; DotBot/1.1; http://www.opensiteexplorer.org/dotbot, help@moz.com)"
192.0.102.40 - - [22/Jun/2020:23:49:52 +0800] "HEAD / HTTP/1.1" 200 - "-" "jetmon/1.0 (Jetpack Site Uptime Monitor by WordPress.com)"
54.36.149.83 - - [22/Jun/2020:23:50:24 +0800] "GET /?date=1994-11-29&t=day&paged=5 HTTP/1.1" 301 20 "-" "Mozilla/5.0 (compatible; AhrefsBot/6.1; +http://ahrefs.com/robot/)"
54.36.149.106 - - [22/Jun/2020:23:51:14 +0800] "GET /index.php?option=com_phocagallery&view=detail&catid=12&id=877:tmcc27_288&tmpl=component&phocadownload=1&Itemid=59 HTTP/1.1" 301 20 "-" "Mozilla/5.0 (compatible; AhrefsBot/6.1; +http://ahrefs.com/robot/)"
54.36.149.65 - - [22/Jun/2020:23:53:36 +0800] "GET /?date=2003-10-16&t=day&paged=3 HTTP/1.1" 301 20 "-" "Mozilla/5.0 (compatible; AhrefsBot/6.1; +http://ahrefs.com/robot/)"
216.244.66.248 - - [22/Jun/2020:23:53:51 +0800] "GET /?date=1997-2-5&t=mini HTTP/1.1" 301 - "-" "Mozilla/5.0 (compatible; DotBot/1.1; http://www.opensiteexplorer.org/dotbot, help@moz.com)"
216.244.66.248 - - [22/Jun/2020:23:53:53 +0800] "GET /?date=1999-3&t=mini&paged=5 HTTP/1.1" 301 - "-" "Mozilla/5.0 (compatible; DotBot/1.1; http://www.opensiteexplorer.org/dotbot, help@moz.com)"
216.244.66.248 - - [22/Jun/2020:23:53:54 +0800] "GET /?date=2003-1-6&t=day&paged=3 HTTP/1.1" 301 - "-" "Mozilla/5.0 (compatible; DotBot/1.1; http://www.opensiteexplorer.org/dotbot, help@moz.com)"
216.244.66.248 - - [22/Jun/2020:23:53:56 +0800] "GET /?date=2006-1-9&t=day&paged=2 HTTP/1.1" 301 - "-" "Mozilla/5.0 (compatible; DotBot/1.1; http://www.opensiteexplorer.org/dotbot, help@moz.com)"
216.244.66.248 - - [22/Jun/2020:23:53:58 +0800] "GET /?date=2008-5-8&t=day&paged=2 HTTP/1.1" 301 - "-" "Mozilla/5.0 (compatible; DotBot/1.1; http://www.opensiteexplorer.org/dotbot, help@moz.com)"
216.244.66.248 - - [22/Jun/2020:23:54:00 +0800] "GET /?date=2014-4-17&t=mini HTTP/1.1" 301 - "-" "Mozilla/5.0 (compatible; DotBot/1.1; http://www.opensiteexplorer.org/dotbot, help@moz.com)"
216.244.66.248 - - [22/Jun/2020:23:54:02 +0800] "GET /?date=2014-6-3&t=day&paged=2 HTTP/1.1" 301 - "-" "Mozilla/5.0 (compatible; DotBot/1.1; http://www.opensiteexplorer.org/dotbot, help@moz.com)"
216.244.66.248 - - [22/Jun/2020:23:54:03 +0800] "GET /?date=2016-1-4&t=mini HTTP/1.1" 301 - "-" "Mozilla/5.0 (compatible; DotBot/1.1; http://www.opensiteexplorer.org/dotbot, help@moz.com)"
216.244.66.248 - - [22/Jun/2020:23:54:05 +0800] "GET /?date=2017-6-1&t=day HTTP/1.1" 301 - "-" "Mozilla/5.0 (compatible; DotBot/1.1; http://www.opensiteexplorer.org/dotbot, help@moz.com)"
59.149.191.123 - - [22/Jun/2020:23:55:03 +0800] "GET /%E5%B0%8E%E5%B8%AB%E4%BB%8B%E7%B4%B9/ HTTP/1.1" 200 33676 "https://www.google.com/" "Mozilla/5.0 (Windows NT 10.0; Win64; x64) AppleWebKit/537.36 (KHTML, like Gecko) Chrome/83.0.4103.106 Safari/537.36"
59.149.191.123 - - [22/Jun/2020:23:55:04 +0800] "GET /wp-includes/css/dist/block-library/style.min.css?ver=5.4.1 HTTP/1.1" 200 7642 "http://tmcc.org.hk/%E5%B0%8E%E5%B8%AB%E4%BB%8B%E7%B4%B9/" "Mozilla/5.0 (Windows NT 10.0; Win64; x64) AppleWebKit/537.36 (KHTML, like Gecko) Chrome/83.0.4103.106 Safari/537.36"
59.149.191.123 - - [22/Jun/2020:23:55:04 +0800] "GET /wp-content/plugins/jetpack/modules/theme-tools/compat/twentytwenty.css?ver=8.4.2 HTTP/1.1" 200 1508 "http://tmcc.org.hk/%E5%B0%8E%E5%B8%AB%E4%BB%8B%E7%B4%B9/" "Mozilla/5.0 (Windows NT 10.0; Win64; x64) AppleWebKit/537.36 (KHTML, like Gecko) Chrome/83.0.4103.106 Safari/537.36"
59.149.191.123 - - [22/Jun/2020:23:55:04 +0800] "GET /wp-content/themes/twentytwenty/style.css?ver=1.2 HTTP/1.1" 200 22983 "http://tmcc.org.hk/%E5%B0%8E%E5%B8%AB%E4%BB%8B%E7%B4%B9/" "Mozilla/5.0 (Windows NT 10.0; Win64; x64) AppleWebKit/537.36 (KHTML, like Gecko) Chrome/83.0.4103.106 Safari/537.36"
59.149.191.123 - - [22/Jun/2020:23:55:04 +0800] "GET /wp-content/plugins/jetpack/css/jetpack.css?ver=8.4.2 HTTP/1.1" 200 13124 "http://tmcc.org.hk/%E5%B0%8E%E5%B8%AB%E4%BB%8B%E7%B4%B9/" "Mozilla/5.0 (Windows NT 10.0; Win64; x64) AppleWebKit/537.36 (KHTML, like Gecko) Chrome/83.0.4103.106 Safari/537.36"
59.149.191.123 - - [22/Jun/2020:23:55:04 +0800] "GET /wp-includes/js/wp-embed.min.js?ver=5.4.1 HTTP/1.1" 200 769 "http://tmcc.org.hk/%E5%B0%8E%E5%B8%AB%E4%BB%8B%E7%B4%B9/" "Mozilla/5.0 (Windows NT 10.0; Win64; x64) AppleWebKit/537.36 (KHTML, like Gecko) Chrome/83.0.4103.106 Safari/537.36"
59.149.191.123 - - [22/Jun/2020:23:55:04 +0800] "GET /wp-content/themes/twentytwenty/assets/js/index.js?ver=1.2 HTTP/1.1" 200 6703 "http://tmcc.org.hk/%E5%B0%8E%E5%B8%AB%E4%BB%8B%E7%B4%B9/" "Mozilla/5.0 (Windows NT 10.0; Win64; x64) AppleWebKit/537.36 (KHTML, like Gecko) Chrome/83.0.4103.106 Safari/537.36"
59.149.191.123 - - [22/Jun/2020:23:55:04 +0800] "GET /wp-content/uploads/%E9%9F%B3%E6%A8%82%E7%B8%BD%E7%9B%A3%E5%8D%80%E5%93%81%E8%81%96-200x300.jpg HTTP/1.1" 200 9619 "http://tmcc.org.hk/%E5%B0%8E%E5%B8%AB%E4%BB%8B%E7%B4%B9/" "Mozilla/5.0 (Windows NT 10.0; Win64; x64) AppleWebKit/537.36 (KHTML, like Gecko) Chrome/83.0.4103.106 Safari/537.36"
59.149.191.123 - - [22/Jun/2020:23:55:04 +0800] "GET /wp-content/uploads/TMCClogo-with-text-01.png HTTP/1.1" 200 94396 "http://tmcc.org.hk/%E5%B0%8E%E5%B8%AB%E4%BB%8B%E7%B4%B9/" "Mozilla/5.0 (Windows NT 10.0; Win64; x64) AppleWebKit/537.36 (KHTML, like Gecko) Chrome/83.0.4103.106 Safari/537.36"
59.149.191.123 - - [22/Jun/2020:23:55:04 +0800] "GET /wp-content/uploads/%E8%A1%8C%E6%94%BF%E7%B8%BD%E7%9B%A3%E5%8D%80%E5%93%81%E8%B3%A2.jpg HTTP/1.1" 200 40272 "http://tmcc.org.hk/%E5%B0%8E%E5%B8%AB%E4%BB%8B%E7%B4%B9/" "Mozilla/5.0 (Windows NT 10.0; Win64; x64) AppleWebKit/537.36 (KHTML, like Gecko) Chrome/83.0.4103.106 Safari/537.36"
59.149.191.123 - - [22/Jun/2020:23:55:04 +0800] "GET /wp-content/uploads/%E9%83%AD%E4%BF%8A%E7%AB%8B-200x300.jpg HTTP/1.1" 200 7255 "http://tmcc.org.hk/%E5%B0%8E%E5%B8%AB%E4%BB%8B%E7%B4%B9/" "Mozilla/5.0 (Windows NT 10.0; Win64; x64) AppleWebKit/537.36 (KHTML, like Gecko) Chrome/83.0.4103.106 Safari/537.36"
59.149.191.123 - - [22/Jun/2020:23:55:04 +0800] "GET /wp-content/uploads/%E5%8A%89%E6%B1%9D%E9%A3%9B-257x300.jpg HTTP/1.1" 200 17461 "http://tmcc.org.hk/%E5%B0%8E%E5%B8%AB%E4%BB%8B%E7%B4%B9/" "Mozilla/5.0 (Windows NT 10.0; Win64; x64) AppleWebKit/537.36 (KHTML, like Gecko) Chrome/83.0.4103.106 Safari/537.36"
59.149.191.123 - - [22/Jun/2020:23:55:04 +0800] "GET /wp-content/uploads/%E7%9B%A7%E5%AD%90%E5%B9%B3-300x225.jpg HTTP/1.1" 200 14126 "http://tmcc.org.hk/%E5%B0%8E%E5%B8%AB%E4%BB%8B%E7%B4%B9/" "Mozilla/5.0 (Windows NT 10.0; Win64; x64) AppleWebKit/537.36 (KHTML, like Gecko) Chrome/83.0.4103.106 Safari/537.36"
59.149.191.123 - - [22/Jun/2020:23:55:04 +0800] "GET /wp-content/uploads/%E5%8A%89%E8%8B%A5%E7%82%BA-768x512.jpg HTTP/1.1" 200 63087 "http://tmcc.org.hk/%E5%B0%8E%E5%B8%AB%E4%BB%8B%E7%B4%B9/" "Mozilla/5.0 (Windows NT 10.0; Win64; x64) AppleWebKit/537.36 (KHTML, like Gecko) Chrome/83.0.4103.106 Safari/537.36"
59.149.191.123 - - [22/Jun/2020:23:55:04 +0800] "GET /wp-content/uploads/%E6%A5%8A%E7%9A%93%E6%99%B4-300x237.jpg HTTP/1.1" 200 17698 "http://tmcc.org.hk/%E5%B0%8E%E5%B8%AB%E4%BB%8B%E7%B4%B9/" "Mozilla/5.0 (Windows NT 10.0; Win64; x64) AppleWebKit/537.36 (KHTML, like Gecko) Chrome/83.0.4103.106 Safari/537.36"
59.149.191.123 - - [22/Jun/2020:23:55:04 +0800] "GET /wp-content/uploads/%E6%BD%98%E7%AD%A0%E8%95%8E-265x300.jpg HTTP/1.1" 200 20118 "http://tmcc.org.hk/%E5%B0%8E%E5%B8%AB%E4%BB%8B%E7%B4%B9/" "Mozilla/5.0 (Windows NT 10.0; Win64; x64) AppleWebKit/537.36 (KHTML, like Gecko) Chrome/83.0.4103.106 Safari/537.36"
59.149.191.123 - - [22/Jun/2020:23:55:04 +0800] "GET /wp-content/uploads/%E9%99%B3%E6%B0%B8%E6%A8%91-221x300.jpg HTTP/1.1" 200 10571 "http://tmcc.org.hk/%E5%B0%8E%E5%B8%AB%E4%BB%8B%E7%B4%B9/" "Mozilla/5.0 (Windows NT 10.0; Win64; x64) AppleWebKit/537.36 (KHTML, like Gecko) Chrome/83.0.4103.106 Safari/537.36"
59.149.191.123 - - [22/Jun/2020:23:55:04 +0800] "GET /wp-content/uploads/%E9%A6%AC%E6%B0%B8%E5%B5%90-232x300.jpg HTTP/1.1" 200 15416 "http://tmcc.org.hk/%E5%B0%8E%E5%B8%AB%E4%BB%8B%E7%B4%B9/" "Mozilla/5.0 (Windows NT 10.0; Win64; x64) AppleWebKit/537.36 (KHTML, like Gecko) Chrome/83.0.4103.106 Safari/537.36"
59.149.191.123 - - [22/Jun/2020:23:55:04 +0800] "GET /wp-content/uploads/%E5%91%A8%E7%AB%8B%E8%B3%A2-1-199x300.jpg HTTP/1.1" 200 10229 "http://tmcc.org.hk/%E5%B0%8E%E5%B8%AB%E4%BB%8B%E7%B4%B9/" "Mozilla/5.0 (Windows NT 10.0; Win64; x64) AppleWebKit/537.36 (KHTML, like Gecko) Chrome/83.0.4103.106 Safari/537.36"
59.149.191.123 - - [22/Jun/2020:23:55:04 +0800] "GET /wp-content/uploads/%E7%9B%A7%E6%9C%97%E7%84%B6-768x512.jpg HTTP/1.1" 200 67301 "http://tmcc.org.hk/%E5%B0%8E%E5%B8%AB%E4%BB%8B%E7%B4%B9/" "Mozilla/5.0 (Windows NT 10.0; Win64; x64) AppleWebKit/537.36 (KHTML, like Gecko) Chrome/83.0.4103.106 Safari/537.36"
59.149.191.123 - - [22/Jun/2020:23:55:04 +0800] "GET /wp-content/uploads/%E9%99%B3%E4%BF%8A%E6%96%87-768x512.jpg HTTP/1.1" 200 40335 "http://tmcc.org.hk/%E5%B0%8E%E5%B8%AB%E4%BB%8B%E7%B4%B9/" "Mozilla/5.0 (Windows NT 10.0; Win64; x64) AppleWebKit/537.36 (KHTML, like Gecko) Chrome/83.0.4103.106 Safari/537.36"
59.149.191.123 - - [22/Jun/2020:23:55:04 +0800] "GET /wp-content/uploads/%E6%9E%97%E5%98%89%E6%98%8E-768x567.jpg HTTP/1.1" 200 29629 "http://tmcc.org.hk/%E5%B0%8E%E5%B8%AB%E4%BB%8B%E7%B4%B9/" "Mozilla/5.0 (Windows NT 10.0; Win64; x64) AppleWebKit/537.36 (KHTML, like Gecko) Chrome/83.0.4103.106 Safari/537.36"
59.149.191.123 - - [22/Jun/2020:23:55:04 +0800] "GET /wp-includes/js/wp-emoji-release.min.js?ver=5.4.1 HTTP/1.1" 200 4653 "http://tmcc.org.hk/%E5%B0%8E%E5%B8%AB%E4%BB%8B%E7%B4%B9/" "Mozilla/5.0 (Windows NT 10.0; Win64; x64) AppleWebKit/537.36 (KHTML, like Gecko) Chrome/83.0.4103.106 Safari/537.36"
59.149.191.123 - - [22/Jun/2020:23:55:04 +0800] "GET /wp-content/uploads/%E9%A6%AC%E7%A9%8E%E6%B0%91-206x300.png HTTP/1.1" 200 96790 "http://tmcc.org.hk/%E5%B0%8E%E5%B8%AB%E4%BB%8B%E7%B4%B9/" "Mozilla/5.0 (Windows NT 10.0; Win64; x64) AppleWebKit/537.36 (KHTML, like Gecko) Chrome/83.0.4103.106 Safari/537.36"
59.149.191.123 - - [22/Jun/2020:23:55:04 +0800] "GET /wp-content/themes/twentytwenty/print.css?ver=1.2 HTTP/1.1" 200 991 "http://tmcc.org.hk/%E5%B0%8E%E5%B8%AB%E4%BB%8B%E7%B4%B9/" "Mozilla/5.0 (Windows NT 10.0; Win64; x64) AppleWebKit/537.36 (KHTML, like Gecko) Chrome/83.0.4103.106 Safari/537.36"
59.149.191.123 - - [22/Jun/2020:23:55:05 +0800] "GET /wp-content/uploads/2020/04/TMCClogo-150x150.png HTTP/1.1" 200 15011 "http://tmcc.org.hk/%E5%B0%8E%E5%B8%AB%E4%BB%8B%E7%B4%B9/" "Mozilla/5.0 (Windows NT 10.0; Win64; x64) AppleWebKit/537.36 (KHTML, like Gecko) Chrome/83.0.4103.106 Safari/537.36"
54.36.148.48 - - [22/Jun/2020:23:55:26 +0800] "GET /?date=1989-2-5&t=week&paged=6 HTTP/1.1" 301 20 "-" "Mozilla/5.0 (compatible; AhrefsBot/6.1; +http://ahrefs.com/robot/)"
192.0.102.40 - - [22/Jun/2020:23:57:55 +0800] "HEAD / HTTP/1.1" 200 - "-" "jetmon/1.0 (Jetpack Site Uptime Monitor by WordPress.com)"
54.36.148.184 - - [22/Jun/2020:23:57:55 +0800] "GET /?p=485 HTTP/1.1" 301 20 "-" "Mozilla/5.0 (compatible; AhrefsBot/6.1; +http://ahrefs.com/robot/)"
54.36.148.245 - - [22/Jun/2020:23:58:14 +0800] "GET /?date=2007-5-29&t=day&paged=4 HTTP/1.1" 301 20 "-" "Mozilla/5.0 (compatible; AhrefsBot/6.1; +http://ahrefs.com/robot/)"
54.36.148.131 - - [22/Jun/2020:23:59:01 +0800] "GET /?date=2019-1-27&t=week&paged=5 HTTP/1.1" 301 20 "-" "Mozilla/5.0 (compatible; AhrefsBot/6.1; +http://ahrefs.com/robot/)"
54.36.149.0 - - [23/Jun/2020:00:01:12 +0800] "GET /?date=2005-10-2&t=day&paged=5 HTTP/1.1" 301 20 "-" "Mozilla/5.0 (compatible; AhrefsBot/6.1; +http://ahrefs.com/robot/)"
207.46.13.144 - - [23/Jun/2020:00:01:13 +0800] "GET /robots.txt HTTP/1.1" 200 69 "-" "Mozilla/5.0 (compatible; bingbot/2.0; +http://www.bing.com/bingbot.htm)"
114.119.163.159 - - [23/Jun/2020:00:03:13 +0800] "GET /robots.txt HTTP/1.1" 200 69 "-" "Mozilla/5.0 (Linux; Android 7.0;) AppleWebKit/537.36 (KHTML, like Gecko) Mobile Safari/537.36 (compatible; PetalBot;+https://aspiegel.com/petalbot)"
185.85.191.201 - - [23/Jun/2020:00:03:35 +0800] "GET /wp-login.php HTTP/1.1" 200 6043 "-" "Mozilla/5.0 (Windows NT 10.0; WOW64) AppleWebKit/537.36 (KHTML, like Gecko) Chrome/51.0.2704.103 Safari/537.36"
185.85.191.201 - - [23/Jun/2020:00:03:37 +0800] "POST /wp-login.php HTTP/1.1" 401 3586 "http://www.tmcc.org.hk/wp-login.php" "Mozilla/5.0 (Windows NT 10.0; WOW64) AppleWebKit/537.36 (KHTML, like Gecko) Chrome/51.0.2704.103 Safari/537.36"
54.36.148.158 - - [23/Jun/2020:00:04:01 +0800] "GET /?date=2015-4-12&t=week&paged=7 HTTP/1.1" 301 20 "-" "Mozilla/5.0 (compatible; AhrefsBot/6.1; +http://ahrefs.com/robot/)"
54.36.149.51 - - [23/Jun/2020:00:04:48 +0800] "GET /?date=1998-7-28&t=day&paged=7 HTTP/1.1" 301 20 "-" "Mozilla/5.0 (compatible; AhrefsBot/6.1; +http://ahrefs.com/robot/)"
54.36.148.218 - - [23/Jun/2020:00:04:57 +0800] "GET /index.php?option=com_phocagallery&view=detail&catid=29:2010-01-04-04-13-01&id=3064:tmcc1228c004&tmpl=component&phocadownload=1&Itemid=59 HTTP/1.1" 301 20 "-" "Mozilla/5.0 (compatible; AhrefsBot/6.1; +http://ahrefs.com/robot/)"
192.0.102.40 - - [23/Jun/2020:00:05:59 +0800] "HEAD / HTTP/1.1" 200 - "-" "jetmon/1.0 (Jetpack Site Uptime Monitor by WordPress.com)"
185.85.191.196 - - [23/Jun/2020:00:06:02 +0800] "GET /wp-login.php HTTP/1.1" 200 6043 "-" "Mozilla/5.0 (Windows NT 10.0; WOW64) AppleWebKit/537.36 (KHTML, like Gecko) Chrome/51.0.2704.103 Safari/537.36"
185.85.191.196 - - [23/Jun/2020:00:06:04 +0800] "POST /wp-login.php HTTP/1.1" 401 3586 "http://www.tmcc.org.hk/wp-login.php" "Mozilla/5.0 (Windows NT 10.0; WOW64) AppleWebKit/537.36 (KHTML, like Gecko) Chrome/51.0.2704.103 Safari/537.36"
54.36.148.149 - - [23/Jun/2020:00:07:22 +0800] "GET /index.php?option=com_phocagallery&view=detail&catid=13&id=905:dsc_0010&tmpl=component&phocadownload=1&Itemid=59 HTTP/1.1" 301 20 "-" "Mozilla/5.0 (compatible; AhrefsBot/6.1; +http://ahrefs.com/robot/)"
54.36.149.19 - - [23/Jun/2020:00:07:48 +0800] "GET /?date=1991-1-10&t=day&paged=7 HTTP/1.1" 301 20 "-" "Mozilla/5.0 (compatible; AhrefsBot/6.1; +http://ahrefs.com/robot/)"
220.181.108.160 - - [23/Jun/2020:00:09:27 +0800] "GET /?p=569 HTTP/1.1" 404 30143 "-" "Mozilla/5.0 (compatible; Baiduspider/2.0; +http://www.baidu.com/search/spider.html)"
54.36.148.213 - - [23/Jun/2020:00:11:01 +0800] "GET /?date=1996-7-24&t=day&paged=4 HTTP/1.1" 301 20 "-" "Mozilla/5.0 (compatible; AhrefsBot/6.1; +http://ahrefs.com/robot/)"
54.36.148.247 - - [23/Jun/2020:00:13:09 +0800] "GET /?date=2010-3-31&t=day&paged=5 HTTP/1.1" 301 20 "-" "Mozilla/5.0 (compatible; AhrefsBot/6.1; +http://ahrefs.com/robot/)"
54.36.149.20 - - [23/Jun/2020:00:13:15 +0800] "GET /?date=1998-8-8&t=day&paged=8 HTTP/1.1" 301 20 "-" "Mozilla/5.0 (compatible; AhrefsBot/6.1; +http://ahrefs.com/robot/)"
192.0.102.40 - - [23/Jun/2020:00:13:38 +0800] "HEAD / HTTP/1.1" 200 - "-" "jetmon/1.0 (Jetpack Site Uptime Monitor by WordPress.com)"
54.36.148.38 - - [23/Jun/2020:00:14:52 +0800] "GET /?date=1991-1-27&t=day&paged=3 HTTP/1.1" 301 20 "-" "Mozilla/5.0 (compatible; AhrefsBot/6.1; +http://ahrefs.com/robot/)"
54.36.149.15 - - [23/Jun/2020:00:15:22 +0800] "GET /?date=2013-4-15&t=day&paged=5 HTTP/1.1" 301 20 "-" "Mozilla/5.0 (compatible; AhrefsBot/6.1; +http://ahrefs.com/robot/)"
54.36.148.226 - - [23/Jun/2020:00:16:12 +0800] "GET /?date=2012-7&t=mini&paged=9 HTTP/1.1" 301 20 "-" "Mozilla/5.0 (compatible; AhrefsBot/6.1; +http://ahrefs.com/robot/)"
216.244.66.248 - - [23/Jun/2020:00:16:39 +0800] "GET /?date=2016-4-9&t=day&paged=2 HTTP/1.1" 301 - "-" "Mozilla/5.0 (compatible; DotBot/1.1; http://www.opensiteexplorer.org/dotbot, help@moz.com)"
216.244.66.248 - - [23/Jun/2020:00:16:44 +0800] "GET /?date=2018-6&t=22220&paged=2 HTTP/1.1" 301 - "-" "Mozilla/5.0 (compatible; DotBot/1.1; http://www.opensiteexplorer.org/dotbot, help@moz.com)"
216.244.66.248 - - [23/Jun/2020:00:16:49 +0800] "GET /?date=2030-3&t=mini&paged=3 HTTP/1.1" 301 - "-" "Mozilla/5.0 (compatible; DotBot/1.1; http://www.opensiteexplorer.org/dotbot, help@moz.com)"
216.244.66.248 - - [23/Jun/2020:00:16:53 +0800] "GET /?date=2032-1&t=list&paged=3 HTTP/1.1" 301 - "-" "Mozilla/5.0 (compatible; DotBot/1.1; http://www.opensiteexplorer.org/dotbot, help@moz.com)"
216.244.66.248 - - [23/Jun/2020:00:16:56 +0800] "GET /?date=2001-9-8&t=day&paged=2 HTTP/1.1" 301 - "-" "Mozilla/5.0 (compatible; DotBot/1.1; http://www.opensiteexplorer.org/dotbot, help@moz.com)"
216.244.66.248 - - [23/Jun/2020:00:17:00 +0800] "GET /?date=2005-8-1&t=day&paged=2 HTTP/1.1" 301 - "-" "Mozilla/5.0 (compatible; DotBot/1.1; http://www.opensiteexplorer.org/dotbot, help@moz.com)"
216.244.66.248 - - [23/Jun/2020:00:17:03 +0800] "GET /?date=2018-4-7&t=day&paged=3 HTTP/1.1" 301 - "-" "Mozilla/5.0 (compatible; DotBot/1.1; http://www.opensiteexplorer.org/dotbot, help@moz.com)"
216.244.66.248 - - [23/Jun/2020:00:17:05 +0800] "GET /?date=1994-10-2&t=day&paged=2 HTTP/1.1" 301 - "-" "Mozilla/5.0 (compatible; DotBot/1.1; http://www.opensiteexplorer.org/dotbot, help@moz.com)"
216.244.66.248 - - [23/Jun/2020:00:17:07 +0800] "GET /?date=1994-5-25&t=list&paged=3 HTTP/1.1" 301 - "-" "Mozilla/5.0 (compatible; DotBot/1.1; http://www.opensiteexplorer.org/dotbot, help@moz.com)"
216.244.66.248 - - [23/Jun/2020:00:17:09 +0800] "GET /?date=2015-2-11&t=day&paged=2 HTTP/1.1" 301 - "-" "Mozilla/5.0 (compatible; DotBot/1.1; http://www.opensiteexplorer.org/dotbot, help@moz.com)"
216.244.66.248 - - [23/Jun/2020:00:17:11 +0800] "GET /?date=2018-2-26&t=list&paged=3 HTTP/1.1" 301 - "-" "Mozilla/5.0 (compatible; DotBot/1.1; http://www.opensiteexplorer.org/dotbot, help@moz.com)"
216.244.66.248 - - [23/Jun/2020:00:17:13 +0800] "GET /?date=2019-7-23&t=list&paged=3 HTTP/1.1" 301 - "-" "Mozilla/5.0 (compatible; DotBot/1.1; http://www.opensiteexplorer.org/dotbot, help@moz.com)"
216.244.66.248 - - [23/Jun/2020:00:17:15 +0800] "GET /?date=2023-3-22&t=day&paged=2 HTTP/1.1" 301 - "-" "Mozilla/5.0 (compatible; DotBot/1.1; http://www.opensiteexplorer.org/dotbot, help@moz.com)"
216.244.66.248 - - [23/Jun/2020:00:17:40 +0800] "GET /?date=2019-5-17&t=list HTTP/1.1" 200 98259 "-" "Mozilla/5.0 (compatible; DotBot/1.1; http://www.opensiteexplorer.org/dotbot, help@moz.com)"
216.244.66.248 - - [23/Jun/2020:00:20:28 +0800] "GET /?date=1998-6-22&t=day HTTP/1.1" 301 - "-" "Mozilla/5.0 (compatible; DotBot/1.1; http://www.opensiteexplorer.org/dotbot, help@moz.com)"
216.244.66.248 - - [23/Jun/2020:00:20:30 +0800] "GET /?date=2000-9-13&t=mini HTTP/1.1" 301 - "-" "Mozilla/5.0 (compatible; DotBot/1.1; http://www.opensiteexplorer.org/dotbot, help@moz.com)"
216.244.66.248 - - [23/Jun/2020:00:20:32 +0800] "GET /?date=2021-6-4&t=day HTTP/1.1" 301 - "-" "Mozilla/5.0 (compatible; DotBot/1.1; http://www.opensiteexplorer.org/dotbot, help@moz.com)"
216.244.66.248 - - [23/Jun/2020:00:20:34 +0800] "GET /?date=2022-3-9&t=mini HTTP/1.1" 301 - "-" "Mozilla/5.0 (compatible; DotBot/1.1; http://www.opensiteexplorer.org/dotbot, help@moz.com)"
216.244.66.248 - - [23/Jun/2020:00:20:36 +0800] "GET /?date=2027-4-26&t=day HTTP/1.1" 301 - "-" "Mozilla/5.0 (compatible; DotBot/1.1; http://www.opensiteexplorer.org/dotbot, help@moz.com)"
216.244.66.248 - - [23/Jun/2020:00:21:28 +0800] "GET /?date=1992-1-24&t=mini HTTP/1.1" 301 - "-" "Mozilla/5.0 (compatible; DotBot/1.1; http://www.opensiteexplorer.org/dotbot, help@moz.com)"
192.0.102.40 - - [23/Jun/2020:00:21:30 +0800] "HEAD / HTTP/1.1" 200 - "-" "jetmon/1.0 (Jetpack Site Uptime Monitor by WordPress.com)"
54.36.149.45 - - [23/Jun/2020:00:21:35 +0800] "GET /?date=2008-11-19&t=day&paged=5 HTTP/1.1" 301 20 "-" "Mozilla/5.0 (compatible; AhrefsBot/6.1; +http://ahrefs.com/robot/)"
216.244.66.248 - - [23/Jun/2020:00:21:39 +0800] "GET /?date=1993-6-29&t=mini HTTP/1.1" 301 - "-" "Mozilla/5.0 (compatible; DotBot/1.1; http://www.opensiteexplorer.org/dotbot, help@moz.com)"
216.244.66.248 - - [23/Jun/2020:00:21:48 +0800] "GET /?date=1998-2-24&t=day HTTP/1.1" 301 - "-" "Mozilla/5.0 (compatible; DotBot/1.1; http://www.opensiteexplorer.org/dotbot, help@moz.com)"
216.244.66.248 - - [23/Jun/2020:00:22:00 +0800] "GET /?date=2001-4-6&t=list HTTP/1.1" 301 - "-" "Mozilla/5.0 (compatible; DotBot/1.1; http://www.opensiteexplorer.org/dotbot, help@moz.com)"
216.244.66.248 - - [23/Jun/2020:00:22:12 +0800] "GET /?date=2020-10-20&t=mini&paged=3 HTTP/1.1" 301 - "-" "Mozilla/5.0 (compatible; DotBot/1.1; http://www.opensiteexplorer.org/dotbot, help@moz.com)"
216.244.66.248 - - [23/Jun/2020:00:22:23 +0800] "GET /?date=2021-5-25&t=list HTTP/1.1" 301 - "-" "Mozilla/5.0 (compatible; DotBot/1.1; http://www.opensiteexplorer.org/dotbot, help@moz.com)"
216.244.66.248 - - [23/Jun/2020:00:22:34 +0800] "GET /?date=2023-10-2&t=mini HTTP/1.1" 301 - "-" "Mozilla/5.0 (compatible; DotBot/1.1; http://www.opensiteexplorer.org/dotbot, help@moz.com)"
216.244.66.248 - - [23/Jun/2020:00:22:43 +0800] "GET /?date=2023-7-10&t=list HTTP/1.1" 301 - "-" "Mozilla/5.0 (compatible; DotBot/1.1; http://www.opensiteexplorer.org/dotbot, help@moz.com)"
54.36.149.56 - - [23/Jun/2020:00:24:17 +0800] "GET /?date=1997-12-22&t=day&paged=7 HTTP/1.1" 301 20 "-" "Mozilla/5.0 (compatible; AhrefsBot/6.1; +http://ahrefs.com/robot/)"
216.244.66.248 - - [23/Jun/2020:00:24:19 +0800] "GET /?date=1990-2-1&t=mini HTTP/1.1" 301 - "-" "Mozilla/5.0 (compatible; DotBot/1.1; http://www.opensiteexplorer.org/dotbot, help@moz.com)"
216.244.66.248 - - [23/Jun/2020:00:24:27 +0800] "GET /?date=1992-8-4&t=list HTTP/1.1" 301 - "-" "Mozilla/5.0 (compatible; DotBot/1.1; http://www.opensiteexplorer.org/dotbot, help@moz.com)"
216.244.66.248 - - [23/Jun/2020:00:24:39 +0800] "GET /?date=1995-2-25&t=list HTTP/1.1" 301 - "-" "Mozilla/5.0 (compatible; DotBot/1.1; http://www.opensiteexplorer.org/dotbot, help@moz.com)"
216.244.66.248 - - [23/Jun/2020:00:24:47 +0800] "GET /?date=1995-4-29&t=list HTTP/1.1" 301 - "-" "Mozilla/5.0 (compatible; DotBot/1.1; http://www.opensiteexplorer.org/dotbot, help@moz.com)"
216.244.66.248 - - [23/Jun/2020:00:24:55 +0800] "GET /?date=1995-6-26&t=list HTTP/1.1" 301 - "-" "Mozilla/5.0 (compatible; DotBot/1.1; http://www.opensiteexplorer.org/dotbot, help@moz.com)"
216.244.66.248 - - [23/Jun/2020:00:25:02 +0800] "GET /?date=1999-6-28&t=day HTTP/1.1" 301 - "-" "Mozilla/5.0 (compatible; DotBot/1.1; http://www.opensiteexplorer.org/dotbot, help@moz.com)"
216.244.66.248 - - [23/Jun/2020:00:25:07 +0800] "GET /?date=2009-3&t=mini&paged=2 HTTP/1.1" 301 - "-" "Mozilla/5.0 (compatible; DotBot/1.1; http://www.opensiteexplorer.org/dotbot, help@moz.com)"
216.244.66.248 - - [23/Jun/2020:00:25:12 +0800] "GET /?date=2011-7-18&t=day HTTP/1.1" 301 - "-" "Mozilla/5.0 (compatible; DotBot/1.1; http://www.opensiteexplorer.org/dotbot, help@moz.com)"
216.244.66.248 - - [23/Jun/2020:00:25:16 +0800] "GET /?date=2013-11-2&t=list HTTP/1.1" 301 - "-" "Mozilla/5.0 (compatible; DotBot/1.1; http://www.opensiteexplorer.org/dotbot, help@moz.com)"
216.244.66.248 - - [23/Jun/2020:00:25:20 +0800] "GET /?date=2014-1-13&t=day HTTP/1.1" 301 - "-" "Mozilla/5.0 (compatible; DotBot/1.1; http://www.opensiteexplorer.org/dotbot, help@moz.com)"
216.244.66.248 - - [23/Jun/2020:00:25:23 +0800] "GET /?date=2021-5&t=mini&paged=2 HTTP/1.1" 301 - "-" "Mozilla/5.0 (compatible; DotBot/1.1; http://www.opensiteexplorer.org/dotbot, help@moz.com)"
54.36.148.46 - - [23/Jun/2020:00:26:00 +0800] "GET /index.php?option=com_phocagallery&view=detail&catid=18:sing&id=1527:2002_con_159&tmpl=component&phocadownload=1&Itemid=59 HTTP/1.1" 301 20 "-" "Mozilla/5.0 (compatible; AhrefsBot/6.1; +http://ahrefs.com/robot/)"
54.36.149.99 - - [23/Jun/2020:00:27:06 +0800] "GET /?date=1992-5&t=mini&paged=3 HTTP/1.1" 301 20 "-" "Mozilla/5.0 (compatible; AhrefsBot/6.1; +http://ahrefs.com/robot/)"
192.0.102.40 - - [23/Jun/2020:00:29:17 +0800] "HEAD / HTTP/1.1" 200 - "-" "jetmon/1.0 (Jetpack Site Uptime Monitor by WordPress.com)"
216.244.66.248 - - [23/Jun/2020:00:31:10 +0800] "GET /?date=1993-11-2&t=list HTTP/1.1" 301 - "-" "Mozilla/5.0 (compatible; DotBot/1.1; http://www.opensiteexplorer.org/dotbot, help@moz.com)"
54.36.148.186 - - [23/Jun/2020:00:31:17 +0800] "GET /?date=2005-9-27&t=day&paged=4 HTTP/1.1" 301 20 "-" "Mozilla/5.0 (compatible; AhrefsBot/6.1; +http://ahrefs.com/robot/)"
216.244.66.248 - - [23/Jun/2020:00:31:19 +0800] "GET /?date=1993-2-3&t=mini HTTP/1.1" 301 - "-" "Mozilla/5.0 (compatible; DotBot/1.1; http://www.opensiteexplorer.org/dotbot, help@moz.com)"
216.244.66.248 - - [23/Jun/2020:00:31:28 +0800] "GET /?date=1996-8-5&t=mini HTTP/1.1" 301 - "-" "Mozilla/5.0 (compatible; DotBot/1.1; http://www.opensiteexplorer.org/dotbot, help@moz.com)"
216.244.66.248 - - [23/Jun/2020:00:31:35 +0800] "GET /?date=1996-9-16&t=day HTTP/1.1" 301 - "-" "Mozilla/5.0 (compatible; DotBot/1.1; http://www.opensiteexplorer.org/dotbot, help@moz.com)"
216.244.66.248 - - [23/Jun/2020:00:31:41 +0800] "GET /?date=1997-4-23&t=day HTTP/1.1" 301 - "-" "Mozilla/5.0 (compatible; DotBot/1.1; http://www.opensiteexplorer.org/dotbot, help@moz.com)"
216.244.66.248 - - [23/Jun/2020:00:31:46 +0800] "GET /?date=2000-8-8&t=day&paged=2 HTTP/1.1" 301 - "-" "Mozilla/5.0 (compatible; DotBot/1.1; http://www.opensiteexplorer.org/dotbot, help@moz.com)"
216.244.66.248 - - [23/Jun/2020:00:31:51 +0800] "GET /?date=2002-1&t=mini&paged=4 HTTP/1.1" 301 - "-" "Mozilla/5.0 (compatible; DotBot/1.1; http://www.opensiteexplorer.org/dotbot, help@moz.com)"
216.244.66.248 - - [23/Jun/2020:00:31:58 +0800] "GET /?date=2003-12-12&t=list HTTP/1.1" 301 - "-" "Mozilla/5.0 (compatible; DotBot/1.1; http://www.opensiteexplorer.org/dotbot, help@moz.com)"
54.36.149.107 - - [23/Jun/2020:00:31:58 +0800] "GET /?date=2018-12-8&t=day&paged=3 HTTP/1.1" 301 20 "-" "Mozilla/5.0 (compatible; AhrefsBot/6.1; +http://ahrefs.com/robot/)"
54.36.148.227 - - [23/Jun/2020:00:32:02 +0800] "GET /?date=2002-12&t=mini&paged=6 HTTP/1.1" 301 20 "-" "Mozilla/5.0 (compatible; AhrefsBot/6.1; +http://ahrefs.com/robot/)"
216.244.66.248 - - [23/Jun/2020:00:32:10 +0800] "GET /?date=2004-12-8&t=list HTTP/1.1" 301 - "-" "Mozilla/5.0 (compatible; DotBot/1.1; http://www.opensiteexplorer.org/dotbot, help@moz.com)"
216.244.66.248 - - [23/Jun/2020:00:32:20 +0800] "GET /?date=2004-5-7&t=day&paged=2 HTTP/1.1" 301 - "-" "Mozilla/5.0 (compatible; DotBot/1.1; http://www.opensiteexplorer.org/dotbot, help@moz.com)"
216.244.66.248 - - [23/Jun/2020:00:32:29 +0800] "GET /?date=2009-11&t=mini&paged=3 HTTP/1.1" 301 - "-" "Mozilla/5.0 (compatible; DotBot/1.1; http://www.opensiteexplorer.org/dotbot, help@moz.com)"
216.244.66.248 - - [23/Jun/2020:00:32:37 +0800] "GET /?date=2011-8-3&t=mini HTTP/1.1" 301 - "-" "Mozilla/5.0 (compatible; DotBot/1.1; http://www.opensiteexplorer.org/dotbot, help@moz.com)"
54.36.149.61 - - [23/Jun/2020:00:32:44 +0800] "GET /?date=1988-12-2&t=day&paged=7 HTTP/1.1" 301 20 "-" "Mozilla/5.0 (compatible; AhrefsBot/6.1; +http://ahrefs.com/robot/)"
216.244.66.248 - - [23/Jun/2020:00:32:44 +0800] "GET /?date=2016-10-30&t=day HTTP/1.1" 301 - "-" "Mozilla/5.0 (compatible; DotBot/1.1; http://www.opensiteexplorer.org/dotbot, help@moz.com)"
216.244.66.248 - - [23/Jun/2020:00:32:51 +0800] "GET /?date=2018-2-28&t=list HTTP/1.1" 301 - "-" "Mozilla/5.0 (compatible; DotBot/1.1; http://www.opensiteexplorer.org/dotbot, help@moz.com)"
