49.7.20.156 - - [23/Jun/2020:03:03:00 +0800] "GET /?date=1916-11-16&t=day HTTP/1.1" 301 20 "-" "Sogou web spider/4.0(+http://www.sogou.com/docs/help/webmasters.htm#07)"
123.183.224.135 - - [23/Jun/2020:03:03:12 +0800] "GET /?date=1973-2-1&t=full&paged=5 HTTP/1.1" 301 20 "-" "Sogou web spider/4.0(+http://www.sogou.com/docs/help/webmasters.htm#07)"
54.36.148.227 - - [23/Jun/2020:03:03:22 +0800] "GET /?date=1995-8-17&t=day&paged=4 HTTP/1.1" 301 20 "-" "Mozilla/5.0 (compatible; AhrefsBot/6.1; +http://ahrefs.com/robot/)"
123.183.224.136 - - [23/Jun/2020:03:03:35 +0800] "GET /?date=2037-7-25&t=mini HTTP/1.1" 200 31323 "-" "Sogou web spider/4.0(+http://www.sogou.com/docs/help/webmasters.htm#07)"
123.183.224.139 - - [23/Jun/2020:03:03:36 +0800] "GET /?date=2010-11-13&t=mini&paged=2 HTTP/1.1" 301 20 "-" "Sogou web spider/4.0(+http://www.sogou.com/docs/help/webmasters.htm#07)"
123.183.224.137 - - [23/Jun/2020:03:03:39 +0800] "GET /?date=2023-6-9&t=day&paged=4 HTTP/1.1" 301 20 "-" "Sogou web spider/4.0(+http://www.sogou.com/docs/help/webmasters.htm#07)"
49.7.20.150 - - [23/Jun/2020:03:03:52 +0800] "GET /?option=com_phocagallery&view=detail&catid=23%3A2009-10-26-&id=1916%3Aimg0074&tmpl=component&Itemid=0&paged=7 HTTP/1.1" 301 20 "-" "Sogou web spider/4.0(+http://www.sogou.com/docs/help/webmasters.htm#07)"
49.7.20.153 - - [23/Jun/2020:03:03:52 +0800] "GET /?date=2007-11-9&t=day HTTP/1.1" 301 20 "-" "Sogou web spider/4.0(+http://www.sogou.com/docs/help/webmasters.htm#07)"
49.7.20.159 - - [23/Jun/2020:03:03:53 +0800] "GET /?date=2009-11-21&t=list&paged=2 HTTP/1.1" 301 20 "-" "Sogou web spider/4.0(+http://www.sogou.com/docs/help/webmasters.htm#07)"
49.7.20.156 - - [23/Jun/2020:03:04:04 +0800] "GET /?date=1916-11-16&t=day HTTP/1.1" 200 31323 "-" "Sogou web spider/4.0(+http://www.sogou.com/docs/help/webmasters.htm#07)"
123.183.224.135 - - [23/Jun/2020:03:04:18 +0800] "GET /?date=2035-8-11&t=day&paged=2 HTTP/1.1" 301 20 "-" "Sogou web spider/4.0(+http://www.sogou.com/docs/help/webmasters.htm#07)"
123.183.224.139 - - [23/Jun/2020:03:04:40 +0800] "GET /?date=1938-9-27&t=mini&paged=3 HTTP/1.1" 301 20 "-" "Sogou web spider/4.0(+http://www.sogou.com/docs/help/webmasters.htm#07)"
123.183.224.136 - - [23/Jun/2020:03:04:40 +0800] "GET /?date=1917-6-2&t=mini&paged=2 HTTP/1.1" 301 20 "-" "Sogou web spider/4.0(+http://www.sogou.com/docs/help/webmasters.htm#07)"
123.183.224.137 - - [23/Jun/2020:03:04:54 +0800] "GET /?date=2022-10-21&t=list&paged=5 HTTP/1.1" 404 30143 "-" "Sogou web spider/4.0(+http://www.sogou.com/docs/help/webmasters.htm#07)"
49.7.20.153 - - [23/Jun/2020:03:04:56 +0800] "GET /?date=1955-4-11&t=mini&paged=3 HTTP/1.1" 301 20 "-" "Sogou web spider/4.0(+http://www.sogou.com/docs/help/webmasters.htm#07)"
49.7.20.150 - - [23/Jun/2020:03:04:56 +0800] "GET /?option=com_phocagallery&view=detail&catid=23%3A2009-10-26-&id=1916%3Aimg0074&tmpl=component&Itemid=0&paged=7 HTTP/1.1" 404 30143 "-" "Sogou web spider/4.0(+http://www.sogou.com/docs/help/webmasters.htm#07)"
49.7.20.159 - - [23/Jun/2020:03:04:58 +0800] "GET /?date=2007-11-9&t=day HTTP/1.1" 200 31323 "-" "Sogou web spider/4.0(+http://www.sogou.com/docs/help/webmasters.htm#07)"
49.7.20.156 - - [23/Jun/2020:03:05:08 +0800] "GET /?date=2015-3-17&t=mini&paged=2 HTTP/1.1" 301 20 "-" "Sogou web spider/4.0(+http://www.sogou.com/docs/help/webmasters.htm#07)"
123.183.224.135 - - [23/Jun/2020:03:05:22 +0800] "GET /?date=2026-12-6&t=list HTTP/1.1" 301 20 "-" "Sogou web spider/4.0(+http://www.sogou.com/docs/help/webmasters.htm#07)"
216.244.66.248 - - [23/Jun/2020:03:05:41 +0800] "GET /?date=2002-8-2&t=mini HTTP/1.1" 301 - "-" "Mozilla/5.0 (compatible; DotBot/1.1; http://www.opensiteexplorer.org/dotbot, help@moz.com)"
216.244.66.248 - - [23/Jun/2020:03:05:44 +0800] "GET /?date=2009-6-28&t=day HTTP/1.1" 301 - "-" "Mozilla/5.0 (compatible; DotBot/1.1; http://www.opensiteexplorer.org/dotbot, help@moz.com)"
123.183.224.139 - - [23/Jun/2020:03:05:44 +0800] "GET /?date=1943-6-19&t=list&paged=2 HTTP/1.1" 301 20 "-" "Sogou web spider/4.0(+http://www.sogou.com/docs/help/webmasters.htm#07)"
54.36.148.255 - - [23/Jun/2020:03:05:48 +0800] "GET /?date=2008-6-22&t=week&paged=7 HTTP/1.1" 301 20 "-" "Mozilla/5.0 (compatible; AhrefsBot/6.1; +http://ahrefs.com/robot/)"
192.0.102.40 - - [23/Jun/2020:03:05:53 +0800] "HEAD / HTTP/1.1" 200 - "-" "jetmon/1.0 (Jetpack Site Uptime Monitor by WordPress.com)"
123.183.224.137 - - [23/Jun/2020:03:05:59 +0800] "GET /?date=2019-5-25&t=day&paged=2 HTTP/1.1" 301 20 "-" "Sogou web spider/4.0(+http://www.sogou.com/docs/help/webmasters.htm#07)"
49.7.20.153 - - [23/Jun/2020:03:06:00 +0800] "GET /?option=com_content&view=article&id=106&catid=13&Itemid=1&paged=4 HTTP/1.1" 301 20 "-" "Sogou web spider/4.0(+http://www.sogou.com/docs/help/webmasters.htm#07)"
49.7.20.150 - - [23/Jun/2020:03:06:03 +0800] "GET /?date=1990-1-26&t=list&paged=3 HTTP/1.1" 301 20 "-" "Sogou web spider/4.0(+http://www.sogou.com/docs/help/webmasters.htm#07)"
49.7.20.159 - - [23/Jun/2020:03:06:03 +0800] "GET /?date=1914-11-26&t=day&paged=2 HTTP/1.1" 301 20 "-" "Sogou web spider/4.0(+http://www.sogou.com/docs/help/webmasters.htm#07)"
123.183.224.136 - - [23/Jun/2020:03:06:06 +0800] "GET /?date=1922-7-31&t=list HTTP/1.1" 200 31323 "-" "Sogou web spider/4.0(+http://www.sogou.com/docs/help/webmasters.htm#07)"
123.183.224.135 - - [23/Jun/2020:03:06:26 +0800] "GET /?date=1956-5-6&t=mini&paged=6 HTTP/1.1" 301 20 "-" "Sogou web spider/4.0(+http://www.sogou.com/docs/help/webmasters.htm#07)"
216.244.66.248 - - [23/Jun/2020:03:06:43 +0800] "GET /?date=2012-8-12&t=day HTTP/1.1" 301 - "-" "Mozilla/5.0 (compatible; DotBot/1.1; http://www.opensiteexplorer.org/dotbot, help@moz.com)"
216.244.66.248 - - [23/Jun/2020:03:06:45 +0800] "GET /?date=2017-12-28&t=list HTTP/1.1" 301 - "-" "Mozilla/5.0 (compatible; DotBot/1.1; http://www.opensiteexplorer.org/dotbot, help@moz.com)"
216.244.66.248 - - [23/Jun/2020:03:06:47 +0800] "GET /?date=2019-10-6&t=day&paged=2 HTTP/1.1" 301 - "-" "Mozilla/5.0 (compatible; DotBot/1.1; http://www.opensiteexplorer.org/dotbot, help@moz.com)"
123.183.224.139 - - [23/Jun/2020:03:06:48 +0800] "GET /?date=1911-2-20&t=mini HTTP/1.1" 301 20 "-" "Sogou web spider/4.0(+http://www.sogou.com/docs/help/webmasters.htm#07)"
216.244.66.248 - - [23/Jun/2020:03:06:49 +0800] "GET /?date=2019-3-26&t=mini&paged=2 HTTP/1.1" 301 - "-" "Mozilla/5.0 (compatible; DotBot/1.1; http://www.opensiteexplorer.org/dotbot, help@moz.com)"
216.244.66.248 - - [23/Jun/2020:03:06:51 +0800] "GET /?date=2019-3-27&t=day&paged=2 HTTP/1.1" 301 - "-" "Mozilla/5.0 (compatible; DotBot/1.1; http://www.opensiteexplorer.org/dotbot, help@moz.com)"
216.244.66.248 - - [23/Jun/2020:03:06:53 +0800] "GET /?date=2020-8-20&t=list HTTP/1.1" 301 - "-" "Mozilla/5.0 (compatible; DotBot/1.1; http://www.opensiteexplorer.org/dotbot, help@moz.com)"
216.244.66.248 - - [23/Jun/2020:03:06:55 +0800] "GET /?date=2031-5-5&t=mini HTTP/1.1" 301 - "-" "Mozilla/5.0 (compatible; DotBot/1.1; http://www.opensiteexplorer.org/dotbot, help@moz.com)"
49.7.20.153 - - [23/Jun/2020:03:07:04 +0800] "GET /?date=1969-3-16&t=week HTTP/1.1" 301 20 "-" "Sogou web spider/4.0(+http://www.sogou.com/docs/help/webmasters.htm#07)"
49.7.20.156 - - [23/Jun/2020:03:07:04 +0800] "GET /?date=1955-4-11&t=mini&paged=3 HTTP/1.1" 404 30143 "-" "Sogou web spider/4.0(+http://www.sogou.com/docs/help/webmasters.htm#07)"
49.7.20.159 - - [23/Jun/2020:03:07:07 +0800] "GET /?date=2009-11-21&t=list&paged=2 HTTP/1.1" 404 30143 "-" "Sogou web spider/4.0(+http://www.sogou.com/docs/help/webmasters.htm#07)"
123.183.224.136 - - [23/Jun/2020:03:07:11 +0800] "GET /?date=1918-6-17&t=mini&paged=2 HTTP/1.1" 301 20 "-" "Sogou web spider/4.0(+http://www.sogou.com/docs/help/webmasters.htm#07)"
123.183.224.137 - - [23/Jun/2020:03:07:30 +0800] "GET /?date=2026-12-6&t=list HTTP/1.1" 200 31323 "-" "Sogou web spider/4.0(+http://www.sogou.com/docs/help/webmasters.htm#07)"
123.183.224.139 - - [23/Jun/2020:03:07:52 +0800] "GET /?date=1911-2-20&t=mini HTTP/1.1" 200 31323 "-" "Sogou web spider/4.0(+http://www.sogou.com/docs/help/webmasters.htm#07)"
123.183.224.135 - - [23/Jun/2020:03:07:53 +0800] "GET /?date=2035-8-11&t=day&paged=2 HTTP/1.1" 404 30143 "-" "Sogou web spider/4.0(+http://www.sogou.com/docs/help/webmasters.htm#07)"
49.7.20.153 - - [23/Jun/2020:03:08:08 +0800] "GET /?date=1940-2&t=22220 HTTP/1.1" 301 20 "-" "Sogou web spider/4.0(+http://www.sogou.com/docs/help/webmasters.htm#07)"
49.7.20.150 - - [23/Jun/2020:03:08:08 +0800] "GET /?option=com_content&view=article&id=106&catid=13&Itemid=1&paged=4 HTTP/1.1" 404 30143 "-" "Sogou web spider/4.0(+http://www.sogou.com/docs/help/webmasters.htm#07)"
49.7.20.156 - - [23/Jun/2020:03:08:09 +0800] "GET /?date=1918-9-28&t=mini&paged=2 HTTP/1.1" 301 20 "-" "Sogou web spider/4.0(+http://www.sogou.com/docs/help/webmasters.htm#07)"
49.7.20.159 - - [23/Jun/2020:03:08:12 +0800] "GET /?date=1979-11-5&t=list&paged=2 HTTP/1.1" 301 20 "-" "Sogou web spider/4.0(+http://www.sogou.com/docs/help/webmasters.htm#07)"
123.183.224.137 - - [23/Jun/2020:03:08:35 +0800] "GET /?date=1967-10&t=list&paged=5 HTTP/1.1" 301 20 "-" "Sogou web spider/4.0(+http://www.sogou.com/docs/help/webmasters.htm#07)"
123.183.224.136 - - [23/Jun/2020:03:08:36 +0800] "GET /?date=1956-5-6&t=mini&paged=6 HTTP/1.1" 404 30143 "-" "Sogou web spider/4.0(+http://www.sogou.com/docs/help/webmasters.htm#07)"
123.183.224.139 - - [23/Jun/2020:03:08:57 +0800] "GET /?date=1928-9-21&t=mini&paged=3 HTTP/1.1" 301 20 "-" "Sogou web spider/4.0(+http://www.sogou.com/docs/help/webmasters.htm#07)"
123.183.224.135 - - [23/Jun/2020:03:08:58 +0800] "GET /?date=1917-6-24&t=mini&paged=6 HTTP/1.1" 301 20 "-" "Sogou web spider/4.0(+http://www.sogou.com/docs/help/webmasters.htm#07)"
49.7.20.153 - - [23/Jun/2020:03:09:12 +0800] "GET /?date=1950-10-27&t=list&paged=5 HTTP/1.1" 301 20 "-" "Sogou web spider/4.0(+http://www.sogou.com/docs/help/webmasters.htm#07)"
49.7.20.150 - - [23/Jun/2020:03:09:13 +0800] "GET /?date=2019-1-19&t=mini&paged=6 HTTP/1.1" 301 20 "-" "Sogou web spider/4.0(+http://www.sogou.com/docs/help/webmasters.htm#07)"
49.7.20.156 - - [23/Jun/2020:03:09:13 +0800] "GET /?date=2015-3-17&t=mini&paged=2 HTTP/1.1" 404 30143 "-" "Sogou web spider/4.0(+http://www.sogou.com/docs/help/webmasters.htm#07)"
49.7.20.159 - - [23/Jun/2020:03:09:16 +0800] "GET /?date=2001-2-12&t=day HTTP/1.1" 301 20 "-" "Sogou web spider/4.0(+http://www.sogou.com/docs/help/webmasters.htm#07)"
216.244.66.248 - - [23/Jun/2020:03:09:26 +0800] "GET /?date=1970-12-7&t=mini HTTP/1.1" 301 - "-" "Mozilla/5.0 (compatible; DotBot/1.1; http://www.opensiteexplorer.org/dotbot, help@moz.com)"
216.244.66.248 - - [23/Jun/2020:03:09:27 +0800] "GET /?date=1992-6-29&t=day HTTP/1.1" 301 - "-" "Mozilla/5.0 (compatible; DotBot/1.1; http://www.opensiteexplorer.org/dotbot, help@moz.com)"
216.244.66.248 - - [23/Jun/2020:03:09:29 +0800] "GET /?date=1992-7-26&t=list HTTP/1.1" 301 - "-" "Mozilla/5.0 (compatible; DotBot/1.1; http://www.opensiteexplorer.org/dotbot, help@moz.com)"
216.244.66.248 - - [23/Jun/2020:03:09:30 +0800] "GET /?date=1995-4-4&t=day HTTP/1.1" 301 - "-" "Mozilla/5.0 (compatible; DotBot/1.1; http://www.opensiteexplorer.org/dotbot, help@moz.com)"
216.244.66.248 - - [23/Jun/2020:03:09:32 +0800] "GET /?date=1995-5-9&t=mini HTTP/1.1" 301 - "-" "Mozilla/5.0 (compatible; DotBot/1.1; http://www.opensiteexplorer.org/dotbot, help@moz.com)"
216.244.66.248 - - [23/Jun/2020:03:09:34 +0800] "GET /?date=1997-10&t=mini&paged=2 HTTP/1.1" 301 - "-" "Mozilla/5.0 (compatible; DotBot/1.1; http://www.opensiteexplorer.org/dotbot, help@moz.com)"
216.244.66.248 - - [23/Jun/2020:03:09:36 +0800] "GET /?date=2010-8-4&t=day HTTP/1.1" 301 - "-" "Mozilla/5.0 (compatible; DotBot/1.1; http://www.opensiteexplorer.org/dotbot, help@moz.com)"
216.244.66.248 - - [23/Jun/2020:03:09:38 +0800] "GET /?date=2025-7-4&t=day HTTP/1.1" 301 - "-" "Mozilla/5.0 (compatible; DotBot/1.1; http://www.opensiteexplorer.org/dotbot, help@moz.com)"
123.183.224.137 - - [23/Jun/2020:03:09:39 +0800] "GET /?date=1938-9-27&t=mini&paged=3 HTTP/1.1" 404 30143 "-" "Sogou web spider/4.0(+http://www.sogou.com/docs/help/webmasters.htm#07)"
123.183.224.136 - - [23/Jun/2020:03:09:40 +0800] "GET /?date=1974-9-1&t=22220&paged=3 HTTP/1.1" 301 20 "-" "Sogou web spider/4.0(+http://www.sogou.com/docs/help/webmasters.htm#07)"
123.183.224.139 - - [23/Jun/2020:03:10:01 +0800] "GET /?date=2019-12-27&t=list&paged=2 HTTP/1.1" 404 30143 "-" "Sogou web spider/4.0(+http://www.sogou.com/docs/help/webmasters.htm#07)"
123.183.224.135 - - [23/Jun/2020:03:10:02 +0800] "GET /?date=1918-12-26&t=list&paged=5 HTTP/1.1" 404 30143 "-" "Sogou web spider/4.0(+http://www.sogou.com/docs/help/webmasters.htm#07)"
49.7.20.153 - - [23/Jun/2020:03:10:16 +0800] "GET /?date=1902-1-19&t=day HTTP/1.1" 301 20 "-" "Sogou web spider/4.0(+http://www.sogou.com/docs/help/webmasters.htm#07)"
54.36.148.190 - - [23/Jun/2020:03:10:16 +0800] "GET /?date=1999-3-7&t=day&paged=5 HTTP/1.1" 301 20 "-" "Mozilla/5.0 (compatible; AhrefsBot/6.1; +http://ahrefs.com/robot/)"
49.7.20.150 - - [23/Jun/2020:03:10:17 +0800] "GET /?date=1990-1-26&t=list&paged=3 HTTP/1.1" 404 30143 "-" "Sogou web spider/4.0(+http://www.sogou.com/docs/help/webmasters.htm#07)"
49.7.20.156 - - [23/Jun/2020:03:10:18 +0800] "GET /?date=2032-10&t=22220&paged=6 HTTP/1.1" 301 20 "-" "Sogou web spider/4.0(+http://www.sogou.com/docs/help/webmasters.htm#07)"
49.7.20.159 - - [23/Jun/2020:03:10:20 +0800] "GET /?date=1909-6-19&t=mini HTTP/1.1" 301 20 "-" "Sogou web spider/4.0(+http://www.sogou.com/docs/help/webmasters.htm#07)"
54.36.148.107 - - [23/Jun/2020:03:10:36 +0800] "GET /?date=2017-8-18&t=day&paged=7 HTTP/1.1" 301 20 "-" "Mozilla/5.0 (compatible; AhrefsBot/6.1; +http://ahrefs.com/robot/)"
123.183.224.136 - - [23/Jun/2020:03:10:44 +0800] "GET /?date=1918-6-17&t=mini&paged=2 HTTP/1.1" 404 30143 "-" "Sogou web spider/4.0(+http://www.sogou.com/docs/help/webmasters.htm#07)"
123.183.224.137 - - [23/Jun/2020:03:10:45 +0800] "GET /?date=2011-2-13&t=mini&paged=3 HTTP/1.1" 301 20 "-" "Sogou web spider/4.0(+http://www.sogou.com/docs/help/webmasters.htm#07)"
47.115.54.160 - - [23/Jun/2020:03:10:50 +0800] "GET /admin/template/images/ck_form.js HTTP/1.1" 301 20 "-" "Mozilla/5.0 (Windows NT 10.0; WOW64; rv:48.0) Gecko/20100101 Firefox/48.0"
47.115.54.160 - - [23/Jun/2020:03:10:51 +0800] "GET /admin/template/images/ck_form.js HTTP/1.1" 404 30140 "-" "Mozilla/5.0 (Windows NT 10.0; WOW64; rv:48.0) Gecko/20100101 Firefox/48.0"
123.183.224.139 - - [23/Jun/2020:03:11:05 +0800] "GET /?date=1992-7-17&t=mini&paged=3 HTTP/1.1" 301 20 "-" "Sogou web spider/4.0(+http://www.sogou.com/docs/help/webmasters.htm#07)"
123.183.224.135 - - [23/Jun/2020:03:11:06 +0800] "GET /?date=1958-9-28&t=list&paged=2 HTTP/1.1" 301 20 "-" "Sogou web spider/4.0(+http://www.sogou.com/docs/help/webmasters.htm#07)"
49.7.20.153 - - [23/Jun/2020:03:11:20 +0800] "GET /?date=1936-3-4&t=mini&paged=2 HTTP/1.1" 301 20 "-" "Sogou web spider/4.0(+http://www.sogou.com/docs/help/webmasters.htm#07)"
49.7.20.150 - - [23/Jun/2020:03:11:22 +0800] "GET /?date=2036-10-23&t=mini&paged=3 HTTP/1.1" 301 20 "-" "Sogou web spider/4.0(+http://www.sogou.com/docs/help/webmasters.htm#07)"
49.7.20.159 - - [23/Jun/2020:03:11:24 +0800] "GET /?option=com_phocagallery&view=detail&catid=11&id=585%3Aimg_1713&tmpl=component&phocaslideshow=0&Itemid=59&paged=7 HTTP/1.1" 301 20 "-" "Sogou web spider/4.0(+http://www.sogou.com/docs/help/webmasters.htm#07)"
49.7.20.156 - - [23/Jun/2020:03:11:27 +0800] "GET /?date=2001-2-12&t=day HTTP/1.1" 200 31323 "-" "Sogou web spider/4.0(+http://www.sogou.com/docs/help/webmasters.htm#07)"
123.183.224.136 - - [23/Jun/2020:03:11:48 +0800] "GET /?date=2015-5-12&t=day HTTP/1.1" 301 20 "-" "Sogou web spider/4.0(+http://www.sogou.com/docs/help/webmasters.htm#07)"
123.183.224.137 - - [23/Jun/2020:03:11:49 +0800] "GET /?date=1973-2-1&t=full&paged=5 HTTP/1.1" 404 30143 "-" "Sogou web spider/4.0(+http://www.sogou.com/docs/help/webmasters.htm#07)"
123.183.224.139 - - [23/Jun/2020:03:12:09 +0800] "GET /?date=1916-11-16&t=list&paged=2 HTTP/1.1" 404 30143 "-" "Sogou web spider/4.0(+http://www.sogou.com/docs/help/webmasters.htm#07)"
123.183.224.135 - - [23/Jun/2020:03:12:10 +0800] "GET /?date=1917-6-2&t=mini&paged=2 HTTP/1.1" 404 30143 "-" "Sogou web spider/4.0(+http://www.sogou.com/docs/help/webmasters.htm#07)"
49.7.20.153 - - [23/Jun/2020:03:12:24 +0800] "GET /?date=1957-3-26&t=mini&paged=3 HTTP/1.1" 301 20 "-" "Sogou web spider/4.0(+http://www.sogou.com/docs/help/webmasters.htm#07)"
49.7.20.150 - - [23/Jun/2020:03:12:28 +0800] "GET /?option=com_phocagallery&view=detail&catid=11&id=585%3Aimg_1713&tmpl=component&phocaslideshow=0&Itemid=59&paged=7 HTTP/1.1" 404 30143 "-" "Sogou web spider/4.0(+http://www.sogou.com/docs/help/webmasters.htm#07)"
49.7.20.156 - - [23/Jun/2020:03:12:32 +0800] "GET /?date=1977-4-3&t=list HTTP/1.1" 301 20 "-" "Sogou web spider/4.0(+http://www.sogou.com/docs/help/webmasters.htm#07)"
123.183.224.136 - - [23/Jun/2020:03:12:52 +0800] "GET /?date=2010-11-13&t=mini&paged=2 HTTP/1.1" 404 30143 "-" "Sogou web spider/4.0(+http://www.sogou.com/docs/help/webmasters.htm#07)"
123.183.224.137 - - [23/Jun/2020:03:12:54 +0800] "GET /?date=2001-11-19&t=list&paged=4 HTTP/1.1" 301 20 "-" "Sogou web spider/4.0(+http://www.sogou.com/docs/help/webmasters.htm#07)"
123.183.224.139 - - [23/Jun/2020:03:13:13 +0800] "GET /?date=1952-8-20&t=mini&paged=3 HTTP/1.1" 301 20 "-" "Sogou web spider/4.0(+http://www.sogou.com/docs/help/webmasters.htm#07)"
123.183.224.135 - - [23/Jun/2020:03:13:15 +0800] "GET /?date=1989-7-10&t=mini&paged=6 HTTP/1.1" 301 20 "-" "Sogou web spider/4.0(+http://www.sogou.com/docs/help/webmasters.htm#07)"
49.7.20.153 - - [23/Jun/2020:03:13:28 +0800] "GET /?date=1908-4-12&t=week HTTP/1.1" 301 20 "-" "Sogou web spider/4.0(+http://www.sogou.com/docs/help/webmasters.htm#07)"
49.7.20.159 - - [23/Jun/2020:03:13:28 +0800] "GET /?date=1957-3-26&t=mini&paged=3 HTTP/1.1" 404 30143 "-" "Sogou web spider/4.0(+http://www.sogou.com/docs/help/webmasters.htm#07)"
49.7.20.150 - - [23/Jun/2020:03:13:33 +0800] "GET /?date=1939-2&t=22220 HTTP/1.1" 301 20 "-" "Sogou web spider/4.0(+http://www.sogou.com/docs/help/webmasters.htm#07)"
49.7.20.156 - - [23/Jun/2020:03:13:36 +0800] "GET /?date=1936-3-4&t=mini&paged=2 HTTP/1.1" 404 30143 "-" "Sogou web spider/4.0(+http://www.sogou.com/docs/help/webmasters.htm#07)"
192.0.102.40 - - [23/Jun/2020:03:13:41 +0800] "HEAD / HTTP/1.1" 200 - "-" "jetmon/1.0 (Jetpack Site Uptime Monitor by WordPress.com)"
123.183.224.136 - - [23/Jun/2020:03:13:57 +0800] "GET /?date=2011-2-3&t=list&paged=2 HTTP/1.1" 301 20 "-" "Sogou web spider/4.0(+http://www.sogou.com/docs/help/webmasters.htm#07)"
123.183.224.137 - - [23/Jun/2020:03:13:58 +0800] "GET /?date=2023-6-9&t=day&paged=4 HTTP/1.1" 404 30143 "-" "Sogou web spider/4.0(+http://www.sogou.com/docs/help/webmasters.htm#07)"
123.183.224.139 - - [23/Jun/2020:03:14:18 +0800] "GET /?date=1909-10-13&t=day&paged=5 HTTP/1.1" 404 30143 "-" "Sogou web spider/4.0(+http://www.sogou.com/docs/help/webmasters.htm#07)"
123.183.224.135 - - [23/Jun/2020:03:14:19 +0800] "GET /?date=1917-6-24&t=mini&paged=6 HTTP/1.1" 404 30143 "-" "Sogou web spider/4.0(+http://www.sogou.com/docs/help/webmasters.htm#07)"
49.7.20.153 - - [23/Jun/2020:03:14:32 +0800] "GET /?date=2035-6-1&t=full HTTP/1.1" 301 20 "-" "Sogou web spider/4.0(+http://www.sogou.com/docs/help/webmasters.htm#07)"
49.7.20.159 - - [23/Jun/2020:03:14:33 +0800] "GET /?date=1907-10-15&t=day HTTP/1.1" 301 20 "-" "Sogou web spider/4.0(+http://www.sogou.com/docs/help/webmasters.htm#07)"
49.7.20.150 - - [23/Jun/2020:03:14:37 +0800] "GET /?date=1997-5-26&t=mini HTTP/1.1" 301 20 "-" "Sogou web spider/4.0(+http://www.sogou.com/docs/help/webmasters.htm#07)"
49.7.20.156 - - [23/Jun/2020:03:14:41 +0800] "GET /?date=1950-11-12&t=day&paged=5 HTTP/1.1" 301 20 "-" "Sogou web spider/4.0(+http://www.sogou.com/docs/help/webmasters.htm#07)"
123.183.224.136 - - [23/Jun/2020:03:15:01 +0800] "GET /?date=2020-5-1&t=full&paged=6 HTTP/1.1" 404 30143 "-" "Sogou web spider/4.0(+http://www.sogou.com/docs/help/webmasters.htm#07)"
54.36.149.56 - - [23/Jun/2020:03:15:02 +0800] "GET /?date=2009-5-31&t=day&paged=7 HTTP/1.1" 301 20 "-" "Mozilla/5.0 (compatible; AhrefsBot/6.1; +http://ahrefs.com/robot/)"
123.183.224.137 - - [23/Jun/2020:03:15:03 +0800] "GET /?date=1907-4-14&t=week&paged=4 HTTP/1.1" 301 20 "-" "Sogou web spider/4.0(+http://www.sogou.com/docs/help/webmasters.htm#07)"
123.183.224.139 - - [23/Jun/2020:03:15:23 +0800] "GET /?date=1974-6-9&t=week&paged=3 HTTP/1.1" 301 20 "-" "Sogou web spider/4.0(+http://www.sogou.com/docs/help/webmasters.htm#07)"
123.183.224.135 - - [23/Jun/2020:03:15:24 +0800] "GET /?date=1943-7-30&t=mini&paged=2 HTTP/1.1" 301 20 "-" "Sogou web spider/4.0(+http://www.sogou.com/docs/help/webmasters.htm#07)"
216.244.66.248 - - [23/Jun/2020:03:15:34 +0800] "GET /?date=1994-12-30&t=mini HTTP/1.1" 301 - "-" "Mozilla/5.0 (compatible; DotBot/1.1; http://www.opensiteexplorer.org/dotbot, help@moz.com)"
216.244.66.248 - - [23/Jun/2020:03:15:36 +0800] "GET /?date=2007-6&t=list&paged=3 HTTP/1.1" 301 - "-" "Mozilla/5.0 (compatible; DotBot/1.1; http://www.opensiteexplorer.org/dotbot, help@moz.com)"
49.7.20.153 - - [23/Jun/2020:03:15:36 +0800] "GET /?date=1973-11-15&t=list&paged=2 HTTP/1.1" 301 20 "-" "Sogou web spider/4.0(+http://www.sogou.com/docs/help/webmasters.htm#07)"
49.7.20.159 - - [23/Jun/2020:03:15:37 +0800] "GET /?date=1913-6-20&t=mini&paged=6 HTTP/1.1" 301 20 "-" "Sogou web spider/4.0(+http://www.sogou.com/docs/help/webmasters.htm#07)"
54.36.149.87 - - [23/Jun/2020:03:15:37 +0800] "GET /?date=2016-6-18&t=day&paged=5 HTTP/1.1" 301 20 "-" "Mozilla/5.0 (compatible; AhrefsBot/6.1; +http://ahrefs.com/robot/)"
216.244.66.248 - - [23/Jun/2020:03:15:37 +0800] "GET /?date=2014-9-30&t=list HTTP/1.1" 301 - "-" "Mozilla/5.0 (compatible; DotBot/1.1; http://www.opensiteexplorer.org/dotbot, help@moz.com)"
216.244.66.248 - - [23/Jun/2020:03:15:39 +0800] "GET /?date=2019-5-5&t=week&paged=2 HTTP/1.1" 301 - "-" "Mozilla/5.0 (compatible; DotBot/1.1; http://www.opensiteexplorer.org/dotbot, help@moz.com)"
216.244.66.248 - - [23/Jun/2020:03:15:44 +0800] "GET /?date=2025-7-6&t=day HTTP/1.1" 301 - "-" "Mozilla/5.0 (compatible; DotBot/1.1; http://www.opensiteexplorer.org/dotbot, help@moz.com)"
49.7.20.156 - - [23/Jun/2020:03:15:45 +0800] "GET /?date=1979-11-5&t=list&paged=2 HTTP/1.1" 404 30143 "-" "Sogou web spider/4.0(+http://www.sogou.com/docs/help/webmasters.htm#07)"
216.244.66.248 - - [23/Jun/2020:03:15:54 +0800] "GET /?date=2034-8&t=list&paged=2 HTTP/1.1" 301 - "-" "Mozilla/5.0 (compatible; DotBot/1.1; http://www.opensiteexplorer.org/dotbot, help@moz.com)"
123.183.224.136 - - [23/Jun/2020:03:16:06 +0800] "GET /?date=1995-6-4&t=week&paged=6 HTTP/1.1" 301 20 "-" "Sogou web spider/4.0(+http://www.sogou.com/docs/help/webmasters.htm#07)"
123.183.224.137 - - [23/Jun/2020:03:16:07 +0800] "GET /?date=1967-10&t=list&paged=5 HTTP/1.1" 404 30143 "-" "Sogou web spider/4.0(+http://www.sogou.com/docs/help/webmasters.htm#07)"
123.183.224.139 - - [23/Jun/2020:03:16:27 +0800] "GET /?date=1928-9-21&t=mini&paged=3 HTTP/1.1" 404 30143 "-" "Sogou web spider/4.0(+http://www.sogou.com/docs/help/webmasters.htm#07)"
123.183.224.135 - - [23/Jun/2020:03:16:30 +0800] "GET /?date=1996-12-24&t=mini&paged=3 HTTP/1.1" 404 30143 "-" "Sogou web spider/4.0(+http://www.sogou.com/docs/help/webmasters.htm#07)"
49.7.20.153 - - [23/Jun/2020:03:16:40 +0800] "GET /?date=1979-9-17&t=list&paged=9 HTTP/1.1" 301 20 "-" "Sogou web spider/4.0(+http://www.sogou.com/docs/help/webmasters.htm#07)"
49.7.20.150 - - [23/Jun/2020:03:16:40 +0800] "GET /?date=1973-11-15&t=list&paged=2 HTTP/1.1" 404 30143 "-" "Sogou web spider/4.0(+http://www.sogou.com/docs/help/webmasters.htm#07)"
49.7.20.159 - - [23/Jun/2020:03:16:41 +0800] "GET /?date=1913-6-20&t=mini&paged=6 HTTP/1.1" 404 30143 "-" "Sogou web spider/4.0(+http://www.sogou.com/docs/help/webmasters.htm#07)"
54.36.149.52 - - [23/Jun/2020:03:16:46 +0800] "GET /?date=2010-7-15&t=day&paged=4 HTTP/1.1" 301 20 "-" "Mozilla/5.0 (compatible; AhrefsBot/6.1; +http://ahrefs.com/robot/)"
49.7.20.156 - - [23/Jun/2020:03:16:50 +0800] "GET /?date=2028-9-19&t=mini HTTP/1.1" 301 20 "-" "Sogou web spider/4.0(+http://www.sogou.com/docs/help/webmasters.htm#07)"
123.183.224.136 - - [23/Jun/2020:03:17:10 +0800] "GET /?date=1943-6-19&t=list&paged=2 HTTP/1.1" 404 30143 "-" "Sogou web spider/4.0(+http://www.sogou.com/docs/help/webmasters.htm#07)"
123.183.224.137 - - [23/Jun/2020:03:17:12 +0800] "GET /?date=1935-7-28&t=day&paged=7 HTTP/1.1" 301 20 "-" "Sogou web spider/4.0(+http://www.sogou.com/docs/help/webmasters.htm#07)"
123.183.224.139 - - [23/Jun/2020:03:17:32 +0800] "GET /?date=1917-10-30&t=day HTTP/1.1" 301 20 "-" "Sogou web spider/4.0(+http://www.sogou.com/docs/help/webmasters.htm#07)"
123.183.224.135 - - [23/Jun/2020:03:17:34 +0800] "GET /?date=1939-12-1&t=22220 HTTP/1.1" 301 20 "-" "Sogou web spider/4.0(+http://www.sogou.com/docs/help/webmasters.htm#07)"
49.7.20.159 - - [23/Jun/2020:03:17:45 +0800] "GET /?date=1925-12-20&t=day&paged=7 HTTP/1.1" 301 20 "-" "Sogou web spider/4.0(+http://www.sogou.com/docs/help/webmasters.htm#07)"
49.7.20.150 - - [23/Jun/2020:03:17:45 +0800] "GET /?date=1920-8-22&t=mini&paged=2 HTTP/1.1" 301 20 "-" "Sogou web spider/4.0(+http://www.sogou.com/docs/help/webmasters.htm#07)"
49.7.20.153 - - [23/Jun/2020:03:17:48 +0800] "GET /?date=1911-12-13&t=list&paged=2 HTTP/1.1" 301 20 "-" "Sogou web spider/4.0(+http://www.sogou.com/docs/help/webmasters.htm#07)"
216.244.66.248 - - [23/Jun/2020:03:17:48 +0800] "GET /?date=1996-1-7&t=day HTTP/1.1" 200 98259 "-" "Mozilla/5.0 (compatible; DotBot/1.1; http://www.opensiteexplorer.org/dotbot, help@moz.com)"
49.7.20.156 - - [23/Jun/2020:03:17:54 +0800] "GET /?date=2035-6-1&t=full HTTP/1.1" 200 31323 "-" "Sogou web spider/4.0(+http://www.sogou.com/docs/help/webmasters.htm#07)"
216.244.66.248 - - [23/Jun/2020:03:17:58 +0800] "GET /?date=2000-4-9&t=day HTTP/1.1" 200 98259 "-" "Mozilla/5.0 (compatible; DotBot/1.1; http://www.opensiteexplorer.org/dotbot, help@moz.com)"
123.183.224.136 - - [23/Jun/2020:03:18:15 +0800] "GET /?date=1989-5-19&t=day HTTP/1.1" 301 20 "-" "Sogou web spider/4.0(+http://www.sogou.com/docs/help/webmasters.htm#07)"
123.183.224.137 - - [23/Jun/2020:03:18:16 +0800] "GET /?date=2019-5-25&t=day&paged=2 HTTP/1.1" 404 30143 "-" "Sogou web spider/4.0(+http://www.sogou.com/docs/help/webmasters.htm#07)"
216.244.66.248 - - [23/Jun/2020:03:18:17 +0800] "GET /?date=2005-9&t=mini HTTP/1.1" 200 98259 "-" "Mozilla/5.0 (compatible; DotBot/1.1; http://www.opensiteexplorer.org/dotbot, help@moz.com)"
54.36.148.11 - - [23/Jun/2020:03:18:30 +0800] "GET /?date=2008-3-10&t=day&paged=4 HTTP/1.1" 301 20 "-" "Mozilla/5.0 (compatible; AhrefsBot/6.1; +http://ahrefs.com/robot/)"
123.183.224.139 - - [23/Jun/2020:03:18:36 +0800] "GET /?date=1992-7-17&t=mini&paged=3 HTTP/1.1" 404 30143 "-" "Sogou web spider/4.0(+http://www.sogou.com/docs/help/webmasters.htm#07)"
123.183.224.135 - - [23/Jun/2020:03:18:38 +0800] "GET /?date=1958-9-28&t=list&paged=2 HTTP/1.1" 404 30143 "-" "Sogou web spider/4.0(+http://www.sogou.com/docs/help/webmasters.htm#07)"
216.244.66.248 - - [23/Jun/2020:03:18:43 +0800] "GET /?date=2006-5&t=list HTTP/1.1" 200 98259 "-" "Mozilla/5.0 (compatible; DotBot/1.1; http://www.opensiteexplorer.org/dotbot, help@moz.com)"
49.7.20.159 - - [23/Jun/2020:03:18:49 +0800] "GET /?date=1925-12-20&t=day&paged=7 HTTP/1.1" 404 30143 "-" "Sogou web spider/4.0(+http://www.sogou.com/docs/help/webmasters.htm#07)"
49.7.20.153 - - [23/Jun/2020:03:18:52 +0800] "GET /?date=1911-12-13&t=list&paged=2 HTTP/1.1" 404 30143 "-" "Sogou web spider/4.0(+http://www.sogou.com/docs/help/webmasters.htm#07)"
49.7.20.156 - - [23/Jun/2020:03:18:59 +0800] "GET /?date=1961-7-13&t=list&paged=5 HTTP/1.1" 301 20 "-" "Sogou web spider/4.0(+http://www.sogou.com/docs/help/webmasters.htm#07)"
216.244.66.248 - - [23/Jun/2020:03:19:04 +0800] "GET /?date=2010-4-2&t=day HTTP/1.1" 200 98259 "-" "Mozilla/5.0 (compatible; DotBot/1.1; http://www.opensiteexplorer.org/dotbot, help@moz.com)"
123.183.224.136 - - [23/Jun/2020:03:19:19 +0800] "GET /?date=1974-9-1&t=22220&paged=3 HTTP/1.1" 404 30143 "-" "Sogou web spider/4.0(+http://www.sogou.com/docs/help/webmasters.htm#07)"
123.183.224.137 - - [23/Jun/2020:03:19:21 +0800] "GET /?date=1988-11-26&t=mini&paged=3 HTTP/1.1" 301 20 "-" "Sogou web spider/4.0(+http://www.sogou.com/docs/help/webmasters.htm#07)"
123.183.224.139 - - [23/Jun/2020:03:19:40 +0800] "GET /?date=1941-7-16&t=mini&paged=3 HTTP/1.1" 301 20 "-" "Sogou web spider/4.0(+http://www.sogou.com/docs/help/webmasters.htm#07)"
123.183.224.135 - - [23/Jun/2020:03:19:43 +0800] "GET /?date=1926-4-1&t=22220 HTTP/1.1" 301 20 "-" "Sogou web spider/4.0(+http://www.sogou.com/docs/help/webmasters.htm#07)"
54.36.149.54 - - [23/Jun/2020:03:19:46 +0800] "GET /?date=2000-7-18&t=day&paged=5 HTTP/1.1" 301 20 "-" "Mozilla/5.0 (compatible; AhrefsBot/6.1; +http://ahrefs.com/robot/)"
216.244.66.248 - - [23/Jun/2020:03:19:46 +0800] "GET /?date=2015-2&t=22220 HTTP/1.1" 200 98259 "-" "Mozilla/5.0 (compatible; DotBot/1.1; http://www.opensiteexplorer.org/dotbot, help@moz.com)"
49.7.20.150 - - [23/Jun/2020:03:19:49 +0800] "GET /?date=1969-3-16&t=week HTTP/1.1" 200 31323 "-" "Sogou web spider/4.0(+http://www.sogou.com/docs/help/webmasters.htm#07)"
49.7.20.159 - - [23/Jun/2020:03:19:54 +0800] "GET /?date=1974-3-7&t=mini&paged=2 HTTP/1.1" 301 20 "-" "Sogou web spider/4.0(+http://www.sogou.com/docs/help/webmasters.htm#07)"
49.7.20.153 - - [23/Jun/2020:03:19:57 +0800] "GET /?date=1907-7-17&t=mini HTTP/1.1" 301 20 "-" "Sogou web spider/4.0(+http://www.sogou.com/docs/help/webmasters.htm#07)"
49.7.20.156 - - [23/Jun/2020:03:20:04 +0800] "GET /?date=1918-9-28&t=mini&paged=2 HTTP/1.1" 404 30143 "-" "Sogou web spider/4.0(+http://www.sogou.com/docs/help/webmasters.htm#07)"
216.244.66.248 - - [23/Jun/2020:03:20:17 +0800] "GET /?date=2022-9&t=22220 HTTP/1.1" 200 98259 "-" "Mozilla/5.0 (compatible; DotBot/1.1; http://www.opensiteexplorer.org/dotbot, help@moz.com)"
123.183.224.136 - - [23/Jun/2020:03:20:23 +0800] "GET /?date=1950-7-22&t=mini&paged=5 HTTP/1.1" 301 20 "-" "Sogou web spider/4.0(+http://www.sogou.com/docs/help/webmasters.htm#07)"
123.183.224.137 - - [23/Jun/2020:03:20:25 +0800] "GET /?date=2011-2-13&t=mini&paged=3 HTTP/1.1" 404 30143 "-" "Sogou web spider/4.0(+http://www.sogou.com/docs/help/webmasters.htm#07)"
123.183.224.139 - - [23/Jun/2020:03:20:46 +0800] "GET /?date=1952-8-20&t=mini&paged=3 HTTP/1.1" 404 30143 "-" "Sogou web spider/4.0(+http://www.sogou.com/docs/help/webmasters.htm#07)"
123.183.224.135 - - [23/Jun/2020:03:20:47 +0800] "GET /?date=1989-7-10&t=mini&paged=6 HTTP/1.1" 404 30143 "-" "Sogou web spider/4.0(+http://www.sogou.com/docs/help/webmasters.htm#07)"
49.7.20.150 - - [23/Jun/2020:03:20:54 +0800] "GET /?date=1958-2-23&t=mini&paged=2 HTTP/1.1" 301 20 "-" "Sogou web spider/4.0(+http://www.sogou.com/docs/help/webmasters.htm#07)"
216.244.66.248 - - [23/Jun/2020:03:20:47 +0800] "GET /?date=2023-8&t=mini HTTP/1.1" 200 98259 "-" "Mozilla/5.0 (compatible; DotBot/1.1; http://www.opensiteexplorer.org/dotbot, help@moz.com)"
49.7.20.153 - - [23/Jun/2020:03:21:01 +0800] "GET /?date=1973-10-5&t=list&paged=2 HTTP/1.1" 301 20 "-" "Sogou web spider/4.0(+http://www.sogou.com/docs/help/webmasters.htm#07)"
49.7.20.159 - - [23/Jun/2020:03:21:01 +0800] "GET /?date=1907-7-17&t=mini HTTP/1.1" 200 31323 "-" "Sogou web spider/4.0(+http://www.sogou.com/docs/help/webmasters.htm#07)"
49.7.20.156 - - [23/Jun/2020:03:21:12 +0800] "GET /?date=1976-3-4&t=mini&paged=5 HTTP/1.1" 301 20 "-" "Sogou web spider/4.0(+http://www.sogou.com/docs/help/webmasters.htm#07)"
123.183.224.136 - - [23/Jun/2020:03:21:27 +0800] "GET /?date=2015-5-12&t=day HTTP/1.1" 200 31323 "-" "Sogou web spider/4.0(+http://www.sogou.com/docs/help/webmasters.htm#07)"
123.183.224.137 - - [23/Jun/2020:03:21:29 +0800] "GET /?date=1962-6&t=22220 HTTP/1.1" 301 20 "-" "Sogou web spider/4.0(+http://www.sogou.com/docs/help/webmasters.htm#07)"
216.244.66.248 - - [23/Jun/2020:03:21:26 +0800] "GET /?date=2035-3&t=mini HTTP/1.1" 200 98259 "-" "Mozilla/5.0 (compatible; DotBot/1.1; http://www.opensiteexplorer.org/dotbot, help@moz.com)"
192.0.102.40 - - [23/Jun/2020:03:21:38 +0800] "HEAD / HTTP/1.1" 200 - "-" "jetmon/1.0 (Jetpack Site Uptime Monitor by WordPress.com)"
123.183.224.139 - - [23/Jun/2020:03:21:51 +0800] "GET /?date=1967-3-26&t=week&paged=2 HTTP/1.1" 301 20 "-" "Sogou web spider/4.0(+http://www.sogou.com/docs/help/webmasters.htm#07)"
54.36.148.88 - - [23/Jun/2020:03:21:51 +0800] "GET /?date=2017-3-20&t=day&paged=3 HTTP/1.1" 301 20 "-" "Mozilla/5.0 (compatible; AhrefsBot/6.1; +http://ahrefs.com/robot/)"
123.183.224.135 - - [23/Jun/2020:03:21:52 +0800] "GET /?date=1926-4-17&t=mini&paged=3 HTTP/1.1" 301 20 "-" "Sogou web spider/4.0(+http://www.sogou.com/docs/help/webmasters.htm#07)"
49.7.20.150 - - [23/Jun/2020:03:21:58 +0800] "GET /?date=1920-8-22&t=mini&paged=2 HTTP/1.1" 404 30143 "-" "Sogou web spider/4.0(+http://www.sogou.com/docs/help/webmasters.htm#07)"
216.244.66.248 - - [23/Jun/2020:03:22:05 +0800] "GET /?date=1997-8&t=mini&paged=5 HTTP/1.1" 301 - "-" "Mozilla/5.0 (compatible; DotBot/1.1; http://www.opensiteexplorer.org/dotbot, help@moz.com)"
49.7.20.159 - - [23/Jun/2020:03:22:05 +0800] "GET /?date=1944-4-24&t=day&paged=3 HTTP/1.1" 301 20 "-" "Sogou web spider/4.0(+http://www.sogou.com/docs/help/webmasters.htm#07)"
49.7.20.153 - - [23/Jun/2020:03:22:05 +0800] "GET /?date=1973-10-5&t=list&paged=2 HTTP/1.1" 404 30143 "-" "Sogou web spider/4.0(+http://www.sogou.com/docs/help/webmasters.htm#07)"
49.7.20.156 - - [23/Jun/2020:03:22:16 +0800] "GET /?date=1979-9-17&t=list&paged=9 HTTP/1.1" 404 30143 "-" "Sogou web spider/4.0(+http://www.sogou.com/docs/help/webmasters.htm#07)"
54.36.149.12 - - [23/Jun/2020:03:22:28 +0800] "GET /?date=2016-9&t=22220&paged=7 HTTP/1.1" 301 20 "-" "Mozilla/5.0 (compatible; AhrefsBot/6.1; +http://ahrefs.com/robot/)"
123.183.224.136 - - [23/Jun/2020:03:22:32 +0800] "GET /?date=1918-9-27&t=list&paged=2 HTTP/1.1" 301 20 "-" "Sogou web spider/4.0(+http://www.sogou.com/docs/help/webmasters.htm#07)"
123.183.224.137 - - [23/Jun/2020:03:22:33 +0800] "GET /?date=2001-11-19&t=list&paged=4 HTTP/1.1" 404 30143 "-" "Sogou web spider/4.0(+http://www.sogou.com/docs/help/webmasters.htm#07)"
216.244.66.248 - - [23/Jun/2020:03:22:35 +0800] "GET /?date=2002-5-4&t=mini HTTP/1.1" 301 - "-" "Mozilla/5.0 (compatible; DotBot/1.1; http://www.opensiteexplorer.org/dotbot, help@moz.com)"
123.183.224.139 - - [23/Jun/2020:03:22:55 +0800] "GET /?date=1974-6-9&t=week&paged=3 HTTP/1.1" 404 30143 "-" "Sogou web spider/4.0(+http://www.sogou.com/docs/help/webmasters.htm#07)"
123.183.224.135 - - [23/Jun/2020:03:22:56 +0800] "GET /?date=1943-7-30&t=mini&paged=2 HTTP/1.1" 404 30143 "-" "Sogou web spider/4.0(+http://www.sogou.com/docs/help/webmasters.htm#07)"
49.7.20.150 - - [23/Jun/2020:03:23:03 +0800] "GET /?date=1998-12&t=22220&paged=5 HTTP/1.1" 301 20 "-" "Sogou web spider/4.0(+http://www.sogou.com/docs/help/webmasters.htm#07)"
216.244.66.248 - - [23/Jun/2020:03:23:04 +0800] "GET /?date=2022-7&t=mini&paged=3 HTTP/1.1" 301 - "-" "Mozilla/5.0 (compatible; DotBot/1.1; http://www.opensiteexplorer.org/dotbot, help@moz.com)"
49.7.20.153 - - [23/Jun/2020:03:23:10 +0800] "GET /?date=1909-1-28&t=day&paged=2 HTTP/1.1" 301 20 "-" "Sogou web spider/4.0(+http://www.sogou.com/docs/help/webmasters.htm#07)"
49.7.20.159 - - [23/Jun/2020:03:23:12 +0800] "GET /?date=2010-7-1&t=full&paged=2 HTTP/1.1" 301 20 "-" "Sogou web spider/4.0(+http://www.sogou.com/docs/help/webmasters.htm#07)"
49.7.20.156 - - [23/Jun/2020:03:23:21 +0800] "GET /?date=2032-11-4&t=day&paged=2 HTTP/1.1" 301 20 "-" "Sogou web spider/4.0(+http://www.sogou.com/docs/help/webmasters.htm#07)"
54.36.149.4 - - [23/Jun/2020:03:23:30 +0800] "GET /?date=1996-3-1&t=day&paged=9 HTTP/1.1" 301 20 "-" "Mozilla/5.0 (compatible; AhrefsBot/6.1; +http://ahrefs.com/robot/)"
216.244.66.248 - - [23/Jun/2020:03:23:32 +0800] "GET /?date=2023-4-9&t=list HTTP/1.1" 301 - "-" "Mozilla/5.0 (compatible; DotBot/1.1; http://www.opensiteexplorer.org/dotbot, help@moz.com)"
123.183.224.136 - - [23/Jun/2020:03:23:36 +0800] "GET /?date=2011-2-3&t=list&paged=2 HTTP/1.1" 404 30143 "-" "Sogou web spider/4.0(+http://www.sogou.com/docs/help/webmasters.htm#07)"
123.183.224.137 - - [23/Jun/2020:03:23:37 +0800] "GET /?date=1940-9-29&t=day&paged=2 HTTP/1.1" 301 20 "-" "Sogou web spider/4.0(+http://www.sogou.com/docs/help/webmasters.htm#07)"
123.183.224.139 - - [23/Jun/2020:03:24:00 +0800] "GET /?date=1944-9-10&t=week&paged=3 HTTP/1.1" 301 20 "-" "Sogou web spider/4.0(+http://www.sogou.com/docs/help/webmasters.htm#07)"
123.183.224.135 - - [23/Jun/2020:03:24:01 +0800] "GET /?date=2014-11-10&t=day&paged=5 HTTP/1.1" 301 20 "-" "Sogou web spider/4.0(+http://www.sogou.com/docs/help/webmasters.htm#07)"
54.36.148.43 - - [23/Jun/2020:03:24:07 +0800] "GET /?date=2011-3-29&t=day&paged=8 HTTP/1.1" 301 20 "-" "Mozilla/5.0 (compatible; AhrefsBot/6.1; +http://ahrefs.com/robot/)"
49.7.20.150 - - [23/Jun/2020:03:24:07 +0800] "GET /?date=1974-3-7&t=mini&paged=2 HTTP/1.1" 404 30143 "-" "Sogou web spider/4.0(+http://www.sogou.com/docs/help/webmasters.htm#07)"
49.7.20.153 - - [23/Jun/2020:03:24:14 +0800] "GET /?date=1926-2-21&t=week&paged=3 HTTP/1.1" 301 20 "-" "Sogou web spider/4.0(+http://www.sogou.com/docs/help/webmasters.htm#07)"
111.202.101.183 - - [23/Jun/2020:03:24:15 +0800] "GET /?option=com_phocagallery&view=category&id=25%3A2009-12-13-gucci&Itemid=59&limitstart=20&paged=7 HTTP/1.1" 301 20 "-" "Sogou web spider/4.0(+http://www.sogou.com/docs/help/webmasters.htm#07)"
111.202.101.184 - - [23/Jun/2020:03:24:15 +0800] "GET /?option=com_phocagallery&view=detail&catid=9&id=111%3A0064&tmpl=component&Itemid=59&paged=9 HTTP/1.1" 301 20 "-" "Sogou web spider/4.0(+http://www.sogou.com/docs/help/webmasters.htm#07)"
111.202.101.185 - - [23/Jun/2020:03:24:15 +0800] "GET /?option=com_phocagallery&view=detail&catid=29%3A2010-01-04-04-13-01&id=3274%3Atmcc1228c214&tmpl=component&Itemid=59&paged=11 HTTP/1.1" 301 20 "-" "Sogou web spider/4.0(+http://www.sogou.com/docs/help/webmasters.htm#07)"
49.7.20.159 - - [23/Jun/2020:03:24:15 +0800] "GET /?date=1926-2-21&t=week&paged=3 HTTP/1.1" 404 30143 "-" "Sogou web spider/4.0(+http://www.sogou.com/docs/help/webmasters.htm#07)"
111.202.101.182 - - [23/Jun/2020:03:24:24 +0800] "GET /?date=2028-12&t=list&paged=2 HTTP/1.1" 301 20 "-" "Sogou web spider/4.0(+http://www.sogou.com/docs/help/webmasters.htm#07)"
49.7.20.156 - - [23/Jun/2020:03:24:25 +0800] "GET /?date=2028-9-19&t=mini HTTP/1.1" 200 31323 "-" "Sogou web spider/4.0(+http://www.sogou.com/docs/help/webmasters.htm#07)"
54.36.148.110 - - [23/Jun/2020:03:24:37 +0800] "GET /?date=2015-11-20&t=day&paged=7 HTTP/1.1" 301 20 "-" "Mozilla/5.0 (compatible; AhrefsBot/6.1; +http://ahrefs.com/robot/)"
123.183.224.136 - - [23/Jun/2020:03:24:40 +0800] "GET /?date=1964-4-4&t=list&paged=2 HTTP/1.1" 301 20 "-" "Sogou web spider/4.0(+http://www.sogou.com/docs/help/webmasters.htm#07)"
123.183.224.137 - - [23/Jun/2020:03:24:41 +0800] "GET /?date=1907-4-14&t=week&paged=4 HTTP/1.1" 404 30143 "-" "Sogou web spider/4.0(+http://www.sogou.com/docs/help/webmasters.htm#07)"
123.183.224.139 - - [23/Jun/2020:03:25:04 +0800] "GET /?date=1917-10-30&t=day HTTP/1.1" 200 31323 "-" "Sogou web spider/4.0(+http://www.sogou.com/docs/help/webmasters.htm#07)"
123.183.224.135 - - [23/Jun/2020:03:25:05 +0800] "GET /?date=1939-12-1&t=22220 HTTP/1.1" 200 31323 "-" "Sogou web spider/4.0(+http://www.sogou.com/docs/help/webmasters.htm#07)"
114.119.160.26 - - [23/Jun/2020:03:25:11 +0800] "GET /category/campaign HTTP/1.1" 301 20 "-" "Mozilla/5.0 (Linux; Android 7.0;) AppleWebKit/537.36 (KHTML, like Gecko) Mobile Safari/537.36 (compatible; PetalBot;+https://aspiegel.com/petalbot)"
114.119.160.26 - - [23/Jun/2020:03:25:11 +0800] "GET /category/campaign/ HTTP/1.1" 200 29947 "-" "Mozilla/5.0 (Linux; Android 7.0;) AppleWebKit/537.36 (KHTML, like Gecko) Mobile Safari/537.36 (compatible; PetalBot;+https://aspiegel.com/petalbot)"
49.7.20.150 - - [23/Jun/2020:03:25:12 +0800] "GET /?date=1956-11-30&t=day&paged=2 HTTP/1.1" 301 20 "-" "Sogou web spider/4.0(+http://www.sogou.com/docs/help/webmasters.htm#07)"
49.7.20.153 - - [23/Jun/2020:03:25:18 +0800] "GET /?date=1926-10-6&t=mini&paged=3 HTTP/1.1" 301 20 "-" "Sogou web spider/4.0(+http://www.sogou.com/docs/help/webmasters.htm#07)"
111.202.101.183 - - [23/Jun/2020:03:25:19 +0800] "GET /?option=com_phocagallery&view=category&id=25%3A2009-12-13-gucci&Itemid=59&limitstart=20&paged=7 HTTP/1.1" 404 30143 "-" "Sogou web spider/4.0(+http://www.sogou.com/docs/help/webmasters.htm#07)"
111.202.101.184 - - [23/Jun/2020:03:25:19 +0800] "GET /?option=com_phocagallery&view=detail&catid=9&id=111%3A0064&tmpl=component&Itemid=59&paged=9 HTTP/1.1" 404 30143 "-" "Sogou web spider/4.0(+http://www.sogou.com/docs/help/webmasters.htm#07)"
111.202.101.185 - - [23/Jun/2020:03:25:20 +0800] "GET /?option=com_phocagallery&view=detail&catid=29%3A2010-01-04-04-13-01&id=3274%3Atmcc1228c214&tmpl=component&Itemid=59&paged=11 HTTP/1.1" 404 30143 "-" "Sogou web spider/4.0(+http://www.sogou.com/docs/help/webmasters.htm#07)"
54.36.148.18 - - [23/Jun/2020:03:25:21 +0800] "GET /?date=1993-10&t=list&paged=5 HTTP/1.1" 301 20 "-" "Mozilla/5.0 (compatible; AhrefsBot/6.1; +http://ahrefs.com/robot/)"
49.7.20.159 - - [23/Jun/2020:03:25:22 +0800] "GET /?date=1947-10-13&t=mini&paged=4 HTTP/1.1" 301 20 "-" "Sogou web spider/4.0(+http://www.sogou.com/docs/help/webmasters.htm#07)"
49.7.20.156 - - [23/Jun/2020:03:25:29 +0800] "GET /?date=1908-11-18&t=list&paged=2 HTTP/1.1" 301 20 "-" "Sogou web spider/4.0(+http://www.sogou.com/docs/help/webmasters.htm#07)"
123.183.224.136 - - [23/Jun/2020:03:25:45 +0800] "GET /?date=1995-6-4&t=week&paged=6 HTTP/1.1" 404 30143 "-" "Sogou web spider/4.0(+http://www.sogou.com/docs/help/webmasters.htm#07)"
123.183.224.137 - - [23/Jun/2020:03:25:46 +0800] "GET /?date=2018-2-28&t=day&paged=3 HTTP/1.1" 301 20 "-" "Sogou web spider/4.0(+http://www.sogou.com/docs/help/webmasters.htm#07)"
123.183.224.139 - - [23/Jun/2020:03:26:08 +0800] "GET /?date=1927-9-6&t=day&paged=4 HTTP/1.1" 301 20 "-" "Sogou web spider/4.0(+http://www.sogou.com/docs/help/webmasters.htm#07)"
123.183.224.135 - - [23/Jun/2020:03:26:09 +0800] "GET /?date=1963-11-17&t=day HTTP/1.1" 301 20 "-" "Sogou web spider/4.0(+http://www.sogou.com/docs/help/webmasters.htm#07)"
54.36.148.37 - - [23/Jun/2020:03:26:13 +0800] "GET /?date=1992-11-2&t=day&paged=5 HTTP/1.1" 301 20 "-" "Mozilla/5.0 (compatible; AhrefsBot/6.1; +http://ahrefs.com/robot/)"
49.7.20.150 - - [23/Jun/2020:03:26:16 +0800] "GET /?date=1958-2-23&t=mini&paged=2 HTTP/1.1" 404 30143 "-" "Sogou web spider/4.0(+http://www.sogou.com/docs/help/webmasters.htm#07)"
49.7.20.153 - - [23/Jun/2020:03:26:22 +0800] "GET /?date=1926-10-6&t=mini&paged=3 HTTP/1.1" 404 30143 "-" "Sogou web spider/4.0(+http://www.sogou.com/docs/help/webmasters.htm#07)"
54.36.148.148 - - [23/Jun/2020:03:26:28 +0800] "GET /?date=2001-2-25&t=week&paged=4 HTTP/1.1" 301 20 "-" "Mozilla/5.0 (compatible; AhrefsBot/6.1; +http://ahrefs.com/robot/)"
185.86.167.4 - - [23/Jun/2020:03:26:29 +0800] "GET /wp-login.php HTTP/1.1" 200 6044 "-" "Mozilla/5.0 (Windows NT 10.0; WOW64) AppleWebKit/537.36 (KHTML, like Gecko) Chrome/51.0.2704.103 Safari/537.36"
185.86.167.4 - - [23/Jun/2020:03:26:30 +0800] "POST /wp-login.php HTTP/1.1" 401 3586 "http://www.tmcc.org.hk/wp-login.php" "Mozilla/5.0 (Windows NT 10.0; WOW64) AppleWebKit/537.36 (KHTML, like Gecko) Chrome/51.0.2704.103 Safari/537.36"
111.202.101.183 - - [23/Jun/2020:03:26:32 +0800] "GET /?date=1908-3-20&t=day&paged=5 HTTP/1.1" 301 20 "-" "Sogou web spider/4.0(+http://www.sogou.com/docs/help/webmasters.htm#07)"
49.7.20.156 - - [23/Jun/2020:03:26:33 +0800] "GET /?date=1914-11-26&t=day&paged=2 HTTP/1.1" 404 30143 "-" "Sogou web spider/4.0(+http://www.sogou.com/docs/help/webmasters.htm#07)"
123.183.224.136 - - [23/Jun/2020:03:26:52 +0800] "GET /?date=1988-8-24&t=mini&paged=3 HTTP/1.1" 301 20 "-" "Sogou web spider/4.0(+http://www.sogou.com/docs/help/webmasters.htm#07)"
123.183.224.137 - - [23/Jun/2020:03:26:51 +0800] "GET /?date=1935-7-28&t=day&paged=7 HTTP/1.1" 404 30143 "-" "Sogou web spider/4.0(+http://www.sogou.com/docs/help/webmasters.htm#07)"
54.36.148.26 - - [23/Jun/2020:03:27:00 +0800] "GET /?date=2018-11-18&t=week&paged=7 HTTP/1.1" 301 20 "-" "Mozilla/5.0 (compatible; AhrefsBot/6.1; +http://ahrefs.com/robot/)"
123.183.224.139 - - [23/Jun/2020:03:27:12 +0800] "GET /?date=1941-7-16&t=mini&paged=3 HTTP/1.1" 404 30143 "-" "Sogou web spider/4.0(+http://www.sogou.com/docs/help/webmasters.htm#07)"
123.183.224.135 - - [23/Jun/2020:03:27:13 +0800] "GET /?date=1926-4-1&t=22220 HTTP/1.1" 200 31323 "-" "Sogou web spider/4.0(+http://www.sogou.com/docs/help/webmasters.htm#07)"
49.7.20.159 - - [23/Jun/2020:03:27:19 +0800] "GET /?date=2024-9-5&t=mini HTTP/1.1" 200 31323 "-" "Sogou web spider/4.0(+http://www.sogou.com/docs/help/webmasters.htm#07)"
49.7.20.150 - - [23/Jun/2020:03:27:23 +0800] "GET /?date=1993-11-29&t=mini&paged=6 HTTP/1.1" 301 20 "-" "Sogou web spider/4.0(+http://www.sogou.com/docs/help/webmasters.htm#07)"
49.7.20.153 - - [23/Jun/2020:03:27:27 +0800] "GET /?date=1902-3-3&t=mini&paged=5 HTTP/1.1" 301 20 "-" "Sogou web spider/4.0(+http://www.sogou.com/docs/help/webmasters.htm#07)"
49.7.20.156 - - [23/Jun/2020:03:27:38 +0800] "GET /?date=1932-4-15&t=22220 HTTP/1.1" 301 20 "-" "Sogou web spider/4.0(+http://www.sogou.com/docs/help/webmasters.htm#07)"
54.36.149.68 - - [23/Jun/2020:03:27:55 +0800] "GET /?date=2011-11-22&t=day&paged=8 HTTP/1.1" 301 20 "-" "Mozilla/5.0 (compatible; AhrefsBot/6.1; +http://ahrefs.com/robot/)"
123.183.224.137 - - [23/Jun/2020:03:27:56 +0800] "GET /?date=1970-6-23&t=day&paged=2 HTTP/1.1" 301 20 "-" "Sogou web spider/4.0(+http://www.sogou.com/docs/help/webmasters.htm#07)"
123.183.224.136 - - [23/Jun/2020:03:27:56 +0800] "GET /?date=1989-5-19&t=day HTTP/1.1" 200 31323 "-" "Sogou web spider/4.0(+http://www.sogou.com/docs/help/webmasters.htm#07)"
66.249.79.107 - - [23/Jun/2020:03:28:06 +0800] "GET /%E7%94%B3%E8%AB%8B%E5%8A%A0%E5%85%A5/ HTTP/1.1" 200 31612 "-" "Mozilla/5.0 (Linux; Android 6.0.1; Nexus 5X Build/MMB29P) AppleWebKit/537.36 (KHTML, like Gecko) Chrome/80.0.3987.92 Mobile Safari/537.36 (compatible; Googlebot/2.1; +http://www.google.com/bot.html)"
123.183.224.139 - - [23/Jun/2020:03:28:17 +0800] "GET /?date=1914-11-23&t=day HTTP/1.1" 301 20 "-" "Sogou web spider/4.0(+http://www.sogou.com/docs/help/webmasters.htm#07)"
123.183.224.135 - - [23/Jun/2020:03:28:18 +0800] "GET /?date=1939-12-15&t=22220 HTTP/1.1" 301 20 "-" "Sogou web spider/4.0(+http://www.sogou.com/docs/help/webmasters.htm#07)"
49.7.20.159 - - [23/Jun/2020:03:28:24 +0800] "GET /?date=1995-1-6&t=day&paged=2 HTTP/1.1" 301 20 "-" "Sogou web spider/4.0(+http://www.sogou.com/docs/help/webmasters.htm#07)"
49.7.20.150 - - [23/Jun/2020:03:28:27 +0800] "GET /?date=1956-11-30&t=day&paged=2 HTTP/1.1" 404 30143 "-" "Sogou web spider/4.0(+http://www.sogou.com/docs/help/webmasters.htm#07)"
49.7.20.153 - - [23/Jun/2020:03:28:35 +0800] "GET /?date=2036-10-23&t=mini&paged=3 HTTP/1.1" 404 30143 "-" "Sogou web spider/4.0(+http://www.sogou.com/docs/help/webmasters.htm#07)"
54.36.148.54 - - [23/Jun/2020:03:28:39 +0800] "GET /?date=2016-4-21&t=day&paged=3 HTTP/1.1" 301 20 "-" "Mozilla/5.0 (compatible; AhrefsBot/6.1; +http://ahrefs.com/robot/)"
49.7.20.156 - - [23/Jun/2020:03:28:42 +0800] "GET /?date=1961-7-13&t=list&paged=5 HTTP/1.1" 404 30143 "-" "Sogou web spider/4.0(+http://www.sogou.com/docs/help/webmasters.htm#07)"
54.36.148.135 - - [23/Jun/2020:03:28:47 +0800] "GET /?date=1998-6-11&t=day&paged=4 HTTP/1.1" 301 20 "-" "Mozilla/5.0 (compatible; AhrefsBot/6.1; +http://ahrefs.com/robot/)"
54.36.148.49 - - [23/Jun/2020:03:28:52 +0800] "GET /?date=1998-7-8&t=day&paged=9 HTTP/1.1" 301 20 "-" "Mozilla/5.0 (compatible; AhrefsBot/6.1; +http://ahrefs.com/robot/)"
123.183.224.136 - - [23/Jun/2020:03:29:01 +0800] "GET /?date=2015-9-13&t=list HTTP/1.1" 301 20 "-" "Sogou web spider/4.0(+http://www.sogou.com/docs/help/webmasters.htm#07)"
123.183.224.137 - - [23/Jun/2020:03:29:04 +0800] "GET /?date=1988-11-26&t=mini&paged=3 HTTP/1.1" 404 30143 "-" "Sogou web spider/4.0(+http://www.sogou.com/docs/help/webmasters.htm#07)"
192.0.102.40 - - [23/Jun/2020:03:29:12 +0800] "HEAD / HTTP/1.1" 200 - "-" "jetmon/1.0 (Jetpack Site Uptime Monitor by WordPress.com)"
123.183.224.139 - - [23/Jun/2020:03:29:21 +0800] "GET /?date=1967-3-26&t=week&paged=2 HTTP/1.1" 404 30143 "-" "Sogou web spider/4.0(+http://www.sogou.com/docs/help/webmasters.htm#07)"
123.183.224.135 - - [23/Jun/2020:03:29:22 +0800] "GET /?date=1926-4-17&t=mini&paged=3 HTTP/1.1" 404 30143 "-" "Sogou web spider/4.0(+http://www.sogou.com/docs/help/webmasters.htm#07)"
49.7.20.159 - - [23/Jun/2020:03:29:28 +0800] "GET /?date=1947-10-13&t=mini&paged=4 HTTP/1.1" 404 30143 "-" "Sogou web spider/4.0(+http://www.sogou.com/docs/help/webmasters.htm#07)"
49.7.20.150 - - [23/Jun/2020:03:29:32 +0800] "GET /?date=1945-6&t=22220 HTTP/1.1" 301 20 "-" "Sogou web spider/4.0(+http://www.sogou.com/docs/help/webmasters.htm#07)"
49.7.20.153 - - [23/Jun/2020:03:29:40 +0800] "GET /?date=1918-2-1&t=day&paged=2 HTTP/1.1" 301 20 "-" "Sogou web spider/4.0(+http://www.sogou.com/docs/help/webmasters.htm#07)"
49.7.20.156 - - [23/Jun/2020:03:29:47 +0800] "GET /?date=1937-7-9&t=mini&paged=2 HTTP/1.1" 301 20 "-" "Sogou web spider/4.0(+http://www.sogou.com/docs/help/webmasters.htm#07)"
123.183.224.136 - - [23/Jun/2020:03:30:05 +0800] "GET /?date=1950-7-22&t=mini&paged=5 HTTP/1.1" 404 30143 "-" "Sogou web spider/4.0(+http://www.sogou.com/docs/help/webmasters.htm#07)"
123.183.224.137 - - [23/Jun/2020:03:30:09 +0800] "GET /?date=1997-1-9&t=mini&paged=2 HTTP/1.1" 301 20 "-" "Sogou web spider/4.0(+http://www.sogou.com/docs/help/webmasters.htm#07)"
