54.36.148.190 - - [21/Jun/2020:13:57:45 +0800] "GET /?date=2003-10-8&t=day&paged=9 HTTP/1.1" 301 20 "-" "Mozilla/5.0 (compatible; AhrefsBot/6.1; +http://ahrefs.com/robot/)"
54.36.148.119 - - [21/Jun/2020:13:58:37 +0800] "GET /?date=2008-12-28&t=week&paged=7 HTTP/1.1" 301 20 "-" "Mozilla/5.0 (compatible; AhrefsBot/6.1; +http://ahrefs.com/robot/)"
54.36.148.6 - - [21/Jun/2020:13:58:44 +0800] "GET /index.php?option=com_joomdoc&task=cat_view&gid=30&limit=10&order=name&dir=DESC&Itemid=46&limitstart=110 HTTP/1.1" 301 20 "-" "Mozilla/5.0 (compatible; AhrefsBot/6.1; +http://ahrefs.com/robot/)"
216.244.66.248 - - [21/Jun/2020:13:59:29 +0800] "GET /?date=1996-11-6&t=list&paged=2 HTTP/1.1" 301 - "-" "Mozilla/5.0 (compatible; DotBot/1.1; http://www.opensiteexplorer.org/dotbot, help@moz.com)"
216.244.66.248 - - [21/Jun/2020:13:59:33 +0800] "GET /?date=1996-5-10&t=list&paged=2 HTTP/1.1" 301 - "-" "Mozilla/5.0 (compatible; DotBot/1.1; http://www.opensiteexplorer.org/dotbot, help@moz.com)"
216.244.66.248 - - [21/Jun/2020:13:59:35 +0800] "GET /?date=1996-5-8&t=list&paged=2 HTTP/1.1" 301 - "-" "Mozilla/5.0 (compatible; DotBot/1.1; http://www.opensiteexplorer.org/dotbot, help@moz.com)"
216.244.66.248 - - [21/Jun/2020:13:59:37 +0800] "GET /?date=1997-8-5&t=day&paged=2 HTTP/1.1" 301 - "-" "Mozilla/5.0 (compatible; DotBot/1.1; http://www.opensiteexplorer.org/dotbot, help@moz.com)"
216.244.66.248 - - [21/Jun/2020:13:59:51 +0800] "GET /?date=1998-7-19&t=day&paged=2 HTTP/1.1" 301 - "-" "Mozilla/5.0 (compatible; DotBot/1.1; http://www.opensiteexplorer.org/dotbot, help@moz.com)"
54.36.148.91 - - [21/Jun/2020:13:59:51 +0800] "GET /?date=2015-4&t=list&paged=9 HTTP/1.1" 301 20 "-" "Mozilla/5.0 (compatible; AhrefsBot/6.1; +http://ahrefs.com/robot/)"
216.244.66.248 - - [21/Jun/2020:14:00:00 +0800] "GET /?date=1999-5-12&t=day&paged=2 HTTP/1.1" 301 - "-" "Mozilla/5.0 (compatible; DotBot/1.1; http://www.opensiteexplorer.org/dotbot, help@moz.com)"
216.244.66.248 - - [21/Jun/2020:14:00:09 +0800] "GET /?date=2000-8-10&t=mini&paged=2 HTTP/1.1" 301 - "-" "Mozilla/5.0 (compatible; DotBot/1.1; http://www.opensiteexplorer.org/dotbot, help@moz.com)"
192.0.102.40 - - [21/Jun/2020:14:00:14 +0800] "HEAD / HTTP/1.1" 200 - "-" "jetmon/1.0 (Jetpack Site Uptime Monitor by WordPress.com)"
216.244.66.248 - - [21/Jun/2020:14:00:16 +0800] "GET /?date=2001-2-11&t=day&paged=2 HTTP/1.1" 301 - "-" "Mozilla/5.0 (compatible; DotBot/1.1; http://www.opensiteexplorer.org/dotbot, help@moz.com)"
216.244.66.248 - - [21/Jun/2020:14:00:23 +0800] "GET /?date=2004-5-10&t=list&paged=2 HTTP/1.1" 301 - "-" "Mozilla/5.0 (compatible; DotBot/1.1; http://www.opensiteexplorer.org/dotbot, help@moz.com)"
216.244.66.248 - - [21/Jun/2020:14:00:29 +0800] "GET /?date=2006-7&t=list&paged=6 HTTP/1.1" 301 - "-" "Mozilla/5.0 (compatible; DotBot/1.1; http://www.opensiteexplorer.org/dotbot, help@moz.com)"
216.244.66.248 - - [21/Jun/2020:14:00:34 +0800] "GET /?date=2006-8-3&t=list&paged=2 HTTP/1.1" 301 - "-" "Mozilla/5.0 (compatible; DotBot/1.1; http://www.opensiteexplorer.org/dotbot, help@moz.com)"
216.244.66.248 - - [21/Jun/2020:14:00:38 +0800] "GET /?date=2009-5-15&t=mini&paged=3 HTTP/1.1" 301 - "-" "Mozilla/5.0 (compatible; DotBot/1.1; http://www.opensiteexplorer.org/dotbot, help@moz.com)"
216.244.66.248 - - [21/Jun/2020:14:00:42 +0800] "GET /?date=2014-1-11&t=day&paged=2 HTTP/1.1" 301 - "-" "Mozilla/5.0 (compatible; DotBot/1.1; http://www.opensiteexplorer.org/dotbot, help@moz.com)"
216.244.66.248 - - [21/Jun/2020:14:00:45 +0800] "GET /?date=2015-3-12&t=list&paged=2 HTTP/1.1" 301 - "-" "Mozilla/5.0 (compatible; DotBot/1.1; http://www.opensiteexplorer.org/dotbot, help@moz.com)"
216.244.66.248 - - [21/Jun/2020:14:00:48 +0800] "GET /?date=2016-12-2&t=day&paged=3 HTTP/1.1" 301 - "-" "Mozilla/5.0 (compatible; DotBot/1.1; http://www.opensiteexplorer.org/dotbot, help@moz.com)"
216.244.66.248 - - [21/Jun/2020:14:00:51 +0800] "GET /?date=2016-8-31&t=day&paged=2 HTTP/1.1" 301 - "-" "Mozilla/5.0 (compatible; DotBot/1.1; http://www.opensiteexplorer.org/dotbot, help@moz.com)"
216.244.66.248 - - [21/Jun/2020:14:00:53 +0800] "GET /?date=2018-9&t=mini&paged=5 HTTP/1.1" 301 - "-" "Mozilla/5.0 (compatible; DotBot/1.1; http://www.opensiteexplorer.org/dotbot, help@moz.com)"
216.244.66.248 - - [21/Jun/2020:14:00:55 +0800] "GET /?date=2020-12-2&t=list&paged=2 HTTP/1.1" 301 - "-" "Mozilla/5.0 (compatible; DotBot/1.1; http://www.opensiteexplorer.org/dotbot, help@moz.com)"
216.244.66.248 - - [21/Jun/2020:14:00:57 +0800] "GET /?date=2020-8-4&t=day&paged=2 HTTP/1.1" 301 - "-" "Mozilla/5.0 (compatible; DotBot/1.1; http://www.opensiteexplorer.org/dotbot, help@moz.com)"
216.244.66.248 - - [21/Jun/2020:14:00:59 +0800] "GET /?date=2021-4-18&t=day&paged=2 HTTP/1.1" 301 - "-" "Mozilla/5.0 (compatible; DotBot/1.1; http://www.opensiteexplorer.org/dotbot, help@moz.com)"
216.244.66.248 - - [21/Jun/2020:14:01:01 +0800] "GET /?date=2021-5-9&t=mini&paged=2 HTTP/1.1" 301 - "-" "Mozilla/5.0 (compatible; DotBot/1.1; http://www.opensiteexplorer.org/dotbot, help@moz.com)"
216.244.66.248 - - [21/Jun/2020:14:01:03 +0800] "GET /?date=2021-6-6&t=day&paged=2 HTTP/1.1" 301 - "-" "Mozilla/5.0 (compatible; DotBot/1.1; http://www.opensiteexplorer.org/dotbot, help@moz.com)"
216.244.66.248 - - [21/Jun/2020:14:01:04 +0800] "GET /?date=2022-6-7&t=day&paged=4 HTTP/1.1" 301 - "-" "Mozilla/5.0 (compatible; DotBot/1.1; http://www.opensiteexplorer.org/dotbot, help@moz.com)"
216.244.66.248 - - [21/Jun/2020:14:01:06 +0800] "GET /?date=2027-2&t=list&paged=2 HTTP/1.1" 301 - "-" "Mozilla/5.0 (compatible; DotBot/1.1; http://www.opensiteexplorer.org/dotbot, help@moz.com)"
216.244.66.248 - - [21/Jun/2020:14:01:08 +0800] "GET /?date=2033-2&t=mini&paged=2 HTTP/1.1" 301 - "-" "Mozilla/5.0 (compatible; DotBot/1.1; http://www.opensiteexplorer.org/dotbot, help@moz.com)"
216.244.66.248 - - [21/Jun/2020:14:01:10 +0800] "GET /?date=2019-2-23&t=list HTTP/1.1" 301 - "-" "Mozilla/5.0 (compatible; DotBot/1.1; http://www.opensiteexplorer.org/dotbot, help@moz.com)"
54.36.148.167 - - [21/Jun/2020:14:02:07 +0800] "GET /?date=2016-8-27&t=day&paged=7 HTTP/1.1" 301 20 "-" "Mozilla/5.0 (compatible; AhrefsBot/6.1; +http://ahrefs.com/robot/)"
54.36.148.108 - - [21/Jun/2020:14:03:14 +0800] "GET /index.php?option=com_phocagallery&view=detail&catid=10&id=122:0039-1&tmpl=component&phocadownload=1&Itemid=59 HTTP/1.1" 301 20 "-" "Mozilla/5.0 (compatible; AhrefsBot/6.1; +http://ahrefs.com/robot/)"
216.244.66.248 - - [21/Jun/2020:14:03:18 +0800] "GET /?date=2019-7-4&t=day HTTP/1.1" 301 - "-" "Mozilla/5.0 (compatible; DotBot/1.1; http://www.opensiteexplorer.org/dotbot, help@moz.com)"
216.244.66.248 - - [21/Jun/2020:14:03:34 +0800] "GET /?date=2019-5-16&t=list HTTP/1.1" 200 98259 "-" "Mozilla/5.0 (compatible; DotBot/1.1; http://www.opensiteexplorer.org/dotbot, help@moz.com)"
216.244.66.248 - - [21/Jun/2020:14:03:52 +0800] "GET /?date=2018-11-28&t=list HTTP/1.1" 301 - "-" "Mozilla/5.0 (compatible; DotBot/1.1; http://www.opensiteexplorer.org/dotbot, help@moz.com)"
216.244.66.248 - - [21/Jun/2020:14:05:01 +0800] "GET /?date=2018-8-31&t=mini HTTP/1.1" 301 - "-" "Mozilla/5.0 (compatible; DotBot/1.1; http://www.opensiteexplorer.org/dotbot, help@moz.com)"
54.36.148.180 - - [21/Jun/2020:14:05:01 +0800] "GET /?date=1994-8-7&t=day&paged=3 HTTP/1.1" 301 20 "-" "Mozilla/5.0 (compatible; AhrefsBot/6.1; +http://ahrefs.com/robot/)"
54.36.148.20 - - [21/Jun/2020:14:05:25 +0800] "GET /?date=1997-9-1&t=day&paged=8 HTTP/1.1" 301 20 "-" "Mozilla/5.0 (compatible; AhrefsBot/6.1; +http://ahrefs.com/robot/)"
216.244.66.248 - - [21/Jun/2020:14:06:21 +0800] "GET /?date=2018-8-23&t=mini HTTP/1.1" 301 - "-" "Mozilla/5.0 (compatible; DotBot/1.1; http://www.opensiteexplorer.org/dotbot, help@moz.com)"
54.36.149.89 - - [21/Jun/2020:14:06:41 +0800] "GET /?date=2002-3&t=22220&paged=2 HTTP/1.1" 301 20 "-" "Mozilla/5.0 (compatible; AhrefsBot/6.1; +http://ahrefs.com/robot/)"
192.0.102.40 - - [21/Jun/2020:14:07:25 +0800] "HEAD / HTTP/1.1" 200 - "-" "jetmon/1.0 (Jetpack Site Uptime Monitor by WordPress.com)"
54.36.148.227 - - [21/Jun/2020:14:09:45 +0800] "GET /?date=2015-7-27&t=day&paged=9 HTTP/1.1" 301 20 "-" "Mozilla/5.0 (compatible; AhrefsBot/6.1; +http://ahrefs.com/robot/)"
54.36.149.64 - - [21/Jun/2020:14:10:59 +0800] "GET /page/3/?date=1990-3-18&t=day&paged=3 HTTP/1.1" 404 30142 "-" "Mozilla/5.0 (compatible; AhrefsBot/6.1; +http://ahrefs.com/robot/)"
216.244.66.248 - - [21/Jun/2020:14:11:31 +0800] "GET /?date=2013-8-14&t=list HTTP/1.1" 301 - "-" "Mozilla/5.0 (compatible; DotBot/1.1; http://www.opensiteexplorer.org/dotbot, help@moz.com)"
216.244.66.248 - - [21/Jun/2020:14:11:34 +0800] "GET /?date=2018-10-29&t=list HTTP/1.1" 301 - "-" "Mozilla/5.0 (compatible; DotBot/1.1; http://www.opensiteexplorer.org/dotbot, help@moz.com)"
54.36.149.5 - - [21/Jun/2020:14:11:42 +0800] "GET /?date=2005-3-14&t=day&paged=8 HTTP/1.1" 301 20 "-" "Mozilla/5.0 (compatible; AhrefsBot/6.1; +http://ahrefs.com/robot/)"
54.36.149.82 - - [21/Jun/2020:14:12:21 +0800] "GET /?date=2000-7-15&t=day&paged=2 HTTP/1.1" 301 20 "-" "Mozilla/5.0 (compatible; AhrefsBot/6.1; +http://ahrefs.com/robot/)"
54.36.148.245 - - [21/Jun/2020:14:13:24 +0800] "GET /?date=2010-2-28&t=day&paged=8 HTTP/1.1" 301 20 "-" "Mozilla/5.0 (compatible; AhrefsBot/6.1; +http://ahrefs.com/robot/)"
54.36.148.162 - - [21/Jun/2020:14:14:56 +0800] "GET /?date=2008-2-14&t=day&paged=4 HTTP/1.1" 301 20 "-" "Mozilla/5.0 (compatible; AhrefsBot/6.1; +http://ahrefs.com/robot/)"
192.0.102.40 - - [21/Jun/2020:14:15:52 +0800] "HEAD / HTTP/1.1" 200 - "-" "jetmon/1.0 (Jetpack Site Uptime Monitor by WordPress.com)"
216.244.66.248 - - [21/Jun/2020:14:16:20 +0800] "GET /?date=2016-9-4&t=list HTTP/1.1" 301 - "-" "Mozilla/5.0 (compatible; DotBot/1.1; http://www.opensiteexplorer.org/dotbot, help@moz.com)"
216.244.66.248 - - [21/Jun/2020:14:16:22 +0800] "GET /?date=2032-12-15&t=list HTTP/1.1" 301 - "-" "Mozilla/5.0 (compatible; DotBot/1.1; http://www.opensiteexplorer.org/dotbot, help@moz.com)"
54.36.149.75 - - [21/Jun/2020:14:18:19 +0800] "GET /?date=1995-11-13&t=day&paged=5 HTTP/1.1" 301 20 "-" "Mozilla/5.0 (compatible; AhrefsBot/6.1; +http://ahrefs.com/robot/)"
173.252.95.2 - - [21/Jun/2020:14:18:54 +0800] "GET / HTTP/1.1" 206 31342 "-" "facebookexternalhit/1.1 (+http://www.facebook.com/externalhit_uatext.php)"
54.36.148.18 - - [21/Jun/2020:14:19:42 +0800] "GET /?date=1991-7-20&t=day&paged=7 HTTP/1.1" 301 20 "-" "Mozilla/5.0 (compatible; AhrefsBot/6.1; +http://ahrefs.com/robot/)"
192.0.102.40 - - [21/Jun/2020:14:23:20 +0800] "HEAD / HTTP/1.1" 200 - "-" "jetmon/1.0 (Jetpack Site Uptime Monitor by WordPress.com)"
54.36.148.160 - - [21/Jun/2020:14:24:43 +0800] "GET /?date=1991-5-1&t=day&paged=5 HTTP/1.1" 301 20 "-" "Mozilla/5.0 (compatible; AhrefsBot/6.1; +http://ahrefs.com/robot/)"
54.36.148.104 - - [21/Jun/2020:14:24:51 +0800] "GET /?date=2011-6-5&t=week&paged=7 HTTP/1.1" 301 20 "-" "Mozilla/5.0 (compatible; AhrefsBot/6.1; +http://ahrefs.com/robot/)"
54.36.148.31 - - [21/Jun/2020:14:26:56 +0800] "GET /?date=2001-4-26&t=day&paged=7 HTTP/1.1" 301 20 "-" "Mozilla/5.0 (compatible; AhrefsBot/6.1; +http://ahrefs.com/robot/)"
54.36.148.183 - - [21/Jun/2020:14:29:41 +0800] "GET /?date=2016-7-28&t=day&paged=8 HTTP/1.1" 301 20 "-" "Mozilla/5.0 (compatible; AhrefsBot/6.1; +http://ahrefs.com/robot/)"
54.36.149.15 - - [21/Jun/2020:14:30:01 +0800] "GET /?date=1989-3-21&t=day&paged=4 HTTP/1.1" 301 20 "-" "Mozilla/5.0 (compatible; AhrefsBot/6.1; +http://ahrefs.com/robot/)"
192.0.102.40 - - [21/Jun/2020:14:31:32 +0800] "HEAD / HTTP/1.1" 200 - "-" "jetmon/1.0 (Jetpack Site Uptime Monitor by WordPress.com)"
54.36.148.28 - - [21/Jun/2020:14:31:53 +0800] "GET /?date=2000-6-9&t=day&paged=5 HTTP/1.1" 301 20 "-" "Mozilla/5.0 (compatible; AhrefsBot/6.1; +http://ahrefs.com/robot/)"
54.36.148.104 - - [21/Jun/2020:14:34:35 +0800] "GET /?date=2017-10&t=full&paged=3 HTTP/1.1" 301 20 "-" "Mozilla/5.0 (compatible; AhrefsBot/6.1; +http://ahrefs.com/robot/)"
54.36.148.139 - - [21/Jun/2020:14:37:04 +0800] "GET /?date=2011-11&t=mini&paged=5 HTTP/1.1" 301 20 "-" "Mozilla/5.0 (compatible; AhrefsBot/6.1; +http://ahrefs.com/robot/)"
192.0.102.40 - - [21/Jun/2020:14:38:34 +0800] "HEAD / HTTP/1.1" 200 - "-" "jetmon/1.0 (Jetpack Site Uptime Monitor by WordPress.com)"
54.36.149.14 - - [21/Jun/2020:14:39:41 +0800] "GET /?date=2001-11-26&t=day&paged=7 HTTP/1.1" 301 20 "-" "Mozilla/5.0 (compatible; AhrefsBot/6.1; +http://ahrefs.com/robot/)"
216.244.66.248 - - [21/Jun/2020:14:44:15 +0800] "GET /?date=1990-9-30&t=mini HTTP/1.1" 301 - "-" "Mozilla/5.0 (compatible; DotBot/1.1; http://www.opensiteexplorer.org/dotbot, help@moz.com)"
216.244.66.248 - - [21/Jun/2020:14:44:21 +0800] "GET /?date=1992-1-17&t=mini HTTP/1.1" 301 - "-" "Mozilla/5.0 (compatible; DotBot/1.1; http://www.opensiteexplorer.org/dotbot, help@moz.com)"
216.244.66.248 - - [21/Jun/2020:14:44:27 +0800] "GET /?date=2002-7-20&t=day HTTP/1.1" 301 - "-" "Mozilla/5.0 (compatible; DotBot/1.1; http://www.opensiteexplorer.org/dotbot, help@moz.com)"
216.244.66.248 - - [21/Jun/2020:14:44:32 +0800] "GET /?date=2033-9-4&t=week HTTP/1.1" 301 - "-" "Mozilla/5.0 (compatible; DotBot/1.1; http://www.opensiteexplorer.org/dotbot, help@moz.com)"
54.36.148.195 - - [21/Jun/2020:14:46:55 +0800] "GET /?date=2009-5-4&t=day&paged=5 HTTP/1.1" 301 20 "-" "Mozilla/5.0 (compatible; AhrefsBot/6.1; +http://ahrefs.com/robot/)"
216.244.66.248 - - [21/Jun/2020:14:47:37 +0800] "GET /?date=2001-1&t=list&paged=5 HTTP/1.1" 301 - "-" "Mozilla/5.0 (compatible; DotBot/1.1; http://www.opensiteexplorer.org/dotbot, help@moz.com)"
192.0.102.40 - - [21/Jun/2020:14:48:07 +0800] "HEAD / HTTP/1.1" 200 - "-" "jetmon/1.0 (Jetpack Site Uptime Monitor by WordPress.com)"
216.244.66.248 - - [21/Jun/2020:14:48:14 +0800] "GET /?date=1969-12-7&t=list&paged=2 HTTP/1.1" 301 - "-" "Mozilla/5.0 (compatible; DotBot/1.1; http://www.opensiteexplorer.org/dotbot, help@moz.com)"
216.244.66.248 - - [21/Jun/2020:14:48:18 +0800] "GET /?date=1992-12-8&t=list&paged=3 HTTP/1.1" 301 - "-" "Mozilla/5.0 (compatible; DotBot/1.1; http://www.opensiteexplorer.org/dotbot, help@moz.com)"
216.244.66.248 - - [21/Jun/2020:14:48:21 +0800] "GET /?date=1992-8-7&t=day&paged=3 HTTP/1.1" 301 - "-" "Mozilla/5.0 (compatible; DotBot/1.1; http://www.opensiteexplorer.org/dotbot, help@moz.com)"
216.244.66.248 - - [21/Jun/2020:14:48:23 +0800] "GET /?date=1997-5-8&t=list&paged=2 HTTP/1.1" 301 - "-" "Mozilla/5.0 (compatible; DotBot/1.1; http://www.opensiteexplorer.org/dotbot, help@moz.com)"
216.244.66.248 - - [21/Jun/2020:14:48:26 +0800] "GET /?date=1997-8-17&t=week HTTP/1.1" 301 - "-" "Mozilla/5.0 (compatible; DotBot/1.1; http://www.opensiteexplorer.org/dotbot, help@moz.com)"
216.244.66.248 - - [21/Jun/2020:14:48:28 +0800] "GET /?date=1999-4-11&t=day&paged=2 HTTP/1.1" 301 - "-" "Mozilla/5.0 (compatible; DotBot/1.1; http://www.opensiteexplorer.org/dotbot, help@moz.com)"
54.36.149.44 - - [21/Jun/2020:14:48:29 +0800] "GET /?date=2011-7-6&t=day&paged=8 HTTP/1.1" 301 20 "-" "Mozilla/5.0 (compatible; AhrefsBot/6.1; +http://ahrefs.com/robot/)"
216.244.66.248 - - [21/Jun/2020:14:48:30 +0800] "GET /?date=2003-3-11&t=day&paged=2 HTTP/1.1" 301 - "-" "Mozilla/5.0 (compatible; DotBot/1.1; http://www.opensiteexplorer.org/dotbot, help@moz.com)"
216.244.66.248 - - [21/Jun/2020:14:48:31 +0800] "GET /?date=2006-7-3&t=mini&paged=2 HTTP/1.1" 301 - "-" "Mozilla/5.0 (compatible; DotBot/1.1; http://www.opensiteexplorer.org/dotbot, help@moz.com)"
216.244.66.248 - - [21/Jun/2020:14:48:33 +0800] "GET /?date=2008-1-6&t=week&paged=2 HTTP/1.1" 301 - "-" "Mozilla/5.0 (compatible; DotBot/1.1; http://www.opensiteexplorer.org/dotbot, help@moz.com)"
216.244.66.248 - - [21/Jun/2020:14:48:47 +0800] "GET /?date=2012-3&t=list&paged=3 HTTP/1.1" 301 - "-" "Mozilla/5.0 (compatible; DotBot/1.1; http://www.opensiteexplorer.org/dotbot, help@moz.com)"
216.244.66.248 - - [21/Jun/2020:14:48:56 +0800] "GET /?date=2014-7-18&t=day&paged=2 HTTP/1.1" 301 - "-" "Mozilla/5.0 (compatible; DotBot/1.1; http://www.opensiteexplorer.org/dotbot, help@moz.com)"
216.244.66.248 - - [21/Jun/2020:14:49:05 +0800] "GET /?date=2016-8-30&t=mini&paged=2 HTTP/1.1" 301 - "-" "Mozilla/5.0 (compatible; DotBot/1.1; http://www.opensiteexplorer.org/dotbot, help@moz.com)"
216.244.66.248 - - [21/Jun/2020:14:49:12 +0800] "GET /?date=2017-1-19&t=mini&paged=2 HTTP/1.1" 301 - "-" "Mozilla/5.0 (compatible; DotBot/1.1; http://www.opensiteexplorer.org/dotbot, help@moz.com)"
216.244.66.248 - - [21/Jun/2020:14:49:19 +0800] "GET /?date=2017-10-27&t=day&paged=2 HTTP/1.1" 301 - "-" "Mozilla/5.0 (compatible; DotBot/1.1; http://www.opensiteexplorer.org/dotbot, help@moz.com)"
216.244.66.248 - - [21/Jun/2020:14:49:24 +0800] "GET /?date=2018-5-20&t=list&paged=2 HTTP/1.1" 301 - "-" "Mozilla/5.0 (compatible; DotBot/1.1; http://www.opensiteexplorer.org/dotbot, help@moz.com)"
216.244.66.248 - - [21/Jun/2020:14:49:29 +0800] "GET /?date=2019-11-6&t=mini&paged=3 HTTP/1.1" 301 - "-" "Mozilla/5.0 (compatible; DotBot/1.1; http://www.opensiteexplorer.org/dotbot, help@moz.com)"
54.36.149.16 - - [21/Jun/2020:14:49:36 +0800] "GET /?date=2005-7-8&t=day&paged=4 HTTP/1.1" 301 20 "-" "Mozilla/5.0 (compatible; AhrefsBot/6.1; +http://ahrefs.com/robot/)"
216.244.66.248 - - [21/Jun/2020:14:49:43 +0800] "GET /?date=2019-4-28&t=day&paged=3 HTTP/1.1" 301 - "-" "Mozilla/5.0 (compatible; DotBot/1.1; http://www.opensiteexplorer.org/dotbot, help@moz.com)"
216.244.66.248 - - [21/Jun/2020:14:49:52 +0800] "GET /?date=2022-2&t=mini&paged=5 HTTP/1.1" 301 - "-" "Mozilla/5.0 (compatible; DotBot/1.1; http://www.opensiteexplorer.org/dotbot, help@moz.com)"
216.244.66.248 - - [21/Jun/2020:14:50:01 +0800] "GET /?date=2026-6-15&t=mini&paged=3 HTTP/1.1" 301 - "-" "Mozilla/5.0 (compatible; DotBot/1.1; http://www.opensiteexplorer.org/dotbot, help@moz.com)"
216.244.66.248 - - [21/Jun/2020:14:50:09 +0800] "GET /?date=2027-3-7&t=list&paged=2 HTTP/1.1" 301 - "-" "Mozilla/5.0 (compatible; DotBot/1.1; http://www.opensiteexplorer.org/dotbot, help@moz.com)"
216.244.66.248 - - [21/Jun/2020:14:50:15 +0800] "GET /?date=2030-7-4&t=day&paged=3 HTTP/1.1" 301 - "-" "Mozilla/5.0 (compatible; DotBot/1.1; http://www.opensiteexplorer.org/dotbot, help@moz.com)"
54.36.148.23 - - [21/Jun/2020:14:50:16 +0800] "GET /?date=2017-5-6&t=day&paged=3 HTTP/1.1" 301 20 "-" "Mozilla/5.0 (compatible; AhrefsBot/6.1; +http://ahrefs.com/robot/)"
216.244.66.248 - - [21/Jun/2020:14:50:21 +0800] "GET /?date=2031-11&t=mini&paged=3 HTTP/1.1" 301 - "-" "Mozilla/5.0 (compatible; DotBot/1.1; http://www.opensiteexplorer.org/dotbot, help@moz.com)"
54.36.149.66 - - [21/Jun/2020:14:50:25 +0800] "GET /?date=2016-6-25&t=day&paged=7 HTTP/1.1" 301 20 "-" "Mozilla/5.0 (compatible; AhrefsBot/6.1; +http://ahrefs.com/robot/)"
216.244.66.248 - - [21/Jun/2020:14:50:26 +0800] "GET /?date=2035-1-1&t=list&paged=2 HTTP/1.1" 301 - "-" "Mozilla/5.0 (compatible; DotBot/1.1; http://www.opensiteexplorer.org/dotbot, help@moz.com)"
216.244.66.248 - - [21/Jun/2020:14:50:30 +0800] "GET /?date=2021-11-11&t=list&paged=2 HTTP/1.1" 301 - "-" "Mozilla/5.0 (compatible; DotBot/1.1; http://www.opensiteexplorer.org/dotbot, help@moz.com)"
216.244.66.248 - - [21/Jun/2020:14:50:34 +0800] "GET /?date=2020-12-12&t=mini HTTP/1.1" 301 - "-" "Mozilla/5.0 (compatible; DotBot/1.1; http://www.opensiteexplorer.org/dotbot, help@moz.com)"
216.244.66.248 - - [21/Jun/2020:14:50:38 +0800] "GET /?date=1994-5-26&t=day HTTP/1.1" 301 - "-" "Mozilla/5.0 (compatible; DotBot/1.1; http://www.opensiteexplorer.org/dotbot, help@moz.com)"
54.36.148.51 - - [21/Jun/2020:14:51:30 +0800] "GET /?date=2018-1-30&t=day&paged=5 HTTP/1.1" 301 20 "-" "Mozilla/5.0 (compatible; AhrefsBot/6.1; +http://ahrefs.com/robot/)"
54.36.149.74 - - [21/Jun/2020:14:53:35 +0800] "GET /?date=2016-12&t=mini&paged=7 HTTP/1.1" 301 20 "-" "Mozilla/5.0 (compatible; AhrefsBot/6.1; +http://ahrefs.com/robot/)"
54.36.149.29 - - [21/Jun/2020:14:54:04 +0800] "GET /?date=2004-9-8&t=day&paged=7 HTTP/1.1" 301 20 "-" "Mozilla/5.0 (compatible; AhrefsBot/6.1; +http://ahrefs.com/robot/)"
192.0.102.40 - - [21/Jun/2020:14:54:19 +0800] "HEAD / HTTP/1.1" 200 - "-" "jetmon/1.0 (Jetpack Site Uptime Monitor by WordPress.com)"
54.36.148.139 - - [21/Jun/2020:14:55:24 +0800] "GET /?date=2006-9-17&t=day&paged=2 HTTP/1.1" 301 20 "-" "Mozilla/5.0 (compatible; AhrefsBot/6.1; +http://ahrefs.com/robot/)"
54.36.148.71 - - [21/Jun/2020:14:57:14 +0800] "GET /?date=2011-6-26&t=day&paged=4 HTTP/1.1" 301 20 "-" "Mozilla/5.0 (compatible; AhrefsBot/6.1; +http://ahrefs.com/robot/)"
54.36.148.96 - - [21/Jun/2020:15:00:13 +0800] "GET /?date=2015-5-7&t=day&paged=9 HTTP/1.1" 301 20 "-" "Mozilla/5.0 (compatible; AhrefsBot/6.1; +http://ahrefs.com/robot/)"
216.244.66.248 - - [21/Jun/2020:15:00:15 +0800] "GET /?date=2001-1-10&t=day HTTP/1.1" 301 - "-" "Mozilla/5.0 (compatible; DotBot/1.1; http://www.opensiteexplorer.org/dotbot, help@moz.com)"
216.244.66.248 - - [21/Jun/2020:15:00:17 +0800] "GET /?date=2016-6-12&t=list HTTP/1.1" 301 - "-" "Mozilla/5.0 (compatible; DotBot/1.1; http://www.opensiteexplorer.org/dotbot, help@moz.com)"
216.244.66.248 - - [21/Jun/2020:15:00:20 +0800] "GET /?date=2017-2-25&t=list HTTP/1.1" 301 - "-" "Mozilla/5.0 (compatible; DotBot/1.1; http://www.opensiteexplorer.org/dotbot, help@moz.com)"
216.244.66.248 - - [21/Jun/2020:15:00:21 +0800] "GET /?date=2018-1-5&t=list HTTP/1.1" 301 - "-" "Mozilla/5.0 (compatible; DotBot/1.1; http://www.opensiteexplorer.org/dotbot, help@moz.com)"
54.36.148.88 - - [21/Jun/2020:15:01:16 +0800] "GET /index.php?option=com_phocagallery&view=category&id=16%3Asing&Itemid=59&limitstart=240 HTTP/1.1" 301 20 "-" "Mozilla/5.0 (compatible; AhrefsBot/6.1; +http://ahrefs.com/robot/)"
54.36.148.124 - - [21/Jun/2020:15:01:25 +0800] "GET /?date=2001-12&t=22220&paged=5 HTTP/1.1" 301 20 "-" "Mozilla/5.0 (compatible; AhrefsBot/6.1; +http://ahrefs.com/robot/)"
192.0.102.40 - - [21/Jun/2020:15:02:51 +0800] "HEAD / HTTP/1.1" 200 - "-" "jetmon/1.0 (Jetpack Site Uptime Monitor by WordPress.com)"
54.36.148.178 - - [21/Jun/2020:15:04:23 +0800] "GET /?date=2003-7-30&t=day&paged=2 HTTP/1.1" 301 20 "-" "Mozilla/5.0 (compatible; AhrefsBot/6.1; +http://ahrefs.com/robot/)"
216.244.66.248 - - [21/Jun/2020:15:05:14 +0800] "GET /?date=2021-12-1&t=day HTTP/1.1" 301 - "-" "Mozilla/5.0 (compatible; DotBot/1.1; http://www.opensiteexplorer.org/dotbot, help@moz.com)"
54.36.148.149 - - [21/Jun/2020:15:07:18 +0800] "GET /?date=2016-3-29&t=day&paged=3 HTTP/1.1" 301 20 "-" "Mozilla/5.0 (compatible; AhrefsBot/6.1; +http://ahrefs.com/robot/)"
54.36.148.47 - - [21/Jun/2020:15:09:00 +0800] "GET /?date=2012-10&t=mini&paged=5 HTTP/1.1" 301 20 "-" "Mozilla/5.0 (compatible; AhrefsBot/6.1; +http://ahrefs.com/robot/)"
54.36.148.150 - - [21/Jun/2020:15:09:12 +0800] "GET /?date=2014-4-24&t=day&paged=3 HTTP/1.1" 301 20 "-" "Mozilla/5.0 (compatible; AhrefsBot/6.1; +http://ahrefs.com/robot/)"
54.36.149.102 - - [21/Jun/2020:15:09:20 +0800] "GET /?date=2016-4&t=list&paged=5 HTTP/1.1" 301 20 "-" "Mozilla/5.0 (compatible; AhrefsBot/6.1; +http://ahrefs.com/robot/)"
192.0.102.40 - - [21/Jun/2020:15:10:16 +0800] "HEAD / HTTP/1.1" 200 - "-" "jetmon/1.0 (Jetpack Site Uptime Monitor by WordPress.com)"
54.36.149.83 - - [21/Jun/2020:15:12:46 +0800] "GET /?date=2004-3-10&t=day&paged=2 HTTP/1.1" 301 20 "-" "Mozilla/5.0 (compatible; AhrefsBot/6.1; +http://ahrefs.com/robot/)"
54.36.149.49 - - [21/Jun/2020:15:14:37 +0800] "GET /index.php?option=com_phocagallery&view=category&id=10&Itemid=59&limitstart=200 HTTP/1.1" 301 20 "-" "Mozilla/5.0 (compatible; AhrefsBot/6.1; +http://ahrefs.com/robot/)"
54.36.149.104 - - [21/Jun/2020:15:15:07 +0800] "GET /?date=1992-1-24&t=day&paged=7 HTTP/1.1" 301 20 "-" "Mozilla/5.0 (compatible; AhrefsBot/6.1; +http://ahrefs.com/robot/)"
54.36.149.37 - - [21/Jun/2020:15:16:01 +0800] "GET /?date=1996-3-20&t=day&paged=3 HTTP/1.1" 301 20 "-" "Mozilla/5.0 (compatible; AhrefsBot/6.1; +http://ahrefs.com/robot/)"
54.36.148.32 - - [21/Jun/2020:15:16:21 +0800] "GET /page/2/?date=2000-2-24&t=day&paged=2 HTTP/1.1" 404 30142 "-" "Mozilla/5.0 (compatible; AhrefsBot/6.1; +http://ahrefs.com/robot/)"
54.36.148.67 - - [21/Jun/2020:15:16:28 +0800] "GET /?date=1998-2-21&t=day&paged=7 HTTP/1.1" 301 20 "-" "Mozilla/5.0 (compatible; AhrefsBot/6.1; +http://ahrefs.com/robot/)"
192.0.102.40 - - [21/Jun/2020:15:18:32 +0800] "HEAD / HTTP/1.1" 200 - "-" "jetmon/1.0 (Jetpack Site Uptime Monitor by WordPress.com)"
54.36.149.10 - - [21/Jun/2020:15:19:08 +0800] "GET /?date=2018-1-3&t=day&paged=4 HTTP/1.1" 301 20 "-" "Mozilla/5.0 (compatible; AhrefsBot/6.1; +http://ahrefs.com/robot/)"
113.254.251.143 - - [21/Jun/2020:15:20:19 +0800] "GET /%E5%B0%8E%E5%B8%AB%E4%BB%8B%E7%B4%B9/ HTTP/1.1" 200 33676 "https://www.google.com/" "Mozilla/5.0 (Windows NT 10.0; Win64; x64) AppleWebKit/537.36 (KHTML, like Gecko) Chrome/83.0.4103.106 Safari/537.36 Edg/83.0.478.54"
113.254.251.143 - - [21/Jun/2020:15:20:19 +0800] "GET /wp-includes/css/dist/block-library/style.min.css?ver=5.4.1 HTTP/1.1" 200 7642 "http://tmcc.org.hk/%E5%B0%8E%E5%B8%AB%E4%BB%8B%E7%B4%B9/" "Mozilla/5.0 (Windows NT 10.0; Win64; x64) AppleWebKit/537.36 (KHTML, like Gecko) Chrome/83.0.4103.106 Safari/537.36 Edg/83.0.478.54"
113.254.251.143 - - [21/Jun/2020:15:20:19 +0800] "GET /wp-content/plugins/jetpack/modules/theme-tools/compat/twentytwenty.css?ver=8.4.2 HTTP/1.1" 200 1508 "http://tmcc.org.hk/%E5%B0%8E%E5%B8%AB%E4%BB%8B%E7%B4%B9/" "Mozilla/5.0 (Windows NT 10.0; Win64; x64) AppleWebKit/537.36 (KHTML, like Gecko) Chrome/83.0.4103.106 Safari/537.36 Edg/83.0.478.54"
113.254.251.143 - - [21/Jun/2020:15:20:19 +0800] "GET /wp-content/themes/twentytwenty/style.css?ver=1.2 HTTP/1.1" 200 22983 "http://tmcc.org.hk/%E5%B0%8E%E5%B8%AB%E4%BB%8B%E7%B4%B9/" "Mozilla/5.0 (Windows NT 10.0; Win64; x64) AppleWebKit/537.36 (KHTML, like Gecko) Chrome/83.0.4103.106 Safari/537.36 Edg/83.0.478.54"
113.254.251.143 - - [21/Jun/2020:15:20:19 +0800] "GET /wp-content/plugins/jetpack/css/jetpack.css?ver=8.4.2 HTTP/1.1" 200 13124 "http://tmcc.org.hk/%E5%B0%8E%E5%B8%AB%E4%BB%8B%E7%B4%B9/" "Mozilla/5.0 (Windows NT 10.0; Win64; x64) AppleWebKit/537.36 (KHTML, like Gecko) Chrome/83.0.4103.106 Safari/537.36 Edg/83.0.478.54"
113.254.251.143 - - [21/Jun/2020:15:20:20 +0800] "GET /wp-includes/js/wp-embed.min.js?ver=5.4.1 HTTP/1.1" 200 769 "http://tmcc.org.hk/%E5%B0%8E%E5%B8%AB%E4%BB%8B%E7%B4%B9/" "Mozilla/5.0 (Windows NT 10.0; Win64; x64) AppleWebKit/537.36 (KHTML, like Gecko) Chrome/83.0.4103.106 Safari/537.36 Edg/83.0.478.54"
113.254.251.143 - - [21/Jun/2020:15:20:20 +0800] "GET /wp-content/themes/twentytwenty/assets/js/index.js?ver=1.2 HTTP/1.1" 200 6703 "http://tmcc.org.hk/%E5%B0%8E%E5%B8%AB%E4%BB%8B%E7%B4%B9/" "Mozilla/5.0 (Windows NT 10.0; Win64; x64) AppleWebKit/537.36 (KHTML, like Gecko) Chrome/83.0.4103.106 Safari/537.36 Edg/83.0.478.54"
113.254.251.143 - - [21/Jun/2020:15:20:20 +0800] "GET /wp-content/uploads/%E9%83%AD%E4%BF%8A%E7%AB%8B-200x300.jpg HTTP/1.1" 200 7255 "http://tmcc.org.hk/%E5%B0%8E%E5%B8%AB%E4%BB%8B%E7%B4%B9/" "Mozilla/5.0 (Windows NT 10.0; Win64; x64) AppleWebKit/537.36 (KHTML, like Gecko) Chrome/83.0.4103.106 Safari/537.36 Edg/83.0.478.54"
113.254.251.143 - - [21/Jun/2020:15:20:20 +0800] "GET /wp-content/uploads/%E7%9B%A7%E5%AD%90%E5%B9%B3-300x225.jpg HTTP/1.1" 200 14126 "http://tmcc.org.hk/%E5%B0%8E%E5%B8%AB%E4%BB%8B%E7%B4%B9/" "Mozilla/5.0 (Windows NT 10.0; Win64; x64) AppleWebKit/537.36 (KHTML, like Gecko) Chrome/83.0.4103.106 Safari/537.36 Edg/83.0.478.54"
113.254.251.143 - - [21/Jun/2020:15:20:20 +0800] "GET /wp-content/uploads/%E9%9F%B3%E6%A8%82%E7%B8%BD%E7%9B%A3%E5%8D%80%E5%93%81%E8%81%96-200x300.jpg HTTP/1.1" 200 9619 "http://tmcc.org.hk/%E5%B0%8E%E5%B8%AB%E4%BB%8B%E7%B4%B9/" "Mozilla/5.0 (Windows NT 10.0; Win64; x64) AppleWebKit/537.36 (KHTML, like Gecko) Chrome/83.0.4103.106 Safari/537.36 Edg/83.0.478.54"
113.254.251.143 - - [21/Jun/2020:15:20:20 +0800] "GET /wp-content/uploads/%E8%A1%8C%E6%94%BF%E7%B8%BD%E7%9B%A3%E5%8D%80%E5%93%81%E8%B3%A2-199x300.jpg HTTP/1.1" 200 9385 "http://tmcc.org.hk/%E5%B0%8E%E5%B8%AB%E4%BB%8B%E7%B4%B9/" "Mozilla/5.0 (Windows NT 10.0; Win64; x64) AppleWebKit/537.36 (KHTML, like Gecko) Chrome/83.0.4103.106 Safari/537.36 Edg/83.0.478.54"
113.254.251.143 - - [21/Jun/2020:15:20:20 +0800] "GET /wp-content/uploads/%E5%8A%89%E6%B1%9D%E9%A3%9B-257x300.jpg HTTP/1.1" 200 17461 "http://tmcc.org.hk/%E5%B0%8E%E5%B8%AB%E4%BB%8B%E7%B4%B9/" "Mozilla/5.0 (Windows NT 10.0; Win64; x64) AppleWebKit/537.36 (KHTML, like Gecko) Chrome/83.0.4103.106 Safari/537.36 Edg/83.0.478.54"
113.254.251.143 - - [21/Jun/2020:15:20:20 +0800] "GET /wp-content/uploads/%E5%8A%89%E8%8B%A5%E7%82%BA-300x200.jpg HTTP/1.1" 200 15051 "http://tmcc.org.hk/%E5%B0%8E%E5%B8%AB%E4%BB%8B%E7%B4%B9/" "Mozilla/5.0 (Windows NT 10.0; Win64; x64) AppleWebKit/537.36 (KHTML, like Gecko) Chrome/83.0.4103.106 Safari/537.36 Edg/83.0.478.54"
113.254.251.143 - - [21/Jun/2020:15:20:20 +0800] "GET /wp-content/uploads/%E9%99%B3%E6%B0%B8%E6%A8%91-221x300.jpg HTTP/1.1" 200 10571 "http://tmcc.org.hk/%E5%B0%8E%E5%B8%AB%E4%BB%8B%E7%B4%B9/" "Mozilla/5.0 (Windows NT 10.0; Win64; x64) AppleWebKit/537.36 (KHTML, like Gecko) Chrome/83.0.4103.106 Safari/537.36 Edg/83.0.478.54"
113.254.251.143 - - [21/Jun/2020:15:20:20 +0800] "GET /wp-content/uploads/%E9%A6%AC%E6%B0%B8%E5%B5%90-232x300.jpg HTTP/1.1" 200 15416 "http://tmcc.org.hk/%E5%B0%8E%E5%B8%AB%E4%BB%8B%E7%B4%B9/" "Mozilla/5.0 (Windows NT 10.0; Win64; x64) AppleWebKit/537.36 (KHTML, like Gecko) Chrome/83.0.4103.106 Safari/537.36 Edg/83.0.478.54"
113.254.251.143 - - [21/Jun/2020:15:20:20 +0800] "GET /wp-content/uploads/%E6%A5%8A%E7%9A%93%E6%99%B4-300x237.jpg HTTP/1.1" 200 17698 "http://tmcc.org.hk/%E5%B0%8E%E5%B8%AB%E4%BB%8B%E7%B4%B9/" "Mozilla/5.0 (Windows NT 10.0; Win64; x64) AppleWebKit/537.36 (KHTML, like Gecko) Chrome/83.0.4103.106 Safari/537.36 Edg/83.0.478.54"
113.254.251.143 - - [21/Jun/2020:15:20:20 +0800] "GET /wp-content/uploads/TMCClogo-with-text-01.png HTTP/1.1" 200 94396 "http://tmcc.org.hk/%E5%B0%8E%E5%B8%AB%E4%BB%8B%E7%B4%B9/" "Mozilla/5.0 (Windows NT 10.0; Win64; x64) AppleWebKit/537.36 (KHTML, like Gecko) Chrome/83.0.4103.106 Safari/537.36 Edg/83.0.478.54"
113.254.251.143 - - [21/Jun/2020:15:20:20 +0800] "GET /wp-content/uploads/%E6%BD%98%E7%AD%A0%E8%95%8E-265x300.jpg HTTP/1.1" 200 20118 "http://tmcc.org.hk/%E5%B0%8E%E5%B8%AB%E4%BB%8B%E7%B4%B9/" "Mozilla/5.0 (Windows NT 10.0; Win64; x64) AppleWebKit/537.36 (KHTML, like Gecko) Chrome/83.0.4103.106 Safari/537.36 Edg/83.0.478.54"
113.254.251.143 - - [21/Jun/2020:15:20:20 +0800] "GET /wp-content/uploads/%E7%9B%A7%E6%9C%97%E7%84%B6-300x200.jpg HTTP/1.1" 200 16734 "http://tmcc.org.hk/%E5%B0%8E%E5%B8%AB%E4%BB%8B%E7%B4%B9/" "Mozilla/5.0 (Windows NT 10.0; Win64; x64) AppleWebKit/537.36 (KHTML, like Gecko) Chrome/83.0.4103.106 Safari/537.36 Edg/83.0.478.54"
113.254.251.143 - - [21/Jun/2020:15:20:20 +0800] "GET /wp-content/uploads/%E5%91%A8%E7%AB%8B%E8%B3%A2-1-199x300.jpg HTTP/1.1" 200 10229 "http://tmcc.org.hk/%E5%B0%8E%E5%B8%AB%E4%BB%8B%E7%B4%B9/" "Mozilla/5.0 (Windows NT 10.0; Win64; x64) AppleWebKit/537.36 (KHTML, like Gecko) Chrome/83.0.4103.106 Safari/537.36 Edg/83.0.478.54"
113.254.251.143 - - [21/Jun/2020:15:20:20 +0800] "GET /wp-content/uploads/%E9%99%B3%E4%BF%8A%E6%96%87-300x200.jpg HTTP/1.1" 200 10001 "http://tmcc.org.hk/%E5%B0%8E%E5%B8%AB%E4%BB%8B%E7%B4%B9/" "Mozilla/5.0 (Windows NT 10.0; Win64; x64) AppleWebKit/537.36 (KHTML, like Gecko) Chrome/83.0.4103.106 Safari/537.36 Edg/83.0.478.54"
113.254.251.143 - - [21/Jun/2020:15:20:20 +0800] "GET /wp-content/uploads/%E6%9E%97%E5%98%89%E6%98%8E-300x222.jpg HTTP/1.1" 200 8232 "http://tmcc.org.hk/%E5%B0%8E%E5%B8%AB%E4%BB%8B%E7%B4%B9/" "Mozilla/5.0 (Windows NT 10.0; Win64; x64) AppleWebKit/537.36 (KHTML, like Gecko) Chrome/83.0.4103.106 Safari/537.36 Edg/83.0.478.54"
113.254.251.143 - - [21/Jun/2020:15:20:20 +0800] "GET /wp-includes/js/wp-emoji-release.min.js?ver=5.4.1 HTTP/1.1" 200 4653 "http://tmcc.org.hk/%E5%B0%8E%E5%B8%AB%E4%BB%8B%E7%B4%B9/" "Mozilla/5.0 (Windows NT 10.0; Win64; x64) AppleWebKit/537.36 (KHTML, like Gecko) Chrome/83.0.4103.106 Safari/537.36 Edg/83.0.478.54"
113.254.251.143 - - [21/Jun/2020:15:20:20 +0800] "GET /wp-content/themes/twentytwenty/print.css?ver=1.2 HTTP/1.1" 200 991 "http://tmcc.org.hk/%E5%B0%8E%E5%B8%AB%E4%BB%8B%E7%B4%B9/" "Mozilla/5.0 (Windows NT 10.0; Win64; x64) AppleWebKit/537.36 (KHTML, like Gecko) Chrome/83.0.4103.106 Safari/537.36 Edg/83.0.478.54"
113.254.251.143 - - [21/Jun/2020:15:20:20 +0800] "GET /wp-content/uploads/%E9%A6%AC%E7%A9%8E%E6%B0%91-206x300.png HTTP/1.1" 200 96790 "http://tmcc.org.hk/%E5%B0%8E%E5%B8%AB%E4%BB%8B%E7%B4%B9/" "Mozilla/5.0 (Windows NT 10.0; Win64; x64) AppleWebKit/537.36 (KHTML, like Gecko) Chrome/83.0.4103.106 Safari/537.36 Edg/83.0.478.54"
113.254.251.143 - - [21/Jun/2020:15:20:20 +0800] "GET /wp-content/uploads/2020/04/TMCClogo-150x150.png HTTP/1.1" 200 15011 "http://tmcc.org.hk/%E5%B0%8E%E5%B8%AB%E4%BB%8B%E7%B4%B9/" "Mozilla/5.0 (Windows NT 10.0; Win64; x64) AppleWebKit/537.36 (KHTML, like Gecko) Chrome/83.0.4103.106 Safari/537.36 Edg/83.0.478.54"
113.254.251.143 - - [21/Jun/2020:15:21:05 +0800] "GET /%E5%B0%8E%E5%B8%AB%E4%BB%8B%E7%B4%B9/ HTTP/1.1" 200 33676 "https://www.google.com/" "Mozilla/5.0 (Windows NT 10.0; Win64; x64) AppleWebKit/537.36 (KHTML, like Gecko) Chrome/83.0.4103.106 Safari/537.36 Edg/83.0.478.54"
113.254.251.143 - - [21/Jun/2020:15:21:09 +0800] "GET / HTTP/1.1" 200 31342 "http://tmcc.org.hk/%E5%B0%8E%E5%B8%AB%E4%BB%8B%E7%B4%B9/" "Mozilla/5.0 (Windows NT 10.0; Win64; x64) AppleWebKit/537.36 (KHTML, like Gecko) Chrome/83.0.4103.106 Safari/537.36 Edg/83.0.478.54"
113.254.251.143 - - [21/Jun/2020:15:21:15 +0800] "GET /%e5%b0%8e%e5%b8%ab%e4%bb%8b%e7%b4%b9/ HTTP/1.1" 200 33676 "http://tmcc.org.hk/" "Mozilla/5.0 (Windows NT 10.0; Win64; x64) AppleWebKit/537.36 (KHTML, like Gecko) Chrome/83.0.4103.106 Safari/537.36 Edg/83.0.478.54"
54.36.148.249 - - [21/Jun/2020:15:21:29 +0800] "GET /?date=2009-5-3&t=week&paged=9 HTTP/1.1" 301 20 "-" "Mozilla/5.0 (compatible; AhrefsBot/6.1; +http://ahrefs.com/robot/)"
54.36.148.50 - - [21/Jun/2020:15:22:16 +0800] "GET /?date=2007-11&t=mini&paged=5 HTTP/1.1" 301 20 "-" "Mozilla/5.0 (compatible; AhrefsBot/6.1; +http://ahrefs.com/robot/)"
54.36.149.81 - - [21/Jun/2020:15:23:48 +0800] "GET /?date=2006-9-5&t=day&paged=9 HTTP/1.1" 301 20 "-" "Mozilla/5.0 (compatible; AhrefsBot/6.1; +http://ahrefs.com/robot/)"
66.249.82.218 - - [21/Jun/2020:15:24:40 +0800] "GET /wp-content/uploads/%E5%8A%89%E6%B1%9D%E9%A3%9B-878x1024.jpg HTTP/1.1" 200 133824 "-" "Mozilla/5.0 (Windows NT 5.1; rv:11.0) Gecko Firefox/11.0 (via ggpht.com GoogleImageProxy)"
54.36.148.113 - - [21/Jun/2020:15:26:22 +0800] "GET /?date=2015-1-23&t=day&paged=5 HTTP/1.1" 301 20 "-" "Mozilla/5.0 (compatible; AhrefsBot/6.1; +http://ahrefs.com/robot/)"
157.55.39.248 - - [21/Jun/2020:15:26:46 +0800] "GET /?p=529 HTTP/1.1" 404 30142 "-" "Mozilla/5.0 (compatible; bingbot/2.0; +http://www.bing.com/bingbot.htm)"
54.36.148.31 - - [21/Jun/2020:15:26:54 +0800] "GET /?date=2007-8-22&t=day&paged=5 HTTP/1.1" 301 20 "-" "Mozilla/5.0 (compatible; AhrefsBot/6.1; +http://ahrefs.com/robot/)"
192.0.102.40 - - [21/Jun/2020:15:27:02 +0800] "HEAD / HTTP/1.1" 200 - "-" "jetmon/1.0 (Jetpack Site Uptime Monitor by WordPress.com)"
54.36.148.39 - - [21/Jun/2020:15:29:25 +0800] "GET /?date=2012-4-8&t=day&paged=4 HTTP/1.1" 301 20 "-" "Mozilla/5.0 (compatible; AhrefsBot/6.1; +http://ahrefs.com/robot/)"
54.36.148.41 - - [21/Jun/2020:15:30:07 +0800] "GET /index.php?option=com_joomdoc&task=cat_view&gid=30&limit=10&limitstart=170&order=hits&dir=DESC&Itemid=36 HTTP/1.1" 301 20 "-" "Mozilla/5.0 (compatible; AhrefsBot/6.1; +http://ahrefs.com/robot/)"
54.36.148.178 - - [21/Jun/2020:15:30:52 +0800] "GET /?date=2016-2-18&t=day&paged=8 HTTP/1.1" 301 20 "-" "Mozilla/5.0 (compatible; AhrefsBot/6.1; +http://ahrefs.com/robot/)"
54.36.148.98 - - [21/Jun/2020:15:31:14 +0800] "GET /?date=2019-5&t=list&paged=6 HTTP/1.1" 301 20 "-" "Mozilla/5.0 (compatible; AhrefsBot/6.1; +http://ahrefs.com/robot/)"
54.36.149.5 - - [21/Jun/2020:15:33:25 +0800] "GET /?date=2009-10-4&t=week&paged=5 HTTP/1.1" 301 20 "-" "Mozilla/5.0 (compatible; AhrefsBot/6.1; +http://ahrefs.com/robot/)"
192.0.102.40 - - [21/Jun/2020:15:35:11 +0800] "HEAD / HTTP/1.1" 200 - "-" "jetmon/1.0 (Jetpack Site Uptime Monitor by WordPress.com)"
216.244.66.248 - - [21/Jun/2020:15:37:03 +0800] "GET /?date=2001-5-29&t=day HTTP/1.1" 301 - "-" "Mozilla/5.0 (compatible; DotBot/1.1; http://www.opensiteexplorer.org/dotbot, help@moz.com)"
216.244.66.248 - - [21/Jun/2020:15:37:08 +0800] "GET /?date=2002-2-3&t=week HTTP/1.1" 301 - "-" "Mozilla/5.0 (compatible; DotBot/1.1; http://www.opensiteexplorer.org/dotbot, help@moz.com)"
216.244.66.248 - - [21/Jun/2020:15:37:13 +0800] "GET /?date=2002-6-25&t=day HTTP/1.1" 301 - "-" "Mozilla/5.0 (compatible; DotBot/1.1; http://www.opensiteexplorer.org/dotbot, help@moz.com)"
216.244.66.248 - - [21/Jun/2020:15:37:17 +0800] "GET /?date=2013-8-20&t=list HTTP/1.1" 301 - "-" "Mozilla/5.0 (compatible; DotBot/1.1; http://www.opensiteexplorer.org/dotbot, help@moz.com)"
216.244.66.248 - - [21/Jun/2020:15:37:20 +0800] "GET /?date=2026-2-8&t=mini HTTP/1.1" 301 - "-" "Mozilla/5.0 (compatible; DotBot/1.1; http://www.opensiteexplorer.org/dotbot, help@moz.com)"
216.244.66.248 - - [21/Jun/2020:15:38:19 +0800] "GET /?date=2001-9&t=mini&paged=2 HTTP/1.1" 301 - "-" "Mozilla/5.0 (compatible; DotBot/1.1; http://www.opensiteexplorer.org/dotbot, help@moz.com)"
216.244.66.248 - - [21/Jun/2020:15:38:22 +0800] "GET /?date=2010-7&t=list&paged=2 HTTP/1.1" 301 - "-" "Mozilla/5.0 (compatible; DotBot/1.1; http://www.opensiteexplorer.org/dotbot, help@moz.com)"
216.244.66.248 - - [21/Jun/2020:15:38:25 +0800] "GET /?date=2022-5&t=list&paged=2 HTTP/1.1" 301 - "-" "Mozilla/5.0 (compatible; DotBot/1.1; http://www.opensiteexplorer.org/dotbot, help@moz.com)"
216.244.66.248 - - [21/Jun/2020:15:40:33 +0800] "GET /?date=1993-5-28&t=list HTTP/1.1" 301 - "-" "Mozilla/5.0 (compatible; DotBot/1.1; http://www.opensiteexplorer.org/dotbot, help@moz.com)"
216.244.66.248 - - [21/Jun/2020:15:41:09 +0800] "GET /?date=1969-11-1&t=list&paged=2 HTTP/1.1" 301 - "-" "Mozilla/5.0 (compatible; DotBot/1.1; http://www.opensiteexplorer.org/dotbot, help@moz.com)"
216.244.66.248 - - [21/Jun/2020:15:41:11 +0800] "GET /?date=1971-2-21&t=week&paged=2 HTTP/1.1" 301 - "-" "Mozilla/5.0 (compatible; DotBot/1.1; http://www.opensiteexplorer.org/dotbot, help@moz.com)"
54.36.148.202 - - [21/Jun/2020:15:41:16 +0800] "GET /?date=2009-12-10&t=day&paged=4 HTTP/1.1" 301 20 "-" "Mozilla/5.0 (compatible; AhrefsBot/6.1; +http://ahrefs.com/robot/)"
54.36.149.64 - - [21/Jun/2020:15:41:24 +0800] "GET /page/3/?date=2017-3-19&t=day&paged=3 HTTP/1.1" 404 30142 "-" "Mozilla/5.0 (compatible; AhrefsBot/6.1; +http://ahrefs.com/robot/)"
216.244.66.248 - - [21/Jun/2020:15:41:25 +0800] "GET /?date=1994-1-29&t=list&paged=2 HTTP/1.1" 301 - "-" "Mozilla/5.0 (compatible; DotBot/1.1; http://www.opensiteexplorer.org/dotbot, help@moz.com)"
54.36.148.165 - - [21/Jun/2020:15:41:31 +0800] "GET /?date=1998-3-8&t=day&paged=4 HTTP/1.1" 301 20 "-" "Mozilla/5.0 (compatible; AhrefsBot/6.1; +http://ahrefs.com/robot/)"
216.244.66.248 - - [21/Jun/2020:15:41:34 +0800] "GET /?date=1996-1-30&t=mini&paged=2 HTTP/1.1" 301 - "-" "Mozilla/5.0 (compatible; DotBot/1.1; http://www.opensiteexplorer.org/dotbot, help@moz.com)"
216.244.66.248 - - [21/Jun/2020:15:41:43 +0800] "GET /?date=1998-7-10&t=list&paged=2 HTTP/1.1" 301 - "-" "Mozilla/5.0 (compatible; DotBot/1.1; http://www.opensiteexplorer.org/dotbot, help@moz.com)"
216.244.66.248 - - [21/Jun/2020:15:41:51 +0800] "GET /?date=1998-8-2&t=day&paged=4 HTTP/1.1" 301 - "-" "Mozilla/5.0 (compatible; DotBot/1.1; http://www.opensiteexplorer.org/dotbot, help@moz.com)"
192.0.102.40 - - [21/Jun/2020:15:41:52 +0800] "HEAD / HTTP/1.1" 200 - "-" "jetmon/1.0 (Jetpack Site Uptime Monitor by WordPress.com)"
216.244.66.248 - - [21/Jun/2020:15:42:04 +0800] "GET /?date=2004-4-7&t=mini&paged=2 HTTP/1.1" 301 - "-" "Mozilla/5.0 (compatible; DotBot/1.1; http://www.opensiteexplorer.org/dotbot, help@moz.com)"
216.244.66.248 - - [21/Jun/2020:15:42:14 +0800] "GET /?date=2006-3-12&t=list&paged=2 HTTP/1.1" 301 - "-" "Mozilla/5.0 (compatible; DotBot/1.1; http://www.opensiteexplorer.org/dotbot, help@moz.com)"
54.36.148.102 - - [21/Jun/2020:15:42:21 +0800] "GET /?date=1993-1-31&t=week&paged=5 HTTP/1.1" 301 20 "-" "Mozilla/5.0 (compatible; AhrefsBot/6.1; +http://ahrefs.com/robot/)"
216.244.66.248 - - [21/Jun/2020:15:42:22 +0800] "GET /?date=2010-9-9&t=day&paged=2 HTTP/1.1" 301 - "-" "Mozilla/5.0 (compatible; DotBot/1.1; http://www.opensiteexplorer.org/dotbot, help@moz.com)"
216.244.66.248 - - [21/Jun/2020:15:42:30 +0800] "GET /?date=2013-4&t=mini&paged=4 HTTP/1.1" 301 - "-" "Mozilla/5.0 (compatible; DotBot/1.1; http://www.opensiteexplorer.org/dotbot, help@moz.com)"
157.55.39.47 - - [21/Jun/2020:15:42:34 +0800] "GET /?date=2019-6-10&t=mini HTTP/1.1" 200 31322 "-" "Mozilla/5.0 (compatible; bingbot/2.0; +http://www.bing.com/bingbot.htm)"
157.55.39.47 - - [21/Jun/2020:15:42:35 +0800] "GET /?date=2012-5-13&t=mini HTTP/1.1" 200 31322 "-" "Mozilla/5.0 (compatible; bingbot/2.0; +http://www.bing.com/bingbot.htm)"
157.55.39.47 - - [21/Jun/2020:15:42:36 +0800] "GET /?date=2018-8-10&t=mini&paged=2 HTTP/1.1" 404 30142 "-" "Mozilla/5.0 (compatible; bingbot/2.0; +http://www.bing.com/bingbot.htm)"
216.244.66.248 - - [21/Jun/2020:15:42:37 +0800] "GET /?date=2013-5-15&t=day&paged=2 HTTP/1.1" 301 - "-" "Mozilla/5.0 (compatible; DotBot/1.1; http://www.opensiteexplorer.org/dotbot, help@moz.com)"
157.55.39.248 - - [21/Jun/2020:15:42:38 +0800] "GET /?date=2014-10-14&t=mini HTTP/1.1" 200 31322 "-" "Mozilla/5.0 (compatible; bingbot/2.0; +http://www.bing.com/bingbot.htm)"
157.55.39.248 - - [21/Jun/2020:15:42:39 +0800] "GET /?date=2014-11-13&t=list HTTP/1.1" 200 31322 "-" "Mozilla/5.0 (compatible; bingbot/2.0; +http://www.bing.com/bingbot.htm)"
157.55.39.248 - - [21/Jun/2020:15:42:41 +0800] "GET /?date=2019-11-11&t=day HTTP/1.1" 200 31322 "-" "Mozilla/5.0 (compatible; bingbot/2.0; +http://www.bing.com/bingbot.htm)"
157.55.39.248 - - [21/Jun/2020:15:42:42 +0800] "GET /?date=2015-7-4&t=day HTTP/1.1" 200 31322 "-" "Mozilla/5.0 (compatible; bingbot/2.0; +http://www.bing.com/bingbot.htm)"
216.244.66.248 - - [21/Jun/2020:15:42:42 +0800] "GET /?date=2016-2-8&t=mini&paged=2 HTTP/1.1" 301 - "-" "Mozilla/5.0 (compatible; DotBot/1.1; http://www.opensiteexplorer.org/dotbot, help@moz.com)"
157.55.39.248 - - [21/Jun/2020:15:42:43 +0800] "GET /?date=2019-1-13&t=mini HTTP/1.1" 200 31322 "-" "Mozilla/5.0 (compatible; bingbot/2.0; +http://www.bing.com/bingbot.htm)"
157.55.39.248 - - [21/Jun/2020:15:42:43 +0800] "GET /?date=2017-3-19&t=day HTTP/1.1" 200 31322 "-" "Mozilla/5.0 (compatible; bingbot/2.0; +http://www.bing.com/bingbot.htm)"
157.55.39.248 - - [21/Jun/2020:15:42:44 +0800] "GET /?date=2015-9-12&t=mini HTTP/1.1" 200 31322 "-" "Mozilla/5.0 (compatible; bingbot/2.0; +http://www.bing.com/bingbot.htm)"
157.55.39.201 - - [21/Jun/2020:15:42:45 +0800] "GET /?date=2014-10-12&t=list HTTP/1.1" 200 31322 "-" "Mozilla/5.0 (compatible; bingbot/2.0; +http://www.bing.com/bingbot.htm)"
157.55.39.201 - - [21/Jun/2020:15:42:47 +0800] "GET /?date=2020-7-26&t=week HTTP/1.1" 200 31322 "-" "Mozilla/5.0 (compatible; bingbot/2.0; +http://www.bing.com/bingbot.htm)"
216.244.66.248 - - [21/Jun/2020:15:42:47 +0800] "GET /?date=2016-7-12&t=mini&paged=2 HTTP/1.1" 301 - "-" "Mozilla/5.0 (compatible; DotBot/1.1; http://www.opensiteexplorer.org/dotbot, help@moz.com)"
157.55.39.201 - - [21/Jun/2020:15:42:48 +0800] "GET /?option=com_joomdoc&task=doc_details&gid=433&Itemid=36&paged=2 HTTP/1.1" 404 30142 "-" "Mozilla/5.0 (compatible; bingbot/2.0; +http://www.bing.com/bingbot.htm)"
157.55.39.201 - - [21/Jun/2020:15:42:49 +0800] "GET /?date=2017-11-27&t=mini HTTP/1.1" 200 31322 "-" "Mozilla/5.0 (compatible; bingbot/2.0; +http://www.bing.com/bingbot.htm)"
157.55.39.92 - - [21/Jun/2020:15:42:50 +0800] "GET /?date=2016-12-1&t=list HTTP/1.1" 200 31322 "-" "Mozilla/5.0 (compatible; bingbot/2.0; +http://www.bing.com/bingbot.htm)"
216.244.66.248 - - [21/Jun/2020:15:42:52 +0800] "GET /?date=2018-1-9&t=mini&paged=3 HTTP/1.1" 301 - "-" "Mozilla/5.0 (compatible; DotBot/1.1; http://www.opensiteexplorer.org/dotbot, help@moz.com)"
216.244.66.248 - - [21/Jun/2020:15:42:56 +0800] "GET /?date=2019-12-5&t=list&paged=2 HTTP/1.1" 301 - "-" "Mozilla/5.0 (compatible; DotBot/1.1; http://www.opensiteexplorer.org/dotbot, help@moz.com)"
216.244.66.248 - - [21/Jun/2020:15:42:59 +0800] "GET /?date=2019-3-11&t=mini&paged=3 HTTP/1.1" 301 - "-" "Mozilla/5.0 (compatible; DotBot/1.1; http://www.opensiteexplorer.org/dotbot, help@moz.com)"
216.244.66.248 - - [21/Jun/2020:15:43:02 +0800] "GET /?date=2020-2-13&t=list&paged=3 HTTP/1.1" 301 - "-" "Mozilla/5.0 (compatible; DotBot/1.1; http://www.opensiteexplorer.org/dotbot, help@moz.com)"
216.244.66.248 - - [21/Jun/2020:15:43:04 +0800] "GET /?date=2021-3&t=list&paged=3 HTTP/1.1" 301 - "-" "Mozilla/5.0 (compatible; DotBot/1.1; http://www.opensiteexplorer.org/dotbot, help@moz.com)"
216.244.66.248 - - [21/Jun/2020:15:43:07 +0800] "GET /?date=2019-11-20&t=mini&paged=3 HTTP/1.1" 301 - "-" "Mozilla/5.0 (compatible; DotBot/1.1; http://www.opensiteexplorer.org/dotbot, help@moz.com)"
216.244.66.248 - - [21/Jun/2020:15:43:09 +0800] "GET /?date=2016-4-27&t=list&paged=2 HTTP/1.1" 301 - "-" "Mozilla/5.0 (compatible; DotBot/1.1; http://www.opensiteexplorer.org/dotbot, help@moz.com)"
216.244.66.248 - - [21/Jun/2020:15:43:32 +0800] "GET /?date=2019-7-1&t=day HTTP/1.1" 301 - "-" "Mozilla/5.0 (compatible; DotBot/1.1; http://www.opensiteexplorer.org/dotbot, help@moz.com)"
54.36.148.230 - - [21/Jun/2020:15:46:11 +0800] "GET /?date=2000-8-19&t=day HTTP/1.1" 301 20 "-" "Mozilla/5.0 (compatible; AhrefsBot/6.1; +http://ahrefs.com/robot/)"
216.244.66.248 - - [21/Jun/2020:15:47:16 +0800] "GET /?date=2024-7-3&t=list&paged=2 HTTP/1.1" 301 - "-" "Mozilla/5.0 (compatible; DotBot/1.1; http://www.opensiteexplorer.org/dotbot, help@moz.com)"
157.55.39.248 - - [21/Jun/2020:15:47:30 +0800] "GET /?date=2014-10-11&t=list HTTP/1.1" 301 20 "-" "Mozilla/5.0 (compatible; bingbot/2.0; +http://www.bing.com/bingbot.htm)"
157.55.39.201 - - [21/Jun/2020:15:47:34 +0800] "GET /?date=2015-10-13&t=list HTTP/1.1" 301 20 "-" "Mozilla/5.0 (compatible; bingbot/2.0; +http://www.bing.com/bingbot.htm)"
157.55.39.201 - - [21/Jun/2020:15:47:35 +0800] "GET /?date=2016-5-13&t=mini HTTP/1.1" 301 20 "-" "Mozilla/5.0 (compatible; bingbot/2.0; +http://www.bing.com/bingbot.htm)"
157.55.39.92 - - [21/Jun/2020:15:47:42 +0800] "GET /?date=2016-7&t=mini HTTP/1.1" 301 20 "-" "Mozilla/5.0 (compatible; bingbot/2.0; +http://www.bing.com/bingbot.htm)"
54.36.149.59 - - [21/Jun/2020:15:48:12 +0800] "GET /?date=2002-1&t=22220&paged=5 HTTP/1.1" 301 20 "-" "Mozilla/5.0 (compatible; AhrefsBot/6.1; +http://ahrefs.com/robot/)"
54.36.148.223 - - [21/Jun/2020:15:48:39 +0800] "GET /?date=1997-10-4&t=day&paged=5 HTTP/1.1" 301 20 "-" "Mozilla/5.0 (compatible; AhrefsBot/6.1; +http://ahrefs.com/robot/)"
192.0.102.40 - - [21/Jun/2020:15:50:00 +0800] "HEAD / HTTP/1.1" 200 - "-" "jetmon/1.0 (Jetpack Site Uptime Monitor by WordPress.com)"
54.36.149.1 - - [21/Jun/2020:15:50:44 +0800] "GET /?date=1999-5-1&t=day&paged=7 HTTP/1.1" 301 20 "-" "Mozilla/5.0 (compatible; AhrefsBot/6.1; +http://ahrefs.com/robot/)"
216.244.66.248 - - [21/Jun/2020:15:51:08 +0800] "GET /?date=1999-9&t=list HTTP/1.1" 301 - "-" "Mozilla/5.0 (compatible; DotBot/1.1; http://www.opensiteexplorer.org/dotbot, help@moz.com)"
54.36.148.163 - - [21/Jun/2020:15:51:31 +0800] "GET /?date=1990-9-15&t=day&paged=4 HTTP/1.1" 301 20 "-" "Mozilla/5.0 (compatible; AhrefsBot/6.1; +http://ahrefs.com/robot/)"
185.86.164.110 - - [21/Jun/2020:15:52:08 +0800] "GET /wp-login.php HTTP/1.1" 200 6043 "-" "Mozilla/5.0 (Windows NT 10.0; WOW64) AppleWebKit/537.36 (KHTML, like Gecko) Chrome/51.0.2704.103 Safari/537.36"
185.86.164.110 - - [21/Jun/2020:15:52:09 +0800] "POST /wp-login.php HTTP/1.1" 401 3586 "http://www.tmcc.org.hk/wp-login.php" "Mozilla/5.0 (Windows NT 10.0; WOW64) AppleWebKit/537.36 (KHTML, like Gecko) Chrome/51.0.2704.103 Safari/537.36"
54.36.148.144 - - [21/Jun/2020:15:54:47 +0800] "GET /?date=1996-9-10&t=day&paged=4 HTTP/1.1" 301 20 "-" "Mozilla/5.0 (compatible; AhrefsBot/6.1; +http://ahrefs.com/robot/)"
216.244.66.248 - - [21/Jun/2020:15:55:12 +0800] "GET /?date=2019-7-8&t=list HTTP/1.1" 301 - "-" "Mozilla/5.0 (compatible; DotBot/1.1; http://www.opensiteexplorer.org/dotbot, help@moz.com)"
54.36.149.61 - - [21/Jun/2020:15:55:50 +0800] "GET /?date=1989-4-14&t=day&paged=3 HTTP/1.1" 301 20 "-" "Mozilla/5.0 (compatible; AhrefsBot/6.1; +http://ahrefs.com/robot/)"
54.36.148.11 - - [21/Jun/2020:15:57:23 +0800] "GET /?date=2011-5-21&t=day&paged=3 HTTP/1.1" 301 20 "-" "Mozilla/5.0 (compatible; AhrefsBot/6.1; +http://ahrefs.com/robot/)"
216.244.66.248 - - [21/Jun/2020:15:57:47 +0800] "GET /?date=2018-7-28&t=mini HTTP/1.1" 301 - "-" "Mozilla/5.0 (compatible; DotBot/1.1; http://www.opensiteexplorer.org/dotbot, help@moz.com)"
216.244.66.248 - - [21/Jun/2020:15:57:50 +0800] "GET /?date=2023-4-26&t=mini HTTP/1.1" 301 - "-" "Mozilla/5.0 (compatible; DotBot/1.1; http://www.opensiteexplorer.org/dotbot, help@moz.com)"
192.0.102.40 - - [21/Jun/2020:15:58:09 +0800] "HEAD / HTTP/1.1" 200 - "-" "jetmon/1.0 (Jetpack Site Uptime Monitor by WordPress.com)"
207.46.13.144 - - [21/Jun/2020:15:58:18 +0800] "GET /robots.txt HTTP/1.1" 200 69 "-" "Mozilla/5.0 (compatible; bingbot/2.0; +http://www.bing.com/bingbot.htm)"
157.55.39.47 - - [21/Jun/2020:15:58:22 +0800] "GET /?date=2017-1-10&t=list HTTP/1.1" 301 20 "-" "Mozilla/5.0 (compatible; bingbot/2.0; +http://www.bing.com/bingbot.htm)"
157.55.39.47 - - [21/Jun/2020:15:58:22 +0800] "GET /?date=2017-12-9&t=list HTTP/1.1" 301 20 "-" "Mozilla/5.0 (compatible; bingbot/2.0; +http://www.bing.com/bingbot.htm)"
157.55.39.47 - - [21/Jun/2020:15:58:23 +0800] "GET /?date=2017-9-5&t=mini HTTP/1.1" 301 20 "-" "Mozilla/5.0 (compatible; bingbot/2.0; +http://www.bing.com/bingbot.htm)"
