54.36.148.176 - - [22/Jun/2020:14:30:10 +0800] "GET /index.php?view=article&catid=25&id=45&tmpl=component&print=1&layout=default&page=&option=com_content&Itemid=2 HTTP/1.1" 301 20 "-" "Mozilla/5.0 (compatible; AhrefsBot/6.1; +http://ahrefs.com/robot/)"
216.244.66.248 - - [22/Jun/2020:14:30:20 +0800] "GET /?date=1993-9-5&t=mini HTTP/1.1" 301 - "-" "Mozilla/5.0 (compatible; DotBot/1.1; http://www.opensiteexplorer.org/dotbot, help@moz.com)"
54.36.148.73 - - [22/Jun/2020:14:30:33 +0800] "GET /?date=2017-1-23&t=day&paged=4 HTTP/1.1" 301 20 "-" "Mozilla/5.0 (compatible; AhrefsBot/6.1; +http://ahrefs.com/robot/)"
216.244.66.248 - - [22/Jun/2020:14:30:39 +0800] "GET /?date=1997-11-5&t=list HTTP/1.1" 301 - "-" "Mozilla/5.0 (compatible; DotBot/1.1; http://www.opensiteexplorer.org/dotbot, help@moz.com)"
216.244.66.248 - - [22/Jun/2020:14:30:56 +0800] "GET /?date=2002-11-5&t=day HTTP/1.1" 301 - "-" "Mozilla/5.0 (compatible; DotBot/1.1; http://www.opensiteexplorer.org/dotbot, help@moz.com)"
216.244.66.248 - - [22/Jun/2020:14:31:13 +0800] "GET /?date=2013-4-10&t=day HTTP/1.1" 301 - "-" "Mozilla/5.0 (compatible; DotBot/1.1; http://www.opensiteexplorer.org/dotbot, help@moz.com)"
216.244.66.248 - - [22/Jun/2020:14:31:29 +0800] "GET /?date=2014-4-27&t=list HTTP/1.1" 301 - "-" "Mozilla/5.0 (compatible; DotBot/1.1; http://www.opensiteexplorer.org/dotbot, help@moz.com)"
216.244.66.248 - - [22/Jun/2020:14:31:43 +0800] "GET /?date=2018-12-11&t=list HTTP/1.1" 301 - "-" "Mozilla/5.0 (compatible; DotBot/1.1; http://www.opensiteexplorer.org/dotbot, help@moz.com)"
216.244.66.248 - - [22/Jun/2020:14:32:06 +0800] "GET /?date=2020-10-20&t=day&paged=2 HTTP/1.1" 301 - "-" "Mozilla/5.0 (compatible; DotBot/1.1; http://www.opensiteexplorer.org/dotbot, help@moz.com)"
54.36.148.185 - - [22/Jun/2020:14:32:09 +0800] "GET /?date=2006-2&t=mini&paged=5 HTTP/1.1" 301 20 "-" "Mozilla/5.0 (compatible; AhrefsBot/6.1; +http://ahrefs.com/robot/)"
216.244.66.248 - - [22/Jun/2020:14:32:37 +0800] "GET /?date=2027-2-7&t=list HTTP/1.1" 301 - "-" "Mozilla/5.0 (compatible; DotBot/1.1; http://www.opensiteexplorer.org/dotbot, help@moz.com)"
216.244.66.248 - - [22/Jun/2020:14:33:06 +0800] "GET /?date=2028-7-4&t=list HTTP/1.1" 301 - "-" "Mozilla/5.0 (compatible; DotBot/1.1; http://www.opensiteexplorer.org/dotbot, help@moz.com)"
54.36.148.220 - - [22/Jun/2020:14:33:20 +0800] "GET /?date=2016-1-18&t=day&paged=7 HTTP/1.1" 301 20 "-" "Mozilla/5.0 (compatible; AhrefsBot/6.1; +http://ahrefs.com/robot/)"
216.244.66.248 - - [22/Jun/2020:14:33:35 +0800] "GET /?date=2013-8-6&t=mini HTTP/1.1" 301 - "-" "Mozilla/5.0 (compatible; DotBot/1.1; http://www.opensiteexplorer.org/dotbot, help@moz.com)"
192.0.102.40 - - [22/Jun/2020:14:33:43 +0800] "HEAD / HTTP/1.1" 200 - "-" "jetmon/1.0 (Jetpack Site Uptime Monitor by WordPress.com)"
54.36.149.56 - - [22/Jun/2020:14:35:09 +0800] "GET /?date=2013-2-18&t=day&paged=7 HTTP/1.1" 301 20 "-" "Mozilla/5.0 (compatible; AhrefsBot/6.1; +http://ahrefs.com/robot/)"
54.36.148.220 - - [22/Jun/2020:14:37:23 +0800] "GET /?date=2016-3-13&t=week&paged=7 HTTP/1.1" 301 20 "-" "Mozilla/5.0 (compatible; AhrefsBot/6.1; +http://ahrefs.com/robot/)"
54.36.149.79 - - [22/Jun/2020:14:39:07 +0800] "GET /page/2/?date=2014-10-26&t=week&paged=2 HTTP/1.1" 404 30143 "-" "Mozilla/5.0 (compatible; AhrefsBot/6.1; +http://ahrefs.com/robot/)"
54.36.148.189 - - [22/Jun/2020:14:39:15 +0800] "GET /?date=2011-10-4&t=day&paged=3 HTTP/1.1" 301 20 "-" "Mozilla/5.0 (compatible; AhrefsBot/6.1; +http://ahrefs.com/robot/)"
192.0.102.40 - - [22/Jun/2020:14:40:48 +0800] "HEAD / HTTP/1.1" 200 - "-" "jetmon/1.0 (Jetpack Site Uptime Monitor by WordPress.com)"
54.36.148.219 - - [22/Jun/2020:14:44:41 +0800] "GET /?date=2012-1-11&t=day&paged=8 HTTP/1.1" 301 20 "-" "Mozilla/5.0 (compatible; AhrefsBot/6.1; +http://ahrefs.com/robot/)"
54.36.148.178 - - [22/Jun/2020:14:45:34 +0800] "GET /?date=2015-11-8&t=day&paged=9 HTTP/1.1" 301 20 "-" "Mozilla/5.0 (compatible; AhrefsBot/6.1; +http://ahrefs.com/robot/)"
216.244.66.248 - - [22/Jun/2020:14:48:27 +0800] "GET /?date=1993-5-16&t=week HTTP/1.1" 301 - "-" "Mozilla/5.0 (compatible; DotBot/1.1; http://www.opensiteexplorer.org/dotbot, help@moz.com)"
216.244.66.248 - - [22/Jun/2020:14:49:09 +0800] "GET /?date=2008-6&t=list&paged=2 HTTP/1.1" 301 - "-" "Mozilla/5.0 (compatible; DotBot/1.1; http://www.opensiteexplorer.org/dotbot, help@moz.com)"
173.249.144.234 - - [22/Jun/2020:14:49:10 +0800] "GET /wp-content/plugins/background-image-cropper/doc.php HTTP/1.1" 404 94445 "http://site.ru" "Mozilla/5.0 (Windows; U; Windows NT 5.1; en-US) AppleWebKit/533.4 (KHTML, like Gecko) Chrome/5.0.375.99 Safari/533.4"
173.249.144.234 - - [22/Jun/2020:14:49:16 +0800] "GET /wp-content/plugins/background-image-cropper/doc.php HTTP/1.1" 404 94445 "http://site.ru" "Mozilla/5.0 (Windows; U; Windows NT 5.1; en-US) AppleWebKit/533.4 (KHTML, like Gecko) Chrome/5.0.375.99 Safari/533.4"
192.0.102.40 - - [22/Jun/2020:14:49:34 +0800] "HEAD / HTTP/1.1" 200 - "-" "jetmon/1.0 (Jetpack Site Uptime Monitor by WordPress.com)"
54.36.148.212 - - [22/Jun/2020:14:50:35 +0800] "GET /?date=2018-3-23&t=day&paged=5 HTTP/1.1" 301 20 "-" "Mozilla/5.0 (compatible; AhrefsBot/6.1; +http://ahrefs.com/robot/)"
216.244.66.248 - - [22/Jun/2020:14:51:45 +0800] "GET /?date=2005-5-8&t=day&paged=4 HTTP/1.1" 301 - "-" "Mozilla/5.0 (compatible; DotBot/1.1; http://www.opensiteexplorer.org/dotbot, help@moz.com)"
216.244.66.248 - - [22/Jun/2020:14:51:50 +0800] "GET /?date=2014-5&t=list&paged=7 HTTP/1.1" 301 - "-" "Mozilla/5.0 (compatible; DotBot/1.1; http://www.opensiteexplorer.org/dotbot, help@moz.com)"
54.36.148.239 - - [22/Jun/2020:14:51:54 +0800] "GET /?date=1993-4&t=list&paged=6 HTTP/1.1" 301 20 "-" "Mozilla/5.0 (compatible; AhrefsBot/6.1; +http://ahrefs.com/robot/)"
216.244.66.248 - - [22/Jun/2020:14:52:22 +0800] "GET /?date=1993-10-1&t=day&paged=2 HTTP/1.1" 301 - "-" "Mozilla/5.0 (compatible; DotBot/1.1; http://www.opensiteexplorer.org/dotbot, help@moz.com)"
216.244.66.248 - - [22/Jun/2020:14:52:36 +0800] "GET /?date=2017-11-12&t=mini&paged=2 HTTP/1.1" 301 - "-" "Mozilla/5.0 (compatible; DotBot/1.1; http://www.opensiteexplorer.org/dotbot, help@moz.com)"
216.244.66.248 - - [22/Jun/2020:14:52:46 +0800] "GET /?date=2020-2-9&t=mini&paged=3 HTTP/1.1" 301 - "-" "Mozilla/5.0 (compatible; DotBot/1.1; http://www.opensiteexplorer.org/dotbot, help@moz.com)"
216.244.66.248 - - [22/Jun/2020:14:52:54 +0800] "GET /?date=2021-7-12&t=list&paged=2 HTTP/1.1" 301 - "-" "Mozilla/5.0 (compatible; DotBot/1.1; http://www.opensiteexplorer.org/dotbot, help@moz.com)"
216.244.66.248 - - [22/Jun/2020:14:53:02 +0800] "GET /?date=2024-7-12&t=mini&paged=2 HTTP/1.1" 301 - "-" "Mozilla/5.0 (compatible; DotBot/1.1; http://www.opensiteexplorer.org/dotbot, help@moz.com)"
54.36.149.75 - - [22/Jun/2020:14:54:31 +0800] "GET /?date=1995-4-26&t=day&paged=3 HTTP/1.1" 301 20 "-" "Mozilla/5.0 (compatible; AhrefsBot/6.1; +http://ahrefs.com/robot/)"
216.244.66.248 - - [22/Jun/2020:14:55:05 +0800] "GET /?date=2021-12-21&t=list HTTP/1.1" 301 - "-" "Mozilla/5.0 (compatible; DotBot/1.1; http://www.opensiteexplorer.org/dotbot, help@moz.com)"
192.0.102.40 - - [22/Jun/2020:14:56:37 +0800] "HEAD / HTTP/1.1" 200 - "-" "jetmon/1.0 (Jetpack Site Uptime Monitor by WordPress.com)"
54.36.148.189 - - [22/Jun/2020:14:57:28 +0800] "GET /?date=2016-4-8&t=day&paged=2 HTTP/1.1" 301 20 "-" "Mozilla/5.0 (compatible; AhrefsBot/6.1; +http://ahrefs.com/robot/)"
54.36.149.27 - - [22/Jun/2020:14:58:11 +0800] "GET /?date=2003-2-12&t=day&paged=5 HTTP/1.1" 301 20 "-" "Mozilla/5.0 (compatible; AhrefsBot/6.1; +http://ahrefs.com/robot/)"
216.244.66.248 - - [22/Jun/2020:14:59:37 +0800] "GET /?date=2019-12-19&t=list HTTP/1.1" 301 - "-" "Mozilla/5.0 (compatible; DotBot/1.1; http://www.opensiteexplorer.org/dotbot, help@moz.com)"
216.244.66.248 - - [22/Jun/2020:15:00:21 +0800] "GET /?date=2003-9-28&t=week HTTP/1.1" 301 - "-" "Mozilla/5.0 (compatible; DotBot/1.1; http://www.opensiteexplorer.org/dotbot, help@moz.com)"
216.244.66.248 - - [22/Jun/2020:15:00:25 +0800] "GET /?date=2029-5-7&t=day&paged=2 HTTP/1.1" 301 - "-" "Mozilla/5.0 (compatible; DotBot/1.1; http://www.opensiteexplorer.org/dotbot, help@moz.com)"
116.179.32.142 - - [22/Jun/2020:15:03:31 +0800] "GET /?cat=6 HTTP/1.1" 301 20 "-" "Mozilla/5.0 (compatible; Baiduspider/2.0; +http://www.baidu.com/search/spider.html)"
116.179.32.199 - - [22/Jun/2020:15:03:32 +0800] "GET /category/download/general-form/ HTTP/1.1" 200 29985 "-" "Mozilla/5.0 (compatible; Baiduspider/2.0; +http://www.baidu.com/search/spider.html)"
157.55.39.47 - - [22/Jun/2020:15:04:24 +0800] "GET /?p=501 HTTP/1.1" 404 30143 "-" "Mozilla/5.0 (compatible; bingbot/2.0; +http://www.bing.com/bingbot.htm)"
157.55.39.92 - - [22/Jun/2020:15:04:28 +0800] "GET /?date=2015-11-1&t=week HTTP/1.1" 200 31323 "-" "Mozilla/5.0 (compatible; bingbot/2.0; +http://www.bing.com/bingbot.htm)"
157.55.39.201 - - [22/Jun/2020:15:04:34 +0800] "GET /?p=735 HTTP/1.1" 404 30143 "-" "Mozilla/5.0 (compatible; bingbot/2.0; +http://www.bing.com/bingbot.htm)"
157.55.39.92 - - [22/Jun/2020:15:04:43 +0800] "GET /?date=2016-7-1&t=list HTTP/1.1" 200 31323 "-" "Mozilla/5.0 (compatible; bingbot/2.0; +http://www.bing.com/bingbot.htm)"
157.55.39.92 - - [22/Jun/2020:15:04:44 +0800] "GET /?date=2012-4-22&t=week HTTP/1.1" 200 31323 "-" "Mozilla/5.0 (compatible; bingbot/2.0; +http://www.bing.com/bingbot.htm)"
157.55.39.92 - - [22/Jun/2020:15:04:46 +0800] "GET /?date=2019-8-5&t=day HTTP/1.1" 200 31323 "-" "Mozilla/5.0 (compatible; bingbot/2.0; +http://www.bing.com/bingbot.htm)"
157.55.39.92 - - [22/Jun/2020:15:04:47 +0800] "GET /?date=2016-8-22&t=list HTTP/1.1" 200 31323 "-" "Mozilla/5.0 (compatible; bingbot/2.0; +http://www.bing.com/bingbot.htm)"
157.55.39.92 - - [22/Jun/2020:15:04:48 +0800] "GET /?date=2014-10-9&t=day&paged=2 HTTP/1.1" 404 30143 "-" "Mozilla/5.0 (compatible; bingbot/2.0; +http://www.bing.com/bingbot.htm)"
157.55.39.47 - - [22/Jun/2020:15:04:56 +0800] "GET /?date=2014-5-20&t=mini HTTP/1.1" 200 31323 "-" "Mozilla/5.0 (compatible; bingbot/2.0; +http://www.bing.com/bingbot.htm)"
157.55.39.47 - - [22/Jun/2020:15:04:57 +0800] "GET /?date=2016-11-23&t=mini&paged=3 HTTP/1.1" 404 30143 "-" "Mozilla/5.0 (compatible; bingbot/2.0; +http://www.bing.com/bingbot.htm)"
157.55.39.47 - - [22/Jun/2020:15:04:58 +0800] "GET /?date=2017-5-22&t=mini&paged=3 HTTP/1.1" 404 30143 "-" "Mozilla/5.0 (compatible; bingbot/2.0; +http://www.bing.com/bingbot.htm)"
157.55.39.201 - - [22/Jun/2020:15:05:01 +0800] "GET /?date=2014-10-6&t=day HTTP/1.1" 200 31323 "-" "Mozilla/5.0 (compatible; bingbot/2.0; +http://www.bing.com/bingbot.htm)"
157.55.39.201 - - [22/Jun/2020:15:05:02 +0800] "GET /?date=2014-11-11&t=mini HTTP/1.1" 200 31323 "-" "Mozilla/5.0 (compatible; bingbot/2.0; +http://www.bing.com/bingbot.htm)"
157.55.39.201 - - [22/Jun/2020:15:05:03 +0800] "GET /?date=2014-11-14&t=list HTTP/1.1" 200 31323 "-" "Mozilla/5.0 (compatible; bingbot/2.0; +http://www.bing.com/bingbot.htm)"
157.55.39.201 - - [22/Jun/2020:15:05:04 +0800] "GET /?date=2018-10&t=mini&paged=2 HTTP/1.1" 404 30143 "-" "Mozilla/5.0 (compatible; bingbot/2.0; +http://www.bing.com/bingbot.htm)"
157.55.39.92 - - [22/Jun/2020:15:05:05 +0800] "GET /?date=2016-12&t=list HTTP/1.1" 200 31323 "-" "Mozilla/5.0 (compatible; bingbot/2.0; +http://www.bing.com/bingbot.htm)"
157.55.39.92 - - [22/Jun/2020:15:05:06 +0800] "GET /?date=2016-2-7&t=week HTTP/1.1" 200 31323 "-" "Mozilla/5.0 (compatible; bingbot/2.0; +http://www.bing.com/bingbot.htm)"
192.0.102.40 - - [22/Jun/2020:15:05:07 +0800] "HEAD / HTTP/1.1" 200 - "-" "jetmon/1.0 (Jetpack Site Uptime Monitor by WordPress.com)"
157.55.39.92 - - [22/Jun/2020:15:05:08 +0800] "GET /?date=2018-1-28&t=mini HTTP/1.1" 200 31323 "-" "Mozilla/5.0 (compatible; bingbot/2.0; +http://www.bing.com/bingbot.htm)"
157.55.39.92 - - [22/Jun/2020:15:05:09 +0800] "GET /?date=2018-9-24&t=list HTTP/1.1" 200 31323 "-" "Mozilla/5.0 (compatible; bingbot/2.0; +http://www.bing.com/bingbot.htm)"
157.55.39.92 - - [22/Jun/2020:15:05:10 +0800] "GET /?date=2016-5-20&t=mini HTTP/1.1" 200 31323 "-" "Mozilla/5.0 (compatible; bingbot/2.0; +http://www.bing.com/bingbot.htm)"
157.55.39.47 - - [22/Jun/2020:15:05:11 +0800] "GET /?date=2018-4-15&t=list HTTP/1.1" 200 31323 "-" "Mozilla/5.0 (compatible; bingbot/2.0; +http://www.bing.com/bingbot.htm)"
157.55.39.47 - - [22/Jun/2020:15:05:12 +0800] "GET /?date=2017-8-27&t=week&paged=2 HTTP/1.1" 404 30143 "-" "Mozilla/5.0 (compatible; bingbot/2.0; +http://www.bing.com/bingbot.htm)"
157.55.39.47 - - [22/Jun/2020:15:05:13 +0800] "GET /?date=2018-10-10&t=list HTTP/1.1" 200 31323 "-" "Mozilla/5.0 (compatible; bingbot/2.0; +http://www.bing.com/bingbot.htm)"
157.55.39.201 - - [22/Jun/2020:15:05:21 +0800] "GET /?date=2016-4-6&t=day HTTP/1.1" 200 31323 "-" "Mozilla/5.0 (compatible; bingbot/2.0; +http://www.bing.com/bingbot.htm)"
157.55.39.201 - - [22/Jun/2020:15:05:22 +0800] "GET /?date=2017-6-17&t=mini&paged=2 HTTP/1.1" 404 30143 "-" "Mozilla/5.0 (compatible; bingbot/2.0; +http://www.bing.com/bingbot.htm)"
157.55.39.201 - - [22/Jun/2020:15:05:24 +0800] "GET /?date=2018-12-14&t=mini HTTP/1.1" 200 31323 "-" "Mozilla/5.0 (compatible; bingbot/2.0; +http://www.bing.com/bingbot.htm)"
216.244.66.248 - - [22/Jun/2020:15:08:10 +0800] "GET /?date=2025-10-15&t=mini HTTP/1.1" 301 - "-" "Mozilla/5.0 (compatible; DotBot/1.1; http://www.opensiteexplorer.org/dotbot, help@moz.com)"
216.244.66.248 - - [22/Jun/2020:15:08:24 +0800] "GET /?date=2025-7-1&t=mini HTTP/1.1" 301 - "-" "Mozilla/5.0 (compatible; DotBot/1.1; http://www.opensiteexplorer.org/dotbot, help@moz.com)"
54.36.148.53 - - [22/Jun/2020:15:08:43 +0800] "GET /?date=1991-3-30&t=day&paged=5 HTTP/1.1" 301 20 "-" "Mozilla/5.0 (compatible; AhrefsBot/6.1; +http://ahrefs.com/robot/)"
54.36.148.168 - - [22/Jun/2020:15:08:45 +0800] "GET /?date=2007-11-12&t=day&paged=7 HTTP/1.1" 301 20 "-" "Mozilla/5.0 (compatible; AhrefsBot/6.1; +http://ahrefs.com/robot/)"
216.244.66.248 - - [22/Jun/2020:15:09:22 +0800] "GET /?date=1969-11&t=list HTTP/1.1" 301 - "-" "Mozilla/5.0 (compatible; DotBot/1.1; http://www.opensiteexplorer.org/dotbot, help@moz.com)"
216.244.66.248 - - [22/Jun/2020:15:09:33 +0800] "GET /?date=2000-3-9&t=day HTTP/1.1" 301 - "-" "Mozilla/5.0 (compatible; DotBot/1.1; http://www.opensiteexplorer.org/dotbot, help@moz.com)"
216.244.66.248 - - [22/Jun/2020:15:10:38 +0800] "GET /?date=1999-5-11&t=day HTTP/1.1" 301 - "-" "Mozilla/5.0 (compatible; DotBot/1.1; http://www.opensiteexplorer.org/dotbot, help@moz.com)"
216.244.66.248 - - [22/Jun/2020:15:10:47 +0800] "GET /?date=1999-6-10&t=list HTTP/1.1" 301 - "-" "Mozilla/5.0 (compatible; DotBot/1.1; http://www.opensiteexplorer.org/dotbot, help@moz.com)"
216.244.66.248 - - [22/Jun/2020:15:10:54 +0800] "GET /?date=2004-6-4&t=day HTTP/1.1" 301 - "-" "Mozilla/5.0 (compatible; DotBot/1.1; http://www.opensiteexplorer.org/dotbot, help@moz.com)"
216.244.66.248 - - [22/Jun/2020:15:11:01 +0800] "GET /?date=2017-8-6&t=week HTTP/1.1" 301 - "-" "Mozilla/5.0 (compatible; DotBot/1.1; http://www.opensiteexplorer.org/dotbot, help@moz.com)"
216.244.66.248 - - [22/Jun/2020:15:11:06 +0800] "GET /?date=2021-10-6&t=list HTTP/1.1" 301 - "-" "Mozilla/5.0 (compatible; DotBot/1.1; http://www.opensiteexplorer.org/dotbot, help@moz.com)"
216.244.66.248 - - [22/Jun/2020:15:11:14 +0800] "GET /?date=1992-10-2&t=mini HTTP/1.1" 301 - "-" "Mozilla/5.0 (compatible; DotBot/1.1; http://www.opensiteexplorer.org/dotbot, help@moz.com)"
54.36.148.194 - - [22/Jun/2020:15:11:18 +0800] "GET /?date=2001-11-5&t=day&paged=7 HTTP/1.1" 301 20 "-" "Mozilla/5.0 (compatible; AhrefsBot/6.1; +http://ahrefs.com/robot/)"
216.244.66.248 - - [22/Jun/2020:15:11:28 +0800] "GET /?date=1992-9-20&t=day HTTP/1.1" 301 - "-" "Mozilla/5.0 (compatible; DotBot/1.1; http://www.opensiteexplorer.org/dotbot, help@moz.com)"
216.244.66.248 - - [22/Jun/2020:15:11:37 +0800] "GET /?date=1996-7-29&t=mini HTTP/1.1" 301 - "-" "Mozilla/5.0 (compatible; DotBot/1.1; http://www.opensiteexplorer.org/dotbot, help@moz.com)"
216.244.66.248 - - [22/Jun/2020:15:11:45 +0800] "GET /?date=2013-7-17&t=list HTTP/1.1" 301 - "-" "Mozilla/5.0 (compatible; DotBot/1.1; http://www.opensiteexplorer.org/dotbot, help@moz.com)"
157.55.39.201 - - [22/Jun/2020:15:12:30 +0800] "GET /?date=2015-9&t=mini HTTP/1.1" 301 20 "-" "Mozilla/5.0 (compatible; bingbot/2.0; +http://www.bing.com/bingbot.htm)"
192.0.102.40 - - [22/Jun/2020:15:12:49 +0800] "HEAD / HTTP/1.1" 200 - "-" "jetmon/1.0 (Jetpack Site Uptime Monitor by WordPress.com)"
17.58.98.84 - - [22/Jun/2020:15:13:11 +0800] "GET /?p=429 HTTP/1.1" 301 20 "-" "Mozilla/5.0 (Macintosh; Intel Mac OS X 10_15_5) AppleWebKit/605.1.15 (KHTML, like Gecko) Version/13.1.1 Safari/605.1.15 (Applebot/0.1; +http://www.apple.com/go/applebot)"
17.58.98.84 - - [22/Jun/2020:15:13:13 +0800] "GET /?p=429 HTTP/1.1" 404 30143 "-" "Mozilla/5.0 (Macintosh; Intel Mac OS X 10_15_5) AppleWebKit/605.1.15 (KHTML, like Gecko) Version/13.1.1 Safari/605.1.15 (Applebot/0.1; +http://www.apple.com/go/applebot)"
54.36.148.97 - - [22/Jun/2020:15:14:23 +0800] "GET /?date=2000-6-25&t=day&paged=7 HTTP/1.1" 301 20 "-" "Mozilla/5.0 (compatible; AhrefsBot/6.1; +http://ahrefs.com/robot/)"
54.36.148.116 - - [22/Jun/2020:15:16:44 +0800] "GET /?date=2000-10-12&t=day&paged=7 HTTP/1.1" 301 20 "-" "Mozilla/5.0 (compatible; AhrefsBot/6.1; +http://ahrefs.com/robot/)"
54.36.148.53 - - [22/Jun/2020:15:17:57 +0800] "GET /?date=1988-5-15&t=day&paged=4 HTTP/1.1" 301 20 "-" "Mozilla/5.0 (compatible; AhrefsBot/6.1; +http://ahrefs.com/robot/)"
54.36.148.45 - - [22/Jun/2020:15:18:03 +0800] "GET /index.php?option=com_phocagallery&view=detail&catid=10&id=336:0253&tmpl=component&phocadownload=1&Itemid=59 HTTP/1.1" 301 20 "-" "Mozilla/5.0 (compatible; AhrefsBot/6.1; +http://ahrefs.com/robot/)"
54.36.148.228 - - [22/Jun/2020:15:18:08 +0800] "GET /?date=1997-5-10&t=day&paged=8 HTTP/1.1" 301 20 "-" "Mozilla/5.0 (compatible; AhrefsBot/6.1; +http://ahrefs.com/robot/)"
192.0.102.40 - - [22/Jun/2020:15:20:55 +0800] "HEAD / HTTP/1.1" 200 - "-" "jetmon/1.0 (Jetpack Site Uptime Monitor by WordPress.com)"
54.36.148.59 - - [22/Jun/2020:15:21:31 +0800] "GET /?date=1991-10-24&t=day&paged=7 HTTP/1.1" 301 20 "-" "Mozilla/5.0 (compatible; AhrefsBot/6.1; +http://ahrefs.com/robot/)"
66.249.79.109 - - [22/Jun/2020:15:21:49 +0800] "GET /category/uncategorized/ HTTP/1.1" 200 29939 "-" "Mozilla/5.0 (Linux; Android 6.0.1; Nexus 5X Build/MMB29P) AppleWebKit/537.36 (KHTML, like Gecko) Chrome/80.0.3987.92 Mobile Safari/537.36 (compatible; Googlebot/2.1; +http://www.google.com/bot.html)"
157.55.39.47 - - [22/Jun/2020:15:22:03 +0800] "GET /?date=2016-12-29&t=day HTTP/1.1" 301 20 "-" "Mozilla/5.0 (compatible; bingbot/2.0; +http://www.bing.com/bingbot.htm)"
157.55.39.47 - - [22/Jun/2020:15:22:04 +0800] "GET /?date=2018-11-30&t=list HTTP/1.1" 301 20 "-" "Mozilla/5.0 (compatible; bingbot/2.0; +http://www.bing.com/bingbot.htm)"
157.55.39.201 - - [22/Jun/2020:15:22:07 +0800] "GET /?date=2019-1-13&t=day HTTP/1.1" 301 20 "-" "Mozilla/5.0 (compatible; bingbot/2.0; +http://www.bing.com/bingbot.htm)"
157.55.39.201 - - [22/Jun/2020:15:22:08 +0800] "GET /?date=2016-10-12&t=mini&paged=3 HTTP/1.1" 301 20 "-" "Mozilla/5.0 (compatible; bingbot/2.0; +http://www.bing.com/bingbot.htm)"
157.55.39.92 - - [22/Jun/2020:15:22:12 +0800] "GET /?date=2017-6-4&t=mini&paged=3 HTTP/1.1" 301 20 "-" "Mozilla/5.0 (compatible; bingbot/2.0; +http://www.bing.com/bingbot.htm)"
157.55.39.92 - - [22/Jun/2020:15:22:13 +0800] "GET /?date=2021-1-23&t=list HTTP/1.1" 301 20 "-" "Mozilla/5.0 (compatible; bingbot/2.0; +http://www.bing.com/bingbot.htm)"
157.55.39.92 - - [22/Jun/2020:15:22:14 +0800] "GET /?date=2013-5-5&t=list HTTP/1.1" 301 20 "-" "Mozilla/5.0 (compatible; bingbot/2.0; +http://www.bing.com/bingbot.htm)"
54.36.148.120 - - [22/Jun/2020:15:22:43 +0800] "GET /?date=1990-3&t=mini&paged=9 HTTP/1.1" 301 20 "-" "Mozilla/5.0 (compatible; AhrefsBot/6.1; +http://ahrefs.com/robot/)"
54.36.149.30 - - [22/Jun/2020:15:26:41 +0800] "GET /?date=1988-2-1&t=day&paged=5 HTTP/1.1" 301 20 "-" "Mozilla/5.0 (compatible; AhrefsBot/6.1; +http://ahrefs.com/robot/)"
192.0.102.40 - - [22/Jun/2020:15:28:10 +0800] "HEAD / HTTP/1.1" 200 - "-" "jetmon/1.0 (Jetpack Site Uptime Monitor by WordPress.com)"
54.36.149.60 - - [22/Jun/2020:15:28:35 +0800] "GET /?date=1994-2-18&t=day&paged=5 HTTP/1.1" 301 20 "-" "Mozilla/5.0 (compatible; AhrefsBot/6.1; +http://ahrefs.com/robot/)"
54.36.148.103 - - [22/Jun/2020:15:30:52 +0800] "GET /?date=1994-4-10&t=day&paged=5 HTTP/1.1" 301 20 "-" "Mozilla/5.0 (compatible; AhrefsBot/6.1; +http://ahrefs.com/robot/)"
216.244.66.248 - - [22/Jun/2020:15:31:54 +0800] "GET /?date=2033-3&t=list&paged=2 HTTP/1.1" 301 - "-" "Mozilla/5.0 (compatible; DotBot/1.1; http://www.opensiteexplorer.org/dotbot, help@moz.com)"
216.244.66.248 - - [22/Jun/2020:15:32:29 +0800] "GET /?date=1994-2-8&t=day&paged=3 HTTP/1.1" 301 - "-" "Mozilla/5.0 (compatible; DotBot/1.1; http://www.opensiteexplorer.org/dotbot, help@moz.com)"
216.244.66.248 - - [22/Jun/2020:15:32:33 +0800] "GET /?date=2000-5-5&t=day&paged=3 HTTP/1.1" 301 - "-" "Mozilla/5.0 (compatible; DotBot/1.1; http://www.opensiteexplorer.org/dotbot, help@moz.com)"
216.244.66.248 - - [22/Jun/2020:15:32:37 +0800] "GET /?date=2011-4-8&t=day&paged=3 HTTP/1.1" 301 - "-" "Mozilla/5.0 (compatible; DotBot/1.1; http://www.opensiteexplorer.org/dotbot, help@moz.com)"
54.36.148.144 - - [22/Jun/2020:15:33:00 +0800] "GET /?date=1996-12-3&t=day&paged=8 HTTP/1.1" 301 20 "-" "Mozilla/5.0 (compatible; AhrefsBot/6.1; +http://ahrefs.com/robot/)"
216.244.66.248 - - [22/Jun/2020:15:33:06 +0800] "GET /?date=1990-1-15&t=mini&paged=2 HTTP/1.1" 301 - "-" "Mozilla/5.0 (compatible; DotBot/1.1; http://www.opensiteexplorer.org/dotbot, help@moz.com)"
216.244.66.248 - - [22/Jun/2020:15:33:09 +0800] "GET /?date=2007-7-7&t=list&paged=2 HTTP/1.1" 301 - "-" "Mozilla/5.0 (compatible; DotBot/1.1; http://www.opensiteexplorer.org/dotbot, help@moz.com)"
216.244.66.248 - - [22/Jun/2020:15:33:11 +0800] "GET /?date=2012-8-6&t=list&paged=2 HTTP/1.1" 301 - "-" "Mozilla/5.0 (compatible; DotBot/1.1; http://www.opensiteexplorer.org/dotbot, help@moz.com)"
54.36.148.50 - - [22/Jun/2020:15:33:19 +0800] "GET /?date=1999-11-18&t=day&paged=2 HTTP/1.1" 301 20 "-" "Mozilla/5.0 (compatible; AhrefsBot/6.1; +http://ahrefs.com/robot/)"
192.0.102.40 - - [22/Jun/2020:15:36:33 +0800] "HEAD / HTTP/1.1" 200 - "-" "jetmon/1.0 (Jetpack Site Uptime Monitor by WordPress.com)"
54.36.149.4 - - [22/Jun/2020:15:36:34 +0800] "GET /?date=1996-5-8&t=day&paged=6 HTTP/1.1" 301 20 "-" "Mozilla/5.0 (compatible; AhrefsBot/6.1; +http://ahrefs.com/robot/)"
220.181.108.180 - - [22/Jun/2020:15:37:44 +0800] "GET /?date=1992-6-17&t=day HTTP/1.1" 200 31323 "-" "Mozilla/5.0 (compatible; Baiduspider/2.0; +http://www.baidu.com/search/spider.html)"
54.36.148.95 - - [22/Jun/2020:15:38:29 +0800] "GET /?date=2009-4&t=full&paged=7 HTTP/1.1" 301 20 "-" "Mozilla/5.0 (compatible; AhrefsBot/6.1; +http://ahrefs.com/robot/)"
216.244.66.248 - - [22/Jun/2020:15:38:38 +0800] "GET /?date=2002-9-1&t=week HTTP/1.1" 301 - "-" "Mozilla/5.0 (compatible; DotBot/1.1; http://www.opensiteexplorer.org/dotbot, help@moz.com)"
216.244.66.248 - - [22/Jun/2020:15:38:47 +0800] "GET /?date=2013-10-27&t=week HTTP/1.1" 301 - "-" "Mozilla/5.0 (compatible; DotBot/1.1; http://www.opensiteexplorer.org/dotbot, help@moz.com)"
54.36.148.66 - - [22/Jun/2020:15:40:32 +0800] "GET /?date=2016-7-4&t=day&paged=5 HTTP/1.1" 301 20 "-" "Mozilla/5.0 (compatible; AhrefsBot/6.1; +http://ahrefs.com/robot/)"
54.36.148.211 - - [22/Jun/2020:15:40:39 +0800] "GET /?date=1998-12-19&t=day&paged=5 HTTP/1.1" 301 20 "-" "Mozilla/5.0 (compatible; AhrefsBot/6.1; +http://ahrefs.com/robot/)"
185.86.164.107 - - [22/Jun/2020:15:40:57 +0800] "GET /wp-login.php HTTP/1.1" 200 6043 "-" "Mozilla/5.0 (Windows NT 10.0; WOW64) AppleWebKit/537.36 (KHTML, like Gecko) Chrome/51.0.2704.103 Safari/537.36"
185.86.164.107 - - [22/Jun/2020:15:40:58 +0800] "POST /wp-login.php HTTP/1.1" 401 3586 "http://www.tmcc.org.hk/wp-login.php" "Mozilla/5.0 (Windows NT 10.0; WOW64) AppleWebKit/537.36 (KHTML, like Gecko) Chrome/51.0.2704.103 Safari/537.36"
54.36.149.74 - - [22/Jun/2020:15:41:12 +0800] "GET /?date=2015-7-22&t=day&paged=5 HTTP/1.1" 301 20 "-" "Mozilla/5.0 (compatible; AhrefsBot/6.1; +http://ahrefs.com/robot/)"
54.36.148.38 - - [22/Jun/2020:15:41:57 +0800] "GET /?date=2001-8-23&t=day&paged=5 HTTP/1.1" 301 20 "-" "Mozilla/5.0 (compatible; AhrefsBot/6.1; +http://ahrefs.com/robot/)"
192.0.102.40 - - [22/Jun/2020:15:44:01 +0800] "HEAD / HTTP/1.1" 200 - "-" "jetmon/1.0 (Jetpack Site Uptime Monitor by WordPress.com)"
216.244.66.248 - - [22/Jun/2020:15:44:42 +0800] "GET /?date=2029-11-25&t=week HTTP/1.1" 301 - "-" "Mozilla/5.0 (compatible; DotBot/1.1; http://www.opensiteexplorer.org/dotbot, help@moz.com)"
54.36.148.14 - - [22/Jun/2020:15:44:56 +0800] "GET /?date=1999-12-11&t=day&paged=4 HTTP/1.1" 301 20 "-" "Mozilla/5.0 (compatible; AhrefsBot/6.1; +http://ahrefs.com/robot/)"
54.36.149.92 - - [22/Jun/2020:15:46:18 +0800] "GET /?date=2006-10-12&t=day&paged=7 HTTP/1.1" 301 20 "-" "Mozilla/5.0 (compatible; AhrefsBot/6.1; +http://ahrefs.com/robot/)"
54.36.148.216 - - [22/Jun/2020:15:46:20 +0800] "GET /?date=1989-9-18&t=day&paged=4 HTTP/1.1" 301 20 "-" "Mozilla/5.0 (compatible; AhrefsBot/6.1; +http://ahrefs.com/robot/)"
216.244.66.248 - - [22/Jun/2020:15:48:15 +0800] "GET /?date=2000-12-14&t=list HTTP/1.1" 301 - "-" "Mozilla/5.0 (compatible; DotBot/1.1; http://www.opensiteexplorer.org/dotbot, help@moz.com)"
216.244.66.248 - - [22/Jun/2020:15:49:26 +0800] "GET /?date=1998-6-25&t=day HTTP/1.1" 301 - "-" "Mozilla/5.0 (compatible; DotBot/1.1; http://www.opensiteexplorer.org/dotbot, help@moz.com)"
216.244.66.248 - - [22/Jun/2020:15:49:32 +0800] "GET /?date=2014-5-3&t=list HTTP/1.1" 301 - "-" "Mozilla/5.0 (compatible; DotBot/1.1; http://www.opensiteexplorer.org/dotbot, help@moz.com)"
216.244.66.248 - - [22/Jun/2020:15:49:36 +0800] "GET /?date=2021-2-6&t=day HTTP/1.1" 301 - "-" "Mozilla/5.0 (compatible; DotBot/1.1; http://www.opensiteexplorer.org/dotbot, help@moz.com)"
216.244.66.248 - - [22/Jun/2020:15:51:13 +0800] "GET /?date=1994-2-2&t=day HTTP/1.1" 301 - "-" "Mozilla/5.0 (compatible; DotBot/1.1; http://www.opensiteexplorer.org/dotbot, help@moz.com)"
216.244.66.248 - - [22/Jun/2020:15:51:17 +0800] "GET /?date=1997-5-25&t=mini HTTP/1.1" 301 - "-" "Mozilla/5.0 (compatible; DotBot/1.1; http://www.opensiteexplorer.org/dotbot, help@moz.com)"
216.244.66.248 - - [22/Jun/2020:15:51:23 +0800] "GET /?date=1997-8-11&t=day HTTP/1.1" 301 - "-" "Mozilla/5.0 (compatible; DotBot/1.1; http://www.opensiteexplorer.org/dotbot, help@moz.com)"
216.244.66.248 - - [22/Jun/2020:15:51:35 +0800] "GET /?date=1999-7-31&t=list HTTP/1.1" 301 - "-" "Mozilla/5.0 (compatible; DotBot/1.1; http://www.opensiteexplorer.org/dotbot, help@moz.com)"
216.244.66.248 - - [22/Jun/2020:15:51:44 +0800] "GET /?date=2006-10-8&t=day HTTP/1.1" 301 - "-" "Mozilla/5.0 (compatible; DotBot/1.1; http://www.opensiteexplorer.org/dotbot, help@moz.com)"
216.244.66.248 - - [22/Jun/2020:15:51:53 +0800] "GET /?date=2016-11-1&t=mini HTTP/1.1" 301 - "-" "Mozilla/5.0 (compatible; DotBot/1.1; http://www.opensiteexplorer.org/dotbot, help@moz.com)"
216.244.66.248 - - [22/Jun/2020:15:52:00 +0800] "GET /?date=2030-3-2&t=mini HTTP/1.1" 301 - "-" "Mozilla/5.0 (compatible; DotBot/1.1; http://www.opensiteexplorer.org/dotbot, help@moz.com)"
192.0.102.40 - - [22/Jun/2020:15:52:08 +0800] "HEAD / HTTP/1.1" 200 - "-" "jetmon/1.0 (Jetpack Site Uptime Monitor by WordPress.com)"
216.244.66.248 - - [22/Jun/2020:15:52:16 +0800] "GET /?option=com_content&task=view&id=33&Itemid=2 HTTP/1.1" 301 - "-" "Mozilla/5.0 (compatible; DotBot/1.1; http://www.opensiteexplorer.org/dotbot, help@moz.com)"
216.244.66.248 - - [22/Jun/2020:15:52:27 +0800] "GET /?date=1999-2-23&t=day HTTP/1.1" 301 - "-" "Mozilla/5.0 (compatible; DotBot/1.1; http://www.opensiteexplorer.org/dotbot, help@moz.com)"
216.244.66.248 - - [22/Jun/2020:15:52:36 +0800] "GET /?date=2000-5-12&t=mini HTTP/1.1" 301 - "-" "Mozilla/5.0 (compatible; DotBot/1.1; http://www.opensiteexplorer.org/dotbot, help@moz.com)"
54.36.149.68 - - [22/Jun/2020:15:52:39 +0800] "GET /?date=2004-9-6&t=day&paged=5 HTTP/1.1" 301 20 "-" "Mozilla/5.0 (compatible; AhrefsBot/6.1; +http://ahrefs.com/robot/)"
216.244.66.248 - - [22/Jun/2020:15:52:44 +0800] "GET /?date=2007-11-3&t=list HTTP/1.1" 301 - "-" "Mozilla/5.0 (compatible; DotBot/1.1; http://www.opensiteexplorer.org/dotbot, help@moz.com)"
216.244.66.248 - - [22/Jun/2020:15:52:51 +0800] "GET /?date=2024-4-5&t=mini HTTP/1.1" 301 - "-" "Mozilla/5.0 (compatible; DotBot/1.1; http://www.opensiteexplorer.org/dotbot, help@moz.com)"
54.36.148.31 - - [22/Jun/2020:15:53:56 +0800] "GET /?date=1987-8-8&t=day&paged=3 HTTP/1.1" 301 20 "-" "Mozilla/5.0 (compatible; AhrefsBot/6.1; +http://ahrefs.com/robot/)"
54.36.148.151 - - [22/Jun/2020:15:54:30 +0800] "GET /?date=1996-3-12&t=day&paged=7 HTTP/1.1" 301 20 "-" "Mozilla/5.0 (compatible; AhrefsBot/6.1; +http://ahrefs.com/robot/)"
54.36.148.240 - - [22/Jun/2020:15:55:42 +0800] "GET /?date=1997-11-24&t=day&paged=7 HTTP/1.1" 301 20 "-" "Mozilla/5.0 (compatible; AhrefsBot/6.1; +http://ahrefs.com/robot/)"
54.36.148.103 - - [22/Jun/2020:15:58:59 +0800] "GET /?date=2015-3-30&t=day&paged=3 HTTP/1.1" 301 20 "-" "Mozilla/5.0 (compatible; AhrefsBot/6.1; +http://ahrefs.com/robot/)"
54.36.148.200 - - [22/Jun/2020:16:00:20 +0800] "GET /?date=1995-8-6&t=week&paged=9 HTTP/1.1" 301 20 "-" "Mozilla/5.0 (compatible; AhrefsBot/6.1; +http://ahrefs.com/robot/)"
54.36.148.77 - - [22/Jun/2020:16:00:26 +0800] "GET /index.php?option=com_content&view=article&id=52&catid=13&Itemid=2 HTTP/1.1" 301 20 "-" "Mozilla/5.0 (compatible; AhrefsBot/6.1; +http://ahrefs.com/robot/)"
192.0.102.40 - - [22/Jun/2020:16:00:47 +0800] "HEAD / HTTP/1.1" 200 - "-" "jetmon/1.0 (Jetpack Site Uptime Monitor by WordPress.com)"
178.208.83.21 - - [22/Jun/2020:16:01:16 +0800] "GET /wp-admin/code87/5.php HTTP/1.1" 404 94445 "http://site.ru" "Mozilla/5.0 (Windows; U; Windows NT 5.1; en-US) AppleWebKit/533.4 (KHTML, like Gecko) Chrome/5.0.375.99 Safari/533.4"
54.36.148.121 - - [22/Jun/2020:16:02:14 +0800] "GET /?date=2000-11-12&t=day&paged=3 HTTP/1.1" 301 20 "-" "Mozilla/5.0 (compatible; AhrefsBot/6.1; +http://ahrefs.com/robot/)"
54.36.148.201 - - [22/Jun/2020:16:03:48 +0800] "GET /?date=2010-10-17&t=day&paged=7 HTTP/1.1" 301 20 "-" "Mozilla/5.0 (compatible; AhrefsBot/6.1; +http://ahrefs.com/robot/)"
54.36.148.54 - - [22/Jun/2020:16:06:06 +0800] "GET /?date=2008-12-23&t=day&paged=7 HTTP/1.1" 301 20 "-" "Mozilla/5.0 (compatible; AhrefsBot/6.1; +http://ahrefs.com/robot/)"
216.244.66.248 - - [22/Jun/2020:16:07:00 +0800] "GET /?date=1995-1-27&t=mini HTTP/1.1" 301 - "-" "Mozilla/5.0 (compatible; DotBot/1.1; http://www.opensiteexplorer.org/dotbot, help@moz.com)"
54.36.148.84 - - [22/Jun/2020:16:07:18 +0800] "GET /?date=2014-5-21&t=day&paged=7 HTTP/1.1" 301 20 "-" "Mozilla/5.0 (compatible; AhrefsBot/6.1; +http://ahrefs.com/robot/)"
216.244.66.248 - - [22/Jun/2020:16:07:28 +0800] "GET /?date=1997-7-5&t=day&paged=3 HTTP/1.1" 301 - "-" "Mozilla/5.0 (compatible; DotBot/1.1; http://www.opensiteexplorer.org/dotbot, help@moz.com)"
216.244.66.248 - - [22/Jun/2020:16:07:34 +0800] "GET /?date=2006-3-12&t=day&paged=2 HTTP/1.1" 301 - "-" "Mozilla/5.0 (compatible; DotBot/1.1; http://www.opensiteexplorer.org/dotbot, help@moz.com)"
216.244.66.248 - - [22/Jun/2020:16:07:38 +0800] "GET /?date=2016-12-28&t=day&paged=2 HTTP/1.1" 301 - "-" "Mozilla/5.0 (compatible; DotBot/1.1; http://www.opensiteexplorer.org/dotbot, help@moz.com)"
216.244.66.248 - - [22/Jun/2020:16:07:41 +0800] "GET /?date=2017-11-29&t=mini&paged=3 HTTP/1.1" 301 - "-" "Mozilla/5.0 (compatible; DotBot/1.1; http://www.opensiteexplorer.org/dotbot, help@moz.com)"
216.244.66.248 - - [22/Jun/2020:16:07:44 +0800] "GET /?date=2023-3-6&t=list&paged=3 HTTP/1.1" 301 - "-" "Mozilla/5.0 (compatible; DotBot/1.1; http://www.opensiteexplorer.org/dotbot, help@moz.com)"
192.0.102.40 - - [22/Jun/2020:16:08:13 +0800] "HEAD / HTTP/1.1" 200 - "-" "jetmon/1.0 (Jetpack Site Uptime Monitor by WordPress.com)"
54.36.149.20 - - [22/Jun/2020:16:08:32 +0800] "GET /?date=2007-6-25&t=day&paged=4 HTTP/1.1" 301 20 "-" "Mozilla/5.0 (compatible; AhrefsBot/6.1; +http://ahrefs.com/robot/)"
54.36.149.30 - - [22/Jun/2020:16:11:43 +0800] "GET /?date=1991-3-8&t=day&paged=2 HTTP/1.1" 301 20 "-" "Mozilla/5.0 (compatible; AhrefsBot/6.1; +http://ahrefs.com/robot/)"
54.36.149.97 - - [22/Jun/2020:16:11:48 +0800] "GET /?date=2005-6-5&t=day&paged=9 HTTP/1.1" 301 20 "-" "Mozilla/5.0 (compatible; AhrefsBot/6.1; +http://ahrefs.com/robot/)"
216.244.66.248 - - [22/Jun/2020:16:12:15 +0800] "GET /?date=1996-6-3&t=mini HTTP/1.1" 301 - "-" "Mozilla/5.0 (compatible; DotBot/1.1; http://www.opensiteexplorer.org/dotbot, help@moz.com)"
216.244.66.248 - - [22/Jun/2020:16:12:18 +0800] "GET /?date=1997-3-3&t=mini HTTP/1.1" 301 - "-" "Mozilla/5.0 (compatible; DotBot/1.1; http://www.opensiteexplorer.org/dotbot, help@moz.com)"
216.244.66.248 - - [22/Jun/2020:16:12:19 +0800] "GET /?date=1997-7-15&t=day HTTP/1.1" 301 - "-" "Mozilla/5.0 (compatible; DotBot/1.1; http://www.opensiteexplorer.org/dotbot, help@moz.com)"
54.36.148.75 - - [22/Jun/2020:16:12:20 +0800] "GET /?date=2017-4-12&t=day&paged=7 HTTP/1.1" 301 20 "-" "Mozilla/5.0 (compatible; AhrefsBot/6.1; +http://ahrefs.com/robot/)"
216.244.66.248 - - [22/Jun/2020:16:12:21 +0800] "GET /?date=1999-10-7&t=mini HTTP/1.1" 301 - "-" "Mozilla/5.0 (compatible; DotBot/1.1; http://www.opensiteexplorer.org/dotbot, help@moz.com)"
216.244.66.248 - - [22/Jun/2020:16:12:23 +0800] "GET /?date=2004-4-28&t=day HTTP/1.1" 301 - "-" "Mozilla/5.0 (compatible; DotBot/1.1; http://www.opensiteexplorer.org/dotbot, help@moz.com)"
216.244.66.248 - - [22/Jun/2020:16:12:25 +0800] "GET /?date=2014-7-28&t=list HTTP/1.1" 301 - "-" "Mozilla/5.0 (compatible; DotBot/1.1; http://www.opensiteexplorer.org/dotbot, help@moz.com)"
216.244.66.248 - - [22/Jun/2020:16:12:27 +0800] "GET /?date=2016-1-18&t=day HTTP/1.1" 301 - "-" "Mozilla/5.0 (compatible; DotBot/1.1; http://www.opensiteexplorer.org/dotbot, help@moz.com)"
216.244.66.248 - - [22/Jun/2020:16:12:28 +0800] "GET /?date=2017-5-30&t=list HTTP/1.1" 301 - "-" "Mozilla/5.0 (compatible; DotBot/1.1; http://www.opensiteexplorer.org/dotbot, help@moz.com)"
216.244.66.248 - - [22/Jun/2020:16:12:30 +0800] "GET /?date=2017-9-18&t=mini HTTP/1.1" 301 - "-" "Mozilla/5.0 (compatible; DotBot/1.1; http://www.opensiteexplorer.org/dotbot, help@moz.com)"
216.244.66.248 - - [22/Jun/2020:16:12:32 +0800] "GET /?date=2018-9-6&t=mini HTTP/1.1" 301 - "-" "Mozilla/5.0 (compatible; DotBot/1.1; http://www.opensiteexplorer.org/dotbot, help@moz.com)"
216.244.66.248 - - [22/Jun/2020:16:12:34 +0800] "GET /?date=2019-9-6&t=day HTTP/1.1" 301 - "-" "Mozilla/5.0 (compatible; DotBot/1.1; http://www.opensiteexplorer.org/dotbot, help@moz.com)"
216.244.66.248 - - [22/Jun/2020:16:12:35 +0800] "GET /?date=2021-8-4&t=list HTTP/1.1" 301 - "-" "Mozilla/5.0 (compatible; DotBot/1.1; http://www.opensiteexplorer.org/dotbot, help@moz.com)"
216.244.66.248 - - [22/Jun/2020:16:12:37 +0800] "GET /?date=2025-5-8&t=list HTTP/1.1" 301 - "-" "Mozilla/5.0 (compatible; DotBot/1.1; http://www.opensiteexplorer.org/dotbot, help@moz.com)"
54.36.149.4 - - [22/Jun/2020:16:13:56 +0800] "GET /?date=2019-2-3&t=day&paged=8 HTTP/1.1" 301 20 "-" "Mozilla/5.0 (compatible; AhrefsBot/6.1; +http://ahrefs.com/robot/)"
54.36.148.60 - - [22/Jun/2020:16:14:49 +0800] "GET /?date=1993-5-5&t=day&paged=3 HTTP/1.1" 301 20 "-" "Mozilla/5.0 (compatible; AhrefsBot/6.1; +http://ahrefs.com/robot/)"
192.0.102.40 - - [22/Jun/2020:16:15:22 +0800] "HEAD / HTTP/1.1" 200 - "-" "jetmon/1.0 (Jetpack Site Uptime Monitor by WordPress.com)"
216.244.66.248 - - [22/Jun/2020:16:15:43 +0800] "GET /?date=1993-2-4&t=mini HTTP/1.1" 301 - "-" "Mozilla/5.0 (compatible; DotBot/1.1; http://www.opensiteexplorer.org/dotbot, help@moz.com)"
216.244.66.248 - - [22/Jun/2020:16:15:52 +0800] "GET /?date=1994-8-2&t=mini HTTP/1.1" 301 - "-" "Mozilla/5.0 (compatible; DotBot/1.1; http://www.opensiteexplorer.org/dotbot, help@moz.com)"
216.244.66.248 - - [22/Jun/2020:16:16:00 +0800] "GET /?date=1996-11-26&t=list HTTP/1.1" 301 - "-" "Mozilla/5.0 (compatible; DotBot/1.1; http://www.opensiteexplorer.org/dotbot, help@moz.com)"
216.244.66.248 - - [22/Jun/2020:16:16:07 +0800] "GET /?date=1997-9-14&t=mini HTTP/1.1" 301 - "-" "Mozilla/5.0 (compatible; DotBot/1.1; http://www.opensiteexplorer.org/dotbot, help@moz.com)"
54.36.149.88 - - [22/Jun/2020:16:16:08 +0800] "GET /?date=2000-12-28&t=day&paged=7 HTTP/1.1" 301 20 "-" "Mozilla/5.0 (compatible; AhrefsBot/6.1; +http://ahrefs.com/robot/)"
216.244.66.248 - - [22/Jun/2020:16:16:14 +0800] "GET /?date=1998-4-29&t=mini HTTP/1.1" 301 - "-" "Mozilla/5.0 (compatible; DotBot/1.1; http://www.opensiteexplorer.org/dotbot, help@moz.com)"
216.244.66.248 - - [22/Jun/2020:16:16:19 +0800] "GET /?date=1998-4-3&t=list HTTP/1.1" 301 - "-" "Mozilla/5.0 (compatible; DotBot/1.1; http://www.opensiteexplorer.org/dotbot, help@moz.com)"
216.244.66.248 - - [22/Jun/2020:16:16:23 +0800] "GET /?date=2000-2-13&t=list HTTP/1.1" 301 - "-" "Mozilla/5.0 (compatible; DotBot/1.1; http://www.opensiteexplorer.org/dotbot, help@moz.com)"
216.244.66.248 - - [22/Jun/2020:16:16:27 +0800] "GET /?date=2004-10-4&t=list HTTP/1.1" 301 - "-" "Mozilla/5.0 (compatible; DotBot/1.1; http://www.opensiteexplorer.org/dotbot, help@moz.com)"
216.244.66.248 - - [22/Jun/2020:16:16:31 +0800] "GET /?date=2022-9-8&t=list HTTP/1.1" 301 - "-" "Mozilla/5.0 (compatible; DotBot/1.1; http://www.opensiteexplorer.org/dotbot, help@moz.com)"
54.36.149.60 - - [22/Jun/2020:16:18:33 +0800] "GET /?date=1992-1-29&t=day&paged=8 HTTP/1.1" 301 20 "-" "Mozilla/5.0 (compatible; AhrefsBot/6.1; +http://ahrefs.com/robot/)"
17.58.98.84 - - [22/Jun/2020:16:18:51 +0800] "GET /?p=457 HTTP/1.1" 301 20 "-" "Mozilla/5.0 (Macintosh; Intel Mac OS X 10_15_5) AppleWebKit/605.1.15 (KHTML, like Gecko) Version/13.1.1 Safari/605.1.15 (Applebot/0.1; +http://www.apple.com/go/applebot)"
17.58.98.84 - - [22/Jun/2020:16:18:52 +0800] "GET /?p=457 HTTP/1.1" 404 30143 "-" "Mozilla/5.0 (Macintosh; Intel Mac OS X 10_15_5) AppleWebKit/605.1.15 (KHTML, like Gecko) Version/13.1.1 Safari/605.1.15 (Applebot/0.1; +http://www.apple.com/go/applebot)"
54.36.148.13 - - [22/Jun/2020:16:19:52 +0800] "GET /?date=2002-10-24&t=day&paged=7 HTTP/1.1" 301 20 "-" "Mozilla/5.0 (compatible; AhrefsBot/6.1; +http://ahrefs.com/robot/)"
54.36.148.72 - - [22/Jun/2020:16:20:41 +0800] "GET /page/3/?date=1991-1-27&t=day&paged=3 HTTP/1.1" 404 30143 "-" "Mozilla/5.0 (compatible; AhrefsBot/6.1; +http://ahrefs.com/robot/)"
54.36.148.80 - - [22/Jun/2020:16:21:53 +0800] "GET /?date=2002-11&t=list&paged=7 HTTP/1.1" 301 20 "-" "Mozilla/5.0 (compatible; AhrefsBot/6.1; +http://ahrefs.com/robot/)"
216.244.66.248 - - [22/Jun/2020:16:22:53 +0800] "GET /?date=2016-4-3&t=day HTTP/1.1" 301 - "-" "Mozilla/5.0 (compatible; DotBot/1.1; http://www.opensiteexplorer.org/dotbot, help@moz.com)"
216.244.66.248 - - [22/Jun/2020:16:22:55 +0800] "GET /?date=2030-2-3&t=mini HTTP/1.1" 301 - "-" "Mozilla/5.0 (compatible; DotBot/1.1; http://www.opensiteexplorer.org/dotbot, help@moz.com)"
192.0.102.40 - - [22/Jun/2020:16:23:33 +0800] "HEAD / HTTP/1.1" 200 - "-" "jetmon/1.0 (Jetpack Site Uptime Monitor by WordPress.com)"
54.36.148.190 - - [22/Jun/2020:16:23:54 +0800] "GET /?date=2002-5-13&t=day&paged=3 HTTP/1.1" 301 20 "-" "Mozilla/5.0 (compatible; AhrefsBot/6.1; +http://ahrefs.com/robot/)"
216.244.66.248 - - [22/Jun/2020:16:24:48 +0800] "GET /?date=1988-9&t=mini HTTP/1.1" 200 98259 "-" "Mozilla/5.0 (compatible; DotBot/1.1; http://www.opensiteexplorer.org/dotbot, help@moz.com)"
216.244.66.248 - - [22/Jun/2020:16:25:11 +0800] "GET /?date=1992-5&t=mini HTTP/1.1" 200 98259 "-" "Mozilla/5.0 (compatible; DotBot/1.1; http://www.opensiteexplorer.org/dotbot, help@moz.com)"
54.36.148.85 - - [22/Jun/2020:16:25:41 +0800] "GET /?date=1992-3-12&t=day&paged=7 HTTP/1.1" 301 20 "-" "Mozilla/5.0 (compatible; AhrefsBot/6.1; +http://ahrefs.com/robot/)"
216.244.66.248 - - [22/Jun/2020:16:26:01 +0800] "GET /?date=1993-10&t=list HTTP/1.1" 200 98259 "-" "Mozilla/5.0 (compatible; DotBot/1.1; http://www.opensiteexplorer.org/dotbot, help@moz.com)"
216.244.66.248 - - [22/Jun/2020:16:26:50 +0800] "GET /?date=2002-12&t=mini HTTP/1.1" 200 98259 "-" "Mozilla/5.0 (compatible; DotBot/1.1; http://www.opensiteexplorer.org/dotbot, help@moz.com)"
216.244.66.248 - - [22/Jun/2020:16:27:32 +0800] "GET /?date=2012-8-6&t=day HTTP/1.1" 200 98259 "-" "Mozilla/5.0 (compatible; DotBot/1.1; http://www.opensiteexplorer.org/dotbot, help@moz.com)"
216.244.66.248 - - [22/Jun/2020:16:28:03 +0800] "GET /?date=2023-10&t=list HTTP/1.1" 200 98259 "-" "Mozilla/5.0 (compatible; DotBot/1.1; http://www.opensiteexplorer.org/dotbot, help@moz.com)"
216.244.66.248 - - [22/Jun/2020:16:28:46 +0800] "GET /?date=2028-9&t=mini HTTP/1.1" 200 98259 "-" "Mozilla/5.0 (compatible; DotBot/1.1; http://www.opensiteexplorer.org/dotbot, help@moz.com)"
66.249.79.209 - - [22/Jun/2020:16:29:27 +0800] "GET /robots.txt HTTP/1.1" 200 69 "-" "Mozilla/5.0 (compatible; Googlebot/2.1; +http://www.google.com/bot.html)"
66.249.79.207 - - [22/Jun/2020:16:29:29 +0800] "GET /?cat=13 HTTP/1.1" 301 20 "-" "Mozilla/5.0 (compatible; Googlebot/2.1; +http://www.google.com/bot.html)"
66.249.79.111 - - [22/Jun/2020:16:29:31 +0800] "GET /?cat=13 HTTP/1.1" 404 30143 "-" "Mozilla/5.0 (compatible; Googlebot/2.1; +http://www.google.com/bot.html)"
216.244.66.248 - - [22/Jun/2020:16:29:28 +0800] "GET /?date=2030-7-8&t=day HTTP/1.1" 200 98259 "-" "Mozilla/5.0 (compatible; DotBot/1.1; http://www.opensiteexplorer.org/dotbot, help@moz.com)"
54.36.148.15 - - [22/Jun/2020:16:30:18 +0800] "GET /?date=1992-4&t=list&paged=6 HTTP/1.1" 301 20 "-" "Mozilla/5.0 (compatible; AhrefsBot/6.1; +http://ahrefs.com/robot/)"
192.0.102.40 - - [22/Jun/2020:16:31:05 +0800] "HEAD / HTTP/1.1" 200 - "-" "jetmon/1.0 (Jetpack Site Uptime Monitor by WordPress.com)"
54.36.148.215 - - [22/Jun/2020:16:32:12 +0800] "GET /?date=1999-12-22&t=day&paged=5 HTTP/1.1" 301 20 "-" "Mozilla/5.0 (compatible; AhrefsBot/6.1; +http://ahrefs.com/robot/)"
54.36.148.214 - - [22/Jun/2020:16:32:37 +0800] "GET /index.php?option=com_joomdoc&task=cat_view&gid=30&limit=10&limitstart=130&order=date&dir=DESC&Itemid=36 HTTP/1.1" 301 20 "-" "Mozilla/5.0 (compatible; AhrefsBot/6.1; +http://ahrefs.com/robot/)"
54.36.148.57 - - [22/Jun/2020:16:34:42 +0800] "GET /?date=2006-5-22&t=day&paged=4 HTTP/1.1" 301 20 "-" "Mozilla/5.0 (compatible; AhrefsBot/6.1; +http://ahrefs.com/robot/)"
54.36.148.221 - - [22/Jun/2020:16:35:23 +0800] "GET /?date=1999-8-7&t=day&paged=9 HTTP/1.1" 301 20 "-" "Mozilla/5.0 (compatible; AhrefsBot/6.1; +http://ahrefs.com/robot/)"
54.36.148.130 - - [22/Jun/2020:16:37:57 +0800] "GET /?date=2014-10-11&t=day&paged=3 HTTP/1.1" 301 20 "-" "Mozilla/5.0 (compatible; AhrefsBot/6.1; +http://ahrefs.com/robot/)"
192.0.102.40 - - [22/Jun/2020:16:39:10 +0800] "HEAD / HTTP/1.1" 200 - "-" "jetmon/1.0 (Jetpack Site Uptime Monitor by WordPress.com)"
54.36.148.111 - - [22/Jun/2020:16:41:59 +0800] "GET /index.php?option=com_phocagallery&view=detail&catid=10&id=282:0199&tmpl=component&phocadownload=1&Itemid=59 HTTP/1.1" 301 20 "-" "Mozilla/5.0 (compatible; AhrefsBot/6.1; +http://ahrefs.com/robot/)"
54.36.148.20 - - [22/Jun/2020:16:43:07 +0800] "GET /?date=2017-7-19&t=day&paged=5 HTTP/1.1" 301 20 "-" "Mozilla/5.0 (compatible; AhrefsBot/6.1; +http://ahrefs.com/robot/)"
54.36.148.17 - - [22/Jun/2020:16:44:02 +0800] "GET /?date=1988-12&t=list&paged=4 HTTP/1.1" 301 20 "-" "Mozilla/5.0 (compatible; AhrefsBot/6.1; +http://ahrefs.com/robot/)"
192.0.102.40 - - [22/Jun/2020:16:46:29 +0800] "HEAD / HTTP/1.1" 200 - "-" "jetmon/1.0 (Jetpack Site Uptime Monitor by WordPress.com)"
54.36.149.5 - - [22/Jun/2020:16:46:39 +0800] "GET /?date=2002-1-9&t=day&paged=7 HTTP/1.1" 301 20 "-" "Mozilla/5.0 (compatible; AhrefsBot/6.1; +http://ahrefs.com/robot/)"
54.36.148.21 - - [22/Jun/2020:16:48:05 +0800] "GET /?date=1993-2-24&t=day&paged=3 HTTP/1.1" 301 20 "-" "Mozilla/5.0 (compatible; AhrefsBot/6.1; +http://ahrefs.com/robot/)"
216.244.66.248 - - [22/Jun/2020:16:48:17 +0800] "GET /?date=1990-6-17&t=week HTTP/1.1" 301 - "-" "Mozilla/5.0 (compatible; DotBot/1.1; http://www.opensiteexplorer.org/dotbot, help@moz.com)"
216.244.66.248 - - [22/Jun/2020:16:48:42 +0800] "GET /?date=2000-9-3&t=day&paged=3 HTTP/1.1" 301 - "-" "Mozilla/5.0 (compatible; DotBot/1.1; http://www.opensiteexplorer.org/dotbot, help@moz.com)"
216.244.66.248 - - [22/Jun/2020:16:48:47 +0800] "GET /?date=2011-9&t=list&paged=3 HTTP/1.1" 301 - "-" "Mozilla/5.0 (compatible; DotBot/1.1; http://www.opensiteexplorer.org/dotbot, help@moz.com)"
216.244.66.248 - - [22/Jun/2020:16:48:51 +0800] "GET /?date=2012-6&t=list&paged=2 HTTP/1.1" 301 - "-" "Mozilla/5.0 (compatible; DotBot/1.1; http://www.opensiteexplorer.org/dotbot, help@moz.com)"
216.244.66.248 - - [22/Jun/2020:16:48:54 +0800] "GET /?date=2013-3&t=list&paged=6 HTTP/1.1" 301 - "-" "Mozilla/5.0 (compatible; DotBot/1.1; http://www.opensiteexplorer.org/dotbot, help@moz.com)"
66.249.82.219 - - [22/Jun/2020:16:48:57 +0800] "GET /wp-content/uploads/%E9%9F%B3%E6%A8%82%E7%B8%BD%E7%9B%A3%E5%8D%80%E5%93%81%E8%81%96-683x1024.jpg HTTP/1.1" 200 61382 "-" "Mozilla/5.0 (Windows NT 5.1; rv:11.0) Gecko Firefox/11.0 (via ggpht.com GoogleImageProxy)"
216.244.66.248 - - [22/Jun/2020:16:48:57 +0800] "GET /?date=2016-1-9&t=day&paged=2 HTTP/1.1" 301 - "-" "Mozilla/5.0 (compatible; DotBot/1.1; http://www.opensiteexplorer.org/dotbot, help@moz.com)"
216.244.66.248 - - [22/Jun/2020:16:49:00 +0800] "GET /?date=2026-5&t=list&paged=2 HTTP/1.1" 301 - "-" "Mozilla/5.0 (compatible; DotBot/1.1; http://www.opensiteexplorer.org/dotbot, help@moz.com)"
216.244.66.248 - - [22/Jun/2020:16:49:02 +0800] "GET /?date=1993-7-6&t=mini&paged=2 HTTP/1.1" 301 - "-" "Mozilla/5.0 (compatible; DotBot/1.1; http://www.opensiteexplorer.org/dotbot, help@moz.com)"
216.244.66.248 - - [22/Jun/2020:16:49:04 +0800] "GET /?date=1993-8-8&t=week&paged=2 HTTP/1.1" 301 - "-" "Mozilla/5.0 (compatible; DotBot/1.1; http://www.opensiteexplorer.org/dotbot, help@moz.com)"
216.244.66.248 - - [22/Jun/2020:16:49:06 +0800] "GET /?date=2004-3-21&t=week&paged=2 HTTP/1.1" 301 - "-" "Mozilla/5.0 (compatible; DotBot/1.1; http://www.opensiteexplorer.org/dotbot, help@moz.com)"
216.244.66.248 - - [22/Jun/2020:16:49:08 +0800] "GET /?date=2007-2-7&t=list&paged=2 HTTP/1.1" 301 - "-" "Mozilla/5.0 (compatible; DotBot/1.1; http://www.opensiteexplorer.org/dotbot, help@moz.com)"
216.244.66.248 - - [22/Jun/2020:16:49:09 +0800] "GET /?date=2010-8-1&t=week&paged=3 HTTP/1.1" 301 - "-" "Mozilla/5.0 (compatible; DotBot/1.1; http://www.opensiteexplorer.org/dotbot, help@moz.com)"
216.244.66.248 - - [22/Jun/2020:16:49:11 +0800] "GET /?date=2012-6-9&t=mini&paged=2 HTTP/1.1" 301 - "-" "Mozilla/5.0 (compatible; DotBot/1.1; http://www.opensiteexplorer.org/dotbot, help@moz.com)"
216.244.66.248 - - [22/Jun/2020:16:49:13 +0800] "GET /?date=2016-9-14&t=mini&paged=3 HTTP/1.1" 301 - "-" "Mozilla/5.0 (compatible; DotBot/1.1; http://www.opensiteexplorer.org/dotbot, help@moz.com)"
216.244.66.248 - - [22/Jun/2020:16:49:14 +0800] "GET /?date=2019-4-14&t=week&paged=4 HTTP/1.1" 301 - "-" "Mozilla/5.0 (compatible; DotBot/1.1; http://www.opensiteexplorer.org/dotbot, help@moz.com)"
216.244.66.248 - - [22/Jun/2020:16:49:16 +0800] "GET /?date=2020-3-21&t=list&paged=3 HTTP/1.1" 301 - "-" "Mozilla/5.0 (compatible; DotBot/1.1; http://www.opensiteexplorer.org/dotbot, help@moz.com)"
216.244.66.248 - - [22/Jun/2020:16:49:18 +0800] "GET /?date=2021-6-15&t=list&paged=2 HTTP/1.1" 301 - "-" "Mozilla/5.0 (compatible; DotBot/1.1; http://www.opensiteexplorer.org/dotbot, help@moz.com)"
216.244.66.248 - - [22/Jun/2020:16:49:20 +0800] "GET /?date=2016-3-8&t=day HTTP/1.1" 301 - "-" "Mozilla/5.0 (compatible; DotBot/1.1; http://www.opensiteexplorer.org/dotbot, help@moz.com)"
216.244.66.248 - - [22/Jun/2020:16:49:21 +0800] "GET /?date=2005-2-3&t=mini HTTP/1.1" 301 - "-" "Mozilla/5.0 (compatible; DotBot/1.1; http://www.opensiteexplorer.org/dotbot, help@moz.com)"
116.179.32.154 - - [22/Jun/2020:16:49:44 +0800] "GET /?date=1978-6-10&t=day HTTP/1.1" 200 31323 "-" "Mozilla/5.0 (compatible; Baiduspider/2.0; +http://www.baidu.com/search/spider.html)"
54.36.149.55 - - [22/Jun/2020:16:50:34 +0800] "GET /index.php?option=com_phocagallery&view=detail&catid=16:sing&id=1118:25th_017&tmpl=component&phocadownload=1&Itemid=59 HTTP/1.1" 301 20 "-" "Mozilla/5.0 (compatible; AhrefsBot/6.1; +http://ahrefs.com/robot/)"
216.244.66.248 - - [22/Jun/2020:16:52:03 +0800] "GET /?date=1991-2-5&t=day HTTP/1.1" 301 - "-" "Mozilla/5.0 (compatible; DotBot/1.1; http://www.opensiteexplorer.org/dotbot, help@moz.com)"
54.36.148.69 - - [22/Jun/2020:16:52:11 +0800] "GET /?date=2003-4-1&t=day&paged=3 HTTP/1.1" 301 20 "-" "Mozilla/5.0 (compatible; AhrefsBot/6.1; +http://ahrefs.com/robot/)"
216.244.66.248 - - [22/Jun/2020:16:52:15 +0800] "GET /?date=2002-8-2&t=day HTTP/1.1" 301 - "-" "Mozilla/5.0 (compatible; DotBot/1.1; http://www.opensiteexplorer.org/dotbot, help@moz.com)"
216.244.66.248 - - [22/Jun/2020:16:52:23 +0800] "GET /?date=2014-6-6&t=list HTTP/1.1" 301 - "-" "Mozilla/5.0 (compatible; DotBot/1.1; http://www.opensiteexplorer.org/dotbot, help@moz.com)"
216.244.66.248 - - [22/Jun/2020:16:52:50 +0800] "GET /?date=1993-12-11&t=mini HTTP/1.1" 301 - "-" "Mozilla/5.0 (compatible; DotBot/1.1; http://www.opensiteexplorer.org/dotbot, help@moz.com)"
157.55.39.201 - - [22/Jun/2020:16:52:50 +0800] "GET /?p=546 HTTP/1.1" 404 30143 "-" "Mozilla/5.0 (compatible; bingbot/2.0; +http://www.bing.com/bingbot.htm)"
216.244.66.248 - - [22/Jun/2020:16:52:56 +0800] "GET /?date=1998-6-23&t=mini HTTP/1.1" 301 - "-" "Mozilla/5.0 (compatible; DotBot/1.1; http://www.opensiteexplorer.org/dotbot, help@moz.com)"
216.244.66.248 - - [22/Jun/2020:16:53:01 +0800] "GET /?date=2004-8-11&t=list HTTP/1.1" 301 - "-" "Mozilla/5.0 (compatible; DotBot/1.1; http://www.opensiteexplorer.org/dotbot, help@moz.com)"
