111.202.100.121 - - [21/Jun/2020:18:28:49 +0800] "GET /?option=com_joomdoc&task=cat_view&gid=30&limit=5&limitstart=135&dir=DESC&Itemid=36 HTTP/1.1" 200 31322 "-" "Sogou web spider/4.0(+http://www.sogou.com/docs/help/webmasters.htm#07)"
111.202.100.119 - - [21/Jun/2020:18:29:54 +0800] "GET /?option=com_phocaguestbook&view=phocaguestbook&id=1&Itemid=39&limitstart=220580 HTTP/1.1" 200 31322 "-" "Sogou web spider/4.0(+http://www.sogou.com/docs/help/webmasters.htm#07)"
111.202.100.121 - - [21/Jun/2020:18:29:57 +0800] "GET /?option=com_phocaguestbook&view=phocaguestbook&id=1&Itemid=39&limitstart=186920 HTTP/1.1" 200 31322 "-" "Sogou web spider/4.0(+http://www.sogou.com/docs/help/webmasters.htm#07)"
54.36.148.26 - - [21/Jun/2020:18:29:59 +0800] "GET /?date=2013-12&t=mini&paged=5 HTTP/1.1" 301 20 "-" "Mozilla/5.0 (compatible; AhrefsBot/6.1; +http://ahrefs.com/robot/)"
216.244.66.248 - - [21/Jun/2020:18:30:22 +0800] "GET /?date=2018-7-18&t=list HTTP/1.1" 301 - "-" "Mozilla/5.0 (compatible; DotBot/1.1; http://www.opensiteexplorer.org/dotbot, help@moz.com)"
111.202.100.119 - - [21/Jun/2020:18:30:59 +0800] "GET /?option=com_phocaguestbook&view=phocaguestbook&id=1&Itemid=39&limitstart=151380 HTTP/1.1" 200 31322 "-" "Sogou web spider/4.0(+http://www.sogou.com/docs/help/webmasters.htm#07)"
111.202.100.121 - - [21/Jun/2020:18:31:02 +0800] "GET /?option=com_phocaguestbook&view=phocaguestbook&id=1&Itemid=39&limitstart=136660 HTTP/1.1" 200 31322 "-" "Sogou web spider/4.0(+http://www.sogou.com/docs/help/webmasters.htm#07)"
94.130.16.31 - - [21/Jun/2020:18:33:14 +0800] "GET /robots.txt HTTP/1.1" 200 69 "-" "Mozilla/5.0 (compatible; BLEXBot/1.0; +http://webmeup-crawler.com/)"
94.130.16.31 - - [21/Jun/2020:18:33:16 +0800] "GET / HTTP/1.1" 301 20 "-" "Mozilla/5.0 (compatible; BLEXBot/1.0; +http://webmeup-crawler.com/)"
94.130.16.31 - - [21/Jun/2020:18:33:17 +0800] "GET / HTTP/1.1" 200 31342 "-" "Mozilla/5.0 (compatible; BLEXBot/1.0; +http://webmeup-crawler.com/)"
54.36.148.212 - - [21/Jun/2020:18:33:29 +0800] "GET /robots.txt HTTP/1.1" 200 69 "-" "Mozilla/5.0 (compatible; AhrefsBot/6.1; +http://ahrefs.com/robot/)"
54.36.148.171 - - [21/Jun/2020:18:33:31 +0800] "GET /page/3/?date=2013-3-1&t=day&paged=3 HTTP/1.1" 404 30142 "-" "Mozilla/5.0 (compatible; AhrefsBot/6.1; +http://ahrefs.com/robot/)"
192.0.102.40 - - [21/Jun/2020:18:34:06 +0800] "HEAD / HTTP/1.1" 200 - "-" "jetmon/1.0 (Jetpack Site Uptime Monitor by WordPress.com)"
54.36.148.58 - - [21/Jun/2020:18:39:13 +0800] "GET /?date=2006-4-25&t=day&paged=7 HTTP/1.1" 301 20 "-" "Mozilla/5.0 (compatible; AhrefsBot/6.1; +http://ahrefs.com/robot/)"
176.107.183.146 - - [21/Jun/2020:18:39:24 +0800] "GET / HTTP/1.0" 200 98373 "http://tmcc.org.hk/" "Mozilla/5.0 (Windows NT 6.1; Win64; x64) AppleWebKit/537.36 (KHTML, like Gecko) Chrome/68.0.3440.84 Safari/537.36"
111.202.101.182 - - [21/Jun/2020:18:39:34 +0800] "GET /index.php?option=com_joomdoc&task=doc_details&gid=385&Itemid=46 HTTP/1.1" 301 20 "-" "Sogou web spider/4.0(+http://www.sogou.com/docs/help/webmasters.htm#07)"
111.202.101.184 - - [21/Jun/2020:18:39:34 +0800] "GET /index.php?option=com_phocaguestbook&view=phocaguestbook&id=1&Itemid=39&limitstart=60000 HTTP/1.1" 301 20 "-" "Sogou web spider/4.0(+http://www.sogou.com/docs/help/webmasters.htm#07)"
111.202.101.183 - - [21/Jun/2020:18:39:35 +0800] "GET /?option=com_joomdoc&task=doc_details&gid=385&Itemid=46 HTTP/1.1" 200 31322 "-" "Sogou web spider/4.0(+http://www.sogou.com/docs/help/webmasters.htm#07)"
49.7.20.156 - - [21/Jun/2020:18:39:45 +0800] "GET /index.php?option=com_phocaguestbook&view=phocaguestbook&id=1&Itemid=39&limitstart=222900 HTTP/1.1" 301 20 "-" "Sogou web spider/4.0(+http://www.sogou.com/docs/help/webmasters.htm#07)"
49.7.20.156 - - [21/Jun/2020:18:40:50 +0800] "GET /?option=com_phocaguestbook&view=phocaguestbook&id=1&Itemid=39&limitstart=222900 HTTP/1.1" 200 31322 "-" "Sogou web spider/4.0(+http://www.sogou.com/docs/help/webmasters.htm#07)"
54.36.148.120 - - [21/Jun/2020:18:41:04 +0800] "GET /?date=2008-12-16&t=day&paged=7 HTTP/1.1" 301 20 "-" "Mozilla/5.0 (compatible; AhrefsBot/6.1; +http://ahrefs.com/robot/)"
216.244.66.248 - - [21/Jun/2020:18:41:44 +0800] "GET /?date=1990-5-27&t=week HTTP/1.1" 301 - "-" "Mozilla/5.0 (compatible; DotBot/1.1; http://www.opensiteexplorer.org/dotbot, help@moz.com)"
216.244.66.248 - - [21/Jun/2020:18:41:56 +0800] "GET /?date=1991-4-28&t=week HTTP/1.1" 301 - "-" "Mozilla/5.0 (compatible; DotBot/1.1; http://www.opensiteexplorer.org/dotbot, help@moz.com)"
192.0.102.40 - - [21/Jun/2020:18:42:19 +0800] "HEAD / HTTP/1.1" 200 - "-" "jetmon/1.0 (Jetpack Site Uptime Monitor by WordPress.com)"
54.36.148.144 - - [21/Jun/2020:18:43:10 +0800] "GET /?date=2018-4-25&t=day&paged=2 HTTP/1.1" 301 20 "-" "Mozilla/5.0 (compatible; AhrefsBot/6.1; +http://ahrefs.com/robot/)"
54.36.148.211 - - [21/Jun/2020:18:43:41 +0800] "GET /?date=2006-3-12&t=week&paged=3 HTTP/1.1" 301 20 "-" "Mozilla/5.0 (compatible; AhrefsBot/6.1; +http://ahrefs.com/robot/)"
54.36.148.97 - - [21/Jun/2020:18:46:25 +0800] "GET /?date=2015-1-23&t=day&paged=7 HTTP/1.1" 301 20 "-" "Mozilla/5.0 (compatible; AhrefsBot/6.1; +http://ahrefs.com/robot/)"
173.252.87.4 - - [21/Jun/2020:18:46:59 +0800] "GET /?ecwd_event=\xe9\xa6\x99\xe6\xb8\xaf\xe7\xb9\xbd\xe7\xb4\x9b\xe5\x86\xac\xe6\x97\xa5\xe7\xaf\x80\xe6\xbc\x94\xe5\x87\xba HTTP/1.1" 301 20 "-" "facebookexternalhit/1.1 (+http://www.facebook.com/externalhit_uatext.php)"
173.252.87.19 - - [21/Jun/2020:18:46:59 +0800] "GET /?ecwd_event=\xe9\xa6\x99\xe6\xb8\xaf\xe7\xb9\xbd\xe7\xb4\x9b\xe5\x86\xac\xe6\x97\xa5\xe7\xaf\x80\xe6\xbc\x94\xe5\x87\xba HTTP/1.1" 301 20 "-" "facebookexternalhit/1.1 (+http://www.facebook.com/externalhit_uatext.php)"
173.252.87.5 - - [21/Jun/2020:18:46:59 +0800] "GET /wp-content/uploads/2017/03/cropped-TMCClogo-Transparent-Background.png HTTP/1.1" 301 20 "-" "facebookexternalhit/1.1 (+http://www.facebook.com/externalhit_uatext.php)"
173.252.87.5 - - [21/Jun/2020:18:47:00 +0800] "GET /wp-content/uploads/2017/03/cropped-TMCClogo-Transparent-Background.png HTTP/1.1" 404 30139 "-" "facebookexternalhit/1.1 (+http://www.facebook.com/externalhit_uatext.php)"
173.252.87.19 - - [21/Jun/2020:18:47:00 +0800] "GET /?ecwd_event=%E9%A6%99%E6%B8%AF%E7%B9%BD%E7%B4%9B%E5%86%AC%E6%97%A5%E7%AF%80%E6%BC%94%E5%87%BA HTTP/1.1" 206 31322 "-" "facebookexternalhit/1.1 (+http://www.facebook.com/externalhit_uatext.php)"
173.252.87.4 - - [21/Jun/2020:18:47:00 +0800] "GET /?ecwd_event=%E9%A6%99%E6%B8%AF%E7%B9%BD%E7%B4%9B%E5%86%AC%E6%97%A5%E7%AF%80%E6%BC%94%E5%87%BA HTTP/1.1" 206 31322 "-" "facebookexternalhit/1.1 (+http://www.facebook.com/externalhit_uatext.php)"
123.183.224.139 - - [21/Jun/2020:18:47:49 +0800] "GET /?date=1930-11-17&t=day&paged=2 HTTP/1.1" 301 20 "-" "Sogou web spider/4.0(+http://www.sogou.com/docs/help/webmasters.htm#07)"
123.183.224.136 - - [21/Jun/2020:18:47:49 +0800] "GET /?date=2029-3-8&t=list&paged=2 HTTP/1.1" 301 20 "-" "Sogou web spider/4.0(+http://www.sogou.com/docs/help/webmasters.htm#07)"
123.183.224.137 - - [21/Jun/2020:18:47:49 +0800] "GET /?date=1972-12-21&t=list HTTP/1.1" 301 20 "-" "Sogou web spider/4.0(+http://www.sogou.com/docs/help/webmasters.htm#07)"
123.183.224.135 - - [21/Jun/2020:18:47:49 +0800] "GET /?date=2034-8-13&t=list&paged=2 HTTP/1.1" 301 20 "-" "Sogou web spider/4.0(+http://www.sogou.com/docs/help/webmasters.htm#07)"
123.183.224.139 - - [21/Jun/2020:18:48:54 +0800] "GET /index.php?option=com_phocaguestbook&view=phocaguestbook&id=1&Itemid=39&limitstart=99460 HTTP/1.1" 301 20 "-" "Sogou web spider/4.0(+http://www.sogou.com/docs/help/webmasters.htm#07)"
123.183.224.135 - - [21/Jun/2020:18:48:54 +0800] "GET /?option=com_phocaguestbook&view=phocaguestbook&id=1&Itemid=39&limitstart=67800 HTTP/1.1" 200 31322 "-" "Sogou web spider/4.0(+http://www.sogou.com/docs/help/webmasters.htm#07)"
123.183.224.136 - - [21/Jun/2020:18:48:54 +0800] "GET /index.php?option=com_phocaguestbook&view=phocaguestbook&id=1&Itemid=39&limitstart=23200 HTTP/1.1" 301 20 "-" "Sogou web spider/4.0(+http://www.sogou.com/docs/help/webmasters.htm#07)"
123.183.224.137 - - [21/Jun/2020:18:48:58 +0800] "GET /index.php?option=com_phocaguestbook&view=phocaguestbook&id=1&Itemid=39&limitstart=182000 HTTP/1.1" 301 20 "-" "Sogou web spider/4.0(+http://www.sogou.com/docs/help/webmasters.htm#07)"
54.36.148.55 - - [21/Jun/2020:18:49:15 +0800] "GET /?date=2012-11-8&t=day&paged=9 HTTP/1.1" 301 20 "-" "Mozilla/5.0 (compatible; AhrefsBot/6.1; +http://ahrefs.com/robot/)"
192.0.102.40 - - [21/Jun/2020:18:49:22 +0800] "HEAD / HTTP/1.1" 200 - "-" "jetmon/1.0 (Jetpack Site Uptime Monitor by WordPress.com)"
111.202.101.183 - - [21/Jun/2020:18:49:22 +0800] "GET /?date=1946-3-21&t=list&paged=4 HTTP/1.1" 301 20 "-" "Sogou web spider/4.0(+http://www.sogou.com/docs/help/webmasters.htm#07)"
111.202.101.185 - - [21/Jun/2020:18:49:23 +0800] "GET /?date=1946-3-21&t=list&paged=4 HTTP/1.1" 404 30142 "-" "Sogou web spider/4.0(+http://www.sogou.com/docs/help/webmasters.htm#07)"
111.202.100.82 - - [21/Jun/2020:18:49:25 +0800] "GET /?date=1946-3-21&t=list&paged=4 HTTP/1.1" 404 30142 "-" "Sogou web spider/4.0(+http://www.sogou.com/docs/help/webmasters.htm#07)"
58.250.125.185 - - [21/Jun/2020:18:49:25 +0800] "GET /?date=1946-3-21&t=list&paged=4 HTTP/1.1" 404 30142 "-" "Sogou web spider/4.0(+http://www.sogou.com/docs/help/webmasters.htm#07)"
111.202.100.82 - - [21/Jun/2020:18:49:27 +0800] "GET /?date=1946-3-21&t=list&paged=4 HTTP/1.1" 404 30142 "-" "Mozilla/5.0 (Macintosh; Intel Mac OS X 10_15_1) AppleWebKit/537.36 (KHTML, like Gecko) Chrome/78.0.3904.97 Safari/537.36"
58.250.125.185 - - [21/Jun/2020:18:49:27 +0800] "GET /?date=1946-3-21&t=list&paged=4 HTTP/1.1" 404 30142 "-" "Mozilla/5.0 (Macintosh; Intel Mac OS X 10_15_1) AppleWebKit/537.36 (KHTML, like Gecko) Chrome/78.0.3904.97 Safari/537.36"
123.183.224.139 - - [21/Jun/2020:18:49:58 +0800] "GET /index.php?option=com_phocaguestbook&view=phocaguestbook&id=1&Itemid=39&limitstart=112340 HTTP/1.1" 301 20 "-" "Sogou web spider/4.0(+http://www.sogou.com/docs/help/webmasters.htm#07)"
123.183.224.135 - - [21/Jun/2020:18:49:59 +0800] "GET /?date=1985-6-23&t=list&paged=3 HTTP/1.1" 301 20 "-" "Sogou web spider/4.0(+http://www.sogou.com/docs/help/webmasters.htm#07)"
123.183.224.136 - - [21/Jun/2020:18:49:59 +0800] "GET /?date=1921-7-4&t=mini&paged=2 HTTP/1.1" 301 20 "-" "Sogou web spider/4.0(+http://www.sogou.com/docs/help/webmasters.htm#07)"
123.183.224.137 - - [21/Jun/2020:18:50:06 +0800] "GET /?date=1983-10-22&t=mini&paged=3 HTTP/1.1" 301 20 "-" "Sogou web spider/4.0(+http://www.sogou.com/docs/help/webmasters.htm#07)"
49.7.20.28 - - [21/Jun/2020:18:50:17 +0800] "GET /?date=1946-3-21&t=list&paged=4 HTTP/1.1" 404 30142 "-" "Sogou web spider/4.0(+http://www.sogou.com/docs/help/webmasters.htm#07)"
111.202.101.185 - - [21/Jun/2020:18:50:39 +0800] "GET /?date=1962-4-12&t=list&paged=4 HTTP/1.1" 301 20 "-" "Sogou web spider/4.0(+http://www.sogou.com/docs/help/webmasters.htm#07)"
111.202.101.183 - - [21/Jun/2020:18:50:39 +0800] "GET /?date=1962-4-12&t=list&paged=4 HTTP/1.1" 404 30142 "-" "Sogou web spider/4.0(+http://www.sogou.com/docs/help/webmasters.htm#07)"
111.202.101.184 - - [21/Jun/2020:18:50:42 +0800] "GET /?date=1942-10-27&t=day&paged=4 HTTP/1.1" 301 20 "-" "Sogou web spider/4.0(+http://www.sogou.com/docs/help/webmasters.htm#07)"
111.202.101.182 - - [21/Jun/2020:18:50:43 +0800] "GET /?date=1953-12-8&t=day&paged=2 HTTP/1.1" 301 20 "-" "Sogou web spider/4.0(+http://www.sogou.com/docs/help/webmasters.htm#07)"
49.7.20.28 - - [21/Jun/2020:18:51:00 +0800] "GET /?date=1946-3-21&t=list&paged=4 HTTP/1.1" 404 30142 "-" "Mozilla/5.0 (Macintosh; Intel Mac OS X 10_15_1) AppleWebKit/537.36 (KHTML, like Gecko) Chrome/78.0.3904.97 Safari/537.36"
123.183.224.136 - - [21/Jun/2020:18:51:03 +0800] "GET /?option=com_phocaguestbook&view=phocaguestbook&id=1&Itemid=39&limitstart=23200 HTTP/1.1" 200 31322 "-" "Sogou web spider/4.0(+http://www.sogou.com/docs/help/webmasters.htm#07)"
123.183.224.139 - - [21/Jun/2020:18:51:03 +0800] "GET /?option=com_phocaguestbook&view=phocaguestbook&id=1&Itemid=39&limitstart=99460 HTTP/1.1" 200 31322 "-" "Sogou web spider/4.0(+http://www.sogou.com/docs/help/webmasters.htm#07)"
185.85.191.201 - - [21/Jun/2020:18:51:05 +0800] "GET /wp-login.php HTTP/1.1" 200 6043 "-" "Mozilla/5.0 (Windows NT 10.0; WOW64) AppleWebKit/537.36 (KHTML, like Gecko) Chrome/51.0.2704.103 Safari/537.36"
123.183.224.135 - - [21/Jun/2020:18:51:06 +0800] "GET /?option=com_phocaguestbook&view=phocaguestbook&id=1&Itemid=39&limitstart=182000 HTTP/1.1" 200 31322 "-" "Sogou web spider/4.0(+http://www.sogou.com/docs/help/webmasters.htm#07)"
185.85.191.201 - - [21/Jun/2020:18:51:07 +0800] "POST /wp-login.php HTTP/1.1" 401 3586 "http://www.tmcc.org.hk/wp-login.php" "Mozilla/5.0 (Windows NT 10.0; WOW64) AppleWebKit/537.36 (KHTML, like Gecko) Chrome/51.0.2704.103 Safari/537.36"
123.183.224.137 - - [21/Jun/2020:18:51:10 +0800] "GET /?date=1930-11-17&t=day&paged=2 HTTP/1.1" 404 30142 "-" "Sogou web spider/4.0(+http://www.sogou.com/docs/help/webmasters.htm#07)"
111.202.101.183 - - [21/Jun/2020:18:51:47 +0800] "GET /?date=1950-4-17&t=day&paged=2 HTTP/1.1" 301 20 "-" "Sogou web spider/4.0(+http://www.sogou.com/docs/help/webmasters.htm#07)"
111.202.101.182 - - [21/Jun/2020:18:51:48 +0800] "GET /?date=1938-2-19&t=list&paged=2 HTTP/1.1" 301 20 "-" "Sogou web spider/4.0(+http://www.sogou.com/docs/help/webmasters.htm#07)"
111.202.101.184 - - [21/Jun/2020:18:51:48 +0800] "GET /?date=1953-12-8&t=day&paged=2 HTTP/1.1" 404 30142 "-" "Sogou web spider/4.0(+http://www.sogou.com/docs/help/webmasters.htm#07)"
111.202.101.185 - - [21/Jun/2020:18:51:50 +0800] "GET /?date=1905-1-15&t=list&paged=2 HTTP/1.1" 301 20 "-" "Sogou web spider/4.0(+http://www.sogou.com/docs/help/webmasters.htm#07)"
123.183.224.136 - - [21/Jun/2020:18:52:07 +0800] "GET /?date=1994-4-17&t=list HTTP/1.1" 301 20 "-" "Sogou web spider/4.0(+http://www.sogou.com/docs/help/webmasters.htm#07)"
111.202.100.118 - - [21/Jun/2020:18:52:08 +0800] "GET /?date=1917-6-24&t=mini&paged=4 HTTP/1.1" 301 20 "-" "Sogou web spider/4.0(+http://www.sogou.com/docs/help/webmasters.htm#07)"
123.183.224.135 - - [21/Jun/2020:18:52:11 +0800] "GET /?date=1964-6-6&t=list&paged=5 HTTP/1.1" 301 20 "-" "Sogou web spider/4.0(+http://www.sogou.com/docs/help/webmasters.htm#07)"
111.202.100.121 - - [21/Jun/2020:18:52:12 +0800] "GET /?date=1929-3-23&t=list&paged=6 HTTP/1.1" 301 20 "-" "Sogou web spider/4.0(+http://www.sogou.com/docs/help/webmasters.htm#07)"
111.202.100.119 - - [21/Jun/2020:18:52:12 +0800] "GET /?date=1920-9-22&t=day&paged=4 HTTP/1.1" 301 20 "-" "Sogou web spider/4.0(+http://www.sogou.com/docs/help/webmasters.htm#07)"
123.183.224.139 - - [21/Jun/2020:18:52:20 +0800] "GET /?date=1929-5-29&t=day&paged=5 HTTP/1.1" 301 20 "-" "Sogou web spider/4.0(+http://www.sogou.com/docs/help/webmasters.htm#07)"
111.202.100.116 - - [21/Jun/2020:18:52:23 +0800] "GET /?date=1977-2-17&t=list&paged=5 HTTP/1.1" 301 20 "-" "Sogou web spider/4.0(+http://www.sogou.com/docs/help/webmasters.htm#07)"
123.183.224.137 - - [21/Jun/2020:18:52:24 +0800] "GET /?date=1945-9&t=22220&paged=4 HTTP/1.1" 301 20 "-" "Sogou web spider/4.0(+http://www.sogou.com/docs/help/webmasters.htm#07)"
111.202.101.183 - - [21/Jun/2020:18:52:51 +0800] "GET /?date=1942-10-27&t=day&paged=4 HTTP/1.1" 404 30142 "-" "Sogou web spider/4.0(+http://www.sogou.com/docs/help/webmasters.htm#07)"
111.202.101.182 - - [21/Jun/2020:18:52:52 +0800] "GET /?date=1912-2-26&t=day&paged=2 HTTP/1.1" 301 20 "-" "Sogou web spider/4.0(+http://www.sogou.com/docs/help/webmasters.htm#07)"
111.202.101.184 - - [21/Jun/2020:18:52:53 +0800] "GET /?date=1940-8-9&t=list&paged=4 HTTP/1.1" 301 20 "-" "Sogou web spider/4.0(+http://www.sogou.com/docs/help/webmasters.htm#07)"
111.202.101.185 - - [21/Jun/2020:18:52:57 +0800] "GET /?date=1946-10-19&t=mini&paged=3 HTTP/1.1" 301 20 "-" "Sogou web spider/4.0(+http://www.sogou.com/docs/help/webmasters.htm#07)"
54.36.149.18 - - [21/Jun/2020:18:53:02 +0800] "GET /?date=2018-10-3&t=day&paged=4 HTTP/1.1" 301 20 "-" "Mozilla/5.0 (compatible; AhrefsBot/6.1; +http://ahrefs.com/robot/)"
123.183.224.136 - - [21/Jun/2020:18:53:11 +0800] "GET /?date=1932-12-21&t=day&paged=5 HTTP/1.1" 301 20 "-" "Sogou web spider/4.0(+http://www.sogou.com/docs/help/webmasters.htm#07)"
123.183.224.135 - - [21/Jun/2020:18:53:15 +0800] "GET /?date=1988-10-7&t=list&paged=2 HTTP/1.1" 301 20 "-" "Sogou web spider/4.0(+http://www.sogou.com/docs/help/webmasters.htm#07)"
111.202.100.121 - - [21/Jun/2020:18:53:17 +0800] "GET /?date=1920-9-22&t=day&paged=4 HTTP/1.1" 404 30142 "-" "Sogou web spider/4.0(+http://www.sogou.com/docs/help/webmasters.htm#07)"
123.183.224.139 - - [21/Jun/2020:18:53:24 +0800] "GET /?option=com_phocaguestbook&view=phocaguestbook&id=1&Itemid=39&limitstart=112340 HTTP/1.1" 200 31322 "-" "Sogou web spider/4.0(+http://www.sogou.com/docs/help/webmasters.htm#07)"
123.183.224.137 - - [21/Jun/2020:18:53:28 +0800] "GET /?date=2030-5-13&t=day&paged=4 HTTP/1.1" 301 20 "-" "Sogou web spider/4.0(+http://www.sogou.com/docs/help/webmasters.htm#07)"
111.202.100.116 - - [21/Jun/2020:18:53:28 +0800] "GET /?date=1908-5-14&t=mini&paged=6 HTTP/1.1" 404 30142 "-" "Sogou web spider/4.0(+http://www.sogou.com/docs/help/webmasters.htm#07)"
111.202.100.119 - - [21/Jun/2020:18:53:28 +0800] "GET /?date=1977-2-17&t=list&paged=5 HTTP/1.1" 404 30142 "-" "Sogou web spider/4.0(+http://www.sogou.com/docs/help/webmasters.htm#07)"
111.202.100.118 - - [21/Jun/2020:18:53:39 +0800] "GET /?date=1944-7-2&t=day HTTP/1.1" 200 31322 "-" "Sogou web spider/4.0(+http://www.sogou.com/docs/help/webmasters.htm#07)"
111.202.101.183 - - [21/Jun/2020:18:53:56 +0800] "GET /?date=1908-5-8&t=list&paged=2 HTTP/1.1" 301 20 "-" "Sogou web spider/4.0(+http://www.sogou.com/docs/help/webmasters.htm#07)"
111.202.101.182 - - [21/Jun/2020:18:53:56 +0800] "GET /?date=1945-3-23&t=mini&paged=5 HTTP/1.1" 301 20 "-" "Sogou web spider/4.0(+http://www.sogou.com/docs/help/webmasters.htm#07)"
111.202.101.184 - - [21/Jun/2020:18:53:58 +0800] "GET /?date=1905-1-15&t=list&paged=2 HTTP/1.1" 404 30142 "-" "Sogou web spider/4.0(+http://www.sogou.com/docs/help/webmasters.htm#07)"
111.202.101.185 - - [21/Jun/2020:18:54:02 +0800] "GET /?date=1946-10-19&t=mini&paged=3 HTTP/1.1" 404 30142 "-" "Sogou web spider/4.0(+http://www.sogou.com/docs/help/webmasters.htm#07)"
123.183.224.136 - - [21/Jun/2020:18:54:19 +0800] "GET /index.php?option=com_phocaguestbook&view=phocaguestbook&id=1&Itemid=39&limitstart=103280 HTTP/1.1" 301 20 "-" "Sogou web spider/4.0(+http://www.sogou.com/docs/help/webmasters.htm#07)"
123.183.224.139 - - [21/Jun/2020:18:54:29 +0800] "GET /index.php?option=com_content&view=article&id=34%3A-&catid=25&Itemid=1 HTTP/1.1" 301 20 "-" "Sogou web spider/4.0(+http://www.sogou.com/docs/help/webmasters.htm#07)"
111.202.100.121 - - [21/Jun/2020:18:54:32 +0800] "GET /?date=1919-12-30&t=day&paged=5 HTTP/1.1" 301 20 "-" "Sogou web spider/4.0(+http://www.sogou.com/docs/help/webmasters.htm#07)"
111.202.100.116 - - [21/Jun/2020:18:54:33 +0800] "GET /?date=1990-4-24&t=day&paged=2 HTTP/1.1" 301 20 "-" "Sogou web spider/4.0(+http://www.sogou.com/docs/help/webmasters.htm#07)"
111.202.100.119 - - [21/Jun/2020:18:54:33 +0800] "GET /?date=1911-4-25&t=day&paged=2 HTTP/1.1" 301 20 "-" "Sogou web spider/4.0(+http://www.sogou.com/docs/help/webmasters.htm#07)"
111.202.100.118 - - [21/Jun/2020:18:54:47 +0800] "GET /?date=1930-12-12&t=day&paged=5 HTTP/1.1" 301 20 "-" "Sogou web spider/4.0(+http://www.sogou.com/docs/help/webmasters.htm#07)"
111.202.101.183 - - [21/Jun/2020:18:55:00 +0800] "GET /?date=1938-2-19&t=list&paged=2 HTTP/1.1" 404 30142 "-" "Sogou web spider/4.0(+http://www.sogou.com/docs/help/webmasters.htm#07)"
111.202.101.184 - - [21/Jun/2020:18:55:06 +0800] "GET /?date=2034-8-28&t=day&paged=2 HTTP/1.1" 301 20 "-" "Sogou web spider/4.0(+http://www.sogou.com/docs/help/webmasters.htm#07)"
111.202.101.185 - - [21/Jun/2020:18:55:10 +0800] "GET /?date=1946-6-19&t=list&paged=5 HTTP/1.1" 301 20 "-" "Sogou web spider/4.0(+http://www.sogou.com/docs/help/webmasters.htm#07)"
123.183.224.137 - - [21/Jun/2020:18:55:23 +0800] "GET /?option=com_phocaguestbook&view=phocaguestbook&id=1&Itemid=39&limitstart=103280 HTTP/1.1" 200 31322 "-" "Sogou web spider/4.0(+http://www.sogou.com/docs/help/webmasters.htm#07)"
111.202.100.121 - - [21/Jun/2020:18:55:36 +0800] "GET /?date=1919-12-30&t=day&paged=5 HTTP/1.1" 404 30142 "-" "Sogou web spider/4.0(+http://www.sogou.com/docs/help/webmasters.htm#07)"
111.202.100.119 - - [21/Jun/2020:18:55:37 +0800] "GET /?date=1990-4-24&t=day&paged=2 HTTP/1.1" 404 30142 "-" "Sogou web spider/4.0(+http://www.sogou.com/docs/help/webmasters.htm#07)"
123.183.224.136 - - [21/Jun/2020:18:55:37 +0800] "GET /?option=com_content&view=article&id=34%3A-&catid=25&Itemid=1 HTTP/1.1" 200 31322 "-" "Sogou web spider/4.0(+http://www.sogou.com/docs/help/webmasters.htm#07)"
111.202.100.116 - - [21/Jun/2020:18:55:38 +0800] "GET /?date=1911-4-25&t=day&paged=2 HTTP/1.1" 404 30142 "-" "Sogou web spider/4.0(+http://www.sogou.com/docs/help/webmasters.htm#07)"
54.36.148.40 - - [21/Jun/2020:18:55:48 +0800] "GET /?date=1995-5&t=22220&paged=9 HTTP/1.1" 301 20 "-" "Mozilla/5.0 (compatible; AhrefsBot/6.1; +http://ahrefs.com/robot/)"
111.202.100.118 - - [21/Jun/2020:18:55:51 +0800] "GET /?date=1930-12-12&t=day&paged=5 HTTP/1.1" 404 30142 "-" "Sogou web spider/4.0(+http://www.sogou.com/docs/help/webmasters.htm#07)"
111.202.101.183 - - [21/Jun/2020:18:56:05 +0800] "GET /?date=2029-8-4&t=list&paged=2 HTTP/1.1" 301 20 "-" "Sogou web spider/4.0(+http://www.sogou.com/docs/help/webmasters.htm#07)"
111.202.101.184 - - [21/Jun/2020:18:56:10 +0800] "GET /?date=1940-8-9&t=list&paged=4 HTTP/1.1" 404 30142 "-" "Sogou web spider/4.0(+http://www.sogou.com/docs/help/webmasters.htm#07)"
123.183.224.137 - - [21/Jun/2020:18:56:28 +0800] "GET /?date=1918-6-29&t=day&paged=2 HTTP/1.1" 301 20 "-" "Sogou web spider/4.0(+http://www.sogou.com/docs/help/webmasters.htm#07)"
54.36.149.2 - - [21/Jun/2020:18:56:34 +0800] "GET /?date=2010-10-31&t=week&paged=5 HTTP/1.1" 301 20 "-" "Mozilla/5.0 (compatible; AhrefsBot/6.1; +http://ahrefs.com/robot/)"
111.202.100.121 - - [21/Jun/2020:18:56:41 +0800] "GET /?date=2026-4-17&t=mini HTTP/1.1" 301 20 "-" "Sogou web spider/4.0(+http://www.sogou.com/docs/help/webmasters.htm#07)"
111.202.100.119 - - [21/Jun/2020:18:56:42 +0800] "GET /?date=1945-6-22&t=list&paged=2 HTTP/1.1" 301 20 "-" "Sogou web spider/4.0(+http://www.sogou.com/docs/help/webmasters.htm#07)"
111.202.100.116 - - [21/Jun/2020:18:56:43 +0800] "GET /?date=1986-10-19&t=mini&paged=5 HTTP/1.1" 301 20 "-" "Sogou web spider/4.0(+http://www.sogou.com/docs/help/webmasters.htm#07)"
111.202.100.118 - - [21/Jun/2020:18:56:56 +0800] "GET /?date=1943-6-13&t=day&paged=2 HTTP/1.1" 301 20 "-" "Sogou web spider/4.0(+http://www.sogou.com/docs/help/webmasters.htm#07)"
111.202.101.183 - - [21/Jun/2020:18:57:10 +0800] "GET /?date=1912-2-26&t=day&paged=2 HTTP/1.1" 404 30142 "-" "Sogou web spider/4.0(+http://www.sogou.com/docs/help/webmasters.htm#07)"
111.202.101.184 - - [21/Jun/2020:18:57:15 +0800] "GET /?date=1923-5-29&t=mini&paged=5 HTTP/1.1" 301 20 "-" "Sogou web spider/4.0(+http://www.sogou.com/docs/help/webmasters.htm#07)"
123.183.224.137 - - [21/Jun/2020:18:57:32 +0800] "GET /?date=1918-6-29&t=day&paged=2 HTTP/1.1" 404 30142 "-" "Sogou web spider/4.0(+http://www.sogou.com/docs/help/webmasters.htm#07)"
111.202.100.121 - - [21/Jun/2020:18:57:45 +0800] "GET /?date=2026-4-17&t=mini HTTP/1.1" 200 31322 "-" "Sogou web spider/4.0(+http://www.sogou.com/docs/help/webmasters.htm#07)"
111.202.100.119 - - [21/Jun/2020:18:57:46 +0800] "GET /?date=1945-6-22&t=list&paged=2 HTTP/1.1" 404 30142 "-" "Sogou web spider/4.0(+http://www.sogou.com/docs/help/webmasters.htm#07)"
111.202.100.116 - - [21/Jun/2020:18:57:47 +0800] "GET /?date=1986-10-19&t=mini&paged=5 HTTP/1.1" 404 30142 "-" "Sogou web spider/4.0(+http://www.sogou.com/docs/help/webmasters.htm#07)"
111.202.100.118 - - [21/Jun/2020:18:58:00 +0800] "GET /?date=1943-6-13&t=day&paged=2 HTTP/1.1" 404 30142 "-" "Sogou web spider/4.0(+http://www.sogou.com/docs/help/webmasters.htm#07)"
111.202.101.183 - - [21/Jun/2020:18:58:18 +0800] "GET /?date=1905-4-2&t=day&paged=3 HTTP/1.1" 301 20 "-" "Sogou web spider/4.0(+http://www.sogou.com/docs/help/webmasters.htm#07)"
111.202.101.184 - - [21/Jun/2020:18:58:19 +0800] "GET /?date=2034-8-28&t=day&paged=2 HTTP/1.1" 404 30142 "-" "Sogou web spider/4.0(+http://www.sogou.com/docs/help/webmasters.htm#07)"
192.0.102.40 - - [21/Jun/2020:18:58:44 +0800] "HEAD / HTTP/1.1" 200 - "-" "jetmon/1.0 (Jetpack Site Uptime Monitor by WordPress.com)"
111.202.100.119 - - [21/Jun/2020:18:58:51 +0800] "GET /?date=1943-3-4&t=day&paged=3 HTTP/1.1" 301 20 "-" "Sogou web spider/4.0(+http://www.sogou.com/docs/help/webmasters.htm#07)"
111.202.100.121 - - [21/Jun/2020:18:58:51 +0800] "GET /?date=1917-3-18&t=mini&paged=2 HTTP/1.1" 301 20 "-" "Sogou web spider/4.0(+http://www.sogou.com/docs/help/webmasters.htm#07)"
111.202.100.116 - - [21/Jun/2020:18:58:52 +0800] "GET /?date=1940-6-7&t=day&paged=5 HTTP/1.1" 301 20 "-" "Sogou web spider/4.0(+http://www.sogou.com/docs/help/webmasters.htm#07)"
111.202.100.118 - - [21/Jun/2020:18:59:05 +0800] "GET /?date=2031-9-28&t=day&paged=4 HTTP/1.1" 301 20 "-" "Sogou web spider/4.0(+http://www.sogou.com/docs/help/webmasters.htm#07)"
54.36.149.73 - - [21/Jun/2020:18:59:18 +0800] "GET /?date=2011-7&t=full&paged=6 HTTP/1.1" 301 20 "-" "Mozilla/5.0 (compatible; AhrefsBot/6.1; +http://ahrefs.com/robot/)"
111.202.101.183 - - [21/Jun/2020:18:59:22 +0800] "GET /?date=2029-8-4&t=list&paged=2 HTTP/1.1" 404 30142 "-" "Sogou web spider/4.0(+http://www.sogou.com/docs/help/webmasters.htm#07)"
111.202.101.184 - - [21/Jun/2020:18:59:24 +0800] "GET /?date=1985-9&t=mini&paged=2 HTTP/1.1" 301 20 "-" "Sogou web spider/4.0(+http://www.sogou.com/docs/help/webmasters.htm#07)"
111.202.100.116 - - [21/Jun/2020:18:59:56 +0800] "GET /?date=1940-6-7&t=day&paged=5 HTTP/1.1" 404 30142 "-" "Sogou web spider/4.0(+http://www.sogou.com/docs/help/webmasters.htm#07)"
111.202.100.121 - - [21/Jun/2020:18:59:56 +0800] "GET /?date=1917-3-18&t=mini&paged=2 HTTP/1.1" 404 30142 "-" "Sogou web spider/4.0(+http://www.sogou.com/docs/help/webmasters.htm#07)"
111.202.100.119 - - [21/Jun/2020:18:59:56 +0800] "GET /?date=1943-3-4&t=day&paged=3 HTTP/1.1" 404 30142 "-" "Sogou web spider/4.0(+http://www.sogou.com/docs/help/webmasters.htm#07)"
111.202.100.118 - - [21/Jun/2020:19:00:09 +0800] "GET /?date=2031-9-28&t=day&paged=4 HTTP/1.1" 404 30142 "-" "Sogou web spider/4.0(+http://www.sogou.com/docs/help/webmasters.htm#07)"
111.202.101.184 - - [21/Jun/2020:19:00:28 +0800] "GET /?date=1946-6-19&t=list&paged=5 HTTP/1.1" 404 30142 "-" "Sogou web spider/4.0(+http://www.sogou.com/docs/help/webmasters.htm#07)"
111.202.101.183 - - [21/Jun/2020:19:00:52 +0800] "GET /?date=1905-4-2&t=day&paged=3 HTTP/1.1" 404 30142 "-" "Sogou web spider/4.0(+http://www.sogou.com/docs/help/webmasters.htm#07)"
111.202.100.121 - - [21/Jun/2020:19:01:01 +0800] "GET /?date=1930-3-4&t=day&paged=4 HTTP/1.1" 301 20 "-" "Sogou web spider/4.0(+http://www.sogou.com/docs/help/webmasters.htm#07)"
111.202.100.116 - - [21/Jun/2020:19:01:04 +0800] "GET /?date=1989-1-13&t=day&paged=2 HTTP/1.1" 301 20 "-" "Sogou web spider/4.0(+http://www.sogou.com/docs/help/webmasters.htm#07)"
111.202.100.119 - - [21/Jun/2020:19:01:05 +0800] "GET /?date=1943-9-17&t=list&paged=2 HTTP/1.1" 301 20 "-" "Sogou web spider/4.0(+http://www.sogou.com/docs/help/webmasters.htm#07)"
111.202.100.118 - - [21/Jun/2020:19:01:13 +0800] "GET /?date=1918-7-31&t=day&paged=2 HTTP/1.1" 301 20 "-" "Sogou web spider/4.0(+http://www.sogou.com/docs/help/webmasters.htm#07)"
123.183.224.137 - - [21/Jun/2020:19:01:44 +0800] "GET /?date=1972-12-21&t=list HTTP/1.1" 200 31322 "-" "Sogou web spider/4.0(+http://www.sogou.com/docs/help/webmasters.htm#07)"
54.36.148.177 - - [21/Jun/2020:19:01:45 +0800] "GET /?date=2016-9-25&t=day&paged=7 HTTP/1.1" 301 20 "-" "Mozilla/5.0 (compatible; AhrefsBot/6.1; +http://ahrefs.com/robot/)"
123.183.224.139 - - [21/Jun/2020:19:01:45 +0800] "GET /?date=1945-4&t=22220 HTTP/1.1" 301 20 "-" "Sogou web spider/4.0(+http://www.sogou.com/docs/help/webmasters.htm#07)"
123.183.224.135 - - [21/Jun/2020:19:01:45 +0800] "GET /?date=1952-10-15&t=22220 HTTP/1.1" 301 20 "-" "Sogou web spider/4.0(+http://www.sogou.com/docs/help/webmasters.htm#07)"
123.183.224.136 - - [21/Jun/2020:19:01:46 +0800] "GET /?date=1952-10-15&t=22220 HTTP/1.1" 200 31322 "-" "Sogou web spider/4.0(+http://www.sogou.com/docs/help/webmasters.htm#07)"
111.202.100.121 - - [21/Jun/2020:19:02:26 +0800] "GET /?date=1918-7-31&t=day&paged=2 HTTP/1.1" 404 30142 "-" "Sogou web spider/4.0(+http://www.sogou.com/docs/help/webmasters.htm#07)"
111.202.100.119 - - [21/Jun/2020:19:02:28 +0800] "GET /?date=1989-1-13&t=day&paged=2 HTTP/1.1" 404 30142 "-" "Sogou web spider/4.0(+http://www.sogou.com/docs/help/webmasters.htm#07)"
111.202.100.116 - - [21/Jun/2020:19:02:29 +0800] "GET /?date=1930-3-4&t=day&paged=4 HTTP/1.1" 404 30142 "-" "Sogou web spider/4.0(+http://www.sogou.com/docs/help/webmasters.htm#07)"
111.202.100.118 - - [21/Jun/2020:19:02:30 +0800] "GET /?date=1943-9-17&t=list&paged=2 HTTP/1.1" 404 30142 "-" "Sogou web spider/4.0(+http://www.sogou.com/docs/help/webmasters.htm#07)"
123.183.224.137 - - [21/Jun/2020:19:02:51 +0800] "GET /?date=2023-3-13&t=list HTTP/1.1" 301 20 "-" "Sogou web spider/4.0(+http://www.sogou.com/docs/help/webmasters.htm#07)"
123.183.224.136 - - [21/Jun/2020:19:03:25 +0800] "GET /?date=2029-3-8&t=list&paged=2 HTTP/1.1" 404 30142 "-" "Sogou web spider/4.0(+http://www.sogou.com/docs/help/webmasters.htm#07)"
111.202.100.121 - - [21/Jun/2020:19:03:31 +0800] "GET /?date=1913-7-14&t=mini&paged=2 HTTP/1.1" 301 20 "-" "Sogou web spider/4.0(+http://www.sogou.com/docs/help/webmasters.htm#07)"
111.202.100.119 - - [21/Jun/2020:19:03:33 +0800] "GET /?date=1999-4-13&t=day&paged=2 HTTP/1.1" 301 20 "-" "Sogou web spider/4.0(+http://www.sogou.com/docs/help/webmasters.htm#07)"
111.202.100.116 - - [21/Jun/2020:19:03:34 +0800] "GET /?date=1996-7-1&t=day&paged=3 HTTP/1.1" 301 20 "-" "Sogou web spider/4.0(+http://www.sogou.com/docs/help/webmasters.htm#07)"
111.202.100.118 - - [21/Jun/2020:19:03:35 +0800] "GET /?date=1917-7-24&t=day&paged=2 HTTP/1.1" 301 20 "-" "Sogou web spider/4.0(+http://www.sogou.com/docs/help/webmasters.htm#07)"
123.183.224.137 - - [21/Jun/2020:19:03:55 +0800] "GET /?date=1945-4&t=22220 HTTP/1.1" 200 31322 "-" "Sogou web spider/4.0(+http://www.sogou.com/docs/help/webmasters.htm#07)"
123.183.224.139 - - [21/Jun/2020:19:03:56 +0800] "GET /?date=1960-8-29&t=list&paged=3 HTTP/1.1" 301 20 "-" "Sogou web spider/4.0(+http://www.sogou.com/docs/help/webmasters.htm#07)"
123.183.224.135 - - [21/Jun/2020:19:03:56 +0800] "GET /?date=1907-9-1&t=week&paged=4 HTTP/1.1" 301 20 "-" "Sogou web spider/4.0(+http://www.sogou.com/docs/help/webmasters.htm#07)"
111.202.100.121 - - [21/Jun/2020:19:04:36 +0800] "GET /?date=1913-7-14&t=mini&paged=2 HTTP/1.1" 404 30142 "-" "Sogou web spider/4.0(+http://www.sogou.com/docs/help/webmasters.htm#07)"
111.202.100.119 - - [21/Jun/2020:19:04:37 +0800] "GET /?date=1999-4-13&t=day&paged=2 HTTP/1.1" 404 30142 "-" "Sogou web spider/4.0(+http://www.sogou.com/docs/help/webmasters.htm#07)"
111.202.100.116 - - [21/Jun/2020:19:04:44 +0800] "GET /?date=1996-7-1&t=day&paged=3 HTTP/1.1" 404 30142 "-" "Sogou web spider/4.0(+http://www.sogou.com/docs/help/webmasters.htm#07)"
54.36.148.142 - - [21/Jun/2020:19:04:44 +0800] "GET /?date=2000-6-9&t=day&paged=4 HTTP/1.1" 301 20 "-" "Mozilla/5.0 (compatible; AhrefsBot/6.1; +http://ahrefs.com/robot/)"
111.202.100.118 - - [21/Jun/2020:19:04:47 +0800] "GET /?date=1917-7-24&t=day&paged=2 HTTP/1.1" 404 30142 "-" "Sogou web spider/4.0(+http://www.sogou.com/docs/help/webmasters.htm#07)"
123.183.224.137 - - [21/Jun/2020:19:05:00 +0800] "GET /?date=1912-4-20&t=day&paged=2 HTTP/1.1" 301 20 "-" "Sogou web spider/4.0(+http://www.sogou.com/docs/help/webmasters.htm#07)"
123.183.224.139 - - [21/Jun/2020:19:05:00 +0800] "GET /?date=1960-8-29&t=list&paged=3 HTTP/1.1" 404 30142 "-" "Sogou web spider/4.0(+http://www.sogou.com/docs/help/webmasters.htm#07)"
123.183.224.136 - - [21/Jun/2020:19:05:00 +0800] "GET /?date=1912-12-4&t=day&paged=2 HTTP/1.1" 301 20 "-" "Sogou web spider/4.0(+http://www.sogou.com/docs/help/webmasters.htm#07)"
123.183.224.135 - - [21/Jun/2020:19:05:04 +0800] "GET /?date=1907-9-1&t=week&paged=4 HTTP/1.1" 404 30142 "-" "Sogou web spider/4.0(+http://www.sogou.com/docs/help/webmasters.htm#07)"
192.0.102.40 - - [21/Jun/2020:19:05:10 +0800] "HEAD / HTTP/1.1" 200 - "-" "jetmon/1.0 (Jetpack Site Uptime Monitor by WordPress.com)"
54.36.149.39 - - [21/Jun/2020:19:05:32 +0800] "GET /?date=2015-3-5&t=day&paged=3 HTTP/1.1" 301 20 "-" "Mozilla/5.0 (compatible; AhrefsBot/6.1; +http://ahrefs.com/robot/)"
54.36.148.151 - - [21/Jun/2020:19:05:33 +0800] "GET /?date=2009-9-30&t=day&paged=2 HTTP/1.1" 301 20 "-" "Mozilla/5.0 (compatible; AhrefsBot/6.1; +http://ahrefs.com/robot/)"
123.183.224.137 - - [21/Jun/2020:19:06:04 +0800] "GET /?date=2023-3-13&t=list HTTP/1.1" 200 31322 "-" "Sogou web spider/4.0(+http://www.sogou.com/docs/help/webmasters.htm#07)"
123.183.224.136 - - [21/Jun/2020:19:06:04 +0800] "GET /?date=2034-8-13&t=list&paged=2 HTTP/1.1" 404 30142 "-" "Sogou web spider/4.0(+http://www.sogou.com/docs/help/webmasters.htm#07)"
123.183.224.135 - - [21/Jun/2020:19:06:08 +0800] "GET /?date=1953-6-28&t=week&paged=2 HTTP/1.1" 301 20 "-" "Sogou web spider/4.0(+http://www.sogou.com/docs/help/webmasters.htm#07)"
123.183.224.139 - - [21/Jun/2020:19:06:17 +0800] "GET /?date=1935-11&t=list&paged=6 HTTP/1.1" 301 20 "-" "Sogou web spider/4.0(+http://www.sogou.com/docs/help/webmasters.htm#07)"
123.183.224.136 - - [21/Jun/2020:19:07:08 +0800] "GET /?date=1910-1-2&t=week&paged=4 HTTP/1.1" 301 20 "-" "Sogou web spider/4.0(+http://www.sogou.com/docs/help/webmasters.htm#07)"
123.183.224.137 - - [21/Jun/2020:19:07:12 +0800] "GET /?date=2009-9-22&t=list&paged=2 HTTP/1.1" 301 20 "-" "Sogou web spider/4.0(+http://www.sogou.com/docs/help/webmasters.htm#07)"
123.183.224.135 - - [21/Jun/2020:19:07:12 +0800] "GET /?date=1953-6-28&t=week&paged=2 HTTP/1.1" 404 30142 "-" "Sogou web spider/4.0(+http://www.sogou.com/docs/help/webmasters.htm#07)"
14.0.180.174 - - [21/Jun/2020:19:07:18 +0800] "GET / HTTP/1.1" 200 31342 "https://www.google.com/" "Mozilla/5.0 (Linux; Android 5.0.1; GT-I9505) AppleWebKit/537.36 (KHTML, like Gecko) Chrome/81.0.4044.138 Mobile Safari/537.36"
14.0.180.174 - - [21/Jun/2020:19:07:20 +0800] "GET /wp-includes/css/dist/block-library/style.min.css?ver=5.4.1 HTTP/1.1" 200 7642 "http://tmcc.org.hk/" "Mozilla/5.0 (Linux; Android 5.0.1; GT-I9505) AppleWebKit/537.36 (KHTML, like Gecko) Chrome/81.0.4044.138 Mobile Safari/537.36"
14.0.180.174 - - [21/Jun/2020:19:07:20 +0800] "GET /wp-content/plugins/jetpack/modules/theme-tools/compat/twentytwenty.css?ver=8.4.2 HTTP/1.1" 200 1508 "http://tmcc.org.hk/" "Mozilla/5.0 (Linux; Android 5.0.1; GT-I9505) AppleWebKit/537.36 (KHTML, like Gecko) Chrome/81.0.4044.138 Mobile Safari/537.36"
14.0.180.174 - - [21/Jun/2020:19:07:20 +0800] "GET /wp-content/themes/twentytwenty/style.css?ver=1.2 HTTP/1.1" 200 22983 "http://tmcc.org.hk/" "Mozilla/5.0 (Linux; Android 5.0.1; GT-I9505) AppleWebKit/537.36 (KHTML, like Gecko) Chrome/81.0.4044.138 Mobile Safari/537.36"
14.0.180.174 - - [21/Jun/2020:19:07:20 +0800] "GET /wp-content/plugins/jetpack/css/jetpack.css?ver=8.4.2 HTTP/1.1" 200 13124 "http://tmcc.org.hk/" "Mozilla/5.0 (Linux; Android 5.0.1; GT-I9505) AppleWebKit/537.36 (KHTML, like Gecko) Chrome/81.0.4044.138 Mobile Safari/537.36"
14.0.180.174 - - [21/Jun/2020:19:07:20 +0800] "GET /wp-includes/js/wp-embed.min.js?ver=5.4.1 HTTP/1.1" 200 769 "http://tmcc.org.hk/" "Mozilla/5.0 (Linux; Android 5.0.1; GT-I9505) AppleWebKit/537.36 (KHTML, like Gecko) Chrome/81.0.4044.138 Mobile Safari/537.36"
14.0.180.174 - - [21/Jun/2020:19:07:21 +0800] "GET /wp-content/themes/twentytwenty/assets/js/index.js?ver=1.2 HTTP/1.1" 200 6703 "http://tmcc.org.hk/" "Mozilla/5.0 (Linux; Android 5.0.1; GT-I9505) AppleWebKit/537.36 (KHTML, like Gecko) Chrome/81.0.4044.138 Mobile Safari/537.36"
14.0.180.174 - - [21/Jun/2020:19:07:21 +0800] "GET /wp-includes/js/wp-emoji-release.min.js?ver=5.4.1 HTTP/1.1" 200 4653 "http://tmcc.org.hk/" "Mozilla/5.0 (Linux; Android 5.0.1; GT-I9505) AppleWebKit/537.36 (KHTML, like Gecko) Chrome/81.0.4044.138 Mobile Safari/537.36"
14.0.180.174 - - [21/Jun/2020:19:07:21 +0800] "GET /wp-content/themes/twentytwenty/print.css?ver=1.2 HTTP/1.1" 200 991 "http://tmcc.org.hk/" "Mozilla/5.0 (Linux; Android 5.0.1; GT-I9505) AppleWebKit/537.36 (KHTML, like Gecko) Chrome/81.0.4044.138 Mobile Safari/537.36"
123.183.224.139 - - [21/Jun/2020:19:07:21 +0800] "GET /?date=1921-7-4&t=mini&paged=2 HTTP/1.1" 404 30142 "-" "Sogou web spider/4.0(+http://www.sogou.com/docs/help/webmasters.htm#07)"
14.0.180.174 - - [21/Jun/2020:19:07:21 +0800] "GET /wp-content/uploads/TMCClogo-with-text-01-1024x253.png HTTP/1.1" 200 130725 "http://tmcc.org.hk/" "Mozilla/5.0 (Linux; Android 5.0.1; GT-I9505) AppleWebKit/537.36 (KHTML, like Gecko) Chrome/81.0.4044.138 Mobile Safari/537.36"
14.0.180.174 - - [21/Jun/2020:19:07:22 +0800] "GET /wp-content/uploads/2020/04/TMCClogo-300x300.png HTTP/1.1" 200 46276 "http://tmcc.org.hk/" "Mozilla/5.0 (Linux; Android 5.0.1; GT-I9505) AppleWebKit/537.36 (KHTML, like Gecko) Chrome/81.0.4044.138 Mobile Safari/537.36"
54.36.148.128 - - [21/Jun/2020:19:07:47 +0800] "GET /?date=2008-9-24&t=day&paged=5 HTTP/1.1" 301 20 "-" "Mozilla/5.0 (compatible; AhrefsBot/6.1; +http://ahrefs.com/robot/)"
14.0.180.174 - - [21/Jun/2020:19:07:56 +0800] "GET /%e7%94%b3%e8%ab%8b%e5%8a%a0%e5%85%a5/ HTTP/1.1" 200 31611 "http://tmcc.org.hk/" "Mozilla/5.0 (Linux; Android 5.0.1; GT-I9505) AppleWebKit/537.36 (KHTML, like Gecko) Chrome/81.0.4044.138 Mobile Safari/537.36"
14.0.180.174 - - [21/Jun/2020:19:07:58 +0800] "GET /wp-content/uploads/2021%E6%8B%9B%E7%94%9FQRCODE.png HTTP/1.1" 200 3736 "http://tmcc.org.hk/%e7%94%b3%e8%ab%8b%e5%8a%a0%e5%85%a5/" "Mozilla/5.0 (Linux; Android 5.0.1; GT-I9505) AppleWebKit/537.36 (KHTML, like Gecko) Chrome/81.0.4044.138 Mobile Safari/537.36"
123.183.224.136 - - [21/Jun/2020:19:08:14 +0800] "GET /?date=1985-6-23&t=list&paged=3 HTTP/1.1" 404 30142 "-" "Sogou web spider/4.0(+http://www.sogou.com/docs/help/webmasters.htm#07)"
123.183.224.137 - - [21/Jun/2020:19:08:16 +0800] "GET /?date=1983-10-22&t=mini&paged=3 HTTP/1.1" 404 30142 "-" "Sogou web spider/4.0(+http://www.sogou.com/docs/help/webmasters.htm#07)"
123.183.224.135 - - [21/Jun/2020:19:08:21 +0800] "GET /?date=1914-1-26&t=day&paged=2 HTTP/1.1" 301 20 "-" "Sogou web spider/4.0(+http://www.sogou.com/docs/help/webmasters.htm#07)"
123.183.224.139 - - [21/Jun/2020:19:08:29 +0800] "GET /?date=1951-9-24&t=list&paged=4 HTTP/1.1" 301 20 "-" "Sogou web spider/4.0(+http://www.sogou.com/docs/help/webmasters.htm#07)"
54.36.148.190 - - [21/Jun/2020:19:08:53 +0800] "GET /?date=2002-9-17&t=day&paged=5 HTTP/1.1" 301 20 "-" "Mozilla/5.0 (compatible; AhrefsBot/6.1; +http://ahrefs.com/robot/)"
123.183.224.136 - - [21/Jun/2020:19:09:19 +0800] "GET /?date=1919-7-31&t=day&paged=2 HTTP/1.1" 301 20 "-" "Sogou web spider/4.0(+http://www.sogou.com/docs/help/webmasters.htm#07)"
123.183.224.135 - - [21/Jun/2020:19:09:25 +0800] "GET /?date=1994-4-17&t=list HTTP/1.1" 200 31322 "-" "Sogou web spider/4.0(+http://www.sogou.com/docs/help/webmasters.htm#07)"
123.183.224.137 - - [21/Jun/2020:19:09:27 +0800] "GET /?date=1984-8-29&t=list&paged=3 HTTP/1.1" 301 20 "-" "Sogou web spider/4.0(+http://www.sogou.com/docs/help/webmasters.htm#07)"
123.183.224.139 - - [21/Jun/2020:19:09:33 +0800] "GET /?date=1935-11&t=list&paged=6 HTTP/1.1" 404 30142 "-" "Sogou web spider/4.0(+http://www.sogou.com/docs/help/webmasters.htm#07)"
123.183.224.136 - - [21/Jun/2020:19:10:23 +0800] "GET /?date=1912-12-4&t=day&paged=2 HTTP/1.1" 404 30142 "-" "Sogou web spider/4.0(+http://www.sogou.com/docs/help/webmasters.htm#07)"
123.183.224.137 - - [21/Jun/2020:19:10:32 +0800] "GET /?date=1912-4-20&t=day&paged=2 HTTP/1.1" 404 30142 "-" "Sogou web spider/4.0(+http://www.sogou.com/docs/help/webmasters.htm#07)"
123.183.224.135 - - [21/Jun/2020:19:10:37 +0800] "GET /?date=1914-1-26&t=day&paged=2 HTTP/1.1" 404 30142 "-" "Sogou web spider/4.0(+http://www.sogou.com/docs/help/webmasters.htm#07)"
123.183.224.139 - - [21/Jun/2020:19:10:46 +0800] "GET /?date=1964-6-6&t=list&paged=5 HTTP/1.1" 404 30142 "-" "Sogou web spider/4.0(+http://www.sogou.com/docs/help/webmasters.htm#07)"
123.183.224.136 - - [21/Jun/2020:19:11:28 +0800] "GET /?date=1910-1-2&t=week&paged=4 HTTP/1.1" 404 30142 "-" "Sogou web spider/4.0(+http://www.sogou.com/docs/help/webmasters.htm#07)"
123.183.224.137 - - [21/Jun/2020:19:11:41 +0800] "GET /?date=2009-9-22&t=list&paged=2 HTTP/1.1" 404 30142 "-" "Sogou web spider/4.0(+http://www.sogou.com/docs/help/webmasters.htm#07)"
123.183.224.135 - - [21/Jun/2020:19:11:55 +0800] "GET /?date=1932-12-21&t=day&paged=5 HTTP/1.1" 404 30142 "-" "Sogou web spider/4.0(+http://www.sogou.com/docs/help/webmasters.htm#07)"
123.183.224.139 - - [21/Jun/2020:19:11:59 +0800] "GET /?date=1951-9-24&t=list&paged=4 HTTP/1.1" 404 30142 "-" "Sogou web spider/4.0(+http://www.sogou.com/docs/help/webmasters.htm#07)"
54.36.148.171 - - [21/Jun/2020:19:12:00 +0800] "GET /index.php?option=com_joomdoc&task=doc_details&gid=331&Itemid=36 HTTP/1.1" 301 20 "-" "Mozilla/5.0 (compatible; AhrefsBot/6.1; +http://ahrefs.com/robot/)"
123.183.224.136 - - [21/Jun/2020:19:12:36 +0800] "GET /?date=1945-9&t=22220&paged=4 HTTP/1.1" 404 30142 "-" "Sogou web spider/4.0(+http://www.sogou.com/docs/help/webmasters.htm#07)"
123.183.224.137 - - [21/Jun/2020:19:12:49 +0800] "GET /?date=1929-5-29&t=day&paged=5 HTTP/1.1" 404 30142 "-" "Sogou web spider/4.0(+http://www.sogou.com/docs/help/webmasters.htm#07)"
123.183.224.135 - - [21/Jun/2020:19:13:00 +0800] "GET /?date=2030-5-13&t=day&paged=4 HTTP/1.1" 404 30142 "-" "Sogou web spider/4.0(+http://www.sogou.com/docs/help/webmasters.htm#07)"
123.183.224.139 - - [21/Jun/2020:19:13:19 +0800] "GET /?date=1988-10-7&t=list&paged=2 HTTP/1.1" 404 30142 "-" "Sogou web spider/4.0(+http://www.sogou.com/docs/help/webmasters.htm#07)"
192.0.102.40 - - [21/Jun/2020:19:13:33 +0800] "HEAD / HTTP/1.1" 200 - "-" "jetmon/1.0 (Jetpack Site Uptime Monitor by WordPress.com)"
123.183.224.136 - - [21/Jun/2020:19:13:45 +0800] "GET /?date=1919-7-31&t=day&paged=2 HTTP/1.1" 404 30142 "-" "Sogou web spider/4.0(+http://www.sogou.com/docs/help/webmasters.htm#07)"
123.183.224.137 - - [21/Jun/2020:19:13:54 +0800] "GET /?date=1984-8-29&t=list&paged=3 HTTP/1.1" 404 30142 "-" "Sogou web spider/4.0(+http://www.sogou.com/docs/help/webmasters.htm#07)"
54.36.149.53 - - [21/Jun/2020:19:14:41 +0800] "GET /?date=2000-5-5&t=day&paged=8 HTTP/1.1" 301 20 "-" "Mozilla/5.0 (compatible; AhrefsBot/6.1; +http://ahrefs.com/robot/)"
216.244.66.248 - - [21/Jun/2020:19:15:41 +0800] "GET /?date=1992-9-27&t=day HTTP/1.1" 301 - "-" "Mozilla/5.0 (compatible; DotBot/1.1; http://www.opensiteexplorer.org/dotbot, help@moz.com)"
216.244.66.248 - - [21/Jun/2020:19:15:47 +0800] "GET /?date=1996-3-5&t=mini HTTP/1.1" 301 - "-" "Mozilla/5.0 (compatible; DotBot/1.1; http://www.opensiteexplorer.org/dotbot, help@moz.com)"
216.244.66.248 - - [21/Jun/2020:19:15:51 +0800] "GET /?date=2002-1-20&t=week HTTP/1.1" 301 - "-" "Mozilla/5.0 (compatible; DotBot/1.1; http://www.opensiteexplorer.org/dotbot, help@moz.com)"
14.0.169.187 - - [21/Jun/2020:19:15:54 +0800] "GET / HTTP/1.1" 200 31342 "https://www.google.com/" "Mozilla/5.0 (Windows NT 10.0; Win64; x64) AppleWebKit/537.36 (KHTML, like Gecko) Chrome/80.0.3987.149 Safari/537.36"
14.0.169.187 - - [21/Jun/2020:19:15:54 +0800] "GET /wp-includes/css/dist/block-library/style.min.css?ver=5.4.1 HTTP/1.1" 200 7642 "http://tmcc.org.hk/" "Mozilla/5.0 (Windows NT 10.0; Win64; x64) AppleWebKit/537.36 (KHTML, like Gecko) Chrome/80.0.3987.149 Safari/537.36"
14.0.169.187 - - [21/Jun/2020:19:15:54 +0800] "GET /wp-content/themes/twentytwenty/style.css?ver=1.2 HTTP/1.1" 200 22983 "http://tmcc.org.hk/" "Mozilla/5.0 (Windows NT 10.0; Win64; x64) AppleWebKit/537.36 (KHTML, like Gecko) Chrome/80.0.3987.149 Safari/537.36"
14.0.169.187 - - [21/Jun/2020:19:15:54 +0800] "GET /wp-content/plugins/jetpack/modules/theme-tools/compat/twentytwenty.css?ver=8.4.2 HTTP/1.1" 200 1508 "http://tmcc.org.hk/" "Mozilla/5.0 (Windows NT 10.0; Win64; x64) AppleWebKit/537.36 (KHTML, like Gecko) Chrome/80.0.3987.149 Safari/537.36"
14.0.169.187 - - [21/Jun/2020:19:15:54 +0800] "GET /wp-content/plugins/jetpack/css/jetpack.css?ver=8.4.2 HTTP/1.1" 200 13124 "http://tmcc.org.hk/" "Mozilla/5.0 (Windows NT 10.0; Win64; x64) AppleWebKit/537.36 (KHTML, like Gecko) Chrome/80.0.3987.149 Safari/537.36"
14.0.169.187 - - [21/Jun/2020:19:15:54 +0800] "GET /wp-content/themes/twentytwenty/assets/js/index.js?ver=1.2 HTTP/1.1" 200 6703 "http://tmcc.org.hk/" "Mozilla/5.0 (Windows NT 10.0; Win64; x64) AppleWebKit/537.36 (KHTML, like Gecko) Chrome/80.0.3987.149 Safari/537.36"
14.0.169.187 - - [21/Jun/2020:19:15:55 +0800] "GET /wp-includes/js/wp-embed.min.js?ver=5.4.1 HTTP/1.1" 200 769 "http://tmcc.org.hk/" "Mozilla/5.0 (Windows NT 10.0; Win64; x64) AppleWebKit/537.36 (KHTML, like Gecko) Chrome/80.0.3987.149 Safari/537.36"
14.0.169.187 - - [21/Jun/2020:19:15:55 +0800] "GET /wp-content/uploads/TMCClogo-with-text-01.png HTTP/1.1" 200 94396 "http://tmcc.org.hk/" "Mozilla/5.0 (Windows NT 10.0; Win64; x64) AppleWebKit/537.36 (KHTML, like Gecko) Chrome/80.0.3987.149 Safari/537.36"
216.244.66.248 - - [21/Jun/2020:19:15:56 +0800] "GET /?date=2002-2-11&t=day HTTP/1.1" 301 - "-" "Mozilla/5.0 (compatible; DotBot/1.1; http://www.opensiteexplorer.org/dotbot, help@moz.com)"
216.244.66.248 - - [21/Jun/2020:19:15:59 +0800] "GET /?date=2009-7-1&t=mini&paged=2 HTTP/1.1" 301 - "-" "Mozilla/5.0 (compatible; DotBot/1.1; http://www.opensiteexplorer.org/dotbot, help@moz.com)"
216.244.66.248 - - [21/Jun/2020:19:16:03 +0800] "GET /?date=2024-1-29&t=mini HTTP/1.1" 301 - "-" "Mozilla/5.0 (compatible; DotBot/1.1; http://www.opensiteexplorer.org/dotbot, help@moz.com)"
54.36.148.156 - - [21/Jun/2020:19:16:25 +0800] "GET /?date=2015-11-24&t=day&paged=7 HTTP/1.1" 301 20 "-" "Mozilla/5.0 (compatible; AhrefsBot/6.1; +http://ahrefs.com/robot/)"
216.244.66.248 - - [21/Jun/2020:19:16:56 +0800] "GET /?date=2024-1&t=mini&paged=2 HTTP/1.1" 301 - "-" "Mozilla/5.0 (compatible; DotBot/1.1; http://www.opensiteexplorer.org/dotbot, help@moz.com)"
216.244.66.248 - - [21/Jun/2020:19:17:59 +0800] "GET /?date=2006-4&t=list&paged=3 HTTP/1.1" 301 - "-" "Mozilla/5.0 (compatible; DotBot/1.1; http://www.opensiteexplorer.org/dotbot, help@moz.com)"
216.244.66.248 - - [21/Jun/2020:19:19:04 +0800] "GET /?date=2016-8&t=list&paged=3 HTTP/1.1" 301 - "-" "Mozilla/5.0 (compatible; DotBot/1.1; http://www.opensiteexplorer.org/dotbot, help@moz.com)"
216.244.66.248 - - [21/Jun/2020:19:19:07 +0800] "GET /?date=2023-2&t=list&paged=4 HTTP/1.1" 301 - "-" "Mozilla/5.0 (compatible; DotBot/1.1; http://www.opensiteexplorer.org/dotbot, help@moz.com)"
216.244.66.248 - - [21/Jun/2020:19:19:40 +0800] "GET /?date=1994-6-19&t=mini&paged=2 HTTP/1.1" 301 - "-" "Mozilla/5.0 (compatible; DotBot/1.1; http://www.opensiteexplorer.org/dotbot, help@moz.com)"
216.244.66.248 - - [21/Jun/2020:19:19:42 +0800] "GET /?date=1996-5-24&t=mini&paged=2 HTTP/1.1" 301 - "-" "Mozilla/5.0 (compatible; DotBot/1.1; http://www.opensiteexplorer.org/dotbot, help@moz.com)"
216.244.66.248 - - [21/Jun/2020:19:19:45 +0800] "GET /?date=2004-10&t=list&paged=4 HTTP/1.1" 301 - "-" "Mozilla/5.0 (compatible; DotBot/1.1; http://www.opensiteexplorer.org/dotbot, help@moz.com)"
216.244.66.248 - - [21/Jun/2020:19:19:47 +0800] "GET /?date=2009-10-5&t=day&paged=2 HTTP/1.1" 301 - "-" "Mozilla/5.0 (compatible; DotBot/1.1; http://www.opensiteexplorer.org/dotbot, help@moz.com)"
216.244.66.248 - - [21/Jun/2020:19:19:49 +0800] "GET /?date=2011-7-20&t=mini&paged=2 HTTP/1.1" 301 - "-" "Mozilla/5.0 (compatible; DotBot/1.1; http://www.opensiteexplorer.org/dotbot, help@moz.com)"
216.244.66.248 - - [21/Jun/2020:19:19:51 +0800] "GET /?date=2012-9-16&t=day&paged=2 HTTP/1.1" 301 - "-" "Mozilla/5.0 (compatible; DotBot/1.1; http://www.opensiteexplorer.org/dotbot, help@moz.com)"
216.244.66.248 - - [21/Jun/2020:19:19:52 +0800] "GET /?date=2013-7-7&t=day&paged=3 HTTP/1.1" 301 - "-" "Mozilla/5.0 (compatible; DotBot/1.1; http://www.opensiteexplorer.org/dotbot, help@moz.com)"
216.244.66.248 - - [21/Jun/2020:19:19:54 +0800] "GET /?date=2013-9-3&t=day&paged=2 HTTP/1.1" 301 - "-" "Mozilla/5.0 (compatible; DotBot/1.1; http://www.opensiteexplorer.org/dotbot, help@moz.com)"
54.36.149.76 - - [21/Jun/2020:19:19:55 +0800] "GET /?date=2014-11-20&t=day&paged=5 HTTP/1.1" 301 20 "-" "Mozilla/5.0 (compatible; AhrefsBot/6.1; +http://ahrefs.com/robot/)"
216.244.66.248 - - [21/Jun/2020:19:19:56 +0800] "GET /?date=2014-4-20&t=mini&paged=2 HTTP/1.1" 301 - "-" "Mozilla/5.0 (compatible; DotBot/1.1; http://www.opensiteexplorer.org/dotbot, help@moz.com)"
216.244.66.248 - - [21/Jun/2020:19:19:57 +0800] "GET /?date=2016-1-5&t=mini&paged=2 HTTP/1.1" 301 - "-" "Mozilla/5.0 (compatible; DotBot/1.1; http://www.opensiteexplorer.org/dotbot, help@moz.com)"
216.244.66.248 - - [21/Jun/2020:19:19:59 +0800] "GET /?date=2016-7-16&t=list&paged=2 HTTP/1.1" 301 - "-" "Mozilla/5.0 (compatible; DotBot/1.1; http://www.opensiteexplorer.org/dotbot, help@moz.com)"
216.244.66.248 - - [21/Jun/2020:19:20:01 +0800] "GET /?date=2018-4-13&t=list&paged=2 HTTP/1.1" 301 - "-" "Mozilla/5.0 (compatible; DotBot/1.1; http://www.opensiteexplorer.org/dotbot, help@moz.com)"
216.244.66.248 - - [21/Jun/2020:19:20:02 +0800] "GET /?date=2020-11-3&t=day&paged=2 HTTP/1.1" 301 - "-" "Mozilla/5.0 (compatible; DotBot/1.1; http://www.opensiteexplorer.org/dotbot, help@moz.com)"
216.244.66.248 - - [21/Jun/2020:19:20:04 +0800] "GET /?date=2020-8-13&t=list&paged=2 HTTP/1.1" 301 - "-" "Mozilla/5.0 (compatible; DotBot/1.1; http://www.opensiteexplorer.org/dotbot, help@moz.com)"
