216.244.66.248 - - [22/Jun/2020:03:03:38 +0800] "GET /?date=1995-4-5&t=day&paged=2 HTTP/1.1" 301 - "-" "Mozilla/5.0 (compatible; DotBot/1.1; http://www.opensiteexplorer.org/dotbot, help@moz.com)"
216.244.66.248 - - [22/Jun/2020:03:03:39 +0800] "GET /?date=2001-2&t=list&paged=5 HTTP/1.1" 301 - "-" "Mozilla/5.0 (compatible; DotBot/1.1; http://www.opensiteexplorer.org/dotbot, help@moz.com)"
216.244.66.248 - - [22/Jun/2020:03:03:41 +0800] "GET /?date=2016-8&t=list&paged=4 HTTP/1.1" 301 - "-" "Mozilla/5.0 (compatible; DotBot/1.1; http://www.opensiteexplorer.org/dotbot, help@moz.com)"
216.244.66.248 - - [22/Jun/2020:03:03:43 +0800] "GET /?date=2028-10&t=mini&paged=2 HTTP/1.1" 301 - "-" "Mozilla/5.0 (compatible; DotBot/1.1; http://www.opensiteexplorer.org/dotbot, help@moz.com)"
54.36.148.58 - - [22/Jun/2020:03:03:59 +0800] "GET /?date=2000-2-14&t=day&paged=5 HTTP/1.1" 301 20 "-" "Mozilla/5.0 (compatible; AhrefsBot/6.1; +http://ahrefs.com/robot/)"
216.244.66.248 - - [22/Jun/2020:03:04:07 +0800] "GET /?date=1991-7-4&t=mini&paged=2 HTTP/1.1" 301 - "-" "Mozilla/5.0 (compatible; DotBot/1.1; http://www.opensiteexplorer.org/dotbot, help@moz.com)"
216.244.66.248 - - [22/Jun/2020:03:04:08 +0800] "GET /?date=1992-10-2&t=day&paged=2 HTTP/1.1" 301 - "-" "Mozilla/5.0 (compatible; DotBot/1.1; http://www.opensiteexplorer.org/dotbot, help@moz.com)"
192.0.102.40 - - [22/Jun/2020:03:04:09 +0800] "HEAD / HTTP/1.1" 200 - "-" "jetmon/1.0 (Jetpack Site Uptime Monitor by WordPress.com)"
216.244.66.248 - - [22/Jun/2020:03:04:10 +0800] "GET /?date=1993-11-2&t=mini&paged=2 HTTP/1.1" 301 - "-" "Mozilla/5.0 (compatible; DotBot/1.1; http://www.opensiteexplorer.org/dotbot, help@moz.com)"
216.244.66.248 - - [22/Jun/2020:03:04:12 +0800] "GET /?date=1993-2-6&t=list&paged=2 HTTP/1.1" 301 - "-" "Mozilla/5.0 (compatible; DotBot/1.1; http://www.opensiteexplorer.org/dotbot, help@moz.com)"
216.244.66.248 - - [22/Jun/2020:03:04:14 +0800] "GET /?date=1996-4-10&t=day&paged=2 HTTP/1.1" 301 - "-" "Mozilla/5.0 (compatible; DotBot/1.1; http://www.opensiteexplorer.org/dotbot, help@moz.com)"
216.244.66.248 - - [22/Jun/2020:03:04:15 +0800] "GET /?date=1999-2-27&t=day&paged=2 HTTP/1.1" 301 - "-" "Mozilla/5.0 (compatible; DotBot/1.1; http://www.opensiteexplorer.org/dotbot, help@moz.com)"
216.244.66.248 - - [22/Jun/2020:03:04:17 +0800] "GET /?date=2000-11-6&t=list&paged=2 HTTP/1.1" 301 - "-" "Mozilla/5.0 (compatible; DotBot/1.1; http://www.opensiteexplorer.org/dotbot, help@moz.com)"
54.36.149.33 - - [22/Jun/2020:03:04:32 +0800] "GET /?date=1997-2-4&t=day&paged=2 HTTP/1.1" 301 20 "-" "Mozilla/5.0 (compatible; AhrefsBot/6.1; +http://ahrefs.com/robot/)"
216.244.66.248 - - [22/Jun/2020:03:04:34 +0800] "GET /?date=2001-4-6&t=mini&paged=2 HTTP/1.1" 301 - "-" "Mozilla/5.0 (compatible; DotBot/1.1; http://www.opensiteexplorer.org/dotbot, help@moz.com)"
54.36.148.63 - - [22/Jun/2020:03:04:43 +0800] "GET /?date=2002-8-20&t=day&paged=7 HTTP/1.1" 301 20 "-" "Mozilla/5.0 (compatible; AhrefsBot/6.1; +http://ahrefs.com/robot/)"
216.244.66.248 - - [22/Jun/2020:03:04:44 +0800] "GET /?date=2003-2-2&t=list&paged=3 HTTP/1.1" 301 - "-" "Mozilla/5.0 (compatible; DotBot/1.1; http://www.opensiteexplorer.org/dotbot, help@moz.com)"
216.244.66.248 - - [22/Jun/2020:03:04:54 +0800] "GET /?date=2010-7-12&t=mini&paged=3 HTTP/1.1" 301 - "-" "Mozilla/5.0 (compatible; DotBot/1.1; http://www.opensiteexplorer.org/dotbot, help@moz.com)"
216.244.66.248 - - [22/Jun/2020:03:05:03 +0800] "GET /?date=2013-11-15&t=mini&paged=2 HTTP/1.1" 301 - "-" "Mozilla/5.0 (compatible; DotBot/1.1; http://www.opensiteexplorer.org/dotbot, help@moz.com)"
216.244.66.248 - - [22/Jun/2020:03:05:13 +0800] "GET /?date=2015-8-18&t=mini&paged=2 HTTP/1.1" 301 - "-" "Mozilla/5.0 (compatible; DotBot/1.1; http://www.opensiteexplorer.org/dotbot, help@moz.com)"
216.244.66.248 - - [22/Jun/2020:03:05:23 +0800] "GET /?date=2017-11-24&t=mini&paged=2 HTTP/1.1" 301 - "-" "Mozilla/5.0 (compatible; DotBot/1.1; http://www.opensiteexplorer.org/dotbot, help@moz.com)"
216.244.66.248 - - [22/Jun/2020:03:05:33 +0800] "GET /?date=2017-3-5&t=week&paged=2 HTTP/1.1" 301 - "-" "Mozilla/5.0 (compatible; DotBot/1.1; http://www.opensiteexplorer.org/dotbot, help@moz.com)"
216.244.66.248 - - [22/Jun/2020:03:05:41 +0800] "GET /?date=2017-9-5&t=list&paged=2 HTTP/1.1" 301 - "-" "Mozilla/5.0 (compatible; DotBot/1.1; http://www.opensiteexplorer.org/dotbot, help@moz.com)"
54.36.148.39 - - [22/Jun/2020:03:05:46 +0800] "GET /?date=2002-12-29&t=week&paged=3 HTTP/1.1" 301 20 "-" "Mozilla/5.0 (compatible; AhrefsBot/6.1; +http://ahrefs.com/robot/)"
54.36.148.0 - - [22/Jun/2020:03:05:47 +0800] "GET /?date=2000-3-5&t=day&paged=2 HTTP/1.1" 301 20 "-" "Mozilla/5.0 (compatible; AhrefsBot/6.1; +http://ahrefs.com/robot/)"
216.244.66.248 - - [22/Jun/2020:03:05:48 +0800] "GET /?date=2019-10-3&t=list&paged=4 HTTP/1.1" 301 - "-" "Mozilla/5.0 (compatible; DotBot/1.1; http://www.opensiteexplorer.org/dotbot, help@moz.com)"
216.244.66.248 - - [22/Jun/2020:03:05:53 +0800] "GET /?date=2019-10-31&t=list&paged=3 HTTP/1.1" 301 - "-" "Mozilla/5.0 (compatible; DotBot/1.1; http://www.opensiteexplorer.org/dotbot, help@moz.com)"
216.244.66.248 - - [22/Jun/2020:03:05:59 +0800] "GET /?date=2019-3-24&t=mini&paged=3 HTTP/1.1" 301 - "-" "Mozilla/5.0 (compatible; DotBot/1.1; http://www.opensiteexplorer.org/dotbot, help@moz.com)"
216.244.66.248 - - [22/Jun/2020:03:06:04 +0800] "GET /?date=2020-9-15&t=day&paged=2 HTTP/1.1" 301 - "-" "Mozilla/5.0 (compatible; DotBot/1.1; http://www.opensiteexplorer.org/dotbot, help@moz.com)"
216.244.66.248 - - [22/Jun/2020:03:06:08 +0800] "GET /?date=2024-7-28&t=week&paged=3 HTTP/1.1" 301 - "-" "Mozilla/5.0 (compatible; DotBot/1.1; http://www.opensiteexplorer.org/dotbot, help@moz.com)"
216.244.66.248 - - [22/Jun/2020:03:06:11 +0800] "GET /?date=2025-10-3&t=day&paged=3 HTTP/1.1" 301 - "-" "Mozilla/5.0 (compatible; DotBot/1.1; http://www.opensiteexplorer.org/dotbot, help@moz.com)"
216.244.66.248 - - [22/Jun/2020:03:06:14 +0800] "GET /?date=2025-7-6&t=week HTTP/1.1" 301 - "-" "Mozilla/5.0 (compatible; DotBot/1.1; http://www.opensiteexplorer.org/dotbot, help@moz.com)"
216.244.66.248 - - [22/Jun/2020:03:06:17 +0800] "GET /?date=2030-2-3&t=week HTTP/1.1" 301 - "-" "Mozilla/5.0 (compatible; DotBot/1.1; http://www.opensiteexplorer.org/dotbot, help@moz.com)"
216.244.66.248 - - [22/Jun/2020:03:06:20 +0800] "GET /?date=2014-1-4&t=mini HTTP/1.1" 301 - "-" "Mozilla/5.0 (compatible; DotBot/1.1; http://www.opensiteexplorer.org/dotbot, help@moz.com)"
216.244.66.248 - - [22/Jun/2020:03:06:22 +0800] "GET /?date=2013-7-9&t=list&paged=2 HTTP/1.1" 301 - "-" "Mozilla/5.0 (compatible; DotBot/1.1; http://www.opensiteexplorer.org/dotbot, help@moz.com)"
216.244.66.248 - - [22/Jun/2020:03:06:24 +0800] "GET /?date=1995-4-30&t=list HTTP/1.1" 301 - "-" "Mozilla/5.0 (compatible; DotBot/1.1; http://www.opensiteexplorer.org/dotbot, help@moz.com)"
54.36.148.57 - - [22/Jun/2020:03:06:42 +0800] "GET /?date=2013-5-4&t=day&paged=7 HTTP/1.1" 301 20 "-" "Mozilla/5.0 (compatible; AhrefsBot/6.1; +http://ahrefs.com/robot/)"
54.36.149.100 - - [22/Jun/2020:03:07:01 +0800] "GET /?date=1987-7-5&t=week&paged=3 HTTP/1.1" 301 20 "-" "Mozilla/5.0 (compatible; AhrefsBot/6.1; +http://ahrefs.com/robot/)"
198.2.201.212 - - [22/Jun/2020:03:07:23 +0800] "GET / HTTP/1.1" 200 31342 "-" "Mozilla/5.0 (compatible; Baiduspider/2.0; +http://www.baidu.com/search/spider.html)"
216.244.66.248 - - [22/Jun/2020:03:07:24 +0800] "GET /?date=2019-12-12&t=day HTTP/1.1" 200 98259 "-" "Mozilla/5.0 (compatible; DotBot/1.1; http://www.opensiteexplorer.org/dotbot, help@moz.com)"
54.36.148.81 - - [22/Jun/2020:03:08:06 +0800] "GET /?date=2001-4-23&t=day&paged=9 HTTP/1.1" 301 20 "-" "Mozilla/5.0 (compatible; AhrefsBot/6.1; +http://ahrefs.com/robot/)"
54.36.148.173 - - [22/Jun/2020:03:08:34 +0800] "GET /?date=2012-11-27&t=day&paged=7 HTTP/1.1" 301 20 "-" "Mozilla/5.0 (compatible; AhrefsBot/6.1; +http://ahrefs.com/robot/)"
54.36.149.23 - - [22/Jun/2020:03:08:39 +0800] "GET /?date=1997-12-18&t=day&paged=7 HTTP/1.1" 301 20 "-" "Mozilla/5.0 (compatible; AhrefsBot/6.1; +http://ahrefs.com/robot/)"
216.244.66.248 - - [22/Jun/2020:03:10:49 +0800] "GET /?date=2006-8&t=list HTTP/1.1" 301 - "-" "Mozilla/5.0 (compatible; DotBot/1.1; http://www.opensiteexplorer.org/dotbot, help@moz.com)"
192.0.102.40 - - [22/Jun/2020:03:11:13 +0800] "HEAD / HTTP/1.1" 200 - "-" "jetmon/1.0 (Jetpack Site Uptime Monitor by WordPress.com)"
216.244.66.248 - - [22/Jun/2020:03:11:19 +0800] "GET /?date=2013-4-29&t=list HTTP/1.1" 301 - "-" "Mozilla/5.0 (compatible; DotBot/1.1; http://www.opensiteexplorer.org/dotbot, help@moz.com)"
216.244.66.248 - - [22/Jun/2020:03:11:51 +0800] "GET /?date=2020-6-14&t=day&paged=2 HTTP/1.1" 301 - "-" "Mozilla/5.0 (compatible; DotBot/1.1; http://www.opensiteexplorer.org/dotbot, help@moz.com)"
216.244.66.248 - - [22/Jun/2020:03:13:13 +0800] "GET /?date=1998-11-1&t=list HTTP/1.1" 301 - "-" "Mozilla/5.0 (compatible; DotBot/1.1; http://www.opensiteexplorer.org/dotbot, help@moz.com)"
54.36.149.98 - - [22/Jun/2020:03:13:26 +0800] "GET /?date=2003-12-28&t=week&paged=7 HTTP/1.1" 301 20 "-" "Mozilla/5.0 (compatible; AhrefsBot/6.1; +http://ahrefs.com/robot/)"
54.36.149.96 - - [22/Jun/2020:03:13:28 +0800] "GET /page/3/?date=1997-1-12&t=day&paged=3 HTTP/1.1" 404 30142 "-" "Mozilla/5.0 (compatible; AhrefsBot/6.1; +http://ahrefs.com/robot/)"
185.86.164.101 - - [22/Jun/2020:03:13:36 +0800] "GET /wp-login.php HTTP/1.1" 200 6043 "-" "Mozilla/5.0 (Windows NT 10.0; WOW64) AppleWebKit/537.36 (KHTML, like Gecko) Chrome/51.0.2704.103 Safari/537.36"
185.86.164.101 - - [22/Jun/2020:03:13:38 +0800] "POST /wp-login.php HTTP/1.1" 401 3586 "http://www.tmcc.org.hk/wp-login.php" "Mozilla/5.0 (Windows NT 10.0; WOW64) AppleWebKit/537.36 (KHTML, like Gecko) Chrome/51.0.2704.103 Safari/537.36"
216.244.66.248 - - [22/Jun/2020:03:13:40 +0800] "GET /?date=2017-9-5&t=day HTTP/1.1" 301 - "-" "Mozilla/5.0 (compatible; DotBot/1.1; http://www.opensiteexplorer.org/dotbot, help@moz.com)"
54.36.149.91 - - [22/Jun/2020:03:14:02 +0800] "GET /index.php?option=com_phocagallery&view=category&id=30%3A2010-01-04-04-13-51&Itemid=59&limitstart=260 HTTP/1.1" 301 20 "-" "Mozilla/5.0 (compatible; AhrefsBot/6.1; +http://ahrefs.com/robot/)"
157.55.39.248 - - [22/Jun/2020:03:14:42 +0800] "GET /?p=304 HTTP/1.1" 404 30142 "-" "Mozilla/5.0 (compatible; bingbot/2.0; +http://www.bing.com/bingbot.htm)"
54.36.149.68 - - [22/Jun/2020:03:14:56 +0800] "GET /?date=2009-10-14&t=day&paged=7 HTTP/1.1" 301 20 "-" "Mozilla/5.0 (compatible; AhrefsBot/6.1; +http://ahrefs.com/robot/)"
157.55.39.248 - - [22/Jun/2020:03:14:57 +0800] "GET /?date=2017-3-31&t=mini HTTP/1.1" 200 31322 "-" "Mozilla/5.0 (compatible; bingbot/2.0; +http://www.bing.com/bingbot.htm)"
54.36.149.56 - - [22/Jun/2020:03:15:21 +0800] "GET /?date=2017-6-1&t=day&paged=8 HTTP/1.1" 301 20 "-" "Mozilla/5.0 (compatible; AhrefsBot/6.1; +http://ahrefs.com/robot/)"
157.55.39.248 - - [22/Jun/2020:03:16:26 +0800] "GET /?option=com_content&view=article&id=71:-&catid=25&Itemid=2 HTTP/1.1" 200 31322 "-" "Mozilla/5.0 (compatible; bingbot/2.0; +http://www.bing.com/bingbot.htm)"
116.179.32.230 - - [22/Jun/2020:03:17:04 +0800] "GET /?date=1990-6-14&t=day HTTP/1.1" 200 31322 "-" "Mozilla/5.0 (compatible; Baiduspider/2.0; +http://www.baidu.com/search/spider.html)"
216.244.66.248 - - [22/Jun/2020:03:17:17 +0800] "GET /?date=1992-1-5&t=mini HTTP/1.1" 301 - "-" "Mozilla/5.0 (compatible; DotBot/1.1; http://www.opensiteexplorer.org/dotbot, help@moz.com)"
216.244.66.248 - - [22/Jun/2020:03:17:42 +0800] "GET /?date=2004-10-3&t=day HTTP/1.1" 301 - "-" "Mozilla/5.0 (compatible; DotBot/1.1; http://www.opensiteexplorer.org/dotbot, help@moz.com)"
216.244.66.248 - - [22/Jun/2020:03:18:06 +0800] "GET /?date=2005-4-29&t=list HTTP/1.1" 301 - "-" "Mozilla/5.0 (compatible; DotBot/1.1; http://www.opensiteexplorer.org/dotbot, help@moz.com)"
216.244.66.248 - - [22/Jun/2020:03:18:32 +0800] "GET /?date=2011-12-2&t=mini HTTP/1.1" 301 - "-" "Mozilla/5.0 (compatible; DotBot/1.1; http://www.opensiteexplorer.org/dotbot, help@moz.com)"
216.244.66.248 - - [22/Jun/2020:03:18:54 +0800] "GET /?date=2017-1-22&t=list HTTP/1.1" 301 - "-" "Mozilla/5.0 (compatible; DotBot/1.1; http://www.opensiteexplorer.org/dotbot, help@moz.com)"
54.36.149.55 - - [22/Jun/2020:03:19:04 +0800] "GET /?date=1989-8-8&t=day&paged=5 HTTP/1.1" 301 20 "-" "Mozilla/5.0 (compatible; AhrefsBot/6.1; +http://ahrefs.com/robot/)"
216.244.66.248 - - [22/Jun/2020:03:19:15 +0800] "GET /?date=2019-4-4&t=mini HTTP/1.1" 301 - "-" "Mozilla/5.0 (compatible; DotBot/1.1; http://www.opensiteexplorer.org/dotbot, help@moz.com)"
192.0.102.40 - - [22/Jun/2020:03:19:40 +0800] "HEAD / HTTP/1.1" 200 - "-" "jetmon/1.0 (Jetpack Site Uptime Monitor by WordPress.com)"
216.244.66.248 - - [22/Jun/2020:03:20:47 +0800] "GET /?date=1990-12-15&t=mini HTTP/1.1" 301 - "-" "Mozilla/5.0 (compatible; DotBot/1.1; http://www.opensiteexplorer.org/dotbot, help@moz.com)"
216.244.66.248 - - [22/Jun/2020:03:21:06 +0800] "GET /?date=2021-8-8&t=day HTTP/1.1" 301 - "-" "Mozilla/5.0 (compatible; DotBot/1.1; http://www.opensiteexplorer.org/dotbot, help@moz.com)"
216.244.66.248 - - [22/Jun/2020:03:24:52 +0800] "GET /?date=1971-11-1&t=mini HTTP/1.1" 301 - "-" "Mozilla/5.0 (compatible; DotBot/1.1; http://www.opensiteexplorer.org/dotbot, help@moz.com)"
216.244.66.248 - - [22/Jun/2020:03:25:09 +0800] "GET /?date=1971-12-15&t=mini HTTP/1.1" 301 - "-" "Mozilla/5.0 (compatible; DotBot/1.1; http://www.opensiteexplorer.org/dotbot, help@moz.com)"
216.244.66.248 - - [22/Jun/2020:03:25:25 +0800] "GET /?date=1996-3-2&t=mini HTTP/1.1" 301 - "-" "Mozilla/5.0 (compatible; DotBot/1.1; http://www.opensiteexplorer.org/dotbot, help@moz.com)"
216.244.66.248 - - [22/Jun/2020:03:25:40 +0800] "GET /?date=1997-10-8&t=mini HTTP/1.1" 301 - "-" "Mozilla/5.0 (compatible; DotBot/1.1; http://www.opensiteexplorer.org/dotbot, help@moz.com)"
111.202.100.121 - - [22/Jun/2020:03:25:42 +0800] "GET /?date=2036-11-3&t=list&paged=6 HTTP/1.1" 301 20 "-" "Sogou web spider/4.0(+http://www.sogou.com/docs/help/webmasters.htm#07)"
54.36.148.132 - - [22/Jun/2020:03:25:52 +0800] "GET /page/2/?date=2008-2-19&t=day&paged=2 HTTP/1.1" 404 30142 "-" "Mozilla/5.0 (compatible; AhrefsBot/6.1; +http://ahrefs.com/robot/)"
216.244.66.248 - - [22/Jun/2020:03:25:57 +0800] "GET /?date=2002-8-31&t=list HTTP/1.1" 301 - "-" "Mozilla/5.0 (compatible; DotBot/1.1; http://www.opensiteexplorer.org/dotbot, help@moz.com)"
216.244.66.248 - - [22/Jun/2020:03:26:10 +0800] "GET /?date=2019-9-13&t=mini HTTP/1.1" 301 - "-" "Mozilla/5.0 (compatible; DotBot/1.1; http://www.opensiteexplorer.org/dotbot, help@moz.com)"
111.202.100.119 - - [22/Jun/2020:03:26:15 +0800] "GET /?date=1977-7&t=22220&paged=4 HTTP/1.1" 301 20 "-" "Sogou web spider/4.0(+http://www.sogou.com/docs/help/webmasters.htm#07)"
111.202.100.116 - - [22/Jun/2020:03:26:17 +0800] "GET /?date=2037-6-27&t=list&paged=3 HTTP/1.1" 301 20 "-" "Sogou web spider/4.0(+http://www.sogou.com/docs/help/webmasters.htm#07)"
111.202.100.118 - - [22/Jun/2020:03:26:25 +0800] "GET /index.php?option=com_phocaguestbook&view=phocaguestbook&id=1&Itemid=39&limitstart=409580 HTTP/1.1" 301 20 "-" "Sogou web spider/4.0(+http://www.sogou.com/docs/help/webmasters.htm#07)"
111.202.100.121 - - [22/Jun/2020:03:26:46 +0800] "GET /?date=2036-11-3&t=list&paged=6 HTTP/1.1" 404 30142 "-" "Sogou web spider/4.0(+http://www.sogou.com/docs/help/webmasters.htm#07)"
192.0.102.40 - - [22/Jun/2020:03:27:05 +0800] "HEAD / HTTP/1.1" 200 - "-" "jetmon/1.0 (Jetpack Site Uptime Monitor by WordPress.com)"
111.202.100.119 - - [22/Jun/2020:03:27:19 +0800] "GET /?date=1977-7&t=22220&paged=4 HTTP/1.1" 404 30142 "-" "Sogou web spider/4.0(+http://www.sogou.com/docs/help/webmasters.htm#07)"
111.202.100.116 - - [22/Jun/2020:03:27:21 +0800] "GET /?date=2037-6-27&t=list&paged=3 HTTP/1.1" 404 30142 "-" "Sogou web spider/4.0(+http://www.sogou.com/docs/help/webmasters.htm#07)"
111.202.100.118 - - [22/Jun/2020:03:27:29 +0800] "GET /index.php?option=com_phocaguestbook&view=phocaguestbook&id=1&Itemid=39&limitstart=149680 HTTP/1.1" 301 20 "-" "Sogou web spider/4.0(+http://www.sogou.com/docs/help/webmasters.htm#07)"
111.202.100.119 - - [22/Jun/2020:03:28:32 +0800] "GET /index.php?option=com_phocaguestbook&view=phocaguestbook&id=1&Itemid=39&limitstart=241720 HTTP/1.1" 301 20 "-" "Sogou web spider/4.0(+http://www.sogou.com/docs/help/webmasters.htm#07)"
111.202.100.121 - - [22/Jun/2020:03:28:33 +0800] "GET /index.php?option=com_phocaguestbook&view=phocaguestbook&id=1&Itemid=39&limitstart=207120 HTTP/1.1" 301 20 "-" "Sogou web spider/4.0(+http://www.sogou.com/docs/help/webmasters.htm#07)"
111.202.100.118 - - [22/Jun/2020:03:28:33 +0800] "GET /?option=com_phocaguestbook&view=phocaguestbook&id=1&Itemid=39&limitstart=409580 HTTP/1.1" 200 31322 "-" "Sogou web spider/4.0(+http://www.sogou.com/docs/help/webmasters.htm#07)"
54.36.148.61 - - [22/Jun/2020:03:28:39 +0800] "GET /?date=2007-11-7&t=day&paged=6 HTTP/1.1" 301 20 "-" "Mozilla/5.0 (compatible; AhrefsBot/6.1; +http://ahrefs.com/robot/)"
111.202.100.116 - - [22/Jun/2020:03:28:39 +0800] "GET /?date=2015-3-9&t=list&paged=2 HTTP/1.1" 301 20 "-" "Sogou web spider/4.0(+http://www.sogou.com/docs/help/webmasters.htm#07)"
68.183.105.217 - - [22/Jun/2020:03:28:59 +0800] "GET /wp-content/plugins/image-mass-upload-wizz/readme.txt HTTP/1.1" 404 94445 "-" "-"
111.202.100.119 - - [22/Jun/2020:03:29:36 +0800] "GET /index.php?option=com_phocaguestbook&view=phocaguestbook&id=1&Itemid=39&limitstart=91220 HTTP/1.1" 301 20 "-" "Sogou web spider/4.0(+http://www.sogou.com/docs/help/webmasters.htm#07)"
111.202.100.121 - - [22/Jun/2020:03:29:37 +0800] "GET /index.php?option=com_content&view=article&id=223%3A2015-02-11-09-08-27&catid=1&Itemid=2 HTTP/1.1" 301 20 "-" "Sogou web spider/4.0(+http://www.sogou.com/docs/help/webmasters.htm#07)"
111.202.100.118 - - [22/Jun/2020:03:29:38 +0800] "GET /?date=2036-9-28&t=list&paged=2 HTTP/1.1" 301 20 "-" "Sogou web spider/4.0(+http://www.sogou.com/docs/help/webmasters.htm#07)"
111.202.100.116 - - [22/Jun/2020:03:29:43 +0800] "GET /?option=com_phocaguestbook&view=phocaguestbook&id=1&Itemid=39&limitstart=424540 HTTP/1.1" 200 31322 "-" "Sogou web spider/4.0(+http://www.sogou.com/docs/help/webmasters.htm#07)"
111.202.100.119 - - [22/Jun/2020:03:30:40 +0800] "GET /?date=1937-12-4&t=day&paged=5 HTTP/1.1" 301 20 "-" "Sogou web spider/4.0(+http://www.sogou.com/docs/help/webmasters.htm#07)"
111.202.100.121 - - [22/Jun/2020:03:30:41 +0800] "GET /?date=1905-8-25&t=list&paged=2 HTTP/1.1" 301 20 "-" "Sogou web spider/4.0(+http://www.sogou.com/docs/help/webmasters.htm#07)"
111.202.100.118 - - [22/Jun/2020:03:30:42 +0800] "GET /index.php?option=com_phocaguestbook&view=phocaguestbook&id=1&Itemid=39&limitstart=71560 HTTP/1.1" 301 20 "-" "Sogou web spider/4.0(+http://www.sogou.com/docs/help/webmasters.htm#07)"
111.202.100.116 - - [22/Jun/2020:03:30:48 +0800] "GET /?date=1910-3-30&t=day&paged=2 HTTP/1.1" 301 20 "-" "Sogou web spider/4.0(+http://www.sogou.com/docs/help/webmasters.htm#07)"
54.36.149.55 - - [22/Jun/2020:03:30:53 +0800] "GET /?date=2009-5-12&t=day&paged=9 HTTP/1.1" 301 20 "-" "Mozilla/5.0 (compatible; AhrefsBot/6.1; +http://ahrefs.com/robot/)"
157.55.39.47 - - [22/Jun/2020:03:31:36 +0800] "GET /?p=511 HTTP/1.1" 404 30142 "-" "Mozilla/5.0 (compatible; bingbot/2.0; +http://www.bing.com/bingbot.htm)"
111.202.100.119 - - [22/Jun/2020:03:31:44 +0800] "GET /?date=2015-3-9&t=list&paged=2 HTTP/1.1" 404 30142 "-" "Sogou web spider/4.0(+http://www.sogou.com/docs/help/webmasters.htm#07)"
111.202.100.121 - - [22/Jun/2020:03:31:46 +0800] "GET /?option=com_phocaguestbook&view=phocaguestbook&id=1&Itemid=39&limitstart=149680 HTTP/1.1" 200 31322 "-" "Sogou web spider/4.0(+http://www.sogou.com/docs/help/webmasters.htm#07)"
111.202.100.118 - - [22/Jun/2020:03:31:46 +0800] "GET /?date=1908-2-20&t=day&paged=2 HTTP/1.1" 301 20 "-" "Sogou web spider/4.0(+http://www.sogou.com/docs/help/webmasters.htm#07)"
111.202.100.116 - - [22/Jun/2020:03:32:48 +0800] "GET /?date=1937-12-4&t=day&paged=5 HTTP/1.1" 404 30142 "-" "Sogou web spider/4.0(+http://www.sogou.com/docs/help/webmasters.htm#07)"
111.202.100.119 - - [22/Jun/2020:03:32:49 +0800] "GET /?date=2037-8-26&t=list&paged=2 HTTP/1.1" 301 20 "-" "Sogou web spider/4.0(+http://www.sogou.com/docs/help/webmasters.htm#07)"
111.202.100.121 - - [22/Jun/2020:03:32:50 +0800] "GET /?date=1918-4-10&t=list&paged=5 HTTP/1.1" 301 20 "-" "Sogou web spider/4.0(+http://www.sogou.com/docs/help/webmasters.htm#07)"
111.202.100.118 - - [22/Jun/2020:03:32:50 +0800] "GET /?option=com_phocaguestbook&view=phocaguestbook&id=1&Itemid=39&limitstart=71560 HTTP/1.1" 200 31322 "-" "Sogou web spider/4.0(+http://www.sogou.com/docs/help/webmasters.htm#07)"
54.36.148.117 - - [22/Jun/2020:03:32:52 +0800] "GET /?date=2001-4-3&t=day&paged=7 HTTP/1.1" 301 20 "-" "Mozilla/5.0 (compatible; AhrefsBot/6.1; +http://ahrefs.com/robot/)"
54.36.149.71 - - [22/Jun/2020:03:33:05 +0800] "GET /?date=1998-8-24&t=day&paged=2 HTTP/1.1" 301 20 "-" "Mozilla/5.0 (compatible; AhrefsBot/6.1; +http://ahrefs.com/robot/)"
111.202.100.119 - - [22/Jun/2020:03:33:53 +0800] "GET /?option=com_phocaguestbook&view=phocaguestbook&id=1&Itemid=39&limitstart=91220 HTTP/1.1" 200 31322 "-" "Sogou web spider/4.0(+http://www.sogou.com/docs/help/webmasters.htm#07)"
111.202.100.116 - - [22/Jun/2020:03:33:53 +0800] "GET /?date=1941-1-12&t=day&paged=5 HTTP/1.1" 301 20 "-" "Sogou web spider/4.0(+http://www.sogou.com/docs/help/webmasters.htm#07)"
111.202.100.121 - - [22/Jun/2020:03:33:54 +0800] "GET /?date=2036-9-28&t=list&paged=2 HTTP/1.1" 404 30142 "-" "Sogou web spider/4.0(+http://www.sogou.com/docs/help/webmasters.htm#07)"
111.202.100.118 - - [22/Jun/2020:03:33:55 +0800] "GET /?date=2009-3-22&t=day&paged=2 HTTP/1.1" 301 20 "-" "Sogou web spider/4.0(+http://www.sogou.com/docs/help/webmasters.htm#07)"
54.36.148.175 - - [22/Jun/2020:03:34:03 +0800] "GET /page/4/?date=1989-5-5&t=day&paged=4 HTTP/1.1" 404 30142 "-" "Mozilla/5.0 (compatible; AhrefsBot/6.1; +http://ahrefs.com/robot/)"
192.0.102.40 - - [22/Jun/2020:03:34:52 +0800] "HEAD / HTTP/1.1" 200 - "-" "jetmon/1.0 (Jetpack Site Uptime Monitor by WordPress.com)"
111.202.100.119 - - [22/Jun/2020:03:34:57 +0800] "GET /?date=1940-11-9&t=mini&paged=2 HTTP/1.1" 301 20 "-" "Sogou web spider/4.0(+http://www.sogou.com/docs/help/webmasters.htm#07)"
111.202.100.116 - - [22/Jun/2020:03:34:57 +0800] "GET /?date=1910-3-30&t=day&paged=2 HTTP/1.1" 404 30142 "-" "Sogou web spider/4.0(+http://www.sogou.com/docs/help/webmasters.htm#07)"
111.202.100.121 - - [22/Jun/2020:03:34:59 +0800] "GET /?date=1961-12-1&t=22220&paged=3 HTTP/1.1" 301 20 "-" "Sogou web spider/4.0(+http://www.sogou.com/docs/help/webmasters.htm#07)"
111.202.100.118 - - [22/Jun/2020:03:34:59 +0800] "GET /?date=2009-3-22&t=day&paged=2 HTTP/1.1" 404 30142 "-" "Sogou web spider/4.0(+http://www.sogou.com/docs/help/webmasters.htm#07)"
51.158.153.224 - - [22/Jun/2020:03:35:15 +0800] "GET /wp-includes/images/rss.png HTTP/1.1" 200 608 "-" "Mozilla/5.0 (Windows NT 10.0; WOW64) AppleWebKit/537.36 (KHTML, like Gecko) Chrome/46.0.2490.86 Safari/537.36"
111.202.100.119 - - [22/Jun/2020:03:36:01 +0800] "GET /?date=1908-2-20&t=day&paged=2 HTTP/1.1" 404 30142 "-" "Sogou web spider/4.0(+http://www.sogou.com/docs/help/webmasters.htm#07)"
111.202.100.116 - - [22/Jun/2020:03:36:02 +0800] "GET /?date=1952-3-6&t=mini&paged=10 HTTP/1.1" 301 20 "-" "Sogou web spider/4.0(+http://www.sogou.com/docs/help/webmasters.htm#07)"
111.202.100.121 - - [22/Jun/2020:03:36:03 +0800] "GET /?date=1905-8-25&t=list&paged=2 HTTP/1.1" 404 30142 "-" "Sogou web spider/4.0(+http://www.sogou.com/docs/help/webmasters.htm#07)"
111.202.100.118 - - [22/Jun/2020:03:36:04 +0800] "GET /?date=1942-11-11&t=day&paged=4 HTTP/1.1" 301 20 "-" "Sogou web spider/4.0(+http://www.sogou.com/docs/help/webmasters.htm#07)"
111.202.100.119 - - [22/Jun/2020:03:37:05 +0800] "GET /?date=2037-8-26&t=list&paged=2 HTTP/1.1" 404 30142 "-" "Sogou web spider/4.0(+http://www.sogou.com/docs/help/webmasters.htm#07)"
111.202.100.116 - - [22/Jun/2020:03:37:06 +0800] "GET /?date=1941-1-12&t=day&paged=5 HTTP/1.1" 404 30142 "-" "Sogou web spider/4.0(+http://www.sogou.com/docs/help/webmasters.htm#07)"
111.202.100.121 - - [22/Jun/2020:03:37:07 +0800] "GET /?date=1915-8-30&t=list&paged=2 HTTP/1.1" 301 20 "-" "Sogou web spider/4.0(+http://www.sogou.com/docs/help/webmasters.htm#07)"
111.202.100.118 - - [22/Jun/2020:03:37:08 +0800] "GET /?date=1942-11-11&t=day&paged=4 HTTP/1.1" 404 30142 "-" "Sogou web spider/4.0(+http://www.sogou.com/docs/help/webmasters.htm#07)"
54.36.148.161 - - [22/Jun/2020:03:37:15 +0800] "GET /?date=2015-12-9&t=day&paged=5 HTTP/1.1" 301 20 "-" "Mozilla/5.0 (compatible; AhrefsBot/6.1; +http://ahrefs.com/robot/)"
111.202.100.119 - - [22/Jun/2020:03:38:10 +0800] "GET /?date=1940-11-9&t=mini&paged=2 HTTP/1.1" 404 30142 "-" "Sogou web spider/4.0(+http://www.sogou.com/docs/help/webmasters.htm#07)"
111.202.100.116 - - [22/Jun/2020:03:38:10 +0800] "GET /?date=1952-3-6&t=mini&paged=10 HTTP/1.1" 404 30142 "-" "Sogou web spider/4.0(+http://www.sogou.com/docs/help/webmasters.htm#07)"
111.202.100.121 - - [22/Jun/2020:03:38:11 +0800] "GET /?date=1918-4-10&t=list&paged=5 HTTP/1.1" 404 30142 "-" "Sogou web spider/4.0(+http://www.sogou.com/docs/help/webmasters.htm#07)"
54.36.149.22 - - [22/Jun/2020:03:38:54 +0800] "GET /?date=2016-11-9&t=day&paged=5 HTTP/1.1" 301 20 "-" "Mozilla/5.0 (compatible; AhrefsBot/6.1; +http://ahrefs.com/robot/)"
54.36.148.73 - - [22/Jun/2020:03:39:01 +0800] "GET /?date=1998-5-23&t=day&paged=3 HTTP/1.1" 301 20 "-" "Mozilla/5.0 (compatible; AhrefsBot/6.1; +http://ahrefs.com/robot/)"
111.202.100.121 - - [22/Jun/2020:03:39:15 +0800] "GET /?date=1961-12-1&t=22220&paged=3 HTTP/1.1" 404 30142 "-" "Sogou web spider/4.0(+http://www.sogou.com/docs/help/webmasters.htm#07)"
54.36.148.42 - - [22/Jun/2020:03:39:26 +0800] "GET /?date=1998-10-15&t=day&paged=3 HTTP/1.1" 301 20 "-" "Mozilla/5.0 (compatible; AhrefsBot/6.1; +http://ahrefs.com/robot/)"
111.202.100.119 - - [22/Jun/2020:03:39:37 +0800] "GET /?date=1903-2-27&t=mini HTTP/1.1" 200 31322 "-" "Sogou web spider/4.0(+http://www.sogou.com/docs/help/webmasters.htm#07)"
66.249.79.209 - - [22/Jun/2020:03:40:11 +0800] "GET / HTTP/1.1" 301 20 "-" "Mozilla/5.0 (compatible; Googlebot/2.1; +http://www.google.com/bot.html)"
66.249.79.107 - - [22/Jun/2020:03:40:14 +0800] "GET / HTTP/1.1" 200 31342 "-" "Mozilla/5.0 (compatible; Googlebot/2.1; +http://www.google.com/bot.html)"
111.202.100.121 - - [22/Jun/2020:03:40:19 +0800] "GET /?date=1915-8-30&t=list&paged=2 HTTP/1.1" 404 30142 "-" "Sogou web spider/4.0(+http://www.sogou.com/docs/help/webmasters.htm#07)"
49.7.20.150 - - [22/Jun/2020:03:40:24 +0800] "GET /?date=1913-12-28&t=mini HTTP/1.1" 200 31322 "-" "Sogou web spider/4.0(+http://www.sogou.com/docs/help/webmasters.htm#07)"
216.244.66.248 - - [22/Jun/2020:03:41:17 +0800] "GET /?date=1989-9-3&t=week HTTP/1.1" 301 - "-" "Mozilla/5.0 (compatible; DotBot/1.1; http://www.opensiteexplorer.org/dotbot, help@moz.com)"
216.244.66.248 - - [22/Jun/2020:03:41:22 +0800] "GET /?date=1992-5-10&t=mini HTTP/1.1" 301 - "-" "Mozilla/5.0 (compatible; DotBot/1.1; http://www.opensiteexplorer.org/dotbot, help@moz.com)"
216.244.66.248 - - [22/Jun/2020:03:41:27 +0800] "GET /?date=2030-7-2&t=list HTTP/1.1" 301 - "-" "Mozilla/5.0 (compatible; DotBot/1.1; http://www.opensiteexplorer.org/dotbot, help@moz.com)"
49.7.20.150 - - [22/Jun/2020:03:41:28 +0800] "GET /index.php?option=com_phocaguestbook&view=phocaguestbook&id=1&Itemid=39&limitstart=31200 HTTP/1.1" 301 20 "-" "Sogou web spider/4.0(+http://www.sogou.com/docs/help/webmasters.htm#07)"
49.7.20.156 - - [22/Jun/2020:03:41:29 +0800] "GET /?option=com_phocaguestbook&view=phocaguestbook&id=1&Itemid=39&limitstart=31200 HTTP/1.1" 200 31322 "-" "Sogou web spider/4.0(+http://www.sogou.com/docs/help/webmasters.htm#07)"
216.244.66.248 - - [22/Jun/2020:03:41:31 +0800] "GET /?date=2032-4-6&t=list HTTP/1.1" 301 - "-" "Mozilla/5.0 (compatible; DotBot/1.1; http://www.opensiteexplorer.org/dotbot, help@moz.com)"
216.244.66.248 - - [22/Jun/2020:03:41:50 +0800] "GET /?date=2015-5&t=list&paged=2 HTTP/1.1" 301 - "-" "Mozilla/5.0 (compatible; DotBot/1.1; http://www.opensiteexplorer.org/dotbot, help@moz.com)"
216.244.66.248 - - [22/Jun/2020:03:42:50 +0800] "GET /?date=1999-5-6&t=day&paged=4 HTTP/1.1" 301 - "-" "Mozilla/5.0 (compatible; DotBot/1.1; http://www.opensiteexplorer.org/dotbot, help@moz.com)"
192.0.102.40 - - [22/Jun/2020:03:43:17 +0800] "HEAD / HTTP/1.1" 200 - "-" "jetmon/1.0 (Jetpack Site Uptime Monitor by WordPress.com)"
216.244.66.248 - - [22/Jun/2020:03:43:20 +0800] "GET /?date=2001-6-4&t=day&paged=4 HTTP/1.1" 301 - "-" "Mozilla/5.0 (compatible; DotBot/1.1; http://www.opensiteexplorer.org/dotbot, help@moz.com)"
216.244.66.248 - - [22/Jun/2020:03:43:49 +0800] "GET /?date=2022-7-4&t=day&paged=2 HTTP/1.1" 301 - "-" "Mozilla/5.0 (compatible; DotBot/1.1; http://www.opensiteexplorer.org/dotbot, help@moz.com)"
54.36.148.210 - - [22/Jun/2020:03:43:55 +0800] "GET /?date=2002-9-11&t=day&paged=2 HTTP/1.1" 301 20 "-" "Mozilla/5.0 (compatible; AhrefsBot/6.1; +http://ahrefs.com/robot/)"
216.244.66.248 - - [22/Jun/2020:03:44:17 +0800] "GET /?date=2023-1-18&t=list HTTP/1.1" 301 - "-" "Mozilla/5.0 (compatible; DotBot/1.1; http://www.opensiteexplorer.org/dotbot, help@moz.com)"
216.244.66.248 - - [22/Jun/2020:03:44:44 +0800] "GET /?date=2024-7-2&t=day&paged=3 HTTP/1.1" 301 - "-" "Mozilla/5.0 (compatible; DotBot/1.1; http://www.opensiteexplorer.org/dotbot, help@moz.com)"
54.36.148.62 - - [22/Jun/2020:03:44:52 +0800] "GET /?date=1995-11-5&t=week&paged=5 HTTP/1.1" 301 20 "-" "Mozilla/5.0 (compatible; AhrefsBot/6.1; +http://ahrefs.com/robot/)"
54.36.148.64 - - [22/Jun/2020:03:45:04 +0800] "GET /?date=2005-9-27&t=day&paged=6 HTTP/1.1" 301 20 "-" "Mozilla/5.0 (compatible; AhrefsBot/6.1; +http://ahrefs.com/robot/)"
54.36.148.58 - - [22/Jun/2020:03:45:10 +0800] "GET /?date=1991-2-17&t=week&paged=7 HTTP/1.1" 301 20 "-" "Mozilla/5.0 (compatible; AhrefsBot/6.1; +http://ahrefs.com/robot/)"
216.244.66.248 - - [22/Jun/2020:03:45:10 +0800] "GET /?date=2025-3&t=list&paged=3 HTTP/1.1" 301 - "-" "Mozilla/5.0 (compatible; DotBot/1.1; http://www.opensiteexplorer.org/dotbot, help@moz.com)"
216.244.66.248 - - [22/Jun/2020:03:45:35 +0800] "GET /?date=1989-10-22&t=week&paged=2 HTTP/1.1" 301 - "-" "Mozilla/5.0 (compatible; DotBot/1.1; http://www.opensiteexplorer.org/dotbot, help@moz.com)"
216.244.66.248 - - [22/Jun/2020:03:45:59 +0800] "GET /?date=1989-8-27&t=week&paged=2 HTTP/1.1" 301 - "-" "Mozilla/5.0 (compatible; DotBot/1.1; http://www.opensiteexplorer.org/dotbot, help@moz.com)"
216.244.66.248 - - [22/Jun/2020:03:46:22 +0800] "GET /?date=1991-4-15&t=list&paged=2 HTTP/1.1" 301 - "-" "Mozilla/5.0 (compatible; DotBot/1.1; http://www.opensiteexplorer.org/dotbot, help@moz.com)"
157.55.39.248 - - [22/Jun/2020:03:46:24 +0800] "GET /?p=448 HTTP/1.1" 404 30142 "-" "Mozilla/5.0 (compatible; bingbot/2.0; +http://www.bing.com/bingbot.htm)"
49.7.20.150 - - [22/Jun/2020:03:46:25 +0800] "GET /?date=1951-10-10&t=day&paged=4 HTTP/1.1" 301 20 "-" "Sogou web spider/4.0(+http://www.sogou.com/docs/help/webmasters.htm#07)"
49.7.20.156 - - [22/Jun/2020:03:46:26 +0800] "GET /?date=1951-10-10&t=day&paged=4 HTTP/1.1" 404 30142 "-" "Sogou web spider/4.0(+http://www.sogou.com/docs/help/webmasters.htm#07)"
111.202.100.82 - - [22/Jun/2020:03:46:27 +0800] "GET /?date=1951-10-10&t=day&paged=4 HTTP/1.1" 404 30142 "-" "Sogou web spider/4.0(+http://www.sogou.com/docs/help/webmasters.htm#07)"
49.7.20.28 - - [22/Jun/2020:03:46:27 +0800] "GET /?date=1951-10-10&t=day&paged=4 HTTP/1.1" 404 30142 "-" "Sogou web spider/4.0(+http://www.sogou.com/docs/help/webmasters.htm#07)"
58.250.125.185 - - [22/Jun/2020:03:46:27 +0800] "GET /?date=1951-10-10&t=day&paged=4 HTTP/1.1" 404 30142 "-" "Sogou web spider/4.0(+http://www.sogou.com/docs/help/webmasters.htm#07)"
111.202.100.82 - - [22/Jun/2020:03:46:28 +0800] "GET /?date=1951-10-10&t=day&paged=4 HTTP/1.1" 404 30142 "-" "Mozilla/5.0 (Macintosh; Intel Mac OS X 10_15_1) AppleWebKit/537.36 (KHTML, like Gecko) Chrome/78.0.3904.97 Safari/537.36"
49.7.20.28 - - [22/Jun/2020:03:46:28 +0800] "GET /?date=1951-10-10&t=day&paged=4 HTTP/1.1" 404 30142 "-" "Mozilla/5.0 (Macintosh; Intel Mac OS X 10_15_1) AppleWebKit/537.36 (KHTML, like Gecko) Chrome/78.0.3904.97 Safari/537.36"
58.250.125.185 - - [22/Jun/2020:03:46:28 +0800] "GET /?date=1951-10-10&t=day&paged=4 HTTP/1.1" 404 30142 "-" "Mozilla/5.0 (Macintosh; Intel Mac OS X 10_15_1) AppleWebKit/537.36 (KHTML, like Gecko) Chrome/78.0.3904.97 Safari/537.36"
54.36.148.140 - - [22/Jun/2020:03:46:40 +0800] "GET /?date=1998-1-25&t=week&paged=7 HTTP/1.1" 301 20 "-" "Mozilla/5.0 (compatible; AhrefsBot/6.1; +http://ahrefs.com/robot/)"
216.244.66.248 - - [22/Jun/2020:03:46:44 +0800] "GET /?date=1994-12-10&t=day&paged=2 HTTP/1.1" 301 - "-" "Mozilla/5.0 (compatible; DotBot/1.1; http://www.opensiteexplorer.org/dotbot, help@moz.com)"
216.244.66.248 - - [22/Jun/2020:03:47:08 +0800] "GET /?date=1998-12-9&t=list&paged=3 HTTP/1.1" 301 - "-" "Mozilla/5.0 (compatible; DotBot/1.1; http://www.opensiteexplorer.org/dotbot, help@moz.com)"
216.244.66.248 - - [22/Jun/2020:03:47:28 +0800] "GET /?date=1998-4-10&t=list&paged=2 HTTP/1.1" 301 - "-" "Mozilla/5.0 (compatible; DotBot/1.1; http://www.opensiteexplorer.org/dotbot, help@moz.com)"
54.36.148.137 - - [22/Jun/2020:03:47:28 +0800] "GET /?date=2017-9-13&t=day&paged=5 HTTP/1.1" 301 20 "-" "Mozilla/5.0 (compatible; AhrefsBot/6.1; +http://ahrefs.com/robot/)"
49.7.20.150 - - [22/Jun/2020:03:47:29 +0800] "GET /?date=1932-5-7&t=list&paged=4 HTTP/1.1" 301 20 "-" "Sogou web spider/4.0(+http://www.sogou.com/docs/help/webmasters.htm#07)"
49.7.20.156 - - [22/Jun/2020:03:47:30 +0800] "GET /?date=1932-5-7&t=list&paged=4 HTTP/1.1" 404 30142 "-" "Sogou web spider/4.0(+http://www.sogou.com/docs/help/webmasters.htm#07)"
216.244.66.248 - - [22/Jun/2020:03:47:47 +0800] "GET /?date=1998-7-18&t=day&paged=2 HTTP/1.1" 301 - "-" "Mozilla/5.0 (compatible; DotBot/1.1; http://www.opensiteexplorer.org/dotbot, help@moz.com)"
116.179.32.230 - - [22/Jun/2020:03:47:58 +0800] "GET /?date=1975-5-25&t=day HTTP/1.1" 200 31322 "-" "Mozilla/5.0 (compatible; Baiduspider/2.0; +http://www.baidu.com/search/spider.html)"
216.244.66.248 - - [22/Jun/2020:03:48:05 +0800] "GET /?date=1999-4-28&t=day&paged=2 HTTP/1.1" 301 - "-" "Mozilla/5.0 (compatible; DotBot/1.1; http://www.opensiteexplorer.org/dotbot, help@moz.com)"
216.244.66.248 - - [22/Jun/2020:03:48:22 +0800] "GET /?date=2003-4-5&t=mini&paged=2 HTTP/1.1" 301 - "-" "Mozilla/5.0 (compatible; DotBot/1.1; http://www.opensiteexplorer.org/dotbot, help@moz.com)"
49.7.20.150 - - [22/Jun/2020:03:48:33 +0800] "GET /?date=2014-5-9&t=list HTTP/1.1" 301 20 "-" "Sogou web spider/4.0(+http://www.sogou.com/docs/help/webmasters.htm#07)"
49.7.20.156 - - [22/Jun/2020:03:48:34 +0800] "GET /?date=2014-5-9&t=list HTTP/1.1" 200 31322 "-" "Sogou web spider/4.0(+http://www.sogou.com/docs/help/webmasters.htm#07)"
216.244.66.248 - - [22/Jun/2020:03:48:38 +0800] "GET /?date=2004-6-13&t=week&paged=2 HTTP/1.1" 301 - "-" "Mozilla/5.0 (compatible; DotBot/1.1; http://www.opensiteexplorer.org/dotbot, help@moz.com)"
54.36.149.79 - - [22/Jun/2020:03:48:42 +0800] "GET /?date=2003-8-27&t=day&paged=3 HTTP/1.1" 301 20 "-" "Mozilla/5.0 (compatible; AhrefsBot/6.1; +http://ahrefs.com/robot/)"
216.244.66.248 - - [22/Jun/2020:03:48:53 +0800] "GET /?date=2006-7-12&t=mini&paged=2 HTTP/1.1" 301 - "-" "Mozilla/5.0 (compatible; DotBot/1.1; http://www.opensiteexplorer.org/dotbot, help@moz.com)"
216.244.66.248 - - [22/Jun/2020:03:49:09 +0800] "GET /?date=2009-10-10&t=list&paged=2 HTTP/1.1" 301 - "-" "Mozilla/5.0 (compatible; DotBot/1.1; http://www.opensiteexplorer.org/dotbot, help@moz.com)"
54.36.148.154 - - [22/Jun/2020:03:49:10 +0800] "GET /?date=1995-6-8&t=day&paged=9 HTTP/1.1" 301 20 "-" "Mozilla/5.0 (compatible; AhrefsBot/6.1; +http://ahrefs.com/robot/)"
216.244.66.248 - - [22/Jun/2020:03:49:23 +0800] "GET /?date=2010-12-5&t=week&paged=2 HTTP/1.1" 301 - "-" "Mozilla/5.0 (compatible; DotBot/1.1; http://www.opensiteexplorer.org/dotbot, help@moz.com)"
216.244.66.248 - - [22/Jun/2020:03:49:35 +0800] "GET /?date=2010-6-28&t=mini&paged=2 HTTP/1.1" 301 - "-" "Mozilla/5.0 (compatible; DotBot/1.1; http://www.opensiteexplorer.org/dotbot, help@moz.com)"
49.7.20.150 - - [22/Jun/2020:03:49:37 +0800] "GET /?date=1920-9-19&t=day&paged=2 HTTP/1.1" 301 20 "-" "Sogou web spider/4.0(+http://www.sogou.com/docs/help/webmasters.htm#07)"
49.7.20.156 - - [22/Jun/2020:03:49:38 +0800] "GET /?date=1920-9-19&t=day&paged=2 HTTP/1.1" 404 30142 "-" "Sogou web spider/4.0(+http://www.sogou.com/docs/help/webmasters.htm#07)"
216.244.66.248 - - [22/Jun/2020:03:49:49 +0800] "GET /?date=2013-4-21&t=day&paged=2 HTTP/1.1" 301 - "-" "Mozilla/5.0 (compatible; DotBot/1.1; http://www.opensiteexplorer.org/dotbot, help@moz.com)"
216.244.66.248 - - [22/Jun/2020:03:49:59 +0800] "GET /?date=2014-10-7&t=list&paged=2 HTTP/1.1" 301 - "-" "Mozilla/5.0 (compatible; DotBot/1.1; http://www.opensiteexplorer.org/dotbot, help@moz.com)"
54.36.148.181 - - [22/Jun/2020:03:50:02 +0800] "GET /?date=2012-9-24&t=day&paged=3 HTTP/1.1" 301 20 "-" "Mozilla/5.0 (compatible; AhrefsBot/6.1; +http://ahrefs.com/robot/)"
216.244.66.248 - - [22/Jun/2020:03:50:08 +0800] "GET /?date=2014-2-3&t=list&paged=2 HTTP/1.1" 301 - "-" "Mozilla/5.0 (compatible; DotBot/1.1; http://www.opensiteexplorer.org/dotbot, help@moz.com)"
216.244.66.248 - - [22/Jun/2020:03:50:16 +0800] "GET /?date=2017-4-10&t=day&paged=2 HTTP/1.1" 301 - "-" "Mozilla/5.0 (compatible; DotBot/1.1; http://www.opensiteexplorer.org/dotbot, help@moz.com)"
216.244.66.248 - - [22/Jun/2020:03:50:22 +0800] "GET /?date=2018-1-21&t=list&paged=2 HTTP/1.1" 301 - "-" "Mozilla/5.0 (compatible; DotBot/1.1; http://www.opensiteexplorer.org/dotbot, help@moz.com)"
216.244.66.248 - - [22/Jun/2020:03:50:28 +0800] "GET /?date=2019-10-25&t=list&paged=3 HTTP/1.1" 301 - "-" "Mozilla/5.0 (compatible; DotBot/1.1; http://www.opensiteexplorer.org/dotbot, help@moz.com)"
216.244.66.248 - - [22/Jun/2020:03:50:34 +0800] "GET /?date=2019-12-1&t=day&paged=4 HTTP/1.1" 301 - "-" "Mozilla/5.0 (compatible; DotBot/1.1; http://www.opensiteexplorer.org/dotbot, help@moz.com)"
216.244.66.248 - - [22/Jun/2020:03:50:38 +0800] "GET /?date=2019-4-1&t=mini&paged=3 HTTP/1.1" 301 - "-" "Mozilla/5.0 (compatible; DotBot/1.1; http://www.opensiteexplorer.org/dotbot, help@moz.com)"
49.7.20.150 - - [22/Jun/2020:03:50:41 +0800] "GET /index.php?option=com_joomdoc&task=doc_details&gid=62&Itemid=36 HTTP/1.1" 301 20 "-" "Sogou web spider/4.0(+http://www.sogou.com/docs/help/webmasters.htm#07)"
54.36.148.148 - - [22/Jun/2020:03:50:42 +0800] "GET /?date=1998-8&t=list&paged=8 HTTP/1.1" 301 20 "-" "Mozilla/5.0 (compatible; AhrefsBot/6.1; +http://ahrefs.com/robot/)"
216.244.66.248 - - [22/Jun/2020:03:50:42 +0800] "GET /?date=2019-4-24&t=day&paged=3 HTTP/1.1" 301 - "-" "Mozilla/5.0 (compatible; DotBot/1.1; http://www.opensiteexplorer.org/dotbot, help@moz.com)"
216.244.66.248 - - [22/Jun/2020:03:50:46 +0800] "GET /?date=2019-9-12&t=list&paged=2 HTTP/1.1" 301 - "-" "Mozilla/5.0 (compatible; DotBot/1.1; http://www.opensiteexplorer.org/dotbot, help@moz.com)"
216.244.66.248 - - [22/Jun/2020:03:50:49 +0800] "GET /?date=2021-2-1&t=list&paged=3 HTTP/1.1" 301 - "-" "Mozilla/5.0 (compatible; DotBot/1.1; http://www.opensiteexplorer.org/dotbot, help@moz.com)"
216.244.66.248 - - [22/Jun/2020:03:51:03 +0800] "GET /?date=2021-5-12&t=day&paged=2 HTTP/1.1" 301 - "-" "Mozilla/5.0 (compatible; DotBot/1.1; http://www.opensiteexplorer.org/dotbot, help@moz.com)"
192.0.102.40 - - [22/Jun/2020:03:51:11 +0800] "HEAD / HTTP/1.1" 200 - "-" "jetmon/1.0 (Jetpack Site Uptime Monitor by WordPress.com)"
216.244.66.248 - - [22/Jun/2020:03:51:12 +0800] "GET /?date=2029-2-4&t=list&paged=2 HTTP/1.1" 301 - "-" "Mozilla/5.0 (compatible; DotBot/1.1; http://www.opensiteexplorer.org/dotbot, help@moz.com)"
216.244.66.248 - - [22/Jun/2020:03:51:24 +0800] "GET /?date=2033-5-8&t=list&paged=2 HTTP/1.1" 301 - "-" "Mozilla/5.0 (compatible; DotBot/1.1; http://www.opensiteexplorer.org/dotbot, help@moz.com)"
216.244.66.248 - - [22/Jun/2020:03:51:35 +0800] "GET /?date=2017-6-7&t=day&paged=2 HTTP/1.1" 301 - "-" "Mozilla/5.0 (compatible; DotBot/1.1; http://www.opensiteexplorer.org/dotbot, help@moz.com)"
54.36.148.173 - - [22/Jun/2020:03:51:43 +0800] "GET /?date=2009-8-4&t=day&paged=9 HTTP/1.1" 301 20 "-" "Mozilla/5.0 (compatible; AhrefsBot/6.1; +http://ahrefs.com/robot/)"
49.7.20.156 - - [22/Jun/2020:03:51:44 +0800] "GET /?option=com_joomdoc&task=doc_details&gid=62&Itemid=36 HTTP/1.1" 200 31322 "-" "Sogou web spider/4.0(+http://www.sogou.com/docs/help/webmasters.htm#07)"
49.7.20.150 - - [22/Jun/2020:03:51:45 +0800] "GET /index.php?option=com_phocaguestbook&view=phocaguestbook&id=1&Itemid=39&limitstart=151180 HTTP/1.1" 301 20 "-" "Sogou web spider/4.0(+http://www.sogou.com/docs/help/webmasters.htm#07)"
216.244.66.248 - - [22/Jun/2020:03:51:53 +0800] "GET /?date=2021-3-14&t=22220 HTTP/1.1" 301 - "-" "Mozilla/5.0 (compatible; DotBot/1.1; http://www.opensiteexplorer.org/dotbot, help@moz.com)"
54.36.149.102 - - [22/Jun/2020:03:52:22 +0800] "GET /index.php?view=article&catid=25&id=34%3A-&tmpl=component&print=1&layout=default&page=&option=com_content&Itemid=2 HTTP/1.1" 301 20 "-" "Mozilla/5.0 (compatible; AhrefsBot/6.1; +http://ahrefs.com/robot/)"
216.244.66.248 - - [22/Jun/2020:03:52:24 +0800] "GET /?date=1990-1-7&t=week HTTP/1.1" 301 - "-" "Mozilla/5.0 (compatible; DotBot/1.1; http://www.opensiteexplorer.org/dotbot, help@moz.com)"
54.36.149.41 - - [22/Jun/2020:03:52:39 +0800] "GET /?date=2003-11-9&t=day&paged=8 HTTP/1.1" 301 20 "-" "Mozilla/5.0 (compatible; AhrefsBot/6.1; +http://ahrefs.com/robot/)"
49.7.20.150 - - [22/Jun/2020:03:52:49 +0800] "GET /index.php?option=com_phocaguestbook&view=phocaguestbook&id=1&Itemid=39&limitstart=9760 HTTP/1.1" 301 20 "-" "Sogou web spider/4.0(+http://www.sogou.com/docs/help/webmasters.htm#07)"
49.7.20.156 - - [22/Jun/2020:03:52:49 +0800] "GET /?option=com_phocaguestbook&view=phocaguestbook&id=1&Itemid=39&limitstart=151180 HTTP/1.1" 200 31322 "-" "Sogou web spider/4.0(+http://www.sogou.com/docs/help/webmasters.htm#07)"
216.244.66.248 - - [22/Jun/2020:03:52:54 +0800] "GET /?date=2016-10-20&t=day&paged=2 HTTP/1.1" 301 - "-" "Mozilla/5.0 (compatible; DotBot/1.1; http://www.opensiteexplorer.org/dotbot, help@moz.com)"
216.244.66.248 - - [22/Jun/2020:03:53:23 +0800] "GET /?date=1995-8-9&t=mini HTTP/1.1" 301 - "-" "Mozilla/5.0 (compatible; DotBot/1.1; http://www.opensiteexplorer.org/dotbot, help@moz.com)"
216.244.66.248 - - [22/Jun/2020:03:53:51 +0800] "GET /?date=2020-9-25&t=list HTTP/1.1" 301 - "-" "Mozilla/5.0 (compatible; DotBot/1.1; http://www.opensiteexplorer.org/dotbot, help@moz.com)"
49.7.20.150 - - [22/Jun/2020:03:53:53 +0800] "GET /?option=com_phocaguestbook&view=phocaguestbook&id=1&Itemid=39&limitstart=9760 HTTP/1.1" 200 31322 "-" "Sogou web spider/4.0(+http://www.sogou.com/docs/help/webmasters.htm#07)"
216.244.66.248 - - [22/Jun/2020:03:54:18 +0800] "GET /?date=1993-2-14&t=day HTTP/1.1" 301 - "-" "Mozilla/5.0 (compatible; DotBot/1.1; http://www.opensiteexplorer.org/dotbot, help@moz.com)"
216.244.66.248 - - [22/Jun/2020:03:54:44 +0800] "GET /?date=1998-7-20&t=mini HTTP/1.1" 301 - "-" "Mozilla/5.0 (compatible; DotBot/1.1; http://www.opensiteexplorer.org/dotbot, help@moz.com)"
49.7.20.150 - - [22/Jun/2020:03:54:58 +0800] "GET /?date=1938-2-15&t=22220 HTTP/1.1" 301 20 "-" "Sogou web spider/4.0(+http://www.sogou.com/docs/help/webmasters.htm#07)"
49.7.20.156 - - [22/Jun/2020:03:54:59 +0800] "GET /?date=1938-2-15&t=22220 HTTP/1.1" 200 31322 "-" "Sogou web spider/4.0(+http://www.sogou.com/docs/help/webmasters.htm#07)"
216.244.66.248 - - [22/Jun/2020:03:55:09 +0800] "GET /?date=2017-10-7&t=list HTTP/1.1" 301 - "-" "Mozilla/5.0 (compatible; DotBot/1.1; http://www.opensiteexplorer.org/dotbot, help@moz.com)"
49.7.20.150 - - [22/Jun/2020:03:56:02 +0800] "GET /?date=1971-9&t=full HTTP/1.1" 301 20 "-" "Sogou web spider/4.0(+http://www.sogou.com/docs/help/webmasters.htm#07)"
49.7.20.156 - - [22/Jun/2020:03:56:03 +0800] "GET /?date=1971-9&t=full HTTP/1.1" 200 31322 "-" "Sogou web spider/4.0(+http://www.sogou.com/docs/help/webmasters.htm#07)"
49.7.20.150 - - [22/Jun/2020:03:57:06 +0800] "GET /index.php?option=com_phocaguestbook&view=phocaguestbook&id=1&Itemid=39&limitstart=217580 HTTP/1.1" 301 20 "-" "Sogou web spider/4.0(+http://www.sogou.com/docs/help/webmasters.htm#07)"
49.7.20.156 - - [22/Jun/2020:03:57:07 +0800] "GET /?option=com_phocaguestbook&view=phocaguestbook&id=1&Itemid=39&limitstart=217580 HTTP/1.1" 200 31322 "-" "Sogou web spider/4.0(+http://www.sogou.com/docs/help/webmasters.htm#07)"
216.244.66.248 - - [22/Jun/2020:03:57:29 +0800] "GET /?date=2013-9-4&t=day HTTP/1.1" 301 - "-" "Mozilla/5.0 (compatible; DotBot/1.1; http://www.opensiteexplorer.org/dotbot, help@moz.com)"
54.36.149.104 - - [22/Jun/2020:03:57:49 +0800] "GET /?date=2007-8-6&t=day&paged=9 HTTP/1.1" 301 20 "-" "Mozilla/5.0 (compatible; AhrefsBot/6.1; +http://ahrefs.com/robot/)"
216.244.66.248 - - [22/Jun/2020:03:57:52 +0800] "GET /?date=2037-12-15&t=list HTTP/1.1" 301 - "-" "Mozilla/5.0 (compatible; DotBot/1.1; http://www.opensiteexplorer.org/dotbot, help@moz.com)"
54.36.148.201 - - [22/Jun/2020:03:58:23 +0800] "GET /page/3/?date=2004-4&t=list&paged=3 HTTP/1.1" 404 30142 "-" "Mozilla/5.0 (compatible; AhrefsBot/6.1; +http://ahrefs.com/robot/)"
192.0.102.40 - - [22/Jun/2020:03:58:26 +0800] "HEAD / HTTP/1.1" 200 - "-" "jetmon/1.0 (Jetpack Site Uptime Monitor by WordPress.com)"
54.36.148.124 - - [22/Jun/2020:03:58:26 +0800] "GET /?date=2000-12-30&t=day&paged=7 HTTP/1.1" 301 20 "-" "Mozilla/5.0 (compatible; AhrefsBot/6.1; +http://ahrefs.com/robot/)"
54.36.148.246 - - [22/Jun/2020:03:59:34 +0800] "GET /?date=2018-12-7&t=day&paged=9 HTTP/1.1" 301 20 "-" "Mozilla/5.0 (compatible; AhrefsBot/6.1; +http://ahrefs.com/robot/)"
54.36.148.248 - - [22/Jun/2020:03:59:56 +0800] "GET /?date=2015-11-30&t=day&paged=5 HTTP/1.1" 301 20 "-" "Mozilla/5.0 (compatible; AhrefsBot/6.1; +http://ahrefs.com/robot/)"
54.36.148.169 - - [22/Jun/2020:04:00:09 +0800] "GET /?date=1997-6-9&t=day&paged=3 HTTP/1.1" 301 20 "-" "Mozilla/5.0 (compatible; AhrefsBot/6.1; +http://ahrefs.com/robot/)"
54.36.149.39 - - [22/Jun/2020:04:00:40 +0800] "GET /?date=2009-11-1&t=week&paged=8 HTTP/1.1" 301 20 "-" "Mozilla/5.0 (compatible; AhrefsBot/6.1; +http://ahrefs.com/robot/)"
46.53.246.240 - - [22/Jun/2020:04:01:19 +0800] "GET / HTTP/1.0" 200 98373 "http://tmcc.org.hk/" "Mozilla/5.0 (Windows NT 6.1) AppleWebKit/537.36 (KHTML, like Gecko) Chrome/68.0.3440.106 Safari/537.36"
216.244.66.248 - - [22/Jun/2020:04:01:43 +0800] "GET /?date=1998-10-25&t=list HTTP/1.1" 301 - "-" "Mozilla/5.0 (compatible; DotBot/1.1; http://www.opensiteexplorer.org/dotbot, help@moz.com)"
216.244.66.248 - - [22/Jun/2020:04:02:04 +0800] "GET /?date=2018-10-29&t=day HTTP/1.1" 301 - "-" "Mozilla/5.0 (compatible; DotBot/1.1; http://www.opensiteexplorer.org/dotbot, help@moz.com)"
54.36.148.59 - - [22/Jun/2020:04:02:22 +0800] "GET /?date=2010-10-13&t=day&paged=5 HTTP/1.1" 301 20 "-" "Mozilla/5.0 (compatible; AhrefsBot/6.1; +http://ahrefs.com/robot/)"
216.244.66.248 - - [22/Jun/2020:04:02:24 +0800] "GET /?date=2023-4-17&t=day HTTP/1.1" 301 - "-" "Mozilla/5.0 (compatible; DotBot/1.1; http://www.opensiteexplorer.org/dotbot, help@moz.com)"
192.0.102.40 - - [22/Jun/2020:04:06:15 +0800] "HEAD / HTTP/1.1" 200 - "-" "jetmon/1.0 (Jetpack Site Uptime Monitor by WordPress.com)"
216.244.66.248 - - [22/Jun/2020:04:06:29 +0800] "GET /?date=1995-6-15&t=mini&paged=2 HTTP/1.1" 301 - "-" "Mozilla/5.0 (compatible; DotBot/1.1; http://www.opensiteexplorer.org/dotbot, help@moz.com)"
216.244.66.248 - - [22/Jun/2020:04:06:47 +0800] "GET /?date=2006-7-3&t=day HTTP/1.1" 301 - "-" "Mozilla/5.0 (compatible; DotBot/1.1; http://www.opensiteexplorer.org/dotbot, help@moz.com)"
54.36.149.28 - - [22/Jun/2020:04:09:51 +0800] "GET /?date=2013-9&t=22220&paged=8 HTTP/1.1" 301 20 "-" "Mozilla/5.0 (compatible; AhrefsBot/6.1; +http://ahrefs.com/robot/)"
54.36.148.158 - - [22/Jun/2020:04:10:41 +0800] "GET /?date=2006-4-13&t=day&paged=3 HTTP/1.1" 301 20 "-" "Mozilla/5.0 (compatible; AhrefsBot/6.1; +http://ahrefs.com/robot/)"
192.0.102.40 - - [22/Jun/2020:04:13:55 +0800] "HEAD / HTTP/1.1" 200 - "-" "jetmon/1.0 (Jetpack Site Uptime Monitor by WordPress.com)"
54.36.148.64 - - [22/Jun/2020:04:16:25 +0800] "GET /?date=2000-6-8&t=day&paged=8 HTTP/1.1" 301 20 "-" "Mozilla/5.0 (compatible; AhrefsBot/6.1; +http://ahrefs.com/robot/)"
54.36.148.18 - - [22/Jun/2020:04:16:31 +0800] "GET /index.php?option=com_phocagallery&view=detail&catid=23:2009-10-26-&id=1911:img0068&tmpl=component&phocadownload=1&Itemid=59 HTTP/1.1" 301 20 "-" "Mozilla/5.0 (compatible; AhrefsBot/6.1; +http://ahrefs.com/robot/)"
54.36.148.73 - - [22/Jun/2020:04:17:58 +0800] "GET /?date=1996-3-6&t=day&paged=7 HTTP/1.1" 301 20 "-" "Mozilla/5.0 (compatible; AhrefsBot/6.1; +http://ahrefs.com/robot/)"
116.179.32.30 - - [22/Jun/2020:04:18:53 +0800] "GET /?date=1986-5-11&t=day HTTP/1.1" 200 31322 "-" "Mozilla/5.0 (compatible; Baiduspider/2.0; +http://www.baidu.com/search/spider.html)"
192.0.102.40 - - [22/Jun/2020:04:21:57 +0800] "HEAD / HTTP/1.1" 200 - "-" "jetmon/1.0 (Jetpack Site Uptime Monitor by WordPress.com)"
54.36.148.45 - - [22/Jun/2020:04:21:59 +0800] "GET /?date=1994-4-10&t=week&paged=9 HTTP/1.1" 301 20 "-" "Mozilla/5.0 (compatible; AhrefsBot/6.1; +http://ahrefs.com/robot/)"
54.36.148.162 - - [22/Jun/2020:04:22:07 +0800] "GET /?date=2018-2-20&t=day&paged=3 HTTP/1.1" 301 20 "-" "Mozilla/5.0 (compatible; AhrefsBot/6.1; +http://ahrefs.com/robot/)"
216.244.66.248 - - [22/Jun/2020:04:22:40 +0800] "GET /?date=1967-12-31&t=day HTTP/1.1" 301 - "-" "Mozilla/5.0 (compatible; DotBot/1.1; http://www.opensiteexplorer.org/dotbot, help@moz.com)"
