54.36.149.105 - - [20/Jun/2020:07:07:05 +0800] "GET /?date=1998-8-14&t=day&paged=9 HTTP/1.1" 301 20 "-" "Mozilla/5.0 (compatible; AhrefsBot/6.1; +http://ahrefs.com/robot/)"
54.36.149.32 - - [20/Jun/2020:07:08:46 +0800] "GET /page/2/?date=2000-4-8&t=day&paged=2 HTTP/1.1" 404 30142 "-" "Mozilla/5.0 (compatible; AhrefsBot/6.1; +http://ahrefs.com/robot/)"
192.0.102.40 - - [20/Jun/2020:07:10:46 +0800] "HEAD / HTTP/1.1" 200 - "-" "jetmon/1.0 (Jetpack Site Uptime Monitor by WordPress.com)"
54.36.148.21 - - [20/Jun/2020:07:11:15 +0800] "GET /?date=1997-9-9&t=day&paged=5 HTTP/1.1" 301 20 "-" "Mozilla/5.0 (compatible; AhrefsBot/6.1; +http://ahrefs.com/robot/)"
54.36.148.33 - - [20/Jun/2020:07:11:23 +0800] "GET /?date=2011-11-3&t=day&paged=9 HTTP/1.1" 301 20 "-" "Mozilla/5.0 (compatible; AhrefsBot/6.1; +http://ahrefs.com/robot/)"
54.36.149.13 - - [20/Jun/2020:07:12:57 +0800] "GET /?date=1999-12-28&t=day&paged=4 HTTP/1.1" 301 20 "-" "Mozilla/5.0 (compatible; AhrefsBot/6.1; +http://ahrefs.com/robot/)"
216.244.66.248 - - [20/Jun/2020:07:15:23 +0800] "GET /?date=2027-6&t=mini&paged=3 HTTP/1.1" 301 - "-" "Mozilla/5.0 (compatible; DotBot/1.1; http://www.opensiteexplorer.org/dotbot, help@moz.com)"
216.244.66.248 - - [20/Jun/2020:07:15:29 +0800] "GET /?ecwd_event=%E5%93%88%E7%BE%85%E5%9C%8B%E9%9A%9B%E5%AD%B8%E6%A0%A1-orchestra-invitation-weekend/ HTTP/1.1" 301 - "-" "Mozilla/5.0 (compatible; DotBot/1.1; http://www.opensiteexplorer.org/dotbot, help@moz.com)"
54.36.149.68 - - [20/Jun/2020:07:15:53 +0800] "GET /?date=2000-7&t=list&paged=7 HTTP/1.1" 301 20 "-" "Mozilla/5.0 (compatible; AhrefsBot/6.1; +http://ahrefs.com/robot/)"
216.244.66.248 - - [20/Jun/2020:07:16:19 +0800] "GET /?date=1971-3-7&t=mini&paged=2 HTTP/1.1" 301 - "-" "Mozilla/5.0 (compatible; DotBot/1.1; http://www.opensiteexplorer.org/dotbot, help@moz.com)"
216.244.66.248 - - [20/Jun/2020:07:16:23 +0800] "GET /?date=1990-12-2&t=mini&paged=2 HTTP/1.1" 301 - "-" "Mozilla/5.0 (compatible; DotBot/1.1; http://www.opensiteexplorer.org/dotbot, help@moz.com)"
216.244.66.248 - - [20/Jun/2020:07:16:26 +0800] "GET /?date=2000-9-24&t=list&paged=2 HTTP/1.1" 301 - "-" "Mozilla/5.0 (compatible; DotBot/1.1; http://www.opensiteexplorer.org/dotbot, help@moz.com)"
216.244.66.248 - - [20/Jun/2020:07:16:29 +0800] "GET /?date=2003-9-2&t=day&paged=2 HTTP/1.1" 301 - "-" "Mozilla/5.0 (compatible; DotBot/1.1; http://www.opensiteexplorer.org/dotbot, help@moz.com)"
216.244.66.248 - - [20/Jun/2020:07:16:32 +0800] "GET /?date=2011-6-5&t=list&paged=2 HTTP/1.1" 301 - "-" "Mozilla/5.0 (compatible; DotBot/1.1; http://www.opensiteexplorer.org/dotbot, help@moz.com)"
216.244.66.248 - - [20/Jun/2020:07:16:34 +0800] "GET /?date=2019-8-27&t=mini&paged=3 HTTP/1.1" 301 - "-" "Mozilla/5.0 (compatible; DotBot/1.1; http://www.opensiteexplorer.org/dotbot, help@moz.com)"
216.244.66.248 - - [20/Jun/2020:07:16:36 +0800] "GET /?date=2021-11-1&t=day&paged=3 HTTP/1.1" 301 - "-" "Mozilla/5.0 (compatible; DotBot/1.1; http://www.opensiteexplorer.org/dotbot, help@moz.com)"
216.244.66.248 - - [20/Jun/2020:07:16:38 +0800] "GET /?date=2021-7-18&t=day&paged=2 HTTP/1.1" 301 - "-" "Mozilla/5.0 (compatible; DotBot/1.1; http://www.opensiteexplorer.org/dotbot, help@moz.com)"
216.244.66.248 - - [20/Jun/2020:07:16:43 +0800] "GET /?date=1998-12-10&t=list&paged=2 HTTP/1.1" 301 - "-" "Mozilla/5.0 (compatible; DotBot/1.1; http://www.opensiteexplorer.org/dotbot, help@moz.com)"
216.244.66.248 - - [20/Jun/2020:07:16:44 +0800] "GET /?date=2000-12-24&t=week&paged=2 HTTP/1.1" 301 - "-" "Mozilla/5.0 (compatible; DotBot/1.1; http://www.opensiteexplorer.org/dotbot, help@moz.com)"
216.244.66.248 - - [20/Jun/2020:07:16:46 +0800] "GET /?date=2015-10-16&t=mini&paged=2 HTTP/1.1" 301 - "-" "Mozilla/5.0 (compatible; DotBot/1.1; http://www.opensiteexplorer.org/dotbot, help@moz.com)"
216.244.66.248 - - [20/Jun/2020:07:17:24 +0800] "GET /?date=1995-1-20&t=day HTTP/1.1" 301 - "-" "Mozilla/5.0 (compatible; DotBot/1.1; http://www.opensiteexplorer.org/dotbot, help@moz.com)"
192.0.102.40 - - [20/Jun/2020:07:17:29 +0800] "HEAD / HTTP/1.1" 200 - "-" "jetmon/1.0 (Jetpack Site Uptime Monitor by WordPress.com)"
216.244.66.248 - - [20/Jun/2020:07:17:45 +0800] "GET /?date=2001-9-27&t=mini HTTP/1.1" 301 - "-" "Mozilla/5.0 (compatible; DotBot/1.1; http://www.opensiteexplorer.org/dotbot, help@moz.com)"
216.244.66.248 - - [20/Jun/2020:07:17:55 +0800] "GET /?p=308 HTTP/1.1" 404 94449 "-" "Mozilla/5.0 (compatible; DotBot/1.1; http://www.opensiteexplorer.org/dotbot, help@moz.com)"
54.36.148.21 - - [20/Jun/2020:07:18:12 +0800] "GET /?date=1990-4-3&t=day&paged=9 HTTP/1.1" 301 20 "-" "Mozilla/5.0 (compatible; AhrefsBot/6.1; +http://ahrefs.com/robot/)"
216.244.66.248 - - [20/Jun/2020:07:18:50 +0800] "GET /?date=2020-5-5&t=mini HTTP/1.1" 200 98259 "-" "Mozilla/5.0 (compatible; DotBot/1.1; http://www.opensiteexplorer.org/dotbot, help@moz.com)"
216.244.66.248 - - [20/Jun/2020:07:18:58 +0800] "GET /?date=2018-8-19&t=mini HTTP/1.1" 301 - "-" "Mozilla/5.0 (compatible; DotBot/1.1; http://www.opensiteexplorer.org/dotbot, help@moz.com)"
54.36.148.80 - - [20/Jun/2020:07:19:06 +0800] "GET /?date=2018-12-9&t=week&paged=5 HTTP/1.1" 301 20 "-" "Mozilla/5.0 (compatible; AhrefsBot/6.1; +http://ahrefs.com/robot/)"
17.58.98.84 - - [20/Jun/2020:07:19:23 +0800] "GET /%e9%81%8e%e5%be%80%e6%bc%94%e5%87%ba/ HTTP/1.1" 200 34628 "-" "Mozilla/5.0 (Macintosh; Intel Mac OS X 10_15_5) AppleWebKit/605.1.15 (KHTML, like Gecko) Version/13.1.1 Safari/605.1.15 (Applebot/0.1; +http://www.apple.com/go/applebot)"
54.36.148.171 - - [20/Jun/2020:07:20:02 +0800] "GET /?date=2002-5-3&t=day&paged=4 HTTP/1.1" 301 20 "-" "Mozilla/5.0 (compatible; AhrefsBot/6.1; +http://ahrefs.com/robot/)"
216.244.66.248 - - [20/Jun/2020:07:20:52 +0800] "GET /?date=2017-5-29&t=day&paged=2 HTTP/1.1" 301 - "-" "Mozilla/5.0 (compatible; DotBot/1.1; http://www.opensiteexplorer.org/dotbot, help@moz.com)"
193.106.30.99 - - [20/Jun/2020:07:20:53 +0800] "POST /get.php?key=sdfadsgh4513sdGG435341FDGWWDFGDFHDFGDSFGDFSGDFG HTTP/1.1" 404 30142 "-" "Mozilla/5.0 (Windows NT 10.0; Win64; x64; rv:66.0) Gecko/20100101 Firefox/66.0"
216.244.66.248 - - [20/Jun/2020:07:20:57 +0800] "GET /?date=2023-6-28&t=day&paged=2 HTTP/1.1" 301 - "-" "Mozilla/5.0 (compatible; DotBot/1.1; http://www.opensiteexplorer.org/dotbot, help@moz.com)"
54.36.149.3 - - [20/Jun/2020:07:24:00 +0800] "GET /page/2/?date=2006-5-18&t=day&paged=2 HTTP/1.1" 404 30142 "-" "Mozilla/5.0 (compatible; AhrefsBot/6.1; +http://ahrefs.com/robot/)"
54.36.148.109 - - [20/Jun/2020:07:25:27 +0800] "GET /?date=2016-4-6&t=day&paged=8 HTTP/1.1" 301 20 "-" "Mozilla/5.0 (compatible; AhrefsBot/6.1; +http://ahrefs.com/robot/)"
54.36.148.73 - - [20/Jun/2020:07:25:28 +0800] "GET /?date=1993-4-30&t=day&paged=3 HTTP/1.1" 301 20 "-" "Mozilla/5.0 (compatible; AhrefsBot/6.1; +http://ahrefs.com/robot/)"
192.0.102.40 - - [20/Jun/2020:07:26:00 +0800] "HEAD / HTTP/1.1" 200 - "-" "jetmon/1.0 (Jetpack Site Uptime Monitor by WordPress.com)"
216.244.66.248 - - [20/Jun/2020:07:28:22 +0800] "GET /?date=1991-11-1&t=list HTTP/1.1" 301 - "-" "Mozilla/5.0 (compatible; DotBot/1.1; http://www.opensiteexplorer.org/dotbot, help@moz.com)"
66.249.79.107 - - [20/Jun/2020:07:28:27 +0800] "GET /wp-content/uploads/2020/04/TMCClogo.png HTTP/1.1" 304 - "-" "Googlebot-Image/1.0"
216.244.66.248 - - [20/Jun/2020:07:28:31 +0800] "GET /?date=1998-7-18&t=list HTTP/1.1" 301 - "-" "Mozilla/5.0 (compatible; DotBot/1.1; http://www.opensiteexplorer.org/dotbot, help@moz.com)"
216.244.66.248 - - [20/Jun/2020:07:28:40 +0800] "GET /?date=2006-7-31&t=mini HTTP/1.1" 301 - "-" "Mozilla/5.0 (compatible; DotBot/1.1; http://www.opensiteexplorer.org/dotbot, help@moz.com)"
216.244.66.248 - - [20/Jun/2020:07:28:47 +0800] "GET /?date=2013-7-19&t=day HTTP/1.1" 301 - "-" "Mozilla/5.0 (compatible; DotBot/1.1; http://www.opensiteexplorer.org/dotbot, help@moz.com)"
216.244.66.248 - - [20/Jun/2020:07:28:53 +0800] "GET /?date=2022-5-26&t=list HTTP/1.1" 301 - "-" "Mozilla/5.0 (compatible; DotBot/1.1; http://www.opensiteexplorer.org/dotbot, help@moz.com)"
220.181.108.165 - - [20/Jun/2020:07:29:14 +0800] "GET /%E5%B0%8E%E5%B8%AB%E4%BB%8B%E7%B4%B9/ HTTP/1.1" 200 33676 "-" "Mozilla/5.0 (compatible; Baiduspider/2.0; +http://www.baidu.com/search/spider.html)"
216.244.66.248 - - [20/Jun/2020:07:29:42 +0800] "GET /?date=1997-7-17&t=mini HTTP/1.1" 301 - "-" "Mozilla/5.0 (compatible; DotBot/1.1; http://www.opensiteexplorer.org/dotbot, help@moz.com)"
216.244.66.248 - - [20/Jun/2020:07:29:47 +0800] "GET /?date=2002-10-5&t=day&paged=2 HTTP/1.1" 301 - "-" "Mozilla/5.0 (compatible; DotBot/1.1; http://www.opensiteexplorer.org/dotbot, help@moz.com)"
216.244.66.248 - - [20/Jun/2020:07:29:51 +0800] "GET /?date=2016-4-9&t=day HTTP/1.1" 301 - "-" "Mozilla/5.0 (compatible; DotBot/1.1; http://www.opensiteexplorer.org/dotbot, help@moz.com)"
192.0.102.40 - - [20/Jun/2020:07:33:08 +0800] "HEAD / HTTP/1.1" 200 - "-" "jetmon/1.0 (Jetpack Site Uptime Monitor by WordPress.com)"
54.36.148.92 - - [20/Jun/2020:07:34:29 +0800] "GET /?date=2006-4-9&t=day&paged=4 HTTP/1.1" 301 20 "-" "Mozilla/5.0 (compatible; AhrefsBot/6.1; +http://ahrefs.com/robot/)"
54.36.148.158 - - [20/Jun/2020:07:36:55 +0800] "GET /?date=2005-5-27&t=day&paged=5 HTTP/1.1" 301 20 "-" "Mozilla/5.0 (compatible; AhrefsBot/6.1; +http://ahrefs.com/robot/)"
54.36.149.57 - - [20/Jun/2020:07:37:28 +0800] "GET /?date=1997-7-20&t=day&paged=4 HTTP/1.1" 301 20 "-" "Mozilla/5.0 (compatible; AhrefsBot/6.1; +http://ahrefs.com/robot/)"
54.36.148.69 - - [20/Jun/2020:07:39:00 +0800] "GET /index.php?option=com_phocagallery&view=detail&catid=28:2010-01-04-03-57-34&id=2983:tmcc1228a100&tmpl=component&phocadownload=1&Itemid=59 HTTP/1.1" 301 20 "-" "Mozilla/5.0 (compatible; AhrefsBot/6.1; +http://ahrefs.com/robot/)"
54.36.148.220 - - [20/Jun/2020:07:40:25 +0800] "GET /?date=2009-5&t=full&paged=7 HTTP/1.1" 301 20 "-" "Mozilla/5.0 (compatible; AhrefsBot/6.1; +http://ahrefs.com/robot/)"
192.0.102.40 - - [20/Jun/2020:07:41:47 +0800] "HEAD / HTTP/1.1" 200 - "-" "jetmon/1.0 (Jetpack Site Uptime Monitor by WordPress.com)"
20.185.238.41 - - [20/Jun/2020:07:43:51 +0800] "GET / HTTP/1.0" 200 98373 "http://tmcc.org.hk/" "Mozilla/5.0 (Windows NT 10.0; Win64; x64) AppleWebKit/537.36 (KHTML, like Gecko) Chrome/64.0.3282.140 Safari/537.36 Edge/17.17134"
54.36.148.131 - - [20/Jun/2020:07:45:09 +0800] "GET /?date=2016-12-14&t=day HTTP/1.1" 301 20 "-" "Mozilla/5.0 (compatible; AhrefsBot/6.1; +http://ahrefs.com/robot/)"
54.36.148.135 - - [20/Jun/2020:07:45:44 +0800] "GET /?date=1994-12-30&t=day&paged=5 HTTP/1.1" 301 20 "-" "Mozilla/5.0 (compatible; AhrefsBot/6.1; +http://ahrefs.com/robot/)"
54.36.149.43 - - [20/Jun/2020:07:48:00 +0800] "GET /index.php?option=com_phocagallery&view=category&id=10%3A&Itemid=59&limitstart=180 HTTP/1.1" 301 20 "-" "Mozilla/5.0 (compatible; AhrefsBot/6.1; +http://ahrefs.com/robot/)"
54.36.148.25 - - [20/Jun/2020:07:48:11 +0800] "GET /?date=1989-1-16&t=day&paged=3 HTTP/1.1" 301 20 "-" "Mozilla/5.0 (compatible; AhrefsBot/6.1; +http://ahrefs.com/robot/)"
192.0.102.40 - - [20/Jun/2020:07:48:45 +0800] "HEAD / HTTP/1.1" 200 - "-" "jetmon/1.0 (Jetpack Site Uptime Monitor by WordPress.com)"
54.36.149.62 - - [20/Jun/2020:07:50:34 +0800] "GET /?date=1990-10-25&t=day&paged=5 HTTP/1.1" 301 20 "-" "Mozilla/5.0 (compatible; AhrefsBot/6.1; +http://ahrefs.com/robot/)"
54.36.148.92 - - [20/Jun/2020:07:52:28 +0800] "GET /?date=1997-8-27&t=day&paged=5 HTTP/1.1" 301 20 "-" "Mozilla/5.0 (compatible; AhrefsBot/6.1; +http://ahrefs.com/robot/)"
54.36.148.18 - - [20/Jun/2020:07:54:30 +0800] "GET /?date=2007-2-16&t=day&paged=7 HTTP/1.1" 301 20 "-" "Mozilla/5.0 (compatible; AhrefsBot/6.1; +http://ahrefs.com/robot/)"
5.188.210.87 - - [20/Jun/2020:07:55:13 +0800] "GET / HTTP/1.0" 200 98373 "http://tmcc.org.hk/" "Mozilla/5.0 (Windows NT 10.0; Win64; x64) AppleWebKit/537.36 (KHTML, like Gecko) Chrome/67.0.3396.87 Safari/537.36 OPR/54.0.2952.64"
54.36.149.102 - - [20/Jun/2020:07:56:45 +0800] "GET /?date=2006-6-11&t=day&paged=5 HTTP/1.1" 301 20 "-" "Mozilla/5.0 (compatible; AhrefsBot/6.1; +http://ahrefs.com/robot/)"
54.36.148.55 - - [20/Jun/2020:07:57:19 +0800] "GET /?date=2001-12-13&t=day&paged=3 HTTP/1.1" 301 20 "-" "Mozilla/5.0 (compatible; AhrefsBot/6.1; +http://ahrefs.com/robot/)"
192.0.102.40 - - [20/Jun/2020:07:57:25 +0800] "HEAD / HTTP/1.1" 200 - "-" "jetmon/1.0 (Jetpack Site Uptime Monitor by WordPress.com)"
54.36.149.72 - - [20/Jun/2020:07:57:36 +0800] "GET /?date=2015-12-27&t=week&paged=5 HTTP/1.1" 301 20 "-" "Mozilla/5.0 (compatible; AhrefsBot/6.1; +http://ahrefs.com/robot/)"
54.36.148.99 - - [20/Jun/2020:07:58:53 +0800] "GET /?date=2010-1-13&t=day&paged=4 HTTP/1.1" 301 20 "-" "Mozilla/5.0 (compatible; AhrefsBot/6.1; +http://ahrefs.com/robot/)"
84.17.37.72 - - [20/Jun/2020:07:59:52 +0800] "GET / HTTP/1.1" 200 31342 "-" "Mozilla/5.0 (Windows NT 10.0; Win64; x64) AppleWebKit/537.36 (KHTML, like Gecko) Chrome/84.0.4147.56 Safari/537.36"
84.17.37.72 - - [20/Jun/2020:07:59:53 +0800] "GET /wp-includes/css/dist/block-library/style.min.css?ver=5.4.1 HTTP/1.1" 200 7642 "http://tmcc.org.hk/" "Mozilla/5.0 (Windows NT 10.0; Win64; x64) AppleWebKit/537.36 (KHTML, like Gecko) Chrome/84.0.4147.56 Safari/537.36"
84.17.37.72 - - [20/Jun/2020:07:59:53 +0800] "GET /wp-content/themes/twentytwenty/style.css?ver=1.2 HTTP/1.1" 200 22983 "http://tmcc.org.hk/" "Mozilla/5.0 (Windows NT 10.0; Win64; x64) AppleWebKit/537.36 (KHTML, like Gecko) Chrome/84.0.4147.56 Safari/537.36"
84.17.37.72 - - [20/Jun/2020:07:59:53 +0800] "GET /wp-includes/js/wp-emoji-release.min.js?ver=5.4.1 HTTP/1.1" 200 4653 "http://tmcc.org.hk/" "Mozilla/5.0 (Windows NT 10.0; Win64; x64) AppleWebKit/537.36 (KHTML, like Gecko) Chrome/84.0.4147.56 Safari/537.36"
84.17.37.72 - - [20/Jun/2020:07:59:53 +0800] "GET /wp-content/plugins/jetpack/modules/theme-tools/compat/twentytwenty.css?ver=8.4.2 HTTP/1.1" 200 1508 "http://tmcc.org.hk/" "Mozilla/5.0 (Windows NT 10.0; Win64; x64) AppleWebKit/537.36 (KHTML, like Gecko) Chrome/84.0.4147.56 Safari/537.36"
84.17.37.72 - - [20/Jun/2020:07:59:54 +0800] "GET /wp-content/plugins/jetpack/css/jetpack.css?ver=8.4.2 HTTP/1.1" 200 13124 "http://tmcc.org.hk/" "Mozilla/5.0 (Windows NT 10.0; Win64; x64) AppleWebKit/537.36 (KHTML, like Gecko) Chrome/84.0.4147.56 Safari/537.36"
84.17.37.72 - - [20/Jun/2020:07:59:54 +0800] "GET /wp-includes/js/wp-embed.min.js?ver=5.4.1 HTTP/1.1" 200 769 "http://tmcc.org.hk/" "Mozilla/5.0 (Windows NT 10.0; Win64; x64) AppleWebKit/537.36 (KHTML, like Gecko) Chrome/84.0.4147.56 Safari/537.36"
84.17.37.72 - - [20/Jun/2020:07:59:54 +0800] "GET /wp-content/themes/twentytwenty/assets/js/index.js?ver=1.2 HTTP/1.1" 200 6703 "http://tmcc.org.hk/" "Mozilla/5.0 (Windows NT 10.0; Win64; x64) AppleWebKit/537.36 (KHTML, like Gecko) Chrome/84.0.4147.56 Safari/537.36"
84.17.37.72 - - [20/Jun/2020:07:59:54 +0800] "GET /wp-content/uploads/TMCClogo-with-text-01-1536x379.png HTTP/1.1" 200 262225 "http://tmcc.org.hk/" "Mozilla/5.0 (Windows NT 10.0; Win64; x64) AppleWebKit/537.36 (KHTML, like Gecko) Chrome/84.0.4147.56 Safari/537.36"
84.17.37.72 - - [20/Jun/2020:07:59:54 +0800] "GET /wp-content/themes/twentytwenty/print.css?ver=1.2 HTTP/1.1" 200 991 "http://tmcc.org.hk/" "Mozilla/5.0 (Windows NT 10.0; Win64; x64) AppleWebKit/537.36 (KHTML, like Gecko) Chrome/84.0.4147.56 Safari/537.36"
84.17.37.72 - - [20/Jun/2020:07:59:59 +0800] "GET /wp-content/uploads/2020/04/TMCClogo-150x150.png HTTP/1.1" 200 15011 "http://tmcc.org.hk/" "Mozilla/5.0 (Windows NT 10.0; Win64; x64) AppleWebKit/537.36 (KHTML, like Gecko) Chrome/84.0.4147.56 Safari/537.36"
216.244.66.248 - - [20/Jun/2020:08:00:02 +0800] "GET /?date=1992-9-27&t=list HTTP/1.1" 301 - "-" "Mozilla/5.0 (compatible; DotBot/1.1; http://www.opensiteexplorer.org/dotbot, help@moz.com)"
216.244.66.248 - - [20/Jun/2020:08:00:09 +0800] "GET /?date=2023-4-25&t=day HTTP/1.1" 301 - "-" "Mozilla/5.0 (compatible; DotBot/1.1; http://www.opensiteexplorer.org/dotbot, help@moz.com)"
216.244.66.248 - - [20/Jun/2020:08:01:24 +0800] "GET /?date=2005-8&t=list&paged=3 HTTP/1.1" 301 - "-" "Mozilla/5.0 (compatible; DotBot/1.1; http://www.opensiteexplorer.org/dotbot, help@moz.com)"
216.244.66.248 - - [20/Jun/2020:08:01:35 +0800] "GET /?date=2020-5&t=mini&paged=2 HTTP/1.1" 301 - "-" "Mozilla/5.0 (compatible; DotBot/1.1; http://www.opensiteexplorer.org/dotbot, help@moz.com)"
216.244.66.248 - - [20/Jun/2020:08:02:21 +0800] "GET /?date=1995-8-2&t=mini&paged=2 HTTP/1.1" 301 - "-" "Mozilla/5.0 (compatible; DotBot/1.1; http://www.opensiteexplorer.org/dotbot, help@moz.com)"
216.244.66.248 - - [20/Jun/2020:08:02:30 +0800] "GET /?date=1996-1-27&t=day&paged=2 HTTP/1.1" 301 - "-" "Mozilla/5.0 (compatible; DotBot/1.1; http://www.opensiteexplorer.org/dotbot, help@moz.com)"
84.17.37.72 - - [20/Jun/2020:08:02:35 +0800] "GET / HTTP/1.1" 200 31342 "-" "Mozilla/5.0 (Windows NT 6.1; Win64; x64) AppleWebKit/537.36 (KHTML, like Gecko) Chrome/83.0.4103.106 Safari/537.36"
84.17.37.72 - - [20/Jun/2020:08:02:36 +0800] "GET /wp-includes/css/dist/block-library/style.min.css?ver=5.4.1 HTTP/1.1" 200 7642 "http://tmcc.org.hk/" "Mozilla/5.0 (Windows NT 6.1; Win64; x64) AppleWebKit/537.36 (KHTML, like Gecko) Chrome/83.0.4103.106 Safari/537.36"
84.17.37.72 - - [20/Jun/2020:08:02:36 +0800] "GET /wp-content/themes/twentytwenty/style.css?ver=1.2 HTTP/1.1" 200 22983 "http://tmcc.org.hk/" "Mozilla/5.0 (Windows NT 6.1; Win64; x64) AppleWebKit/537.36 (KHTML, like Gecko) Chrome/83.0.4103.106 Safari/537.36"
84.17.37.72 - - [20/Jun/2020:08:02:36 +0800] "GET /wp-content/plugins/jetpack/modules/theme-tools/compat/twentytwenty.css?ver=8.4.2 HTTP/1.1" 200 1508 "http://tmcc.org.hk/" "Mozilla/5.0 (Windows NT 6.1; Win64; x64) AppleWebKit/537.36 (KHTML, like Gecko) Chrome/83.0.4103.106 Safari/537.36"
84.17.37.72 - - [20/Jun/2020:08:02:37 +0800] "GET /wp-includes/js/wp-embed.min.js?ver=5.4.1 HTTP/1.1" 200 769 "http://tmcc.org.hk/" "Mozilla/5.0 (Windows NT 6.1; Win64; x64) AppleWebKit/537.36 (KHTML, like Gecko) Chrome/83.0.4103.106 Safari/537.36"
84.17.37.72 - - [20/Jun/2020:08:02:37 +0800] "GET /wp-content/plugins/jetpack/css/jetpack.css?ver=8.4.2 HTTP/1.1" 200 13124 "http://tmcc.org.hk/" "Mozilla/5.0 (Windows NT 6.1; Win64; x64) AppleWebKit/537.36 (KHTML, like Gecko) Chrome/83.0.4103.106 Safari/537.36"
84.17.37.72 - - [20/Jun/2020:08:02:37 +0800] "GET /wp-content/themes/twentytwenty/assets/js/index.js?ver=1.2 HTTP/1.1" 200 6703 "http://tmcc.org.hk/" "Mozilla/5.0 (Windows NT 6.1; Win64; x64) AppleWebKit/537.36 (KHTML, like Gecko) Chrome/83.0.4103.106 Safari/537.36"
84.17.37.72 - - [20/Jun/2020:08:02:37 +0800] "GET /wp-includes/js/wp-emoji-release.min.js?ver=5.4.1 HTTP/1.1" 200 4653 "http://tmcc.org.hk/" "Mozilla/5.0 (Windows NT 6.1; Win64; x64) AppleWebKit/537.36 (KHTML, like Gecko) Chrome/83.0.4103.106 Safari/537.36"
84.17.37.72 - - [20/Jun/2020:08:02:37 +0800] "GET /wp-content/uploads/TMCClogo-with-text-01.png HTTP/1.1" 200 94396 "http://tmcc.org.hk/" "Mozilla/5.0 (Windows NT 6.1; Win64; x64) AppleWebKit/537.36 (KHTML, like Gecko) Chrome/83.0.4103.106 Safari/537.36"
84.17.37.72 - - [20/Jun/2020:08:02:37 +0800] "GET /wp-content/themes/twentytwenty/print.css?ver=1.2 HTTP/1.1" 200 991 "http://tmcc.org.hk/" "Mozilla/5.0 (Windows NT 6.1; Win64; x64) AppleWebKit/537.36 (KHTML, like Gecko) Chrome/83.0.4103.106 Safari/537.36"
216.244.66.248 - - [20/Jun/2020:08:02:38 +0800] "GET /?date=1996-5-9&t=list&paged=2 HTTP/1.1" 301 - "-" "Mozilla/5.0 (compatible; DotBot/1.1; http://www.opensiteexplorer.org/dotbot, help@moz.com)"
216.244.66.248 - - [20/Jun/2020:08:02:45 +0800] "GET /?date=1998-12-28&t=day&paged=2 HTTP/1.1" 301 - "-" "Mozilla/5.0 (compatible; DotBot/1.1; http://www.opensiteexplorer.org/dotbot, help@moz.com)"
216.244.66.248 - - [20/Jun/2020:08:02:51 +0800] "GET /?date=2008-4-5&t=list&paged=2 HTTP/1.1" 301 - "-" "Mozilla/5.0 (compatible; DotBot/1.1; http://www.opensiteexplorer.org/dotbot, help@moz.com)"
216.244.66.248 - - [20/Jun/2020:08:02:56 +0800] "GET /?date=2008-5-5&t=mini&paged=2 HTTP/1.1" 301 - "-" "Mozilla/5.0 (compatible; DotBot/1.1; http://www.opensiteexplorer.org/dotbot, help@moz.com)"
216.244.66.248 - - [20/Jun/2020:08:03:01 +0800] "GET /?date=2011-12-4&t=day&paged=2 HTTP/1.1" 301 - "-" "Mozilla/5.0 (compatible; DotBot/1.1; http://www.opensiteexplorer.org/dotbot, help@moz.com)"
216.244.66.248 - - [20/Jun/2020:08:03:04 +0800] "GET /?date=2013-5-26&t=week&paged=2 HTTP/1.1" 301 - "-" "Mozilla/5.0 (compatible; DotBot/1.1; http://www.opensiteexplorer.org/dotbot, help@moz.com)"
216.244.66.248 - - [20/Jun/2020:08:03:07 +0800] "GET /?date=2017-4-21&t=mini&paged=2 HTTP/1.1" 301 - "-" "Mozilla/5.0 (compatible; DotBot/1.1; http://www.opensiteexplorer.org/dotbot, help@moz.com)"
216.244.66.248 - - [20/Jun/2020:08:03:11 +0800] "GET /?date=2018-4-16&t=day&paged=3 HTTP/1.1" 301 - "-" "Mozilla/5.0 (compatible; DotBot/1.1; http://www.opensiteexplorer.org/dotbot, help@moz.com)"
216.244.66.248 - - [20/Jun/2020:08:03:13 +0800] "GET /?date=2021-3-10&t=mini&paged=3 HTTP/1.1" 301 - "-" "Mozilla/5.0 (compatible; DotBot/1.1; http://www.opensiteexplorer.org/dotbot, help@moz.com)"
216.244.66.248 - - [20/Jun/2020:08:03:15 +0800] "GET /?date=2035-9&t=mini&paged=5 HTTP/1.1" 301 - "-" "Mozilla/5.0 (compatible; DotBot/1.1; http://www.opensiteexplorer.org/dotbot, help@moz.com)"
216.244.66.248 - - [20/Jun/2020:08:03:18 +0800] "GET /?date=1997-12-11&t=mini&paged=2 HTTP/1.1" 301 - "-" "Mozilla/5.0 (compatible; DotBot/1.1; http://www.opensiteexplorer.org/dotbot, help@moz.com)"
216.244.66.248 - - [20/Jun/2020:08:03:19 +0800] "GET /?date=2018-12-12&t=mini HTTP/1.1" 301 - "-" "Mozilla/5.0 (compatible; DotBot/1.1; http://www.opensiteexplorer.org/dotbot, help@moz.com)"
216.244.66.248 - - [20/Jun/2020:08:03:22 +0800] "GET /?date=2020-8-6&t=day HTTP/1.1" 301 - "-" "Mozilla/5.0 (compatible; DotBot/1.1; http://www.opensiteexplorer.org/dotbot, help@moz.com)"
216.244.66.248 - - [20/Jun/2020:08:03:24 +0800] "GET /?date=2021-4-3&t=mini HTTP/1.1" 301 - "-" "Mozilla/5.0 (compatible; DotBot/1.1; http://www.opensiteexplorer.org/dotbot, help@moz.com)"
216.244.66.248 - - [20/Jun/2020:08:03:25 +0800] "GET /?date=2025-11-2&t=week HTTP/1.1" 301 - "-" "Mozilla/5.0 (compatible; DotBot/1.1; http://www.opensiteexplorer.org/dotbot, help@moz.com)"
192.0.102.40 - - [20/Jun/2020:08:04:27 +0800] "HEAD / HTTP/1.1" 200 - "-" "jetmon/1.0 (Jetpack Site Uptime Monitor by WordPress.com)"
216.244.66.248 - - [20/Jun/2020:08:04:42 +0800] "GET /?date=2012-5-27&t=week HTTP/1.1" 301 - "-" "Mozilla/5.0 (compatible; DotBot/1.1; http://www.opensiteexplorer.org/dotbot, help@moz.com)"
216.244.66.248 - - [20/Jun/2020:08:04:52 +0800] "GET /?date=2018-8-3&t=mini HTTP/1.1" 200 98259 "-" "Mozilla/5.0 (compatible; DotBot/1.1; http://www.opensiteexplorer.org/dotbot, help@moz.com)"
185.86.13.213 - - [20/Jun/2020:08:05:51 +0800] "GET /wp-login.php HTTP/1.1" 200 6044 "-" "Mozilla/5.0 (Windows NT 10.0; WOW64) AppleWebKit/537.36 (KHTML, like Gecko) Chrome/51.0.2704.103 Safari/537.36"
185.86.13.213 - - [20/Jun/2020:08:05:52 +0800] "POST /wp-login.php HTTP/1.1" 401 3586 "http://www.tmcc.org.hk/wp-login.php" "Mozilla/5.0 (Windows NT 10.0; WOW64) AppleWebKit/537.36 (KHTML, like Gecko) Chrome/51.0.2704.103 Safari/537.36"
54.36.148.172 - - [20/Jun/2020:08:06:30 +0800] "GET /?date=2012-11-7&t=day&paged=8 HTTP/1.1" 301 20 "-" "Mozilla/5.0 (compatible; AhrefsBot/6.1; +http://ahrefs.com/robot/)"
216.244.66.248 - - [20/Jun/2020:08:06:53 +0800] "GET /?date=2018-8-19&t=week&paged=3 HTTP/1.1" 301 - "-" "Mozilla/5.0 (compatible; DotBot/1.1; http://www.opensiteexplorer.org/dotbot, help@moz.com)"
54.36.148.81 - - [20/Jun/2020:08:07:10 +0800] "GET /?date=2012-2-14&t=day&paged=5 HTTP/1.1" 301 20 "-" "Mozilla/5.0 (compatible; AhrefsBot/6.1; +http://ahrefs.com/robot/)"
94.228.207.1 - - [20/Jun/2020:08:10:56 +0800] "GET / HTTP/1.0" 200 98373 "http://tmcc.org.hk/" "Mozilla/5.0 (Windows NT 10.0; Win64; x64) AppleWebKit/537.36 (KHTML, like Gecko) Chrome/67.0.3396.62 Safari/537.36"
54.36.148.74 - - [20/Jun/2020:08:12:12 +0800] "GET /?date=1988-11-7&t=day&paged=3 HTTP/1.1" 301 20 "-" "Mozilla/5.0 (compatible; AhrefsBot/6.1; +http://ahrefs.com/robot/)"
216.244.66.248 - - [20/Jun/2020:08:12:20 +0800] "GET /?date=1995-3-2&t=list HTTP/1.1" 301 - "-" "Mozilla/5.0 (compatible; DotBot/1.1; http://www.opensiteexplorer.org/dotbot, help@moz.com)"
216.244.66.248 - - [20/Jun/2020:08:12:23 +0800] "GET /?date=1997-6-11&t=mini HTTP/1.1" 301 - "-" "Mozilla/5.0 (compatible; DotBot/1.1; http://www.opensiteexplorer.org/dotbot, help@moz.com)"
216.244.66.248 - - [20/Jun/2020:08:12:25 +0800] "GET /?date=2000-7-31&t=day HTTP/1.1" 301 - "-" "Mozilla/5.0 (compatible; DotBot/1.1; http://www.opensiteexplorer.org/dotbot, help@moz.com)"
216.244.66.248 - - [20/Jun/2020:08:12:28 +0800] "GET /?date=2001-4-29&t=list HTTP/1.1" 301 - "-" "Mozilla/5.0 (compatible; DotBot/1.1; http://www.opensiteexplorer.org/dotbot, help@moz.com)"
192.0.102.40 - - [20/Jun/2020:08:13:01 +0800] "HEAD / HTTP/1.1" 200 - "-" "jetmon/1.0 (Jetpack Site Uptime Monitor by WordPress.com)"
54.36.148.215 - - [20/Jun/2020:08:13:17 +0800] "GET /?date=1992-3-23&t=day&paged=4 HTTP/1.1" 301 20 "-" "Mozilla/5.0 (compatible; AhrefsBot/6.1; +http://ahrefs.com/robot/)"
216.244.66.248 - - [20/Jun/2020:08:13:27 +0800] "GET /?date=1993-6-10&t=list HTTP/1.1" 301 - "-" "Mozilla/5.0 (compatible; DotBot/1.1; http://www.opensiteexplorer.org/dotbot, help@moz.com)"
216.244.66.248 - - [20/Jun/2020:08:13:29 +0800] "GET /?date=2006-11-4&t=day HTTP/1.1" 301 - "-" "Mozilla/5.0 (compatible; DotBot/1.1; http://www.opensiteexplorer.org/dotbot, help@moz.com)"
216.244.66.248 - - [20/Jun/2020:08:13:31 +0800] "GET /?date=2020-3-21&t=list&paged=2 HTTP/1.1" 301 - "-" "Mozilla/5.0 (compatible; DotBot/1.1; http://www.opensiteexplorer.org/dotbot, help@moz.com)"
54.36.149.27 - - [20/Jun/2020:08:14:23 +0800] "GET /?date=2011-6-15&t=day&paged=8 HTTP/1.1" 301 20 "-" "Mozilla/5.0 (compatible; AhrefsBot/6.1; +http://ahrefs.com/robot/)"
216.244.66.248 - - [20/Jun/2020:08:15:26 +0800] "GET /?date=1990-1-7&t=list HTTP/1.1" 301 - "-" "Mozilla/5.0 (compatible; DotBot/1.1; http://www.opensiteexplorer.org/dotbot, help@moz.com)"
54.36.149.63 - - [20/Jun/2020:08:15:30 +0800] "GET /?date=2017-12-19&t=day&paged=5 HTTP/1.1" 301 20 "-" "Mozilla/5.0 (compatible; AhrefsBot/6.1; +http://ahrefs.com/robot/)"
216.244.66.248 - - [20/Jun/2020:08:15:32 +0800] "GET /?date=1993-7-6&t=mini HTTP/1.1" 301 - "-" "Mozilla/5.0 (compatible; DotBot/1.1; http://www.opensiteexplorer.org/dotbot, help@moz.com)"
216.244.66.248 - - [20/Jun/2020:08:15:37 +0800] "GET /?date=2007-9-5&t=day HTTP/1.1" 301 - "-" "Mozilla/5.0 (compatible; DotBot/1.1; http://www.opensiteexplorer.org/dotbot, help@moz.com)"
216.244.66.248 - - [20/Jun/2020:08:15:41 +0800] "GET /?date=2011-6-19&t=day HTTP/1.1" 301 - "-" "Mozilla/5.0 (compatible; DotBot/1.1; http://www.opensiteexplorer.org/dotbot, help@moz.com)"
216.244.66.248 - - [20/Jun/2020:08:15:45 +0800] "GET /?date=2018-5-29&t=mini HTTP/1.1" 301 - "-" "Mozilla/5.0 (compatible; DotBot/1.1; http://www.opensiteexplorer.org/dotbot, help@moz.com)"
54.36.149.55 - - [20/Jun/2020:08:15:48 +0800] "GET /?date=1991-8-4&t=day&paged=5 HTTP/1.1" 301 20 "-" "Mozilla/5.0 (compatible; AhrefsBot/6.1; +http://ahrefs.com/robot/)"
54.36.148.141 - - [20/Jun/2020:08:15:48 +0800] "GET /?date=1996-1-21&t=week&paged=5 HTTP/1.1" 301 20 "-" "Mozilla/5.0 (compatible; AhrefsBot/6.1; +http://ahrefs.com/robot/)"
216.244.66.248 - - [20/Jun/2020:08:16:33 +0800] "GET /?date=2003-12-14&t=day HTTP/1.1" 301 - "-" "Mozilla/5.0 (compatible; DotBot/1.1; http://www.opensiteexplorer.org/dotbot, help@moz.com)"
216.244.66.248 - - [20/Jun/2020:08:16:36 +0800] "GET /?date=2008-8&t=mini&paged=3 HTTP/1.1" 301 - "-" "Mozilla/5.0 (compatible; DotBot/1.1; http://www.opensiteexplorer.org/dotbot, help@moz.com)"
216.244.66.248 - - [20/Jun/2020:08:16:38 +0800] "GET /?date=2015-8-24&t=day HTTP/1.1" 301 - "-" "Mozilla/5.0 (compatible; DotBot/1.1; http://www.opensiteexplorer.org/dotbot, help@moz.com)"
216.244.66.248 - - [20/Jun/2020:08:16:41 +0800] "GET /?date=2020-2-20&t=list&paged=2 HTTP/1.1" 301 - "-" "Mozilla/5.0 (compatible; DotBot/1.1; http://www.opensiteexplorer.org/dotbot, help@moz.com)"
54.36.149.63 - - [20/Jun/2020:08:17:32 +0800] "GET /?date=1995-4-29&t=day&paged=3 HTTP/1.1" 301 20 "-" "Mozilla/5.0 (compatible; AhrefsBot/6.1; +http://ahrefs.com/robot/)"
54.36.149.94 - - [20/Jun/2020:08:18:52 +0800] "GET /?date=1991-4-18&t=day&paged=7 HTTP/1.1" 301 20 "-" "Mozilla/5.0 (compatible; AhrefsBot/6.1; +http://ahrefs.com/robot/)"
192.0.102.40 - - [20/Jun/2020:08:20:18 +0800] "HEAD / HTTP/1.1" 200 - "-" "jetmon/1.0 (Jetpack Site Uptime Monitor by WordPress.com)"
54.36.149.83 - - [20/Jun/2020:08:23:05 +0800] "GET /?date=2001-9-27&t=day&paged=2 HTTP/1.1" 301 20 "-" "Mozilla/5.0 (compatible; AhrefsBot/6.1; +http://ahrefs.com/robot/)"
54.36.148.233 - - [20/Jun/2020:08:27:05 +0800] "GET /?date=2016-11&t=full&paged=3 HTTP/1.1" 301 20 "-" "Mozilla/5.0 (compatible; AhrefsBot/6.1; +http://ahrefs.com/robot/)"
192.0.102.40 - - [20/Jun/2020:08:28:42 +0800] "HEAD / HTTP/1.1" 200 - "-" "jetmon/1.0 (Jetpack Site Uptime Monitor by WordPress.com)"
54.36.148.130 - - [20/Jun/2020:08:35:44 +0800] "GET /?date=2016-9-24&t=day&paged=9 HTTP/1.1" 301 20 "-" "Mozilla/5.0 (compatible; AhrefsBot/6.1; +http://ahrefs.com/robot/)"
192.0.102.40 - - [20/Jun/2020:08:35:54 +0800] "HEAD / HTTP/1.1" 200 - "-" "jetmon/1.0 (Jetpack Site Uptime Monitor by WordPress.com)"
123.125.67.160 - - [20/Jun/2020:08:37:28 +0800] "GET /?option=com_phocagallery&view=detail&catid=2&paged=2 HTTP/1.1" 301 20 "-" "Mozilla/5.0 (Windows NT 10.0; WOW64) AppleWebKit/537.36 (KHTML, like Gecko) Chrome/48.0.2564.116 Safari/537.36"
123.125.67.225 - - [20/Jun/2020:08:37:28 +0800] "GET /?page_id=143 HTTP/1.1" 301 20 "-" "Mozilla/5.0 (Windows NT 10.0; WOW64) AppleWebKit/537.36 (KHTML, like Gecko) Chrome/48.0.2564.116 Safari/537.36"
220.181.51.116 - - [20/Jun/2020:08:37:28 +0800] "GET / HTTP/1.1" 301 20 "-" "Mozilla/5.0 (Windows NT 10.0; WOW64) AppleWebKit/537.36 (KHTML, like Gecko) Chrome/48.0.2564.116 Safari/537.36"
123.125.67.162 - - [20/Jun/2020:08:37:28 +0800] "GET /?option=com_phocagallery&view=detail&catid=2&paged=2 HTTP/1.1" 404 30142 "-" "Mozilla/5.0 (Windows NT 10.0; WOW64) AppleWebKit/537.36 (KHTML, like Gecko) Chrome/48.0.2564.116 Safari/537.36"
123.125.67.227 - - [20/Jun/2020:08:37:28 +0800] "GET /?page_id=143 HTTP/1.1" 404 30142 "-" "Mozilla/5.0 (Windows NT 10.0; WOW64) AppleWebKit/537.36 (KHTML, like Gecko) Chrome/48.0.2564.116 Safari/537.36"
220.181.51.90 - - [20/Jun/2020:08:37:29 +0800] "GET / HTTP/1.1" 200 31342 "-" "Mozilla/5.0 (Windows NT 10.0; WOW64) AppleWebKit/537.36 (KHTML, like Gecko) Chrome/48.0.2564.116 Safari/537.36"
123.125.71.23 - - [20/Jun/2020:08:39:35 +0800] "GET /?option=com_phocagallery&view=detail&catid=2&paged=2 HTTP/1.1" 301 20 "-" "Mozilla/5.0 (Windows NT 10.0; WOW64) AppleWebKit/537.36 (KHTML, like Gecko) Chrome/48.0.2564.116 Safari/537.36"
123.125.71.60 - - [20/Jun/2020:08:39:35 +0800] "GET / HTTP/1.1" 301 20 "-" "Mozilla/5.0 (Windows NT 10.0; WOW64) AppleWebKit/537.36 (KHTML, like Gecko) Chrome/48.0.2564.116 Safari/537.36"
123.125.71.21 - - [20/Jun/2020:08:39:35 +0800] "GET /?page_id=143 HTTP/1.1" 301 20 "-" "Mozilla/5.0 (Windows NT 10.0; WOW64) AppleWebKit/537.36 (KHTML, like Gecko) Chrome/48.0.2564.116 Safari/537.36"
123.125.71.48 - - [20/Jun/2020:08:39:36 +0800] "GET /?page_id=143 HTTP/1.1" 404 30142 "-" "Mozilla/5.0 (Windows NT 10.0; WOW64) AppleWebKit/537.36 (KHTML, like Gecko) Chrome/48.0.2564.116 Safari/537.36"
123.125.71.110 - - [20/Jun/2020:08:39:36 +0800] "GET / HTTP/1.1" 200 31342 "-" "Mozilla/5.0 (Windows NT 10.0; WOW64) AppleWebKit/537.36 (KHTML, like Gecko) Chrome/48.0.2564.116 Safari/537.36"
54.36.149.29 - - [20/Jun/2020:08:41:46 +0800] "GET /?date=2002-3&t=22220&paged=8 HTTP/1.1" 301 20 "-" "Mozilla/5.0 (compatible; AhrefsBot/6.1; +http://ahrefs.com/robot/)"
54.36.149.69 - - [20/Jun/2020:08:42:36 +0800] "GET /?date=1989-9-6&t=day&paged=2 HTTP/1.1" 301 20 "-" "Mozilla/5.0 (compatible; AhrefsBot/6.1; +http://ahrefs.com/robot/)"
54.36.148.225 - - [20/Jun/2020:08:42:42 +0800] "GET /?date=1995-5-25&t=day&paged=5 HTTP/1.1" 301 20 "-" "Mozilla/5.0 (compatible; AhrefsBot/6.1; +http://ahrefs.com/robot/)"
5.188.210.79 - - [20/Jun/2020:08:42:59 +0800] "GET / HTTP/1.0" 301 - "http://www.tmcc.org.hk/" "Mozilla/5.0 (Windows NT 6.1; Win64; x64) AppleWebKit/537.36 (KHTML, like Gecko) Chrome/67.0.3396.87 Safari/537.36 OPR/54.0.2952.64"
5.188.210.79 - - [20/Jun/2020:08:43:01 +0800] "GET / HTTP/1.0" 200 98373 "http://tmcc.org.hk/" "Mozilla/5.0 (Windows NT 6.1; Win64; x64) AppleWebKit/537.36 (KHTML, like Gecko) Chrome/67.0.3396.87 Safari/537.36 OPR/54.0.2952.64"
173.252.79.15 - - [20/Jun/2020:08:43:58 +0800] "GET / HTTP/1.1" 206 31342 "-" "facebookexternalhit/1.1 (+http://www.facebook.com/externalhit_uatext.php)"
173.252.79.11 - - [20/Jun/2020:08:43:58 +0800] "GET / HTTP/1.1" 206 31342 "-" "facebookexternalhit/1.1 (+http://www.facebook.com/externalhit_uatext.php)"
192.0.102.40 - - [20/Jun/2020:08:44:16 +0800] "HEAD / HTTP/1.1" 200 - "-" "jetmon/1.0 (Jetpack Site Uptime Monitor by WordPress.com)"
157.55.39.92 - - [20/Jun/2020:08:45:11 +0800] "GET /?ecwd_event=%e8%81%96%e8%aa%95%e5%a0%b1%e4%bd%b3%e9%9f%b3%e5%b7%a1%e9%81%8a%e6%bc%94%e5%87%ba/ HTTP/1.1" 301 20 "-" "Mozilla/5.0 (compatible; bingbot/2.0; +http://www.bing.com/bingbot.htm)"
216.244.66.248 - - [20/Jun/2020:08:45:31 +0800] "GET /?date=2008-3&t=mini&paged=3 HTTP/1.1" 301 - "-" "Mozilla/5.0 (compatible; DotBot/1.1; http://www.opensiteexplorer.org/dotbot, help@moz.com)"
216.244.66.248 - - [20/Jun/2020:08:45:37 +0800] "GET /?date=2009-6&t=mini&paged=2 HTTP/1.1" 301 - "-" "Mozilla/5.0 (compatible; DotBot/1.1; http://www.opensiteexplorer.org/dotbot, help@moz.com)"
42.98.5.23 - - [20/Jun/2020:08:46:19 +0800] "GET / HTTP/1.1" 301 20 "https://l.facebook.com/" "Mozilla/5.0 (Linux; Android 9; BLA-L29 Build/HUAWEIBLA-L29S; wv) AppleWebKit/537.36 (KHTML, like Gecko) Version/4.0 Chrome/83.0.4103.106 Mobile Safari/537.36 [FB_IAB/FB4A;FBAV/275.0.0.49.127;]"
42.98.5.23 - - [20/Jun/2020:08:46:20 +0800] "GET / HTTP/1.1" 200 31342 "https://l.facebook.com/" "Mozilla/5.0 (Linux; Android 9; BLA-L29 Build/HUAWEIBLA-L29S; wv) AppleWebKit/537.36 (KHTML, like Gecko) Version/4.0 Chrome/83.0.4103.106 Mobile Safari/537.36 [FB_IAB/FB4A;FBAV/275.0.0.49.127;]"
42.98.5.23 - - [20/Jun/2020:08:46:21 +0800] "GET /wp-content/themes/twentytwenty/style.css?ver=1.2 HTTP/1.1" 200 22983 "http://tmcc.org.hk/" "Mozilla/5.0 (Linux; Android 9; BLA-L29 Build/HUAWEIBLA-L29S; wv) AppleWebKit/537.36 (KHTML, like Gecko) Version/4.0 Chrome/83.0.4103.106 Mobile Safari/537.36 [FB_IAB/FB4A;FBAV/275.0.0.49.127;]"
42.98.5.23 - - [20/Jun/2020:08:46:21 +0800] "GET /wp-content/plugins/jetpack/modules/theme-tools/compat/twentytwenty.css?ver=8.4.2 HTTP/1.1" 200 1508 "http://tmcc.org.hk/" "Mozilla/5.0 (Linux; Android 9; BLA-L29 Build/HUAWEIBLA-L29S; wv) AppleWebKit/537.36 (KHTML, like Gecko) Version/4.0 Chrome/83.0.4103.106 Mobile Safari/537.36 [FB_IAB/FB4A;FBAV/275.0.0.49.127;]"
42.98.5.23 - - [20/Jun/2020:08:46:21 +0800] "GET /wp-content/plugins/jetpack/css/jetpack.css?ver=8.4.2 HTTP/1.1" 200 13124 "http://tmcc.org.hk/" "Mozilla/5.0 (Linux; Android 9; BLA-L29 Build/HUAWEIBLA-L29S; wv) AppleWebKit/537.36 (KHTML, like Gecko) Version/4.0 Chrome/83.0.4103.106 Mobile Safari/537.36 [FB_IAB/FB4A;FBAV/275.0.0.49.127;]"
42.98.5.23 - - [20/Jun/2020:08:46:21 +0800] "GET /wp-includes/css/dist/block-library/style.min.css?ver=5.4.1 HTTP/1.1" 200 7642 "http://tmcc.org.hk/" "Mozilla/5.0 (Linux; Android 9; BLA-L29 Build/HUAWEIBLA-L29S; wv) AppleWebKit/537.36 (KHTML, like Gecko) Version/4.0 Chrome/83.0.4103.106 Mobile Safari/537.36 [FB_IAB/FB4A;FBAV/275.0.0.49.127;]"
42.98.5.23 - - [20/Jun/2020:08:46:21 +0800] "GET /wp-includes/js/wp-embed.min.js?ver=5.4.1 HTTP/1.1" 200 769 "http://tmcc.org.hk/" "Mozilla/5.0 (Linux; Android 9; BLA-L29 Build/HUAWEIBLA-L29S; wv) AppleWebKit/537.36 (KHTML, like Gecko) Version/4.0 Chrome/83.0.4103.106 Mobile Safari/537.36 [FB_IAB/FB4A;FBAV/275.0.0.49.127;]"
42.98.5.23 - - [20/Jun/2020:08:46:21 +0800] "GET /wp-content/themes/twentytwenty/assets/js/index.js?ver=1.2 HTTP/1.1" 200 6703 "http://tmcc.org.hk/" "Mozilla/5.0 (Linux; Android 9; BLA-L29 Build/HUAWEIBLA-L29S; wv) AppleWebKit/537.36 (KHTML, like Gecko) Version/4.0 Chrome/83.0.4103.106 Mobile Safari/537.36 [FB_IAB/FB4A;FBAV/275.0.0.49.127;]"
42.98.5.23 - - [20/Jun/2020:08:46:21 +0800] "GET /wp-includes/js/wp-emoji-release.min.js?ver=5.4.1 HTTP/1.1" 200 4653 "http://tmcc.org.hk/" "Mozilla/5.0 (Linux; Android 9; BLA-L29 Build/HUAWEIBLA-L29S; wv) AppleWebKit/537.36 (KHTML, like Gecko) Version/4.0 Chrome/83.0.4103.106 Mobile Safari/537.36 [FB_IAB/FB4A;FBAV/275.0.0.49.127;]"
42.98.5.23 - - [20/Jun/2020:08:46:21 +0800] "GET /wp-content/themes/twentytwenty/print.css?ver=1.2 HTTP/1.1" 200 991 "http://tmcc.org.hk/" "Mozilla/5.0 (Linux; Android 9; BLA-L29 Build/HUAWEIBLA-L29S; wv) AppleWebKit/537.36 (KHTML, like Gecko) Version/4.0 Chrome/83.0.4103.106 Mobile Safari/537.36 [FB_IAB/FB4A;FBAV/275.0.0.49.127;]"
42.98.5.23 - - [20/Jun/2020:08:46:21 +0800] "GET /wp-content/uploads/TMCClogo-with-text-01-1024x253.png HTTP/1.1" 200 130725 "http://tmcc.org.hk/" "Mozilla/5.0 (Linux; Android 9; BLA-L29 Build/HUAWEIBLA-L29S; wv) AppleWebKit/537.36 (KHTML, like Gecko) Version/4.0 Chrome/83.0.4103.106 Mobile Safari/537.36 [FB_IAB/FB4A;FBAV/275.0.0.49.127;]"
42.98.5.23 - - [20/Jun/2020:08:46:22 +0800] "GET /wp-content/uploads/2020/04/TMCClogo-150x150.png HTTP/1.1" 200 15011 "http://tmcc.org.hk/" "Mozilla/5.0 (Linux; Android 9; BLA-L29 Build/HUAWEIBLA-L29S; wv) AppleWebKit/537.36 (KHTML, like Gecko) Version/4.0 Chrome/83.0.4103.106 Mobile Safari/537.36 [FB_IAB/FB4A;FBAV/275.0.0.49.127;]"
42.98.5.23 - - [20/Jun/2020:08:46:22 +0800] "GET /wp-content/uploads/2020/04/TMCClogo-300x300.png HTTP/1.1" 200 46276 "http://tmcc.org.hk/" "Mozilla/5.0 (Linux; Android 9; BLA-L29 Build/HUAWEIBLA-L29S; wv) AppleWebKit/537.36 (KHTML, like Gecko) Version/4.0 Chrome/83.0.4103.106 Mobile Safari/537.36 [FB_IAB/FB4A;FBAV/275.0.0.49.127;]"
216.244.66.248 - - [20/Jun/2020:08:46:30 +0800] "GET /?date=1969-1-15&t=list&paged=2 HTTP/1.1" 301 - "-" "Mozilla/5.0 (compatible; DotBot/1.1; http://www.opensiteexplorer.org/dotbot, help@moz.com)"
216.244.66.248 - - [20/Jun/2020:08:46:34 +0800] "GET /?date=1990-9-23&t=week&paged=2 HTTP/1.1" 301 - "-" "Mozilla/5.0 (compatible; DotBot/1.1; http://www.opensiteexplorer.org/dotbot, help@moz.com)"
216.244.66.248 - - [20/Jun/2020:08:46:38 +0800] "GET /?date=1994-7-2&t=list&paged=2 HTTP/1.1" 301 - "-" "Mozilla/5.0 (compatible; DotBot/1.1; http://www.opensiteexplorer.org/dotbot, help@moz.com)"
216.244.66.248 - - [20/Jun/2020:08:46:41 +0800] "GET /?date=1995-4-2&t=week&paged=2 HTTP/1.1" 301 - "-" "Mozilla/5.0 (compatible; DotBot/1.1; http://www.opensiteexplorer.org/dotbot, help@moz.com)"
216.244.66.248 - - [20/Jun/2020:08:46:43 +0800] "GET /?date=1998-7-10&t=day&paged=2 HTTP/1.1" 301 - "-" "Mozilla/5.0 (compatible; DotBot/1.1; http://www.opensiteexplorer.org/dotbot, help@moz.com)"
216.244.66.248 - - [20/Jun/2020:08:46:45 +0800] "GET /?date=2001-6-25&t=day&paged=2 HTTP/1.1" 301 - "-" "Mozilla/5.0 (compatible; DotBot/1.1; http://www.opensiteexplorer.org/dotbot, help@moz.com)"
216.244.66.248 - - [20/Jun/2020:08:46:47 +0800] "GET /?date=2004-5-2&t=day&paged=4 HTTP/1.1" 301 - "-" "Mozilla/5.0 (compatible; DotBot/1.1; http://www.opensiteexplorer.org/dotbot, help@moz.com)"
216.244.66.248 - - [20/Jun/2020:08:46:49 +0800] "GET /?date=2006-4-10&t=mini&paged=2 HTTP/1.1" 301 - "-" "Mozilla/5.0 (compatible; DotBot/1.1; http://www.opensiteexplorer.org/dotbot, help@moz.com)"
216.244.66.248 - - [20/Jun/2020:08:46:50 +0800] "GET /?date=2013-10-5&t=day&paged=2 HTTP/1.1" 301 - "-" "Mozilla/5.0 (compatible; DotBot/1.1; http://www.opensiteexplorer.org/dotbot, help@moz.com)"
216.244.66.248 - - [20/Jun/2020:08:46:52 +0800] "GET /?date=2015-6-30&t=day&paged=2 HTTP/1.1" 301 - "-" "Mozilla/5.0 (compatible; DotBot/1.1; http://www.opensiteexplorer.org/dotbot, help@moz.com)"
216.244.66.248 - - [20/Jun/2020:08:46:54 +0800] "GET /?date=2021-2-4&t=list&paged=2 HTTP/1.1" 301 - "-" "Mozilla/5.0 (compatible; DotBot/1.1; http://www.opensiteexplorer.org/dotbot, help@moz.com)"
216.244.66.248 - - [20/Jun/2020:08:46:56 +0800] "GET /?date=2022-3-24&t=mini&paged=2 HTTP/1.1" 301 - "-" "Mozilla/5.0 (compatible; DotBot/1.1; http://www.opensiteexplorer.org/dotbot, help@moz.com)"
216.244.66.248 - - [20/Jun/2020:08:46:58 +0800] "GET /?date=2017-4-15&t=22220 HTTP/1.1" 301 - "-" "Mozilla/5.0 (compatible; DotBot/1.1; http://www.opensiteexplorer.org/dotbot, help@moz.com)"
54.36.149.5 - - [20/Jun/2020:08:47:02 +0800] "GET /?date=2002-6-2&t=week&paged=2 HTTP/1.1" 301 20 "-" "Mozilla/5.0 (compatible; AhrefsBot/6.1; +http://ahrefs.com/robot/)"
173.252.87.111 - - [20/Jun/2020:08:47:57 +0800] "GET /?ecwd_event=\xe8\xbf\xaa\xe5\xa3\xab\xe5\xb0\xbc\xe6\xbc\x94\xe8\x97\x9d\xe6\x97\xa5\xe6\x9a\xa8\xe8\xa6\xaa\xe5\xad\x90\xe5\x90\x8c\xe6\xa8\x82\xe6\x97\xa5 HTTP/1.1" 301 20 "-" "facebookexternalhit/1.1 (+http://www.facebook.com/externalhit_uatext.php)"
173.252.87.111 - - [20/Jun/2020:08:47:58 +0800] "GET /?ecwd_event=%E8%BF%AA%E5%A3%AB%E5%B0%BC%E6%BC%94%E8%97%9D%E6%97%A5%E6%9A%A8%E8%A6%AA%E5%AD%90%E5%90%8C%E6%A8%82%E6%97%A5 HTTP/1.1" 206 31322 "-" "facebookexternalhit/1.1 (+http://www.facebook.com/externalhit_uatext.php)"
216.244.66.248 - - [20/Jun/2020:08:49:19 +0800] "GET /?date=2019-3-1&t=list HTTP/1.1" 301 - "-" "Mozilla/5.0 (compatible; DotBot/1.1; http://www.opensiteexplorer.org/dotbot, help@moz.com)"
54.36.148.199 - - [20/Jun/2020:08:49:39 +0800] "GET /?date=1989-6-17&t=day&paged=3 HTTP/1.1" 301 20 "-" "Mozilla/5.0 (compatible; AhrefsBot/6.1; +http://ahrefs.com/robot/)"
216.244.66.248 - - [20/Jun/2020:08:50:48 +0800] "GET /?date=2019-12-14&t=mini HTTP/1.1" 301 - "-" "Mozilla/5.0 (compatible; DotBot/1.1; http://www.opensiteexplorer.org/dotbot, help@moz.com)"
216.244.66.248 - - [20/Jun/2020:08:51:13 +0800] "GET /?date=1998-9-15&t=list&paged=2 HTTP/1.1" 301 - "-" "Mozilla/5.0 (compatible; DotBot/1.1; http://www.opensiteexplorer.org/dotbot, help@moz.com)"
216.244.66.248 - - [20/Jun/2020:08:51:15 +0800] "GET /?date=2017-10-24&t=day&paged=2 HTTP/1.1" 301 - "-" "Mozilla/5.0 (compatible; DotBot/1.1; http://www.opensiteexplorer.org/dotbot, help@moz.com)"
192.0.102.40 - - [20/Jun/2020:08:51:19 +0800] "HEAD / HTTP/1.1" 200 - "-" "jetmon/1.0 (Jetpack Site Uptime Monitor by WordPress.com)"
54.36.149.26 - - [20/Jun/2020:08:51:33 +0800] "GET /?date=2000-12-20&t=day&paged=3 HTTP/1.1" 301 20 "-" "Mozilla/5.0 (compatible; AhrefsBot/6.1; +http://ahrefs.com/robot/)"
216.244.66.248 - - [20/Jun/2020:08:52:41 +0800] "GET /?date=2014-11-15&t=mini HTTP/1.1" 301 - "-" "Mozilla/5.0 (compatible; DotBot/1.1; http://www.opensiteexplorer.org/dotbot, help@moz.com)"
54.36.148.115 - - [20/Jun/2020:08:54:20 +0800] "GET /?date=1991-12-14&t=day&paged=3 HTTP/1.1" 301 20 "-" "Mozilla/5.0 (compatible; AhrefsBot/6.1; +http://ahrefs.com/robot/)"
54.36.148.2 - - [20/Jun/2020:08:55:34 +0800] "GET /?date=2006-6-11&t=day&paged=3 HTTP/1.1" 301 20 "-" "Mozilla/5.0 (compatible; AhrefsBot/6.1; +http://ahrefs.com/robot/)"
216.244.66.248 - - [20/Jun/2020:08:57:32 +0800] "GET /?date=1997-7-11&t=mini HTTP/1.1" 301 - "-" "Mozilla/5.0 (compatible; DotBot/1.1; http://www.opensiteexplorer.org/dotbot, help@moz.com)"
216.244.66.248 - - [20/Jun/2020:08:58:54 +0800] "GET /?date=1992-1-4&t=day HTTP/1.1" 301 - "-" "Mozilla/5.0 (compatible; DotBot/1.1; http://www.opensiteexplorer.org/dotbot, help@moz.com)"
216.244.66.248 - - [20/Jun/2020:08:59:01 +0800] "GET /?date=2016-2-10&t=day HTTP/1.1" 301 - "-" "Mozilla/5.0 (compatible; DotBot/1.1; http://www.opensiteexplorer.org/dotbot, help@moz.com)"
54.36.148.97 - - [20/Jun/2020:08:59:02 +0800] "GET /?date=2003-10-28&t=day&paged=4 HTTP/1.1" 301 20 "-" "Mozilla/5.0 (compatible; AhrefsBot/6.1; +http://ahrefs.com/robot/)"
216.244.66.248 - - [20/Jun/2020:09:00:40 +0800] "GET /?date=1993-4-6&t=day HTTP/1.1" 301 - "-" "Mozilla/5.0 (compatible; DotBot/1.1; http://www.opensiteexplorer.org/dotbot, help@moz.com)"
216.244.66.248 - - [20/Jun/2020:09:00:45 +0800] "GET /?date=1994-6-8&t=day HTTP/1.1" 301 - "-" "Mozilla/5.0 (compatible; DotBot/1.1; http://www.opensiteexplorer.org/dotbot, help@moz.com)"
216.244.66.248 - - [20/Jun/2020:09:00:50 +0800] "GET /?date=1995-11-11&t=day HTTP/1.1" 301 - "-" "Mozilla/5.0 (compatible; DotBot/1.1; http://www.opensiteexplorer.org/dotbot, help@moz.com)"
216.244.66.248 - - [20/Jun/2020:09:00:54 +0800] "GET /?date=1995-9-30&t=mini HTTP/1.1" 301 - "-" "Mozilla/5.0 (compatible; DotBot/1.1; http://www.opensiteexplorer.org/dotbot, help@moz.com)"
216.244.66.248 - - [20/Jun/2020:09:00:58 +0800] "GET /?date=2001-9-8&t=day HTTP/1.1" 301 - "-" "Mozilla/5.0 (compatible; DotBot/1.1; http://www.opensiteexplorer.org/dotbot, help@moz.com)"
216.244.66.248 - - [20/Jun/2020:09:01:01 +0800] "GET /?date=2011-6-9&t=list HTTP/1.1" 301 - "-" "Mozilla/5.0 (compatible; DotBot/1.1; http://www.opensiteexplorer.org/dotbot, help@moz.com)"
216.244.66.248 - - [20/Jun/2020:09:01:04 +0800] "GET /?date=2011-9-2&t=mini HTTP/1.1" 301 - "-" "Mozilla/5.0 (compatible; DotBot/1.1; http://www.opensiteexplorer.org/dotbot, help@moz.com)"
192.0.102.40 - - [20/Jun/2020:09:01:06 +0800] "HEAD / HTTP/1.1" 200 - "-" "jetmon/1.0 (Jetpack Site Uptime Monitor by WordPress.com)"
54.36.148.51 - - [20/Jun/2020:09:01:30 +0800] "GET /?date=2011-2&t=22220&paged=7 HTTP/1.1" 301 20 "-" "Mozilla/5.0 (compatible; AhrefsBot/6.1; +http://ahrefs.com/robot/)"
54.36.148.188 - - [20/Jun/2020:09:03:41 +0800] "GET /?date=1995-1-1&t=week&paged=7 HTTP/1.1" 301 20 "-" "Mozilla/5.0 (compatible; AhrefsBot/6.1; +http://ahrefs.com/robot/)"
42.98.5.23 - - [20/Jun/2020:09:06:10 +0800] "GET / HTTP/1.1" 200 31342 "https://www.google.com/" "Mozilla/5.0 (Linux; Android 9; BLA-L29) AppleWebKit/537.36 (KHTML, like Gecko) Chrome/83.0.4103.106 Mobile Safari/537.36"
42.98.5.23 - - [20/Jun/2020:09:06:11 +0800] "GET /wp-includes/css/dist/block-library/style.min.css?ver=5.4.1 HTTP/1.1" 200 7642 "http://tmcc.org.hk/" "Mozilla/5.0 (Linux; Android 9; BLA-L29) AppleWebKit/537.36 (KHTML, like Gecko) Chrome/83.0.4103.106 Mobile Safari/537.36"
42.98.5.23 - - [20/Jun/2020:09:06:11 +0800] "GET /wp-content/plugins/jetpack/modules/theme-tools/compat/twentytwenty.css?ver=8.4.2 HTTP/1.1" 200 1508 "http://tmcc.org.hk/" "Mozilla/5.0 (Linux; Android 9; BLA-L29) AppleWebKit/537.36 (KHTML, like Gecko) Chrome/83.0.4103.106 Mobile Safari/537.36"
42.98.5.23 - - [20/Jun/2020:09:06:11 +0800] "GET /wp-content/themes/twentytwenty/style.css?ver=1.2 HTTP/1.1" 200 22983 "http://tmcc.org.hk/" "Mozilla/5.0 (Linux; Android 9; BLA-L29) AppleWebKit/537.36 (KHTML, like Gecko) Chrome/83.0.4103.106 Mobile Safari/537.36"
42.98.5.23 - - [20/Jun/2020:09:06:11 +0800] "GET /wp-content/plugins/jetpack/css/jetpack.css?ver=8.4.2 HTTP/1.1" 200 13124 "http://tmcc.org.hk/" "Mozilla/5.0 (Linux; Android 9; BLA-L29) AppleWebKit/537.36 (KHTML, like Gecko) Chrome/83.0.4103.106 Mobile Safari/537.36"
42.98.5.23 - - [20/Jun/2020:09:06:11 +0800] "GET /wp-includes/js/wp-embed.min.js?ver=5.4.1 HTTP/1.1" 200 769 "http://tmcc.org.hk/" "Mozilla/5.0 (Linux; Android 9; BLA-L29) AppleWebKit/537.36 (KHTML, like Gecko) Chrome/83.0.4103.106 Mobile Safari/537.36"
42.98.5.23 - - [20/Jun/2020:09:06:11 +0800] "GET /wp-content/themes/twentytwenty/assets/js/index.js?ver=1.2 HTTP/1.1" 200 6703 "http://tmcc.org.hk/" "Mozilla/5.0 (Linux; Android 9; BLA-L29) AppleWebKit/537.36 (KHTML, like Gecko) Chrome/83.0.4103.106 Mobile Safari/537.36"
42.98.5.23 - - [20/Jun/2020:09:06:11 +0800] "GET /wp-includes/js/wp-emoji-release.min.js?ver=5.4.1 HTTP/1.1" 200 4653 "http://tmcc.org.hk/" "Mozilla/5.0 (Linux; Android 9; BLA-L29) AppleWebKit/537.36 (KHTML, like Gecko) Chrome/83.0.4103.106 Mobile Safari/537.36"
42.98.5.23 - - [20/Jun/2020:09:06:11 +0800] "GET /wp-content/themes/twentytwenty/print.css?ver=1.2 HTTP/1.1" 200 991 "http://tmcc.org.hk/" "Mozilla/5.0 (Linux; Android 9; BLA-L29) AppleWebKit/537.36 (KHTML, like Gecko) Chrome/83.0.4103.106 Mobile Safari/537.36"
42.98.5.23 - - [20/Jun/2020:09:06:11 +0800] "GET /wp-content/uploads/TMCClogo-with-text-01-1024x253.png HTTP/1.1" 200 130725 "http://tmcc.org.hk/" "Mozilla/5.0 (Linux; Android 9; BLA-L29) AppleWebKit/537.36 (KHTML, like Gecko) Chrome/83.0.4103.106 Mobile Safari/537.36"
42.98.5.23 - - [20/Jun/2020:09:06:12 +0800] "GET /wp-content/uploads/2020/04/TMCClogo-300x300.png HTTP/1.1" 200 46276 "http://tmcc.org.hk/" "Mozilla/5.0 (Linux; Android 9; BLA-L29) AppleWebKit/537.36 (KHTML, like Gecko) Chrome/83.0.4103.106 Mobile Safari/537.36"
42.98.5.23 - - [20/Jun/2020:09:06:20 +0800] "GET /%e5%b0%8e%e5%b8%ab%e4%bb%8b%e7%b4%b9/ HTTP/1.1" 200 33676 "http://tmcc.org.hk/" "Mozilla/5.0 (Linux; Android 9; BLA-L29) AppleWebKit/537.36 (KHTML, like Gecko) Chrome/83.0.4103.106 Mobile Safari/537.36"
42.98.5.23 - - [20/Jun/2020:09:06:21 +0800] "GET /wp-content/uploads/%E9%9F%B3%E6%A8%82%E7%B8%BD%E7%9B%A3%E5%8D%80%E5%93%81%E8%81%96-683x1024.jpg HTTP/1.1" 200 61382 "http://tmcc.org.hk/%e5%b0%8e%e5%b8%ab%e4%bb%8b%e7%b4%b9/" "Mozilla/5.0 (Linux; Android 9; BLA-L29) AppleWebKit/537.36 (KHTML, like Gecko) Chrome/83.0.4103.106 Mobile Safari/537.36"
42.98.5.23 - - [20/Jun/2020:09:06:21 +0800] "GET /wp-content/uploads/%E8%A1%8C%E6%94%BF%E7%B8%BD%E7%9B%A3%E5%8D%80%E5%93%81%E8%B3%A2.jpg HTTP/1.1" 200 40272 "http://tmcc.org.hk/%e5%b0%8e%e5%b8%ab%e4%bb%8b%e7%b4%b9/" "Mozilla/5.0 (Linux; Android 9; BLA-L29) AppleWebKit/537.36 (KHTML, like Gecko) Chrome/83.0.4103.106 Mobile Safari/537.36"
42.98.5.23 - - [20/Jun/2020:09:06:21 +0800] "GET /wp-content/uploads/%E5%8A%89%E6%B1%9D%E9%A3%9B-768x895.jpg HTTP/1.1" 200 107182 "http://tmcc.org.hk/%e5%b0%8e%e5%b8%ab%e4%bb%8b%e7%b4%b9/" "Mozilla/5.0 (Linux; Android 9; BLA-L29) AppleWebKit/537.36 (KHTML, like Gecko) Chrome/83.0.4103.106 Mobile Safari/537.36"
