123.183.224.135 - - [23/Jun/2020:01:45:46 +0800] "GET /?date=1922-1-10&t=day HTTP/1.1" 301 20 "-" "Sogou web spider/4.0(+http://www.sogou.com/docs/help/webmasters.htm#07)"
54.36.148.204 - - [23/Jun/2020:01:45:47 +0800] "GET /?date=2012-8-3&t=day&paged=3 HTTP/1.1" 301 20 "-" "Mozilla/5.0 (compatible; AhrefsBot/6.1; +http://ahrefs.com/robot/)"
49.7.20.159 - - [23/Jun/2020:01:45:48 +0800] "GET /?date=1946-12-21&t=mini HTTP/1.1" 200 31323 "-" "Sogou web spider/4.0(+http://www.sogou.com/docs/help/webmasters.htm#07)"
123.183.224.136 - - [23/Jun/2020:01:46:11 +0800] "GET /?date=1982-4-24&t=mini&paged=2 HTTP/1.1" 404 30143 "-" "Sogou web spider/4.0(+http://www.sogou.com/docs/help/webmasters.htm#07)"
49.7.20.156 - - [23/Jun/2020:01:46:15 +0800] "GET /?date=1912-12-19&t=day HTTP/1.1" 301 20 "-" "Sogou web spider/4.0(+http://www.sogou.com/docs/help/webmasters.htm#07)"
123.183.224.137 - - [23/Jun/2020:01:46:16 +0800] "GET /?date=1995-9-5&t=mini&paged=3 HTTP/1.1" 404 30143 "-" "Sogou web spider/4.0(+http://www.sogou.com/docs/help/webmasters.htm#07)"
49.7.20.153 - - [23/Jun/2020:01:46:42 +0800] "GET /?date=1940-2-21&t=day&paged=7 HTTP/1.1" 301 20 "-" "Sogou web spider/4.0(+http://www.sogou.com/docs/help/webmasters.htm#07)"
49.7.20.150 - - [23/Jun/2020:01:46:44 +0800] "GET /?date=1925-8-17&t=mini&paged=2 HTTP/1.1" 301 20 "-" "Sogou web spider/4.0(+http://www.sogou.com/docs/help/webmasters.htm#07)"
123.183.224.139 - - [23/Jun/2020:01:46:45 +0800] "GET /?date=1912-11-10&t=week&paged=3 HTTP/1.1" 404 30143 "-" "Sogou web spider/4.0(+http://www.sogou.com/docs/help/webmasters.htm#07)"
54.36.148.191 - - [23/Jun/2020:01:46:47 +0800] "GET /?date=2015-4-18&t=day&paged=9 HTTP/1.1" 301 20 "-" "Mozilla/5.0 (compatible; AhrefsBot/6.1; +http://ahrefs.com/robot/)"
123.183.224.135 - - [23/Jun/2020:01:46:50 +0800] "GET /?date=1919-11-22&t=mini&paged=7 HTTP/1.1" 404 30143 "-" "Sogou web spider/4.0(+http://www.sogou.com/docs/help/webmasters.htm#07)"
49.7.20.159 - - [23/Jun/2020:01:46:53 +0800] "GET /?date=1945-11-29&t=day&paged=2 HTTP/1.1" 301 20 "-" "Sogou web spider/4.0(+http://www.sogou.com/docs/help/webmasters.htm#07)"
123.183.224.136 - - [23/Jun/2020:01:47:16 +0800] "GET /?date=1913-6-30&t=list HTTP/1.1" 301 20 "-" "Sogou web spider/4.0(+http://www.sogou.com/docs/help/webmasters.htm#07)"
49.7.20.156 - - [23/Jun/2020:01:47:21 +0800] "GET /?date=1919-7-9&t=day HTTP/1.1" 200 31323 "-" "Sogou web spider/4.0(+http://www.sogou.com/docs/help/webmasters.htm#07)"
123.183.224.137 - - [23/Jun/2020:01:47:23 +0800] "GET /?date=1939-4-1&t=22220 HTTP/1.1" 301 20 "-" "Sogou web spider/4.0(+http://www.sogou.com/docs/help/webmasters.htm#07)"
54.36.148.85 - - [23/Jun/2020:01:47:24 +0800] "GET /?date=1997-6-27&t=day&paged=5 HTTP/1.1" 301 20 "-" "Mozilla/5.0 (compatible; AhrefsBot/6.1; +http://ahrefs.com/robot/)"
192.0.102.40 - - [23/Jun/2020:01:47:30 +0800] "HEAD / HTTP/1.1" 200 - "-" "jetmon/1.0 (Jetpack Site Uptime Monitor by WordPress.com)"
54.36.148.249 - - [23/Jun/2020:01:47:48 +0800] "GET /?date=2010-3-27&t=day HTTP/1.1" 301 20 "-" "Mozilla/5.0 (compatible; AhrefsBot/6.1; +http://ahrefs.com/robot/)"
49.7.20.150 - - [23/Jun/2020:01:47:49 +0800] "GET /?date=1956-7-24&t=mini&paged=3 HTTP/1.1" 404 30143 "-" "Sogou web spider/4.0(+http://www.sogou.com/docs/help/webmasters.htm#07)"
49.7.20.153 - - [23/Jun/2020:01:47:49 +0800] "GET /?date=1927-8-15&t=22220 HTTP/1.1" 200 31323 "-" "Sogou web spider/4.0(+http://www.sogou.com/docs/help/webmasters.htm#07)"
123.183.224.139 - - [23/Jun/2020:01:47:50 +0800] "GET /?date=1915-6-28&t=mini HTTP/1.1" 301 20 "-" "Sogou web spider/4.0(+http://www.sogou.com/docs/help/webmasters.htm#07)"
123.183.224.135 - - [23/Jun/2020:01:47:55 +0800] "GET /?date=1946-12-1&t=list HTTP/1.1" 301 20 "-" "Sogou web spider/4.0(+http://www.sogou.com/docs/help/webmasters.htm#07)"
49.7.20.159 - - [23/Jun/2020:01:47:57 +0800] "GET /?date=2023-9-10&t=week HTTP/1.1" 200 31323 "-" "Sogou web spider/4.0(+http://www.sogou.com/docs/help/webmasters.htm#07)"
49.7.20.156 - - [23/Jun/2020:01:48:29 +0800] "GET /?date=2022-3-23&t=list&paged=3 HTTP/1.1" 301 20 "-" "Sogou web spider/4.0(+http://www.sogou.com/docs/help/webmasters.htm#07)"
123.183.224.137 - - [23/Jun/2020:01:48:30 +0800] "GET /?date=1939-4-1&t=22220 HTTP/1.1" 200 31323 "-" "Sogou web spider/4.0(+http://www.sogou.com/docs/help/webmasters.htm#07)"
49.7.20.153 - - [23/Jun/2020:01:48:54 +0800] "GET /?date=1971-9&t=full&paged=2 HTTP/1.1" 301 20 "-" "Sogou web spider/4.0(+http://www.sogou.com/docs/help/webmasters.htm#07)"
123.183.224.136 - - [23/Jun/2020:01:48:58 +0800] "GET /?date=1915-6-28&t=mini HTTP/1.1" 200 31323 "-" "Sogou web spider/4.0(+http://www.sogou.com/docs/help/webmasters.htm#07)"
123.183.224.139 - - [23/Jun/2020:01:49:02 +0800] "GET /?date=1946-12-1&t=list HTTP/1.1" 200 31323 "-" "Sogou web spider/4.0(+http://www.sogou.com/docs/help/webmasters.htm#07)"
49.7.20.159 - - [23/Jun/2020:01:49:02 +0800] "GET /?date=1934-8-19&t=list&paged=5 HTTP/1.1" 301 20 "-" "Sogou web spider/4.0(+http://www.sogou.com/docs/help/webmasters.htm#07)"
123.183.224.135 - - [23/Jun/2020:01:49:04 +0800] "GET /?date=1922-1-10&t=day HTTP/1.1" 200 31323 "-" "Sogou web spider/4.0(+http://www.sogou.com/docs/help/webmasters.htm#07)"
49.7.20.150 - - [23/Jun/2020:01:49:15 +0800] "GET /?date=1992-6-17&t=list&paged=5 HTTP/1.1" 301 20 "-" "Sogou web spider/4.0(+http://www.sogou.com/docs/help/webmasters.htm#07)"
49.7.20.156 - - [23/Jun/2020:01:49:33 +0800] "GET /?date=1962-7&t=22220 HTTP/1.1" 200 31323 "-" "Sogou web spider/4.0(+http://www.sogou.com/docs/help/webmasters.htm#07)"
123.183.224.137 - - [23/Jun/2020:01:49:42 +0800] "GET /?date=1979-5-20&t=week HTTP/1.1" 301 20 "-" "Sogou web spider/4.0(+http://www.sogou.com/docs/help/webmasters.htm#07)"
49.7.20.153 - - [23/Jun/2020:01:49:58 +0800] "GET /?date=1925-8-17&t=mini&paged=2 HTTP/1.1" 404 30143 "-" "Sogou web spider/4.0(+http://www.sogou.com/docs/help/webmasters.htm#07)"
123.183.224.136 - - [23/Jun/2020:01:50:04 +0800] "GET /?date=1905-9-13&t=day HTTP/1.1" 301 20 "-" "Sogou web spider/4.0(+http://www.sogou.com/docs/help/webmasters.htm#07)"
49.7.20.159 - - [23/Jun/2020:01:50:06 +0800] "GET /?date=1926-5-9&t=mini&paged=3 HTTP/1.1" 404 30143 "-" "Sogou web spider/4.0(+http://www.sogou.com/docs/help/webmasters.htm#07)"
123.183.224.139 - - [23/Jun/2020:01:50:06 +0800] "GET /?date=1962-8-26&t=mini HTTP/1.1" 301 20 "-" "Sogou web spider/4.0(+http://www.sogou.com/docs/help/webmasters.htm#07)"
123.183.224.135 - - [23/Jun/2020:01:50:09 +0800] "GET /?date=2003-2-10&t=mini HTTP/1.1" 301 20 "-" "Sogou web spider/4.0(+http://www.sogou.com/docs/help/webmasters.htm#07)"
54.36.149.35 - - [23/Jun/2020:01:50:21 +0800] "GET /?date=2003-1-8&t=day&paged=9 HTTP/1.1" 301 20 "-" "Mozilla/5.0 (compatible; AhrefsBot/6.1; +http://ahrefs.com/robot/)"
49.7.20.150 - - [23/Jun/2020:01:50:25 +0800] "GET /?date=1927-4-15&t=22220 HTTP/1.1" 200 31323 "-" "Sogou web spider/4.0(+http://www.sogou.com/docs/help/webmasters.htm#07)"
123.183.224.137 - - [23/Jun/2020:01:50:46 +0800] "GET /?date=1915-7-21&t=day HTTP/1.1" 200 31323 "-" "Sogou web spider/4.0(+http://www.sogou.com/docs/help/webmasters.htm#07)"
49.7.20.156 - - [23/Jun/2020:01:50:47 +0800] "GET /?date=1973-9-7&t=day&paged=5 HTTP/1.1" 301 20 "-" "Sogou web spider/4.0(+http://www.sogou.com/docs/help/webmasters.htm#07)"
216.244.66.248 - - [23/Jun/2020:01:50:49 +0800] "GET /?date=1997-7-7&t=day&paged=4 HTTP/1.1" 301 - "-" "Mozilla/5.0 (compatible; DotBot/1.1; http://www.opensiteexplorer.org/dotbot, help@moz.com)"
216.244.66.248 - - [23/Jun/2020:01:50:57 +0800] "GET /?date=1998-3-1&t=day&paged=2 HTTP/1.1" 301 - "-" "Mozilla/5.0 (compatible; DotBot/1.1; http://www.opensiteexplorer.org/dotbot, help@moz.com)"
216.244.66.248 - - [23/Jun/2020:01:51:04 +0800] "GET /?date=2004-7-9&t=mini HTTP/1.1" 301 - "-" "Mozilla/5.0 (compatible; DotBot/1.1; http://www.opensiteexplorer.org/dotbot, help@moz.com)"
47.74.186.195 - - [23/Jun/2020:01:51:06 +0800] "GET / HTTP/1.0" 200 98373 "http://tmcc.org.hk/" "Mozilla/5.0 (Windows NT 10.0; Win64; x64) AppleWebKit/537.36 (KHTML, like Gecko) Chrome/68.0.3440.84 Safari/537.36"
49.7.20.153 - - [23/Jun/2020:01:51:08 +0800] "GET /?date=1951-8-27&t=mini&paged=5 HTTP/1.1" 301 20 "-" "Sogou web spider/4.0(+http://www.sogou.com/docs/help/webmasters.htm#07)"
49.7.20.159 - - [23/Jun/2020:01:51:10 +0800] "GET /?date=2029-3-13&t=mini&paged=6 HTTP/1.1" 301 20 "-" "Sogou web spider/4.0(+http://www.sogou.com/docs/help/webmasters.htm#07)"
216.244.66.248 - - [23/Jun/2020:01:51:10 +0800] "GET /?date=2005-7&t=mini&paged=4 HTTP/1.1" 301 - "-" "Mozilla/5.0 (compatible; DotBot/1.1; http://www.opensiteexplorer.org/dotbot, help@moz.com)"
216.244.66.248 - - [23/Jun/2020:01:51:16 +0800] "GET /?date=2006-4-8&t=day&paged=2 HTTP/1.1" 301 - "-" "Mozilla/5.0 (compatible; DotBot/1.1; http://www.opensiteexplorer.org/dotbot, help@moz.com)"
123.183.224.139 - - [23/Jun/2020:01:51:16 +0800] "GET /?date=2003-2-10&t=mini HTTP/1.1" 200 31323 "-" "Sogou web spider/4.0(+http://www.sogou.com/docs/help/webmasters.htm#07)"
123.183.224.135 - - [23/Jun/2020:01:51:16 +0800] "GET /?date=1961-11-15&t=day HTTP/1.1" 301 20 "-" "Sogou web spider/4.0(+http://www.sogou.com/docs/help/webmasters.htm#07)"
216.244.66.248 - - [23/Jun/2020:01:51:20 +0800] "GET /?date=2007-11-5&t=list HTTP/1.1" 301 - "-" "Mozilla/5.0 (compatible; DotBot/1.1; http://www.opensiteexplorer.org/dotbot, help@moz.com)"
216.244.66.248 - - [23/Jun/2020:01:51:24 +0800] "GET /?date=2010-12&t=mini&paged=2 HTTP/1.1" 301 - "-" "Mozilla/5.0 (compatible; DotBot/1.1; http://www.opensiteexplorer.org/dotbot, help@moz.com)"
216.244.66.248 - - [23/Jun/2020:01:51:27 +0800] "GET /?date=2015-8-5&t=day&paged=2 HTTP/1.1" 301 - "-" "Mozilla/5.0 (compatible; DotBot/1.1; http://www.opensiteexplorer.org/dotbot, help@moz.com)"
216.244.66.248 - - [23/Jun/2020:01:51:31 +0800] "GET /?date=2017-9-27&t=day HTTP/1.1" 301 - "-" "Mozilla/5.0 (compatible; DotBot/1.1; http://www.opensiteexplorer.org/dotbot, help@moz.com)"
216.244.66.248 - - [23/Jun/2020:01:51:33 +0800] "GET /?date=2018-11-18&t=mini&paged=2 HTTP/1.1" 301 - "-" "Mozilla/5.0 (compatible; DotBot/1.1; http://www.opensiteexplorer.org/dotbot, help@moz.com)"
216.244.66.248 - - [23/Jun/2020:01:51:36 +0800] "GET /?date=2018-3-3&t=day&paged=3 HTTP/1.1" 301 - "-" "Mozilla/5.0 (compatible; DotBot/1.1; http://www.opensiteexplorer.org/dotbot, help@moz.com)"
216.244.66.248 - - [23/Jun/2020:01:51:38 +0800] "GET /?date=2019-5-10&t=mini&paged=2 HTTP/1.1" 301 - "-" "Mozilla/5.0 (compatible; DotBot/1.1; http://www.opensiteexplorer.org/dotbot, help@moz.com)"
216.244.66.248 - - [23/Jun/2020:01:51:41 +0800] "GET /?date=2030-2-3&t=list HTTP/1.1" 301 - "-" "Mozilla/5.0 (compatible; DotBot/1.1; http://www.opensiteexplorer.org/dotbot, help@moz.com)"
123.183.224.137 - - [23/Jun/2020:01:51:51 +0800] "GET /?date=2026-6-27&t=list HTTP/1.1" 301 20 "-" "Sogou web spider/4.0(+http://www.sogou.com/docs/help/webmasters.htm#07)"
49.7.20.156 - - [23/Jun/2020:01:51:51 +0800] "GET /?date=2022-3-23&t=list&paged=3 HTTP/1.1" 404 30143 "-" "Sogou web spider/4.0(+http://www.sogou.com/docs/help/webmasters.htm#07)"
123.183.224.136 - - [23/Jun/2020:01:51:54 +0800] "GET /?date=1979-5-20&t=week HTTP/1.1" 200 31323 "-" "Sogou web spider/4.0(+http://www.sogou.com/docs/help/webmasters.htm#07)"
49.7.20.150 - - [23/Jun/2020:01:52:03 +0800] "GET /?date=1949-7-19&t=list&paged=7 HTTP/1.1" 301 20 "-" "Sogou web spider/4.0(+http://www.sogou.com/docs/help/webmasters.htm#07)"
49.7.20.153 - - [23/Jun/2020:01:52:12 +0800] "GET /?date=1971-9&t=full&paged=2 HTTP/1.1" 404 30143 "-" "Sogou web spider/4.0(+http://www.sogou.com/docs/help/webmasters.htm#07)"
49.7.20.159 - - [23/Jun/2020:01:52:17 +0800] "GET /?date=1945-11-29&t=day&paged=2 HTTP/1.1" 404 30143 "-" "Sogou web spider/4.0(+http://www.sogou.com/docs/help/webmasters.htm#07)"
123.183.224.135 - - [23/Jun/2020:01:52:20 +0800] "GET /?date=1961-11-15&t=day HTTP/1.1" 200 31323 "-" "Sogou web spider/4.0(+http://www.sogou.com/docs/help/webmasters.htm#07)"
123.183.224.139 - - [23/Jun/2020:01:52:28 +0800] "GET /?date=1929-9-1&t=22220 HTTP/1.1" 301 20 "-" "Sogou web spider/4.0(+http://www.sogou.com/docs/help/webmasters.htm#07)"
216.244.66.248 - - [23/Jun/2020:01:52:41 +0800] "GET /?date=1967-10&t=mini HTTP/1.1" 200 98259 "-" "Mozilla/5.0 (compatible; DotBot/1.1; http://www.opensiteexplorer.org/dotbot, help@moz.com)"
123.183.224.137 - - [23/Jun/2020:01:52:55 +0800] "GET /?date=1944-11-15&t=day HTTP/1.1" 200 31323 "-" "Sogou web spider/4.0(+http://www.sogou.com/docs/help/webmasters.htm#07)"
49.7.20.156 - - [23/Jun/2020:01:52:59 +0800] "GET /?date=1943-10&t=22220&paged=3 HTTP/1.1" 301 20 "-" "Sogou web spider/4.0(+http://www.sogou.com/docs/help/webmasters.htm#07)"
123.183.224.136 - - [23/Jun/2020:01:53:08 +0800] "GET /?date=1961-4-15&t=full HTTP/1.1" 301 20 "-" "Sogou web spider/4.0(+http://www.sogou.com/docs/help/webmasters.htm#07)"
49.7.20.150 - - [23/Jun/2020:01:53:10 +0800] "GET /?date=1940-2-21&t=day&paged=7 HTTP/1.1" 404 30143 "-" "Sogou web spider/4.0(+http://www.sogou.com/docs/help/webmasters.htm#07)"
49.7.20.153 - - [23/Jun/2020:01:53:17 +0800] "GET /?date=1969-4-3&t=day&paged=10 HTTP/1.1" 301 20 "-" "Sogou web spider/4.0(+http://www.sogou.com/docs/help/webmasters.htm#07)"
49.7.20.159 - - [23/Jun/2020:01:53:22 +0800] "GET /?date=2035-3-9&t=list&paged=2 HTTP/1.1" 301 20 "-" "Sogou web spider/4.0(+http://www.sogou.com/docs/help/webmasters.htm#07)"
123.183.224.135 - - [23/Jun/2020:01:53:25 +0800] "GET /?date=2027-3-13&t=day HTTP/1.1" 301 20 "-" "Sogou web spider/4.0(+http://www.sogou.com/docs/help/webmasters.htm#07)"
216.244.66.248 - - [23/Jun/2020:01:53:28 +0800] "GET /?date=1992-2-8&t=day HTTP/1.1" 200 98259 "-" "Mozilla/5.0 (compatible; DotBot/1.1; http://www.opensiteexplorer.org/dotbot, help@moz.com)"
123.183.224.139 - - [23/Jun/2020:01:53:59 +0800] "GET /?date=2026-6-27&t=list HTTP/1.1" 200 31323 "-" "Sogou web spider/4.0(+http://www.sogou.com/docs/help/webmasters.htm#07)"
123.183.224.137 - - [23/Jun/2020:01:54:00 +0800] "GET /?date=1918-10-31&t=day HTTP/1.1" 301 20 "-" "Sogou web spider/4.0(+http://www.sogou.com/docs/help/webmasters.htm#07)"
49.7.20.156 - - [23/Jun/2020:01:54:03 +0800] "GET /?date=1912-12-19&t=day HTTP/1.1" 200 31323 "-" "Sogou web spider/4.0(+http://www.sogou.com/docs/help/webmasters.htm#07)"
216.244.66.248 - - [23/Jun/2020:01:54:05 +0800] "GET /?date=1997-7-3&t=day HTTP/1.1" 200 98259 "-" "Mozilla/5.0 (compatible; DotBot/1.1; http://www.opensiteexplorer.org/dotbot, help@moz.com)"
123.183.224.136 - - [23/Jun/2020:01:54:12 +0800] "GET /?date=1962-8-26&t=mini HTTP/1.1" 200 31323 "-" "Sogou web spider/4.0(+http://www.sogou.com/docs/help/webmasters.htm#07)"
49.7.20.153 - - [23/Jun/2020:01:54:21 +0800] "GET /?date=2029-3-13&t=mini&paged=6 HTTP/1.1" 404 30143 "-" "Sogou web spider/4.0(+http://www.sogou.com/docs/help/webmasters.htm#07)"
49.7.20.159 - - [23/Jun/2020:01:54:30 +0800] "GET /?date=1934-8-19&t=list&paged=5 HTTP/1.1" 404 30143 "-" "Sogou web spider/4.0(+http://www.sogou.com/docs/help/webmasters.htm#07)"
123.183.224.135 - - [23/Jun/2020:01:54:30 +0800] "GET /?date=2027-3-13&t=day HTTP/1.1" 200 31323 "-" "Sogou web spider/4.0(+http://www.sogou.com/docs/help/webmasters.htm#07)"
49.7.20.150 - - [23/Jun/2020:01:54:30 +0800] "GET /?date=1982-9-25&t=mini&paged=3 HTTP/1.1" 301 20 "-" "Sogou web spider/4.0(+http://www.sogou.com/docs/help/webmasters.htm#07)"
54.36.149.71 - - [23/Jun/2020:01:54:33 +0800] "GET /?date=1998-3-1&t=week&paged=4 HTTP/1.1" 301 20 "-" "Mozilla/5.0 (compatible; AhrefsBot/6.1; +http://ahrefs.com/robot/)"
216.244.66.248 - - [23/Jun/2020:01:54:35 +0800] "GET /?date=2008-5&t=mini HTTP/1.1" 200 98259 "-" "Mozilla/5.0 (compatible; DotBot/1.1; http://www.opensiteexplorer.org/dotbot, help@moz.com)"
123.183.224.137 - - [23/Jun/2020:01:55:04 +0800] "GET /?date=1915-11-24&t=day HTTP/1.1" 200 31323 "-" "Sogou web spider/4.0(+http://www.sogou.com/docs/help/webmasters.htm#07)"
123.183.224.139 - - [23/Jun/2020:01:55:08 +0800] "GET /?date=1916-2-12&t=mini HTTP/1.1" 301 20 "-" "Sogou web spider/4.0(+http://www.sogou.com/docs/help/webmasters.htm#07)"
216.244.66.248 - - [23/Jun/2020:01:55:07 +0800] "GET /?date=2016-7-1&t=day HTTP/1.1" 200 98259 "-" "Mozilla/5.0 (compatible; DotBot/1.1; http://www.opensiteexplorer.org/dotbot, help@moz.com)"
123.183.224.136 - - [23/Jun/2020:01:55:20 +0800] "GET /?date=1939-3&t=22220 HTTP/1.1" 301 20 "-" "Sogou web spider/4.0(+http://www.sogou.com/docs/help/webmasters.htm#07)"
49.7.20.156 - - [23/Jun/2020:01:55:20 +0800] "GET /?date=1958-8-1&t=22220 HTTP/1.1" 301 20 "-" "Sogou web spider/4.0(+http://www.sogou.com/docs/help/webmasters.htm#07)"
192.0.102.40 - - [23/Jun/2020:01:55:20 +0800] "HEAD / HTTP/1.1" 200 - "-" "jetmon/1.0 (Jetpack Site Uptime Monitor by WordPress.com)"
49.7.20.153 - - [23/Jun/2020:01:55:29 +0800] "GET /?date=2007-8-29&t=mini&paged=2 HTTP/1.1" 301 20 "-" "Sogou web spider/4.0(+http://www.sogou.com/docs/help/webmasters.htm#07)"
54.36.148.118 - - [23/Jun/2020:01:55:32 +0800] "GET /?date=2004-11-30&t=day&paged=5 HTTP/1.1" 301 20 "-" "Mozilla/5.0 (compatible; AhrefsBot/6.1; +http://ahrefs.com/robot/)"
123.183.224.135 - - [23/Jun/2020:01:55:37 +0800] "GET /?date=1930-5-27&t=mini&paged=2 HTTP/1.1" 301 20 "-" "Sogou web spider/4.0(+http://www.sogou.com/docs/help/webmasters.htm#07)"
49.7.20.150 - - [23/Jun/2020:01:55:37 +0800] "GET /?date=1915-7-27&t=mini HTTP/1.1" 200 31323 "-" "Sogou web spider/4.0(+http://www.sogou.com/docs/help/webmasters.htm#07)"
49.7.20.159 - - [23/Jun/2020:01:55:46 +0800] "GET /?date=1913-8-18&t=mini&paged=5 HTTP/1.1" 301 20 "-" "Sogou web spider/4.0(+http://www.sogou.com/docs/help/webmasters.htm#07)"
216.244.66.248 - - [23/Jun/2020:01:55:49 +0800] "GET /?date=2018-7-2&t=day HTTP/1.1" 200 98259 "-" "Mozilla/5.0 (compatible; DotBot/1.1; http://www.opensiteexplorer.org/dotbot, help@moz.com)"
123.183.224.137 - - [23/Jun/2020:01:56:08 +0800] "GET /?date=1943-5-22&t=mini&paged=2 HTTP/1.1" 301 20 "-" "Sogou web spider/4.0(+http://www.sogou.com/docs/help/webmasters.htm#07)"
123.183.224.139 - - [23/Jun/2020:01:56:13 +0800] "GET /?date=1929-9-1&t=22220 HTTP/1.1" 200 31323 "-" "Sogou web spider/4.0(+http://www.sogou.com/docs/help/webmasters.htm#07)"
49.7.20.156 - - [23/Jun/2020:01:56:24 +0800] "GET /?date=1960-5-29&t=day&paged=5 HTTP/1.1" 404 30143 "-" "Sogou web spider/4.0(+http://www.sogou.com/docs/help/webmasters.htm#07)"
123.183.224.136 - - [23/Jun/2020:01:56:24 +0800] "GET /?date=1961-4-15&t=full HTTP/1.1" 200 31323 "-" "Sogou web spider/4.0(+http://www.sogou.com/docs/help/webmasters.htm#07)"
216.244.66.248 - - [23/Jun/2020:01:56:32 +0800] "GET /?date=2021-8-3&t=day HTTP/1.1" 200 98259 "-" "Mozilla/5.0 (compatible; DotBot/1.1; http://www.opensiteexplorer.org/dotbot, help@moz.com)"
49.7.20.153 - - [23/Jun/2020:01:56:36 +0800] "GET /?date=1969-4-3&t=day&paged=10 HTTP/1.1" 404 30143 "-" "Sogou web spider/4.0(+http://www.sogou.com/docs/help/webmasters.htm#07)"
123.183.224.135 - - [23/Jun/2020:01:56:44 +0800] "GET /?date=1905-9-13&t=day HTTP/1.1" 200 31323 "-" "Sogou web spider/4.0(+http://www.sogou.com/docs/help/webmasters.htm#07)"
54.36.148.31 - - [23/Jun/2020:01:56:57 +0800] "GET /index.php?option=com_phocagallery&view=detail&catid=23:2009-10-26-&id=1926:img0084&tmpl=component&phocadownload=1&Itemid=59 HTTP/1.1" 301 20 "-" "Mozilla/5.0 (compatible; AhrefsBot/6.1; +http://ahrefs.com/robot/)"
49.7.20.150 - - [23/Jun/2020:01:57:06 +0800] "GET /?date=1908-10-31&t=mini&paged=5 HTTP/1.1" 301 20 "-" "Sogou web spider/4.0(+http://www.sogou.com/docs/help/webmasters.htm#07)"
123.183.224.137 - - [23/Jun/2020:01:57:12 +0800] "GET /?date=1918-10-31&t=day HTTP/1.1" 200 31323 "-" "Sogou web spider/4.0(+http://www.sogou.com/docs/help/webmasters.htm#07)"
216.244.66.248 - - [23/Jun/2020:01:57:11 +0800] "GET /?date=2032-4&t=mini HTTP/1.1" 200 98259 "-" "Mozilla/5.0 (compatible; DotBot/1.1; http://www.opensiteexplorer.org/dotbot, help@moz.com)"
123.183.224.139 - - [23/Jun/2020:01:57:18 +0800] "GET /?date=1911-3-3&t=mini&paged=6 HTTP/1.1" 301 20 "-" "Sogou web spider/4.0(+http://www.sogou.com/docs/help/webmasters.htm#07)"
54.36.149.23 - - [23/Jun/2020:01:57:23 +0800] "GET /?date=2005-1-25&t=day&paged=9 HTTP/1.1" 301 20 "-" "Mozilla/5.0 (compatible; AhrefsBot/6.1; +http://ahrefs.com/robot/)"
123.183.224.136 - - [23/Jun/2020:01:57:29 +0800] "GET /?date=1949-1-15&t=22220 HTTP/1.1" 301 20 "-" "Sogou web spider/4.0(+http://www.sogou.com/docs/help/webmasters.htm#07)"
49.7.20.159 - - [23/Jun/2020:01:57:37 +0800] "GET /?date=2007-8-29&t=mini&paged=2 HTTP/1.1" 404 30143 "-" "Sogou web spider/4.0(+http://www.sogou.com/docs/help/webmasters.htm#07)"
49.7.20.153 - - [23/Jun/2020:01:57:41 +0800] "GET /?date=2019-3-21&t=list&paged=2 HTTP/1.1" 301 20 "-" "Sogou web spider/4.0(+http://www.sogou.com/docs/help/webmasters.htm#07)"
216.244.66.248 - - [23/Jun/2020:01:57:50 +0800] "GET /?date=2008-5-1&t=mini&paged=2 HTTP/1.1" 301 - "-" "Mozilla/5.0 (compatible; DotBot/1.1; http://www.opensiteexplorer.org/dotbot, help@moz.com)"
123.183.224.135 - - [23/Jun/2020:01:57:52 +0800] "GET /?date=1914-12-21&t=day HTTP/1.1" 301 20 "-" "Sogou web spider/4.0(+http://www.sogou.com/docs/help/webmasters.htm#07)"
49.7.20.150 - - [23/Jun/2020:01:58:10 +0800] "GET /?date=1982-9-25&t=mini&paged=3 HTTP/1.1" 404 30143 "-" "Sogou web spider/4.0(+http://www.sogou.com/docs/help/webmasters.htm#07)"
123.183.224.137 - - [23/Jun/2020:01:58:17 +0800] "GET /?date=1988-8-16&t=mini&paged=2 HTTP/1.1" 301 20 "-" "Sogou web spider/4.0(+http://www.sogou.com/docs/help/webmasters.htm#07)"
216.244.66.248 - - [23/Jun/2020:01:58:20 +0800] "GET /?date=2015-11-7&t=day HTTP/1.1" 301 - "-" "Mozilla/5.0 (compatible; DotBot/1.1; http://www.opensiteexplorer.org/dotbot, help@moz.com)"
49.7.20.156 - - [23/Jun/2020:01:58:21 +0800] "GET /?date=1928-11-15&t=list&paged=5 HTTP/1.1" 301 20 "-" "Sogou web spider/4.0(+http://www.sogou.com/docs/help/webmasters.htm#07)"
123.183.224.139 - - [23/Jun/2020:01:58:22 +0800] "GET /?date=1916-2-12&t=mini HTTP/1.1" 200 31323 "-" "Sogou web spider/4.0(+http://www.sogou.com/docs/help/webmasters.htm#07)"
54.36.149.13 - - [23/Jun/2020:01:58:24 +0800] "GET /?date=2015-9-11&t=day&paged=5 HTTP/1.1" 301 20 "-" "Mozilla/5.0 (compatible; AhrefsBot/6.1; +http://ahrefs.com/robot/)"
54.36.149.70 - - [23/Jun/2020:01:58:32 +0800] "GET /?date=1992-7-6&t=day&paged=3 HTTP/1.1" 301 20 "-" "Mozilla/5.0 (compatible; AhrefsBot/6.1; +http://ahrefs.com/robot/)"
123.183.224.136 - - [23/Jun/2020:01:58:33 +0800] "GET /?date=1939-3&t=22220 HTTP/1.1" 200 31323 "-" "Sogou web spider/4.0(+http://www.sogou.com/docs/help/webmasters.htm#07)"
49.7.20.159 - - [23/Jun/2020:01:58:42 +0800] "GET /?date=1977-5-27&t=mini&paged=5 HTTP/1.1" 301 20 "-" "Sogou web spider/4.0(+http://www.sogou.com/docs/help/webmasters.htm#07)"
54.36.148.243 - - [23/Jun/2020:01:58:43 +0800] "GET /?date=2018-8-20&t=day&paged=2 HTTP/1.1" 301 20 "-" "Mozilla/5.0 (compatible; AhrefsBot/6.1; +http://ahrefs.com/robot/)"
49.7.20.153 - - [23/Jun/2020:01:58:45 +0800] "GET /?date=1973-9-7&t=day&paged=5 HTTP/1.1" 404 30143 "-" "Sogou web spider/4.0(+http://www.sogou.com/docs/help/webmasters.htm#07)"
123.183.224.135 - - [23/Jun/2020:01:58:56 +0800] "GET /?date=1930-5-27&t=mini&paged=2 HTTP/1.1" 404 30143 "-" "Sogou web spider/4.0(+http://www.sogou.com/docs/help/webmasters.htm#07)"
123.183.224.137 - - [23/Jun/2020:01:59:21 +0800] "GET /?date=1943-5-22&t=mini&paged=2 HTTP/1.1" 404 30143 "-" "Sogou web spider/4.0(+http://www.sogou.com/docs/help/webmasters.htm#07)"
49.7.20.156 - - [23/Jun/2020:01:59:25 +0800] "GET /?date=1958-8-1&t=22220 HTTP/1.1" 200 31323 "-" "Sogou web spider/4.0(+http://www.sogou.com/docs/help/webmasters.htm#07)"
123.183.224.139 - - [23/Jun/2020:01:59:31 +0800] "GET /?date=2024-4-20&t=list&paged=2 HTTP/1.1" 301 20 "-" "Sogou web spider/4.0(+http://www.sogou.com/docs/help/webmasters.htm#07)"
49.7.20.150 - - [23/Jun/2020:01:59:36 +0800] "GET /?date=1982-10-27&t=mini&paged=10 HTTP/1.1" 301 20 "-" "Sogou web spider/4.0(+http://www.sogou.com/docs/help/webmasters.htm#07)"
123.183.224.136 - - [23/Jun/2020:01:59:38 +0800] "GET /?date=1973-10-21&t=list&paged=7 HTTP/1.1" 301 20 "-" "Sogou web spider/4.0(+http://www.sogou.com/docs/help/webmasters.htm#07)"
49.7.20.159 - - [23/Jun/2020:01:59:46 +0800] "GET /?date=1992-6-17&t=list&paged=5 HTTP/1.1" 404 30143 "-" "Sogou web spider/4.0(+http://www.sogou.com/docs/help/webmasters.htm#07)"
49.7.20.153 - - [23/Jun/2020:01:59:53 +0800] "GET /?date=1988-8-16&t=mini&paged=3 HTTP/1.1" 301 20 "-" "Sogou web spider/4.0(+http://www.sogou.com/docs/help/webmasters.htm#07)"
123.183.224.135 - - [23/Jun/2020:02:00:00 +0800] "GET /?date=2035-12-18&t=list&paged=2 HTTP/1.1" 301 20 "-" "Sogou web spider/4.0(+http://www.sogou.com/docs/help/webmasters.htm#07)"
54.36.148.67 - - [23/Jun/2020:02:00:17 +0800] "GET /?date=2011-7-21&t=day&paged=7 HTTP/1.1" 301 20 "-" "Mozilla/5.0 (compatible; AhrefsBot/6.1; +http://ahrefs.com/robot/)"
123.183.224.137 - - [23/Jun/2020:02:00:29 +0800] "GET /?date=2000-3-5&t=list&paged=11 HTTP/1.1" 301 20 "-" "Sogou web spider/4.0(+http://www.sogou.com/docs/help/webmasters.htm#07)"
54.36.148.116 - - [23/Jun/2020:02:00:39 +0800] "GET /?date=2005-5-17&t=day&paged=4 HTTP/1.1" 301 20 "-" "Mozilla/5.0 (compatible; AhrefsBot/6.1; +http://ahrefs.com/robot/)"
49.7.20.150 - - [23/Jun/2020:02:00:43 +0800] "GET /?date=1949-7-19&t=list&paged=7 HTTP/1.1" 404 30143 "-" "Sogou web spider/4.0(+http://www.sogou.com/docs/help/webmasters.htm#07)"
123.183.224.139 - - [23/Jun/2020:02:00:45 +0800] "GET /?date=1911-3-3&t=mini&paged=6 HTTP/1.1" 404 30143 "-" "Sogou web spider/4.0(+http://www.sogou.com/docs/help/webmasters.htm#07)"
49.7.20.159 - - [23/Jun/2020:02:00:52 +0800] "GET /?date=1941-8-15&t=22220 HTTP/1.1" 301 20 "-" "Sogou web spider/4.0(+http://www.sogou.com/docs/help/webmasters.htm#07)"
123.183.224.136 - - [23/Jun/2020:02:00:53 +0800] "GET /?date=1949-1-15&t=22220 HTTP/1.1" 200 31323 "-" "Sogou web spider/4.0(+http://www.sogou.com/docs/help/webmasters.htm#07)"
49.7.20.153 - - [23/Jun/2020:02:00:57 +0800] "GET /?date=2035-3-9&t=list&paged=2 HTTP/1.1" 404 30143 "-" "Sogou web spider/4.0(+http://www.sogou.com/docs/help/webmasters.htm#07)"
123.183.224.135 - - [23/Jun/2020:02:01:04 +0800] "GET /?date=1914-12-21&t=day HTTP/1.1" 200 31323 "-" "Sogou web spider/4.0(+http://www.sogou.com/docs/help/webmasters.htm#07)"
54.36.149.98 - - [23/Jun/2020:02:01:07 +0800] "GET /?date=2007-12-23&t=day&paged=3 HTTP/1.1" 301 20 "-" "Mozilla/5.0 (compatible; AhrefsBot/6.1; +http://ahrefs.com/robot/)"
49.7.20.156 - - [23/Jun/2020:02:01:08 +0800] "GET /?date=1912-7-14&t=day&paged=2 HTTP/1.1" 301 20 "-" "Sogou web spider/4.0(+http://www.sogou.com/docs/help/webmasters.htm#07)"
54.36.149.92 - - [23/Jun/2020:02:01:20 +0800] "GET /?date=2010-10-3&t=week&paged=9 HTTP/1.1" 301 20 "-" "Mozilla/5.0 (compatible; AhrefsBot/6.1; +http://ahrefs.com/robot/)"
123.183.224.137 - - [23/Jun/2020:02:01:35 +0800] "GET /?date=1913-6-30&t=list HTTP/1.1" 200 31323 "-" "Sogou web spider/4.0(+http://www.sogou.com/docs/help/webmasters.htm#07)"
49.7.20.159 - - [23/Jun/2020:02:01:56 +0800] "GET /?date=1913-8-18&t=mini&paged=5 HTTP/1.1" 404 30143 "-" "Sogou web spider/4.0(+http://www.sogou.com/docs/help/webmasters.htm#07)"
123.183.224.136 - - [23/Jun/2020:02:01:57 +0800] "GET /?date=1907-2-19&t=day&paged=2 HTTP/1.1" 301 20 "-" "Sogou web spider/4.0(+http://www.sogou.com/docs/help/webmasters.htm#07)"
49.7.20.150 - - [23/Jun/2020:02:01:59 +0800] "GET /?date=1970-5-23&t=list&paged=5 HTTP/1.1" 301 20 "-" "Sogou web spider/4.0(+http://www.sogou.com/docs/help/webmasters.htm#07)"
49.7.20.153 - - [23/Jun/2020:02:02:02 +0800] "GET /?date=1930-3-9&t=mini&paged=5 HTTP/1.1" 301 20 "-" "Sogou web spider/4.0(+http://www.sogou.com/docs/help/webmasters.htm#07)"
123.183.224.139 - - [23/Jun/2020:02:02:04 +0800] "GET /?date=1995-4-1&t=mini&paged=3 HTTP/1.1" 301 20 "-" "Sogou web spider/4.0(+http://www.sogou.com/docs/help/webmasters.htm#07)"
123.183.224.135 - - [23/Jun/2020:02:02:08 +0800] "GET /?date=1908-11-30&t=list&paged=2 HTTP/1.1" 301 20 "-" "Sogou web spider/4.0(+http://www.sogou.com/docs/help/webmasters.htm#07)"
49.7.20.156 - - [23/Jun/2020:02:02:13 +0800] "GET /?date=1951-8-27&t=mini&paged=5 HTTP/1.1" 404 30143 "-" "Sogou web spider/4.0(+http://www.sogou.com/docs/help/webmasters.htm#07)"
111.202.101.183 - - [23/Jun/2020:02:02:35 +0800] "GET /?option=com_joomdoc&task=doc_details&gid=326&Itemid=36&paged=3 HTTP/1.1" 301 20 "-" "Sogou web spider/4.0(+http://www.sogou.com/docs/help/webmasters.htm#07)"
111.202.101.184 - - [23/Jun/2020:02:02:35 +0800] "GET /?date=1969-3-23&t=week HTTP/1.1" 301 20 "-" "Sogou web spider/4.0(+http://www.sogou.com/docs/help/webmasters.htm#07)"
111.202.101.185 - - [23/Jun/2020:02:02:35 +0800] "GET /?option=com_phocagallery&view=detail&catid=2%3A08&id=19%3Atmcc-2008-04-26_21&tmpl=component&phocaslideshow=0&Itemid=59&paged=11 HTTP/1.1" 301 20 "-" "Sogou web spider/4.0(+http://www.sogou.com/docs/help/webmasters.htm#07)"
123.183.224.137 - - [23/Jun/2020:02:02:48 +0800] "GET /?date=2033-6-27&t=list&paged=6 HTTP/1.1" 301 20 "-" "Sogou web spider/4.0(+http://www.sogou.com/docs/help/webmasters.htm#07)"
123.183.224.136 - - [23/Jun/2020:02:03:01 +0800] "GET /?date=1973-10-21&t=list&paged=7 HTTP/1.1" 404 30143 "-" "Sogou web spider/4.0(+http://www.sogou.com/docs/help/webmasters.htm#07)"
49.7.20.150 - - [23/Jun/2020:02:03:03 +0800] "GET /?date=1908-10-31&t=mini&paged=5 HTTP/1.1" 404 30143 "-" "Sogou web spider/4.0(+http://www.sogou.com/docs/help/webmasters.htm#07)"
49.7.20.153 - - [23/Jun/2020:02:03:06 +0800] "GET /?date=2019-3-21&t=list&paged=2 HTTP/1.1" 404 30143 "-" "Sogou web spider/4.0(+http://www.sogou.com/docs/help/webmasters.htm#07)"
49.7.20.159 - - [23/Jun/2020:02:03:07 +0800] "GET /?date=1926-11-25&t=list&paged=2 HTTP/1.1" 301 20 "-" "Sogou web spider/4.0(+http://www.sogou.com/docs/help/webmasters.htm#07)"
123.183.224.135 - - [23/Jun/2020:02:03:12 +0800] "GET /?date=2035-12-18&t=list&paged=2 HTTP/1.1" 404 30143 "-" "Sogou web spider/4.0(+http://www.sogou.com/docs/help/webmasters.htm#07)"
123.183.224.139 - - [23/Jun/2020:02:03:15 +0800] "GET /?date=2024-4-20&t=list&paged=2 HTTP/1.1" 404 30143 "-" "Sogou web spider/4.0(+http://www.sogou.com/docs/help/webmasters.htm#07)"
192.0.102.40 - - [23/Jun/2020:02:03:16 +0800] "HEAD / HTTP/1.1" 200 - "-" "jetmon/1.0 (Jetpack Site Uptime Monitor by WordPress.com)"
49.7.20.156 - - [23/Jun/2020:02:03:18 +0800] "GET /?date=1955-6-20&t=mini&paged=3 HTTP/1.1" 301 20 "-" "Sogou web spider/4.0(+http://www.sogou.com/docs/help/webmasters.htm#07)"
111.202.101.182 - - [23/Jun/2020:02:03:35 +0800] "GET /?option=com_phocaguestbook&view=phocaguestbook&id=1&Itemid=39&limitstart=213220&paged=7 HTTP/1.1" 301 20 "-" "Sogou web spider/4.0(+http://www.sogou.com/docs/help/webmasters.htm#07)"
111.202.101.183 - - [23/Jun/2020:02:03:39 +0800] "GET /?option=com_phocagallery&view=detail&catid=2%3A08&id=19%3Atmcc-2008-04-26_21&tmpl=component&phocaslideshow=0&Itemid=59&paged=11 HTTP/1.1" 404 30143 "-" "Sogou web spider/4.0(+http://www.sogou.com/docs/help/webmasters.htm#07)"
111.202.101.184 - - [23/Jun/2020:02:03:41 +0800] "GET /?option=com_joomdoc&task=doc_details&gid=326&Itemid=36&paged=3 HTTP/1.1" 404 30143 "-" "Sogou web spider/4.0(+http://www.sogou.com/docs/help/webmasters.htm#07)"
123.183.224.137 - - [23/Jun/2020:02:03:52 +0800] "GET /?date=1988-8-16&t=mini&paged=2 HTTP/1.1" 404 30143 "-" "Sogou web spider/4.0(+http://www.sogou.com/docs/help/webmasters.htm#07)"
123.183.224.136 - - [23/Jun/2020:02:04:05 +0800] "GET /?date=1997-12-30&t=day&paged=2 HTTP/1.1" 301 20 "-" "Sogou web spider/4.0(+http://www.sogou.com/docs/help/webmasters.htm#07)"
49.7.20.159 - - [23/Jun/2020:02:04:11 +0800] "GET /?date=1943-10&t=22220&paged=3 HTTP/1.1" 404 30143 "-" "Sogou web spider/4.0(+http://www.sogou.com/docs/help/webmasters.htm#07)"
49.7.20.153 - - [23/Jun/2020:02:04:11 +0800] "GET /?date=2018-9-23&t=mini&paged=2 HTTP/1.1" 301 20 "-" "Sogou web spider/4.0(+http://www.sogou.com/docs/help/webmasters.htm#07)"
123.183.224.135 - - [23/Jun/2020:02:04:19 +0800] "GET /?date=1978-10-7&t=mini&paged=10 HTTP/1.1" 301 20 "-" "Sogou web spider/4.0(+http://www.sogou.com/docs/help/webmasters.htm#07)"
49.7.20.156 - - [23/Jun/2020:02:04:22 +0800] "GET /?date=1928-11-15&t=list&paged=5 HTTP/1.1" 404 30143 "-" "Sogou web spider/4.0(+http://www.sogou.com/docs/help/webmasters.htm#07)"
123.183.224.139 - - [23/Jun/2020:02:04:28 +0800] "GET /?date=2037-3-17&t=list&paged=2 HTTP/1.1" 301 20 "-" "Sogou web spider/4.0(+http://www.sogou.com/docs/help/webmasters.htm#07)"
49.7.20.150 - - [23/Jun/2020:02:04:33 +0800] "GET /?date=1955-1-11&t=mini&paged=2 HTTP/1.1" 301 20 "-" "Sogou web spider/4.0(+http://www.sogou.com/docs/help/webmasters.htm#07)"
111.202.101.185 - - [23/Jun/2020:02:04:39 +0800] "GET /?option=com_phocaguestbook&view=phocaguestbook&id=1&Itemid=39&limitstart=213220&paged=7 HTTP/1.1" 404 30143 "-" "Sogou web spider/4.0(+http://www.sogou.com/docs/help/webmasters.htm#07)"
54.36.148.209 - - [23/Jun/2020:02:04:57 +0800] "GET /?date=2017-3-19&t=day&paged=8 HTTP/1.1" 301 20 "-" "Mozilla/5.0 (compatible; AhrefsBot/6.1; +http://ahrefs.com/robot/)"
123.183.224.137 - - [23/Jun/2020:02:05:00 +0800] "GET /?date=2032-6-27&t=week&paged=4 HTTP/1.1" 301 20 "-" "Sogou web spider/4.0(+http://www.sogou.com/docs/help/webmasters.htm#07)"
123.183.224.136 - - [23/Jun/2020:02:05:09 +0800] "GET /?date=2000-3-5&t=list&paged=11 HTTP/1.1" 404 30143 "-" "Sogou web spider/4.0(+http://www.sogou.com/docs/help/webmasters.htm#07)"
49.7.20.159 - - [23/Jun/2020:02:05:15 +0800] "GET /?date=1911-5-13&t=list&paged=3 HTTP/1.1" 301 20 "-" "Sogou web spider/4.0(+http://www.sogou.com/docs/help/webmasters.htm#07)"
49.7.20.153 - - [23/Jun/2020:02:05:18 +0800] "GET /?date=1988-8-16&t=mini&paged=3 HTTP/1.1" 404 30143 "-" "Sogou web spider/4.0(+http://www.sogou.com/docs/help/webmasters.htm#07)"
123.183.224.135 - - [23/Jun/2020:02:05:23 +0800] "GET /?date=1908-11-30&t=list&paged=2 HTTP/1.1" 404 30143 "-" "Sogou web spider/4.0(+http://www.sogou.com/docs/help/webmasters.htm#07)"
49.7.20.156 - - [23/Jun/2020:02:05:33 +0800] "GET /?date=1947-7-15&t=22220&paged=4 HTTP/1.1" 301 20 "-" "Sogou web spider/4.0(+http://www.sogou.com/docs/help/webmasters.htm#07)"
123.183.224.139 - - [23/Jun/2020:02:05:36 +0800] "GET /?date=1995-4-1&t=mini&paged=3 HTTP/1.1" 404 30143 "-" "Sogou web spider/4.0(+http://www.sogou.com/docs/help/webmasters.htm#07)"
49.7.20.150 - - [23/Jun/2020:02:05:40 +0800] "GET /?date=1977-5-27&t=mini&paged=5 HTTP/1.1" 404 30143 "-" "Sogou web spider/4.0(+http://www.sogou.com/docs/help/webmasters.htm#07)"
123.183.224.137 - - [23/Jun/2020:02:06:04 +0800] "GET /?date=1907-2-19&t=day&paged=2 HTTP/1.1" 404 30143 "-" "Sogou web spider/4.0(+http://www.sogou.com/docs/help/webmasters.htm#07)"
123.183.224.136 - - [23/Jun/2020:02:06:14 +0800] "GET /?date=1910-11-16&t=day HTTP/1.1" 301 20 "-" "Sogou web spider/4.0(+http://www.sogou.com/docs/help/webmasters.htm#07)"
49.7.20.159 - - [23/Jun/2020:02:06:19 +0800] "GET /?date=1941-8-15&t=22220 HTTP/1.1" 200 31323 "-" "Sogou web spider/4.0(+http://www.sogou.com/docs/help/webmasters.htm#07)"
49.7.20.153 - - [23/Jun/2020:02:06:26 +0800] "GET /?date=1938-8-30&t=list&paged=2 HTTP/1.1" 301 20 "-" "Sogou web spider/4.0(+http://www.sogou.com/docs/help/webmasters.htm#07)"
123.183.224.135 - - [23/Jun/2020:02:06:27 +0800] "GET /?date=1986-12-27&t=list HTTP/1.1" 301 20 "-" "Sogou web spider/4.0(+http://www.sogou.com/docs/help/webmasters.htm#07)"
49.7.20.156 - - [23/Jun/2020:02:06:37 +0800] "GET /?date=1982-10-27&t=mini&paged=10 HTTP/1.1" 404 30143 "-" "Sogou web spider/4.0(+http://www.sogou.com/docs/help/webmasters.htm#07)"
123.183.224.139 - - [23/Jun/2020:02:06:57 +0800] "GET /?date=1920-5-19&t=list&paged=6 HTTP/1.1" 301 20 "-" "Sogou web spider/4.0(+http://www.sogou.com/docs/help/webmasters.htm#07)"
49.7.20.150 - - [23/Jun/2020:02:07:04 +0800] "GET /?date=1939-7-17&t=mini&paged=5 HTTP/1.1" 301 20 "-" "Sogou web spider/4.0(+http://www.sogou.com/docs/help/webmasters.htm#07)"
123.183.224.137 - - [23/Jun/2020:02:07:08 +0800] "GET /?date=1981-11-12&t=day&paged=9 HTTP/1.1" 301 20 "-" "Sogou web spider/4.0(+http://www.sogou.com/docs/help/webmasters.htm#07)"
54.36.149.54 - - [23/Jun/2020:02:07:12 +0800] "GET /?date=2013-10-5&t=day&paged=7 HTTP/1.1" 301 20 "-" "Mozilla/5.0 (compatible; AhrefsBot/6.1; +http://ahrefs.com/robot/)"
123.183.224.136 - - [23/Jun/2020:02:07:21 +0800] "GET /?date=1997-12-30&t=day&paged=2 HTTP/1.1" 404 30143 "-" "Sogou web spider/4.0(+http://www.sogou.com/docs/help/webmasters.htm#07)"
49.7.20.159 - - [23/Jun/2020:02:07:26 +0800] "GET /?date=1910-10-16&t=list&paged=2 HTTP/1.1" 301 20 "-" "Sogou web spider/4.0(+http://www.sogou.com/docs/help/webmasters.htm#07)"
49.7.20.153 - - [23/Jun/2020:02:07:30 +0800] "GET /?date=1930-3-9&t=mini&paged=5 HTTP/1.1" 404 30143 "-" "Sogou web spider/4.0(+http://www.sogou.com/docs/help/webmasters.htm#07)"
123.183.224.135 - - [23/Jun/2020:02:07:31 +0800] "GET /?date=1978-10-7&t=mini&paged=10 HTTP/1.1" 404 30143 "-" "Sogou web spider/4.0(+http://www.sogou.com/docs/help/webmasters.htm#07)"
49.7.20.156 - - [23/Jun/2020:02:07:42 +0800] "GET /?date=1924-9-6&t=mini&paged=4 HTTP/1.1" 301 20 "-" "Sogou web spider/4.0(+http://www.sogou.com/docs/help/webmasters.htm#07)"
123.183.224.139 - - [23/Jun/2020:02:08:01 +0800] "GET /?date=2037-3-17&t=list&paged=2 HTTP/1.1" 404 30143 "-" "Sogou web spider/4.0(+http://www.sogou.com/docs/help/webmasters.htm#07)"
49.7.20.150 - - [23/Jun/2020:02:08:08 +0800] "GET /?date=1970-5-23&t=list&paged=5 HTTP/1.1" 404 30143 "-" "Sogou web spider/4.0(+http://www.sogou.com/docs/help/webmasters.htm#07)"
123.183.224.137 - - [23/Jun/2020:02:08:12 +0800] "GET /?date=2033-6-27&t=list&paged=6 HTTP/1.1" 404 30143 "-" "Sogou web spider/4.0(+http://www.sogou.com/docs/help/webmasters.htm#07)"
123.183.224.136 - - [23/Jun/2020:02:08:25 +0800] "GET /?date=2027-4-25&t=list&paged=5 HTTP/1.1" 301 20 "-" "Sogou web spider/4.0(+http://www.sogou.com/docs/help/webmasters.htm#07)"
49.7.20.159 - - [23/Jun/2020:02:08:33 +0800] "GET /?date=1926-11-25&t=list&paged=2 HTTP/1.1" 404 30143 "-" "Sogou web spider/4.0(+http://www.sogou.com/docs/help/webmasters.htm#07)"
49.7.20.153 - - [23/Jun/2020:02:08:34 +0800] "GET /?date=1986-8-15&t=22220&paged=3 HTTP/1.1" 301 20 "-" "Sogou web spider/4.0(+http://www.sogou.com/docs/help/webmasters.htm#07)"
123.183.224.135 - - [23/Jun/2020:02:08:36 +0800] "GET /?date=1986-12-27&t=list HTTP/1.1" 200 31323 "-" "Sogou web spider/4.0(+http://www.sogou.com/docs/help/webmasters.htm#07)"
49.7.20.156 - - [23/Jun/2020:02:08:46 +0800] "GET /?date=1912-7-14&t=day&paged=2 HTTP/1.1" 404 30143 "-" "Sogou web spider/4.0(+http://www.sogou.com/docs/help/webmasters.htm#07)"
54.36.149.73 - - [23/Jun/2020:02:08:56 +0800] "GET /?date=1991-2-23&t=day&paged=9 HTTP/1.1" 301 20 "-" "Mozilla/5.0 (compatible; AhrefsBot/6.1; +http://ahrefs.com/robot/)"
123.183.224.139 - - [23/Jun/2020:02:09:05 +0800] "GET /?date=2003-11-25&t=list&paged=2 HTTP/1.1" 301 20 "-" "Sogou web spider/4.0(+http://www.sogou.com/docs/help/webmasters.htm#07)"
123.183.224.137 - - [23/Jun/2020:02:09:21 +0800] "GET /?date=2032-6-27&t=week&paged=4 HTTP/1.1" 404 30143 "-" "Sogou web spider/4.0(+http://www.sogou.com/docs/help/webmasters.htm#07)"
49.7.20.150 - - [23/Jun/2020:02:09:28 +0800] "GET /?date=2031-3-30&t=mini&paged=3 HTTP/1.1" 301 20 "-" "Sogou web spider/4.0(+http://www.sogou.com/docs/help/webmasters.htm#07)"
123.183.224.136 - - [23/Jun/2020:02:09:29 +0800] "GET /?date=1910-11-16&t=day HTTP/1.1" 200 31323 "-" "Sogou web spider/4.0(+http://www.sogou.com/docs/help/webmasters.htm#07)"
49.7.20.153 - - [23/Jun/2020:02:09:38 +0800] "GET /?date=2018-9-23&t=mini&paged=2 HTTP/1.1" 404 30143 "-" "Sogou web spider/4.0(+http://www.sogou.com/docs/help/webmasters.htm#07)"
49.7.20.159 - - [23/Jun/2020:02:09:38 +0800] "GET /?date=2026-8-26&t=mini&paged=2 HTTP/1.1" 301 20 "-" "Sogou web spider/4.0(+http://www.sogou.com/docs/help/webmasters.htm#07)"
49.7.20.156 - - [23/Jun/2020:02:09:54 +0800] "GET /?date=2030-3-21&t=list&paged=10 HTTP/1.1" 301 20 "-" "Sogou web spider/4.0(+http://www.sogou.com/docs/help/webmasters.htm#07)"
123.183.224.139 - - [23/Jun/2020:02:10:09 +0800] "GET /?date=1920-5-19&t=list&paged=6 HTTP/1.1" 404 30143 "-" "Sogou web spider/4.0(+http://www.sogou.com/docs/help/webmasters.htm#07)"
123.183.224.137 - - [23/Jun/2020:02:10:26 +0800] "GET /?date=1981-11-12&t=day&paged=9 HTTP/1.1" 404 30143 "-" "Sogou web spider/4.0(+http://www.sogou.com/docs/help/webmasters.htm#07)"
123.183.224.136 - - [23/Jun/2020:02:10:38 +0800] "GET / HTTP/1.1" 301 20 "-" "Sogou web spider/4.0(+http://www.sogou.com/docs/help/webmasters.htm#07)"
49.7.20.150 - - [23/Jun/2020:02:10:41 +0800] "GET /?date=1955-1-11&t=mini&paged=2 HTTP/1.1" 404 30143 "-" "Sogou web spider/4.0(+http://www.sogou.com/docs/help/webmasters.htm#07)"
49.7.20.159 - - [23/Jun/2020:02:10:42 +0800] "GET /?date=1911-5-13&t=list&paged=3 HTTP/1.1" 404 30143 "-" "Sogou web spider/4.0(+http://www.sogou.com/docs/help/webmasters.htm#07)"
49.7.20.153 - - [23/Jun/2020:02:10:45 +0800] "GET /?date=1980-3-20&t=mini&paged=3 HTTP/1.1" 301 20 "-" "Sogou web spider/4.0(+http://www.sogou.com/docs/help/webmasters.htm#07)"
54.36.148.58 - - [23/Jun/2020:02:10:48 +0800] "GET /?date=2005-6-5&t=day&paged=4 HTTP/1.1" 301 20 "-" "Mozilla/5.0 (compatible; AhrefsBot/6.1; +http://ahrefs.com/robot/)"
49.7.20.156 - - [23/Jun/2020:02:11:01 +0800] "GET /?date=1955-6-20&t=mini&paged=3 HTTP/1.1" 404 30143 "-" "Sogou web spider/4.0(+http://www.sogou.com/docs/help/webmasters.htm#07)"
40.89.173.14 - - [23/Jun/2020:02:11:12 +0800] "GET / HTTP/1.1" 301 - "-" "Mozilla/5.0 (Windows NT 10.0; Win64; x64) AppleWebKit/537.36 (KHTML, like Gecko) Chrome/63.0.3239.132 Safari/537.36"
40.89.173.14 - - [23/Jun/2020:02:11:13 +0800] "GET //wp-includes/wlwmanifest.xml HTTP/1.1" 200 1045 "-" "Mozilla/5.0 (Windows NT 10.0; Win64; x64) AppleWebKit/537.36 (KHTML, like Gecko) Chrome/63.0.3239.132 Safari/537.36"
40.89.173.14 - - [23/Jun/2020:02:11:13 +0800] "GET //?author=1 HTTP/1.1" 301 - "-" "Mozilla/5.0 (Windows NT 10.0; Win64; x64) AppleWebKit/537.36 (KHTML, like Gecko) Chrome/63.0.3239.132 Safari/537.36"
40.89.173.14 - - [23/Jun/2020:02:11:14 +0800] "POST //xmlrpc.php HTTP/1.1" 403 212 "-" "Mozilla/5.0 (Windows NT 10.0; Win64; x64) AppleWebKit/537.36 (KHTML, like Gecko) Chrome/63.0.3239.132 Safari/537.36"
40.89.173.14 - - [23/Jun/2020:02:11:14 +0800] "POST //xmlrpc.php HTTP/1.1" 403 212 "-" "Mozilla/5.0 (Windows NT 10.0; Win64; x64) AppleWebKit/537.36 (KHTML, like Gecko) Chrome/63.0.3239.132 Safari/537.36"
123.183.224.139 - - [23/Jun/2020:02:11:14 +0800] "GET /?date=2003-11-25&t=list&paged=2 HTTP/1.1" 404 30143 "-" "Sogou web spider/4.0(+http://www.sogou.com/docs/help/webmasters.htm#07)"
192.0.102.40 - - [23/Jun/2020:02:11:22 +0800] "HEAD / HTTP/1.1" 200 - "-" "jetmon/1.0 (Jetpack Site Uptime Monitor by WordPress.com)"
123.183.224.136 - - [23/Jun/2020:02:11:42 +0800] "GET /?date=2027-4-25&t=list&paged=5 HTTP/1.1" 404 30143 "-" "Sogou web spider/4.0(+http://www.sogou.com/docs/help/webmasters.htm#07)"
49.7.20.159 - - [23/Jun/2020:02:11:47 +0800] "GET /?date=2036-12-11&t=mini&paged=2 HTTP/1.1" 301 20 "-" "Sogou web spider/4.0(+http://www.sogou.com/docs/help/webmasters.htm#07)"
49.7.20.153 - - [23/Jun/2020:02:11:49 +0800] "GET /?date=1938-8-30&t=list&paged=2 HTTP/1.1" 404 30143 "-" "Sogou web spider/4.0(+http://www.sogou.com/docs/help/webmasters.htm#07)"
49.7.20.150 - - [23/Jun/2020:02:11:55 +0800] "GET /?date=2018-12-6&t=list&paged=6 HTTP/1.1" 301 20 "-" "Sogou web spider/4.0(+http://www.sogou.com/docs/help/webmasters.htm#07)"
49.7.20.156 - - [23/Jun/2020:02:12:05 +0800] "GET /?date=2030-9-20&t=day&paged=2 HTTP/1.1" 301 20 "-" "Sogou web spider/4.0(+http://www.sogou.com/docs/help/webmasters.htm#07)"
123.183.224.136 - - [23/Jun/2020:02:12:50 +0800] "GET / HTTP/1.1" 200 31343 "-" "Sogou web spider/4.0(+http://www.sogou.com/docs/help/webmasters.htm#07)"
49.7.20.159 - - [23/Jun/2020:02:12:51 +0800] "GET /?date=1910-10-16&t=list&paged=2 HTTP/1.1" 404 30143 "-" "Sogou web spider/4.0(+http://www.sogou.com/docs/help/webmasters.htm#07)"
49.7.20.153 - - [23/Jun/2020:02:12:53 +0800] "GET /?date=1995-8-17&t=mini&paged=2 HTTP/1.1" 301 20 "-" "Sogou web spider/4.0(+http://www.sogou.com/docs/help/webmasters.htm#07)"
49.7.20.150 - - [23/Jun/2020:02:12:59 +0800] "GET /?date=1939-7-17&t=mini&paged=5 HTTP/1.1" 404 30143 "-" "Sogou web spider/4.0(+http://www.sogou.com/docs/help/webmasters.htm#07)"
49.7.20.156 - - [23/Jun/2020:02:13:09 +0800] "GET /?date=1947-7-15&t=22220&paged=4 HTTP/1.1" 404 30143 "-" "Sogou web spider/4.0(+http://www.sogou.com/docs/help/webmasters.htm#07)"
49.7.20.159 - - [23/Jun/2020:02:13:56 +0800] "GET /?date=1937-1-14&t=mini&paged=6 HTTP/1.1" 301 20 "-" "Sogou web spider/4.0(+http://www.sogou.com/docs/help/webmasters.htm#07)"
49.7.20.153 - - [23/Jun/2020:02:13:57 +0800] "GET /?date=1986-8-15&t=22220&paged=3 HTTP/1.1" 404 30143 "-" "Sogou web spider/4.0(+http://www.sogou.com/docs/help/webmasters.htm#07)"
49.7.20.150 - - [23/Jun/2020:02:14:11 +0800] "GET /?date=1985-2-10&t=week&paged=3 HTTP/1.1" 301 20 "-" "Sogou web spider/4.0(+http://www.sogou.com/docs/help/webmasters.htm#07)"
49.7.20.156 - - [23/Jun/2020:02:14:14 +0800] "GET /?date=1927-5-6&t=mini&paged=3 HTTP/1.1" 301 20 "-" "Sogou web spider/4.0(+http://www.sogou.com/docs/help/webmasters.htm#07)"
54.36.148.246 - - [23/Jun/2020:02:14:33 +0800] "GET / HTTP/1.1" 200 31343 "-" "Mozilla/5.0 (compatible; AhrefsBot/6.1; +http://ahrefs.com/robot/)"
54.36.148.198 - - [23/Jun/2020:02:14:52 +0800] "GET /?date=2014-11-9&t=week&paged=5 HTTP/1.1" 301 20 "-" "Mozilla/5.0 (compatible; AhrefsBot/6.1; +http://ahrefs.com/robot/)"
54.36.149.20 - - [23/Jun/2020:02:14:59 +0800] "GET /?date=2003-4-30&t=day&paged=6 HTTP/1.1" 301 20 "-" "Mozilla/5.0 (compatible; AhrefsBot/6.1; +http://ahrefs.com/robot/)"
49.7.20.159 - - [23/Jun/2020:02:15:00 +0800] "GET /?date=2026-8-26&t=mini&paged=2 HTTP/1.1" 404 30143 "-" "Sogou web spider/4.0(+http://www.sogou.com/docs/help/webmasters.htm#07)"
49.7.20.153 - - [23/Jun/2020:02:15:02 +0800] "GET /?date=1980-3-20&t=mini&paged=3 HTTP/1.1" 404 30143 "-" "Sogou web spider/4.0(+http://www.sogou.com/docs/help/webmasters.htm#07)"
49.7.20.150 - - [23/Jun/2020:02:15:15 +0800] "GET /?date=2031-3-30&t=mini&paged=3 HTTP/1.1" 404 30143 "-" "Sogou web spider/4.0(+http://www.sogou.com/docs/help/webmasters.htm#07)"
49.7.20.156 - - [23/Jun/2020:02:15:18 +0800] "GET /?date=1924-9-6&t=mini&paged=4 HTTP/1.1" 404 30143 "-" "Sogou web spider/4.0(+http://www.sogou.com/docs/help/webmasters.htm#07)"
49.7.20.153 - - [23/Jun/2020:02:16:12 +0800] "GET /?date=1995-8-17&t=mini&paged=2 HTTP/1.1" 404 30143 "-" "Sogou web spider/4.0(+http://www.sogou.com/docs/help/webmasters.htm#07)"
49.7.20.159 - - [23/Jun/2020:02:16:13 +0800] "GET /?date=2036-12-11&t=mini&paged=2 HTTP/1.1" 404 30143 "-" "Sogou web spider/4.0(+http://www.sogou.com/docs/help/webmasters.htm#07)"
49.7.20.150 - - [23/Jun/2020:02:16:26 +0800] "GET /?date=2034-10-23&t=mini&paged=3 HTTP/1.1" 301 20 "-" "Sogou web spider/4.0(+http://www.sogou.com/docs/help/webmasters.htm#07)"
49.7.20.156 - - [23/Jun/2020:02:16:38 +0800] "GET /?date=2025-5-4&t=mini&paged=6 HTTP/1.1" 301 20 "-" "Sogou web spider/4.0(+http://www.sogou.com/docs/help/webmasters.htm#07)"
111.202.100.118 - - [23/Jun/2020:02:16:59 +0800] "GET /?date=1941-1-13&t=list&paged=5 HTTP/1.1" 301 20 "-" "Sogou web spider/4.0(+http://www.sogou.com/docs/help/webmasters.htm#07)"
111.202.100.121 - - [23/Jun/2020:02:17:00 +0800] "GET /?date=1941-1-13&t=list&paged=5 HTTP/1.1" 404 30143 "-" "Sogou web spider/4.0(+http://www.sogou.com/docs/help/webmasters.htm#07)"
49.7.20.159 - - [23/Jun/2020:02:17:18 +0800] "GET /?date=1937-1-14&t=mini&paged=6 HTTP/1.1" 404 30143 "-" "Sogou web spider/4.0(+http://www.sogou.com/docs/help/webmasters.htm#07)"
49.7.20.150 - - [23/Jun/2020:02:17:30 +0800] "GET /?date=2018-12-6&t=list&paged=6 HTTP/1.1" 404 30143 "-" "Sogou web spider/4.0(+http://www.sogou.com/docs/help/webmasters.htm#07)"
49.7.20.153 - - [23/Jun/2020:02:17:33 +0800] "GET /?date=2034-10-23&t=mini&paged=3 HTTP/1.1" 404 30143 "-" "Sogou web spider/4.0(+http://www.sogou.com/docs/help/webmasters.htm#07)"
49.7.20.156 - - [23/Jun/2020:02:17:45 +0800] "GET /?date=2030-3-21&t=list&paged=10 HTTP/1.1" 404 30143 "-" "Sogou web spider/4.0(+http://www.sogou.com/docs/help/webmasters.htm#07)"
49.7.20.159 - - [23/Jun/2020:02:18:23 +0800] "GET /?date=2025-5-4&t=mini&paged=6 HTTP/1.1" 404 30143 "-" "Sogou web spider/4.0(+http://www.sogou.com/docs/help/webmasters.htm#07)"
17.58.98.84 - - [23/Jun/2020:02:18:37 +0800] "GET /?date=2018-1-18&t=mini HTTP/1.1" 301 20 "-" "Mozilla/5.0 (Macintosh; Intel Mac OS X 10_15_5) AppleWebKit/605.1.15 (KHTML, like Gecko) Version/13.1.1 Safari/605.1.15 (Applebot/0.1; +http://www.apple.com/go/applebot)"
17.58.98.84 - - [23/Jun/2020:02:18:38 +0800] "GET /?date=2018-1-18&t=mini HTTP/1.1" 200 31323 "-" "Mozilla/5.0 (Macintosh; Intel Mac OS X 10_15_5) AppleWebKit/605.1.15 (KHTML, like Gecko) Version/13.1.1 Safari/605.1.15 (Applebot/0.1; +http://www.apple.com/go/applebot)"
49.7.20.150 - - [23/Jun/2020:02:18:47 +0800] "GET /?date=1985-2-10&t=week&paged=3 HTTP/1.1" 404 30143 "-" "Sogou web spider/4.0(+http://www.sogou.com/docs/help/webmasters.htm#07)"
216.244.66.248 - - [23/Jun/2020:02:18:51 +0800] "GET /?date=2003-6-27&t=list HTTP/1.1" 301 - "-" "Mozilla/5.0 (compatible; DotBot/1.1; http://www.opensiteexplorer.org/dotbot, help@moz.com)"
216.244.66.248 - - [23/Jun/2020:02:18:56 +0800] "GET /?date=2023-1-16&t=day HTTP/1.1" 301 - "-" "Mozilla/5.0 (compatible; DotBot/1.1; http://www.opensiteexplorer.org/dotbot, help@moz.com)"
49.7.20.156 - - [23/Jun/2020:02:18:56 +0800] "GET /?date=2030-9-20&t=day&paged=2 HTTP/1.1" 404 30143 "-" "Sogou web spider/4.0(+http://www.sogou.com/docs/help/webmasters.htm#07)"
216.244.66.248 - - [23/Jun/2020:02:19:03 +0800] "GET /?date=2003-4&t=list&paged=3 HTTP/1.1" 301 - "-" "Mozilla/5.0 (compatible; DotBot/1.1; http://www.opensiteexplorer.org/dotbot, help@moz.com)"
