216.244.66.248 - - [21/Jun/2020:19:20:06 +0800] "GET /?date=2026-5-15&t=list&paged=2 HTTP/1.1" 301 - "-" "Mozilla/5.0 (compatible; DotBot/1.1; http://www.opensiteexplorer.org/dotbot, help@moz.com)"
216.244.66.248 - - [21/Jun/2020:19:20:14 +0800] "GET /?date=2022-10-18&t=list&paged=2 HTTP/1.1" 301 - "-" "Mozilla/5.0 (compatible; DotBot/1.1; http://www.opensiteexplorer.org/dotbot, help@moz.com)"
192.0.102.40 - - [21/Jun/2020:19:21:03 +0800] "HEAD / HTTP/1.1" 200 - "-" "jetmon/1.0 (Jetpack Site Uptime Monitor by WordPress.com)"
216.244.66.248 - - [21/Jun/2020:19:23:07 +0800] "GET /?date=1995-6-1&t=day HTTP/1.1" 301 - "-" "Mozilla/5.0 (compatible; DotBot/1.1; http://www.opensiteexplorer.org/dotbot, help@moz.com)"
216.244.66.248 - - [21/Jun/2020:19:23:09 +0800] "GET /?date=2007-1-6&t=mini HTTP/1.1" 301 - "-" "Mozilla/5.0 (compatible; DotBot/1.1; http://www.opensiteexplorer.org/dotbot, help@moz.com)"
216.244.66.248 - - [21/Jun/2020:19:23:45 +0800] "GET /?date=2018-5-11&t=mini HTTP/1.1" 301 - "-" "Mozilla/5.0 (compatible; DotBot/1.1; http://www.opensiteexplorer.org/dotbot, help@moz.com)"
54.36.148.135 - - [21/Jun/2020:19:23:47 +0800] "GET /?date=2005-9-10&t=day&paged=3 HTTP/1.1" 301 20 "-" "Mozilla/5.0 (compatible; AhrefsBot/6.1; +http://ahrefs.com/robot/)"
216.244.66.248 - - [21/Jun/2020:19:24:08 +0800] "GET /?date=2019-12&t=list HTTP/1.1" 200 98259 "-" "Mozilla/5.0 (compatible; DotBot/1.1; http://www.opensiteexplorer.org/dotbot, help@moz.com)"
216.244.66.248 - - [21/Jun/2020:19:25:58 +0800] "GET /?date=2021-5-14&t=list&paged=2 HTTP/1.1" 301 - "-" "Mozilla/5.0 (compatible; DotBot/1.1; http://www.opensiteexplorer.org/dotbot, help@moz.com)"
111.202.100.121 - - [21/Jun/2020:19:26:12 +0800] "GET /?date=1965-8-13&t=list&paged=5 HTTP/1.1" 404 30142 "-" "Sogou web spider/4.0(+http://www.sogou.com/docs/help/webmasters.htm#07)"
54.36.149.23 - - [21/Jun/2020:19:26:23 +0800] "GET /?date=1991-1-6&t=week&paged=7 HTTP/1.1" 301 20 "-" "Mozilla/5.0 (compatible; AhrefsBot/6.1; +http://ahrefs.com/robot/)"
111.202.101.183 - - [21/Jun/2020:19:27:13 +0800] "GET /?date=1908-5-8&t=list&paged=2 HTTP/1.1" 404 30142 "-" "Sogou web spider/4.0(+http://www.sogou.com/docs/help/webmasters.htm#07)"
216.244.66.248 - - [21/Jun/2020:19:28:06 +0800] "GET /?date=2017-10-28&t=day&paged=2 HTTP/1.1" 301 - "-" "Mozilla/5.0 (compatible; DotBot/1.1; http://www.opensiteexplorer.org/dotbot, help@moz.com)"
192.0.102.40 - - [21/Jun/2020:19:29:14 +0800] "HEAD / HTTP/1.1" 200 - "-" "jetmon/1.0 (Jetpack Site Uptime Monitor by WordPress.com)"
111.202.101.183 - - [21/Jun/2020:19:29:34 +0800] "GET /?date=1923-5-29&t=mini&paged=5 HTTP/1.1" 404 30142 "-" "Sogou web spider/4.0(+http://www.sogou.com/docs/help/webmasters.htm#07)"
54.36.148.32 - - [21/Jun/2020:19:30:05 +0800] "GET /?date=2013-6&t=full&paged=7 HTTP/1.1" 301 20 "-" "Mozilla/5.0 (compatible; AhrefsBot/6.1; +http://ahrefs.com/robot/)"
54.36.148.40 - - [21/Jun/2020:19:31:09 +0800] "GET /?date=2005-5-5&t=day&paged=4 HTTP/1.1" 301 20 "-" "Mozilla/5.0 (compatible; AhrefsBot/6.1; +http://ahrefs.com/robot/)"
111.202.101.183 - - [21/Jun/2020:19:31:52 +0800] "GET /?date=1985-9&t=mini&paged=2 HTTP/1.1" 404 30142 "-" "Sogou web spider/4.0(+http://www.sogou.com/docs/help/webmasters.htm#07)"
157.55.39.47 - - [21/Jun/2020:19:33:02 +0800] "GET /?page_id=150 HTTP/1.1" 404 30142 "-" "Mozilla/5.0 (compatible; bingbot/2.0; +http://www.bing.com/bingbot.htm)"
54.36.148.30 - - [21/Jun/2020:19:33:29 +0800] "GET /?date=2009-10-13&t=day&paged=5 HTTP/1.1" 301 20 "-" "Mozilla/5.0 (compatible; AhrefsBot/6.1; +http://ahrefs.com/robot/)"
216.244.66.248 - - [21/Jun/2020:19:34:26 +0800] "GET /?date=2017-8-31&t=list HTTP/1.1" 301 - "-" "Mozilla/5.0 (compatible; DotBot/1.1; http://www.opensiteexplorer.org/dotbot, help@moz.com)"
192.0.102.40 - - [21/Jun/2020:19:36:45 +0800] "HEAD / HTTP/1.1" 200 - "-" "jetmon/1.0 (Jetpack Site Uptime Monitor by WordPress.com)"
54.36.148.1 - - [21/Jun/2020:19:37:11 +0800] "GET /index.php?option=com_phocagallery&view=detail&catid=30:2010-01-04-04-13-51&id=2360:tmcc1228b221&tmpl=component&phocadownload=1&Itemid=59 HTTP/1.1" 301 20 "-" "Mozilla/5.0 (compatible; AhrefsBot/6.1; +http://ahrefs.com/robot/)"
54.36.148.0 - - [21/Jun/2020:19:37:51 +0800] "GET /index.php?option=com_content&view=article&id=204:2011-07-08-08-46-37&catid=1&Itemid=2 HTTP/1.1" 301 20 "-" "Mozilla/5.0 (compatible; AhrefsBot/6.1; +http://ahrefs.com/robot/)"
216.244.66.248 - - [21/Jun/2020:19:40:21 +0800] "GET /?date=1997-6-28&t=day HTTP/1.1" 301 - "-" "Mozilla/5.0 (compatible; DotBot/1.1; http://www.opensiteexplorer.org/dotbot, help@moz.com)"
216.244.66.248 - - [21/Jun/2020:19:40:27 +0800] "GET /?date=2015-8-9&t=list HTTP/1.1" 301 - "-" "Mozilla/5.0 (compatible; DotBot/1.1; http://www.opensiteexplorer.org/dotbot, help@moz.com)"
216.244.66.248 - - [21/Jun/2020:19:40:33 +0800] "GET /?date=2016-3-19&t=mini HTTP/1.1" 301 - "-" "Mozilla/5.0 (compatible; DotBot/1.1; http://www.opensiteexplorer.org/dotbot, help@moz.com)"
216.244.66.248 - - [21/Jun/2020:19:40:37 +0800] "GET /?date=2031-9&t=mini HTTP/1.1" 301 - "-" "Mozilla/5.0 (compatible; DotBot/1.1; http://www.opensiteexplorer.org/dotbot, help@moz.com)"
54.36.148.122 - - [21/Jun/2020:19:41:29 +0800] "GET /?date=2004-1-4&t=day&paged=3 HTTP/1.1" 301 20 "-" "Mozilla/5.0 (compatible; AhrefsBot/6.1; +http://ahrefs.com/robot/)"
111.202.101.183 - - [21/Jun/2020:19:42:10 +0800] "GET /index.php?option=com_phocaguestbook&view=phocaguestbook&id=1&Itemid=39&limitstart=6560 HTTP/1.1" 301 20 "-" "Sogou web spider/4.0(+http://www.sogou.com/docs/help/webmasters.htm#07)"
111.202.101.184 - - [21/Jun/2020:19:42:10 +0800] "GET /index.php?option=com_joomdoc&task=doc_details&gid=388&Itemid=46 HTTP/1.1" 301 20 "-" "Sogou web spider/4.0(+http://www.sogou.com/docs/help/webmasters.htm#07)"
111.202.101.185 - - [21/Jun/2020:19:42:11 +0800] "GET /index.php?option=com_phocaguestbook&view=phocaguestbook&id=1&Itemid=39&limitstart=219220 HTTP/1.1" 301 20 "-" "Sogou web spider/4.0(+http://www.sogou.com/docs/help/webmasters.htm#07)"
111.202.101.182 - - [21/Jun/2020:19:42:13 +0800] "GET /index.php?option=com_phocaguestbook&view=phocaguestbook&id=1&Itemid=39&limitstart=4820 HTTP/1.1" 301 20 "-" "Sogou web spider/4.0(+http://www.sogou.com/docs/help/webmasters.htm#07)"
111.202.100.121 - - [21/Jun/2020:19:43:14 +0800] "GET /index.php?option=com_phocagallery&view=detail&catid=23:2009-10-26-&id=1915:img0072&tmpl=component&phocaslideshow=0&Itemid=59 HTTP/1.1" 301 20 "-" "Sogou web spider/4.0(+http://www.sogou.com/docs/help/webmasters.htm#07)"
111.202.100.118 - - [21/Jun/2020:19:43:14 +0800] "GET /index.php?option=com_phocaguestbook&view=phocaguestbook&id=1&Itemid=39&limitstart=6800 HTTP/1.1" 301 20 "-" "Sogou web spider/4.0(+http://www.sogou.com/docs/help/webmasters.htm#07)"
111.202.100.116 - - [21/Jun/2020:19:43:14 +0800] "GET /index.php?option=com_joomdoc&task=cat_view&gid=30&limit=10&dir=DESC&Itemid=46&limitstart=170 HTTP/1.1" 301 20 "-" "Sogou web spider/4.0(+http://www.sogou.com/docs/help/webmasters.htm#07)"
111.202.100.119 - - [21/Jun/2020:19:43:14 +0800] "GET /?option=com_phocagallery&view=detail&catid=10&id=159%3A0076&phocaslideshow=1&tmpl=component&Itemid=59 HTTP/1.1" 200 31322 "-" "Sogou web spider/4.0(+http://www.sogou.com/docs/help/webmasters.htm#07)"
111.202.101.182 - - [21/Jun/2020:19:43:18 +0800] "GET /?option=com_phocaguestbook&view=phocaguestbook&id=1&Itemid=39&limitstart=4820 HTTP/1.1" 200 31322 "-" "Sogou web spider/4.0(+http://www.sogou.com/docs/help/webmasters.htm#07)"
111.202.101.183 - - [21/Jun/2020:19:43:20 +0800] "GET /index.php?option=com_joomdoc&task=cat_view&gid=30&orderby=dmdate_published&limitstart=110 HTTP/1.1" 301 20 "-" "Sogou web spider/4.0(+http://www.sogou.com/docs/help/webmasters.htm#07)"
111.202.101.184 - - [21/Jun/2020:19:43:21 +0800] "GET /index.php?option=com_phocaguestbook&view=phocaguestbook&id=1&Itemid=39&limitstart=22040 HTTP/1.1" 301 20 "-" "Sogou web spider/4.0(+http://www.sogou.com/docs/help/webmasters.htm#07)"
54.36.149.38 - - [21/Jun/2020:19:43:22 +0800] "GET /?date=2012-5-23&t=day&paged=8 HTTP/1.1" 301 20 "-" "Mozilla/5.0 (compatible; AhrefsBot/6.1; +http://ahrefs.com/robot/)"
111.202.101.185 - - [21/Jun/2020:19:43:27 +0800] "GET /?date=1916-1-29&t=day&paged=2 HTTP/1.1" 301 20 "-" "Sogou web spider/4.0(+http://www.sogou.com/docs/help/webmasters.htm#07)"
111.202.100.119 - - [21/Jun/2020:19:44:19 +0800] "GET /index.php?option=com_phocaguestbook&view=phocaguestbook&id=1&Itemid=39&limitstart=143680 HTTP/1.1" 301 20 "-" "Sogou web spider/4.0(+http://www.sogou.com/docs/help/webmasters.htm#07)"
111.202.100.116 - - [21/Jun/2020:19:44:19 +0800] "GET /index.php?option=com_phocaguestbook&view=phocaguestbook&id=1&Itemid=39&limitstart=146300 HTTP/1.1" 301 20 "-" "Sogou web spider/4.0(+http://www.sogou.com/docs/help/webmasters.htm#07)"
111.202.100.121 - - [21/Jun/2020:19:44:19 +0800] "GET /index.php?option=com_phocaguestbook&view=phocaguestbook&id=1&Itemid=39&limitstart=154720 HTTP/1.1" 301 20 "-" "Sogou web spider/4.0(+http://www.sogou.com/docs/help/webmasters.htm#07)"
111.202.100.118 - - [21/Jun/2020:19:44:19 +0800] "GET /index.php?option=com_joomdoc&task=cat_view&gid=30&limit=5&limitstart=130&dir=ASC&Itemid=36 HTTP/1.1" 301 20 "-" "Sogou web spider/4.0(+http://www.sogou.com/docs/help/webmasters.htm#07)"
111.202.101.182 - - [21/Jun/2020:19:44:23 +0800] "GET /index.php?option=com_phocaguestbook&view=phocaguestbook&id=1&Itemid=39&limitstart=219200 HTTP/1.1" 301 20 "-" "Sogou web spider/4.0(+http://www.sogou.com/docs/help/webmasters.htm#07)"
111.202.101.183 - - [21/Jun/2020:19:44:24 +0800] "GET /?option=com_phocaguestbook&view=phocaguestbook&id=1&Itemid=39&limitstart=6560 HTTP/1.1" 200 31322 "-" "Sogou web spider/4.0(+http://www.sogou.com/docs/help/webmasters.htm#07)"
111.202.101.184 - - [21/Jun/2020:19:44:25 +0800] "GET /?option=com_phocaguestbook&view=phocaguestbook&id=1&Itemid=39&limitstart=219220 HTTP/1.1" 200 31322 "-" "Sogou web spider/4.0(+http://www.sogou.com/docs/help/webmasters.htm#07)"
49.7.20.156 - - [21/Jun/2020:19:44:31 +0800] "GET /index.php?option=com_phocaguestbook&view=phocaguestbook&id=1&Itemid=39&limitstart=5640 HTTP/1.1" 301 20 "-" "Sogou web spider/4.0(+http://www.sogou.com/docs/help/webmasters.htm#07)"
49.7.20.150 - - [21/Jun/2020:19:44:31 +0800] "GET /index.php?option=com_phocaguestbook&view=phocaguestbook&id=1&Itemid=39&limitstart=48640 HTTP/1.1" 301 20 "-" "Sogou web spider/4.0(+http://www.sogou.com/docs/help/webmasters.htm#07)"
49.7.20.153 - - [21/Jun/2020:19:44:31 +0800] "GET /index.php?option=com_phocaguestbook&view=phocaguestbook&id=1&Itemid=39&limitstart=112860 HTTP/1.1" 301 20 "-" "Sogou web spider/4.0(+http://www.sogou.com/docs/help/webmasters.htm#07)"
111.202.101.185 - - [21/Jun/2020:19:44:35 +0800] "GET /index.php?option=com_content&view=article&id=209%3A2011-09-29-08-14-44&catid=1&Itemid=2 HTTP/1.1" 301 20 "-" "Sogou web spider/4.0(+http://www.sogou.com/docs/help/webmasters.htm#07)"
192.0.102.40 - - [21/Jun/2020:19:45:07 +0800] "HEAD / HTTP/1.1" 200 - "-" "jetmon/1.0 (Jetpack Site Uptime Monitor by WordPress.com)"
111.202.100.116 - - [21/Jun/2020:19:45:23 +0800] "GET /?option=com_joomdoc&task=cat_view&gid=30&limit=10&dir=DESC&Itemid=46&limitstart=170 HTTP/1.1" 200 31322 "-" "Sogou web spider/4.0(+http://www.sogou.com/docs/help/webmasters.htm#07)"
111.202.100.118 - - [21/Jun/2020:19:45:23 +0800] "GET /?option=com_phocaguestbook&view=phocaguestbook&id=1&Itemid=39&limitstart=6800 HTTP/1.1" 200 31322 "-" "Sogou web spider/4.0(+http://www.sogou.com/docs/help/webmasters.htm#07)"
111.202.100.119 - - [21/Jun/2020:19:45:24 +0800] "GET /?option=com_phocaguestbook&view=phocaguestbook&id=1&Itemid=39&limitstart=154720 HTTP/1.1" 200 31322 "-" "Sogou web spider/4.0(+http://www.sogou.com/docs/help/webmasters.htm#07)"
111.202.100.121 - - [21/Jun/2020:19:45:26 +0800] "GET /?option=com_phocagallery&view=detail&catid=23:2009-10-26-&id=1915:img0072&tmpl=component&phocaslideshow=0&Itemid=59 HTTP/1.1" 200 31322 "-" "Sogou web spider/4.0(+http://www.sogou.com/docs/help/webmasters.htm#07)"
111.202.101.182 - - [21/Jun/2020:19:45:27 +0800] "GET /?option=com_joomdoc&task=cat_view&gid=30&orderby=dmdate_published&limitstart=110 HTTP/1.1" 200 31322 "-" "Sogou web spider/4.0(+http://www.sogou.com/docs/help/webmasters.htm#07)"
111.202.101.184 - - [21/Jun/2020:19:45:30 +0800] "GET /?option=com_phocaguestbook&view=phocaguestbook&id=1&Itemid=39&limitstart=362460 HTTP/1.1" 200 31322 "-" "Sogou web spider/4.0(+http://www.sogou.com/docs/help/webmasters.htm#07)"
111.202.101.183 - - [21/Jun/2020:19:45:32 +0800] "GET /index.php?option=com_phocaguestbook&view=phocaguestbook&id=1&Itemid=39&limitstart=32860 HTTP/1.1" 301 20 "-" "Sogou web spider/4.0(+http://www.sogou.com/docs/help/webmasters.htm#07)"
49.7.20.156 - - [21/Jun/2020:19:45:35 +0800] "GET /index.php?option=com_phocaguestbook&view=phocaguestbook&id=1&Itemid=39&limitstart=220700 HTTP/1.1" 301 20 "-" "Sogou web spider/4.0(+http://www.sogou.com/docs/help/webmasters.htm#07)"
49.7.20.153 - - [21/Jun/2020:19:45:36 +0800] "GET /?option=com_phocaguestbook&view=phocaguestbook&id=1&Itemid=39&limitstart=112860 HTTP/1.1" 200 31322 "-" "Sogou web spider/4.0(+http://www.sogou.com/docs/help/webmasters.htm#07)"
111.202.101.185 - - [21/Jun/2020:19:45:39 +0800] "GET /index.php?option=com_phocaguestbook&view=phocaguestbook&id=1&Itemid=39&limitstart=160900 HTTP/1.1" 301 20 "-" "Sogou web spider/4.0(+http://www.sogou.com/docs/help/webmasters.htm#07)"
49.7.20.150 - - [21/Jun/2020:19:45:39 +0800] "GET /index.php?option=com_phocaguestbook&view=phocaguestbook&id=1&Itemid=39&limitstart=414300 HTTP/1.1" 301 20 "-" "Sogou web spider/4.0(+http://www.sogou.com/docs/help/webmasters.htm#07)"
111.202.100.121 - - [21/Jun/2020:19:46:31 +0800] "GET /?date=1949-9&t=22220 HTTP/1.1" 301 20 "-" "Sogou web spider/4.0(+http://www.sogou.com/docs/help/webmasters.htm#07)"
111.202.100.116 - - [21/Jun/2020:19:46:32 +0800] "GET /index.php?option=com_joomdoc&task=cat_view&gid=30&limit=5&limitstart=60&dir=DESC&Itemid=36 HTTP/1.1" 301 20 "-" "Sogou web spider/4.0(+http://www.sogou.com/docs/help/webmasters.htm#07)"
111.202.100.118 - - [21/Jun/2020:19:46:32 +0800] "GET /?option=com_joomdoc&task=cat_view&gid=30&limit=5&limitstart=130&dir=ASC&Itemid=36 HTTP/1.1" 200 31322 "-" "Sogou web spider/4.0(+http://www.sogou.com/docs/help/webmasters.htm#07)"
111.202.100.119 - - [21/Jun/2020:19:46:33 +0800] "GET /?date=1960-10&t=22220 HTTP/1.1" 301 20 "-" "Sogou web spider/4.0(+http://www.sogou.com/docs/help/webmasters.htm#07)"
111.202.101.184 - - [21/Jun/2020:19:46:35 +0800] "GET /index.php?option=com_phocaguestbook&view=phocaguestbook&id=1&Itemid=39&limitstart=49760 HTTP/1.1" 301 20 "-" "Sogou web spider/4.0(+http://www.sogou.com/docs/help/webmasters.htm#07)"
111.202.101.183 - - [21/Jun/2020:19:46:36 +0800] "GET /index.php?option=com_phocaguestbook&view=phocaguestbook&id=1&Itemid=39&limitstart=409460 HTTP/1.1" 301 20 "-" "Sogou web spider/4.0(+http://www.sogou.com/docs/help/webmasters.htm#07)"
49.7.20.156 - - [21/Jun/2020:19:46:39 +0800] "GET /?option=com_phocaguestbook&view=phocaguestbook&id=1&Itemid=39&limitstart=5640 HTTP/1.1" 200 31322 "-" "Sogou web spider/4.0(+http://www.sogou.com/docs/help/webmasters.htm#07)"
49.7.20.153 - - [21/Jun/2020:19:46:40 +0800] "GET /?date=1979-8-7&t=mini HTTP/1.1" 200 31322 "-" "Sogou web spider/4.0(+http://www.sogou.com/docs/help/webmasters.htm#07)"
49.7.20.150 - - [21/Jun/2020:19:46:43 +0800] "GET /?option=com_phocaguestbook&view=phocaguestbook&id=1&Itemid=39&limitstart=48640 HTTP/1.1" 200 31322 "-" "Sogou web spider/4.0(+http://www.sogou.com/docs/help/webmasters.htm#07)"
111.202.101.185 - - [21/Jun/2020:19:46:43 +0800] "GET /?option=com_phocaguestbook&view=phocaguestbook&id=1&Itemid=39&limitstart=219200 HTTP/1.1" 200 31322 "-" "Sogou web spider/4.0(+http://www.sogou.com/docs/help/webmasters.htm#07)"
54.36.149.29 - - [21/Jun/2020:19:46:57 +0800] "GET /?date=2014-2-11&t=day&paged=8 HTTP/1.1" 301 20 "-" "Mozilla/5.0 (compatible; AhrefsBot/6.1; +http://ahrefs.com/robot/)"
49.7.20.159 - - [21/Jun/2020:19:47:01 +0800] "GET /index.php?option=com_phocaguestbook&view=phocaguestbook&id=1&Itemid=39&limitstart=101100 HTTP/1.1" 301 20 "-" "Sogou web spider/4.0(+http://www.sogou.com/docs/help/webmasters.htm#07)"
111.202.101.182 - - [21/Jun/2020:19:47:22 +0800] "GET /?date=1903-9-21&t=day&paged=2 HTTP/1.1" 301 20 "-" "Sogou web spider/4.0(+http://www.sogou.com/docs/help/webmasters.htm#07)"
111.202.100.121 - - [21/Jun/2020:19:47:35 +0800] "GET /?option=com_phocaguestbook&view=phocaguestbook&id=1&Itemid=39&limitstart=143680 HTTP/1.1" 200 31322 "-" "Sogou web spider/4.0(+http://www.sogou.com/docs/help/webmasters.htm#07)"
111.202.100.116 - - [21/Jun/2020:19:47:36 +0800] "GET /?option=com_phocaguestbook&view=phocaguestbook&id=1&Itemid=39&limitstart=146300 HTTP/1.1" 200 31322 "-" "Sogou web spider/4.0(+http://www.sogou.com/docs/help/webmasters.htm#07)"
111.202.101.184 - - [21/Jun/2020:19:47:39 +0800] "GET /?option=com_phocaguestbook&view=phocaguestbook&id=1&Itemid=39&limitstart=32860 HTTP/1.1" 200 31322 "-" "Sogou web spider/4.0(+http://www.sogou.com/docs/help/webmasters.htm#07)"
111.202.101.183 - - [21/Jun/2020:19:47:40 +0800] "GET /?option=com_phocaguestbook&view=phocaguestbook&id=1&Itemid=39&limitstart=22040 HTTP/1.1" 200 31322 "-" "Sogou web spider/4.0(+http://www.sogou.com/docs/help/webmasters.htm#07)"
49.7.20.156 - - [21/Jun/2020:19:47:47 +0800] "GET /index.php?option=com_phocaguestbook&view=phocaguestbook&id=1&Itemid=39&limitstart=132320 HTTP/1.1" 301 20 "-" "Sogou web spider/4.0(+http://www.sogou.com/docs/help/webmasters.htm#07)"
111.202.101.185 - - [21/Jun/2020:19:47:54 +0800] "GET /?option=com_phocaguestbook&view=phocaguestbook&id=1&Itemid=39&limitstart=160900 HTTP/1.1" 200 31322 "-" "Sogou web spider/4.0(+http://www.sogou.com/docs/help/webmasters.htm#07)"
49.7.20.150 - - [21/Jun/2020:19:47:57 +0800] "GET /?option=com_phocaguestbook&view=phocaguestbook&id=1&Itemid=39&limitstart=414300 HTTP/1.1" 200 31322 "-" "Sogou web spider/4.0(+http://www.sogou.com/docs/help/webmasters.htm#07)"
49.7.20.159 - - [21/Jun/2020:19:48:06 +0800] "GET /index.php?option=com_joomdoc&task=doc_details&gid=428&Itemid=36 HTTP/1.1" 301 20 "-" "Sogou web spider/4.0(+http://www.sogou.com/docs/help/webmasters.htm#07)"
49.7.20.153 - - [21/Jun/2020:19:48:06 +0800] "GET /?option=com_phocaguestbook&view=phocaguestbook&id=1&Itemid=39&limitstart=101100 HTTP/1.1" 200 31322 "-" "Sogou web spider/4.0(+http://www.sogou.com/docs/help/webmasters.htm#07)"
111.202.100.121 - - [21/Jun/2020:19:48:44 +0800] "GET /?option=com_joomdoc&task=cat_view&gid=30&limit=5&limitstart=60&dir=DESC&Itemid=36 HTTP/1.1" 200 31322 "-" "Sogou web spider/4.0(+http://www.sogou.com/docs/help/webmasters.htm#07)"
54.36.149.44 - - [21/Jun/2020:19:48:44 +0800] "GET /?date=2009-10-19&t=day&paged=3 HTTP/1.1" 301 20 "-" "Mozilla/5.0 (compatible; AhrefsBot/6.1; +http://ahrefs.com/robot/)"
111.202.101.184 - - [21/Jun/2020:19:48:44 +0800] "GET /?option=com_phocaguestbook&view=phocaguestbook&id=1&Itemid=39&limitstart=49760 HTTP/1.1" 200 31322 "-" "Sogou web spider/4.0(+http://www.sogou.com/docs/help/webmasters.htm#07)"
111.202.101.183 - - [21/Jun/2020:19:48:45 +0800] "GET /?option=com_phocaguestbook&view=phocaguestbook&id=1&Itemid=39&limitstart=409460 HTTP/1.1" 200 31322 "-" "Sogou web spider/4.0(+http://www.sogou.com/docs/help/webmasters.htm#07)"
54.36.148.78 - - [21/Jun/2020:19:48:45 +0800] "GET /?date=1993-8-29&t=day&paged=5 HTTP/1.1" 301 20 "-" "Mozilla/5.0 (compatible; AhrefsBot/6.1; +http://ahrefs.com/robot/)"
49.7.20.156 - - [21/Jun/2020:19:48:51 +0800] "GET /?option=com_phocaguestbook&view=phocaguestbook&id=1&Itemid=39&limitstart=220700 HTTP/1.1" 200 31322 "-" "Sogou web spider/4.0(+http://www.sogou.com/docs/help/webmasters.htm#07)"
49.7.20.150 - - [21/Jun/2020:19:49:10 +0800] "GET /?option=com_joomdoc&task=doc_details&gid=428&Itemid=36 HTTP/1.1" 200 31322 "-" "Sogou web spider/4.0(+http://www.sogou.com/docs/help/webmasters.htm#07)"
49.7.20.156 - - [21/Jun/2020:19:49:59 +0800] "GET /?option=com_phocaguestbook&view=phocaguestbook&id=1&Itemid=39&limitstart=132320 HTTP/1.1" 200 31322 "-" "Sogou web spider/4.0(+http://www.sogou.com/docs/help/webmasters.htm#07)"
54.36.148.180 - - [21/Jun/2020:19:50:04 +0800] "GET /?date=1996-12-28&t=day&paged=7 HTTP/1.1" 301 20 "-" "Mozilla/5.0 (compatible; AhrefsBot/6.1; +http://ahrefs.com/robot/)"
54.36.148.239 - - [21/Jun/2020:19:51:46 +0800] "GET /?date=2002-3-10&t=day&paged=7 HTTP/1.1" 301 20 "-" "Mozilla/5.0 (compatible; AhrefsBot/6.1; +http://ahrefs.com/robot/)"
111.202.100.119 - - [21/Jun/2020:19:52:00 +0800] "GET /?option=com_phocaguestbook&view=phocaguestbook&id=1&Itemid=39&limitstart=167980 HTTP/1.1" 200 31322 "-" "Sogou web spider/4.0(+http://www.sogou.com/docs/help/webmasters.htm#07)"
111.202.100.121 - - [21/Jun/2020:19:52:00 +0800] "GET /?option=com_phocaguestbook&view=phocaguestbook&id=1&Itemid=39&limitstart=190720 HTTP/1.1" 200 31322 "-" "Sogou web spider/4.0(+http://www.sogou.com/docs/help/webmasters.htm#07)"
192.0.102.40 - - [21/Jun/2020:19:52:21 +0800] "HEAD / HTTP/1.1" 200 - "-" "jetmon/1.0 (Jetpack Site Uptime Monitor by WordPress.com)"
54.36.149.3 - - [21/Jun/2020:19:52:25 +0800] "GET /?date=1994-4&t=mini&paged=7 HTTP/1.1" 301 20 "-" "Mozilla/5.0 (compatible; AhrefsBot/6.1; +http://ahrefs.com/robot/)"
123.183.224.135 - - [21/Jun/2020:19:52:34 +0800] "GET /?date=1950-3-15&t=22220 HTTP/1.1" 301 20 "-" "Sogou web spider/4.0(+http://www.sogou.com/docs/help/webmasters.htm#07)"
123.183.224.137 - - [21/Jun/2020:19:52:34 +0800] "GET /index.php?option=com_phocaguestbook&view=phocaguestbook&id=1&Itemid=39&limitstart=51760 HTTP/1.1" 301 20 "-" "Sogou web spider/4.0(+http://www.sogou.com/docs/help/webmasters.htm#07)"
123.183.224.139 - - [21/Jun/2020:19:52:35 +0800] "GET /?date=1924-11-6&t=day HTTP/1.1" 301 20 "-" "Sogou web spider/4.0(+http://www.sogou.com/docs/help/webmasters.htm#07)"
111.202.101.183 - - [21/Jun/2020:19:52:35 +0800] "GET /?option=com_joomdoc&task=doc_details&gid=388&Itemid=46 HTTP/1.1" 200 31322 "-" "Sogou web spider/4.0(+http://www.sogou.com/docs/help/webmasters.htm#07)"
123.183.224.136 - - [21/Jun/2020:19:52:38 +0800] "GET /index.php?option=com_phocaguestbook&view=phocaguestbook&id=1&Itemid=39&limitstart=64140 HTTP/1.1" 301 20 "-" "Sogou web spider/4.0(+http://www.sogou.com/docs/help/webmasters.htm#07)"
54.36.148.24 - - [21/Jun/2020:19:53:39 +0800] "GET /?date=2012-1-23&t=day&paged=5 HTTP/1.1" 301 20 "-" "Mozilla/5.0 (compatible; AhrefsBot/6.1; +http://ahrefs.com/robot/)"
123.183.224.137 - - [21/Jun/2020:19:53:43 +0800] "GET /index.php?option=com_content&view=article&id=220%3A2013-07-11-02-02-27&catid=1&Itemid=2 HTTP/1.1" 301 20 "-" "Sogou web spider/4.0(+http://www.sogou.com/docs/help/webmasters.htm#07)"
123.183.224.139 - - [21/Jun/2020:19:53:45 +0800] "GET /index.php?option=com_phocaguestbook&view=phocaguestbook&id=1&Itemid=39&limitstart=410120 HTTP/1.1" 301 20 "-" "Sogou web spider/4.0(+http://www.sogou.com/docs/help/webmasters.htm#07)"
123.183.224.136 - - [21/Jun/2020:19:53:49 +0800] "GET /?date=1983-7-17&t=day&paged=2 HTTP/1.1" 301 20 "-" "Sogou web spider/4.0(+http://www.sogou.com/docs/help/webmasters.htm#07)"
123.183.224.135 - - [21/Jun/2020:19:53:49 +0800] "GET /index.php?option=com_phocaguestbook&view=phocaguestbook&id=1&Itemid=39&limitstart=6620 HTTP/1.1" 301 20 "-" "Sogou web spider/4.0(+http://www.sogou.com/docs/help/webmasters.htm#07)"
111.202.101.183 - - [21/Jun/2020:19:54:16 +0800] "GET /index.php?option=com_phocagallery&view=detail&catid=29:2010-01-04-04-13-01&id=3242:tmcc1228c182&tmpl=component&phocaslideshow=0&Itemid=59 HTTP/1.1" 301 20 "-" "Sogou web spider/4.0(+http://www.sogou.com/docs/help/webmasters.htm#07)"
54.36.148.165 - - [21/Jun/2020:19:54:23 +0800] "GET /?date=1995-10-15&t=day&paged=7 HTTP/1.1" 301 20 "-" "Mozilla/5.0 (compatible; AhrefsBot/6.1; +http://ahrefs.com/robot/)"
123.183.224.137 - - [21/Jun/2020:19:54:47 +0800] "GET /?option=com_phocaguestbook&view=phocaguestbook&id=1&Itemid=39&limitstart=51760 HTTP/1.1" 200 31322 "-" "Sogou web spider/4.0(+http://www.sogou.com/docs/help/webmasters.htm#07)"
111.202.101.185 - - [21/Jun/2020:19:54:50 +0800] "GET /?date=1907-6-29&t=day&paged=2 HTTP/1.1" 301 20 "-" "Sogou web spider/4.0(+http://www.sogou.com/docs/help/webmasters.htm#07)"
123.183.224.139 - - [21/Jun/2020:19:54:51 +0800] "GET /index.php?rest_route=%2Foembed%2F1.0%2Fembed&url=http%3A%2F%2Fwww.tmcc.org.hk%2F%3Fp%3D684&format=xml HTTP/1.1" 404 122 "-" "Sogou web spider/4.0(+http://www.sogou.com/docs/help/webmasters.htm#07)"
111.202.100.82 - - [21/Jun/2020:19:54:52 +0800] "GET /index.php?rest_route=%2Foembed%2F1.0%2Fembed&url=http%3A%2F%2Fwww.tmcc.org.hk%2F%3Fp%3D684&format=xml HTTP/1.1" 404 122 "-" "Sogou web spider/4.0(+http://www.sogou.com/docs/help/webmasters.htm#07)"
49.7.20.28 - - [21/Jun/2020:19:54:52 +0800] "GET /index.php?rest_route=%2Foembed%2F1.0%2Fembed&url=http%3A%2F%2Fwww.tmcc.org.hk%2F%3Fp%3D684&format=xml HTTP/1.1" 404 122 "-" "Sogou web spider/4.0(+http://www.sogou.com/docs/help/webmasters.htm#07)"
58.250.125.185 - - [21/Jun/2020:19:54:52 +0800] "GET /index.php?rest_route=%2Foembed%2F1.0%2Fembed&url=http%3A%2F%2Fwww.tmcc.org.hk%2F%3Fp%3D684&format=xml HTTP/1.1" 404 122 "-" "Sogou web spider/4.0(+http://www.sogou.com/docs/help/webmasters.htm#07)"
111.202.101.184 - - [21/Jun/2020:19:54:52 +0800] "GET /?date=1935-11-14&t=day&paged=5 HTTP/1.1" 301 20 "-" "Sogou web spider/4.0(+http://www.sogou.com/docs/help/webmasters.htm#07)"
49.7.20.28 - - [21/Jun/2020:19:54:52 +0800] "GET /index.php?rest_route=%2Foembed%2F1.0%2Fembed&url=http%3A%2F%2Fwww.tmcc.org.hk%2F%3Fp%3D684&format=xml HTTP/1.1" 404 122 "-" "Mozilla/5.0 (Macintosh; Intel Mac OS X 10_15_1) AppleWebKit/537.36 (KHTML, like Gecko) Chrome/78.0.3904.97 Safari/537.36"
111.202.100.82 - - [21/Jun/2020:19:54:52 +0800] "GET /index.php?rest_route=%2Foembed%2F1.0%2Fembed&url=http%3A%2F%2Fwww.tmcc.org.hk%2F%3Fp%3D684&format=xml HTTP/1.1" 404 122 "-" "Mozilla/5.0 (Macintosh; Intel Mac OS X 10_15_1) AppleWebKit/537.36 (KHTML, like Gecko) Chrome/78.0.3904.97 Safari/537.36"
123.183.224.136 - - [21/Jun/2020:19:54:53 +0800] "GET /?option=com_phocaguestbook&view=phocaguestbook&id=1&Itemid=39&limitstart=64140 HTTP/1.1" 200 31322 "-" "Sogou web spider/4.0(+http://www.sogou.com/docs/help/webmasters.htm#07)"
58.250.125.185 - - [21/Jun/2020:19:54:53 +0800] "GET /index.php?rest_route=%2Foembed%2F1.0%2Fembed&url=http%3A%2F%2Fwww.tmcc.org.hk%2F%3Fp%3D684&format=xml HTTP/1.1" 404 122 "-" "Mozilla/5.0 (Macintosh; Intel Mac OS X 10_15_1) AppleWebKit/537.36 (KHTML, like Gecko) Chrome/78.0.3904.97 Safari/537.36"
54.36.149.61 - - [21/Jun/2020:19:54:56 +0800] "GET /index.php?option=com_phocagallery&view=detail&catid=10&id=186:0103&tmpl=component&phocadownload=1&Itemid=59 HTTP/1.1" 301 20 "-" "Mozilla/5.0 (compatible; AhrefsBot/6.1; +http://ahrefs.com/robot/)"
111.202.101.182 - - [21/Jun/2020:19:54:59 +0800] "GET /?date=2013-5-11&t=list&paged=2 HTTP/1.1" 301 20 "-" "Sogou web spider/4.0(+http://www.sogou.com/docs/help/webmasters.htm#07)"
123.183.224.135 - - [21/Jun/2020:19:55:06 +0800] "GET /?date=2003-8-25&t=list HTTP/1.1" 301 20 "-" "Sogou web spider/4.0(+http://www.sogou.com/docs/help/webmasters.htm#07)"
111.202.101.183 - - [21/Jun/2020:19:55:52 +0800] "GET /?date=1919-9-1&t=list&paged=5 HTTP/1.1" 301 20 "-" "Sogou web spider/4.0(+http://www.sogou.com/docs/help/webmasters.htm#07)"
123.183.224.139 - - [21/Jun/2020:19:55:55 +0800] "GET /index.php?option=com_phocagallery&view=detail&catid=14:-2001-11-10&id=1094:2001-11-10_20-1&tmpl=component&phocaslideshow=0&Itemid=59 HTTP/1.1" 301 20 "-" "Sogou web spider/4.0(+http://www.sogou.com/docs/help/webmasters.htm#07)"
123.183.224.137 - - [21/Jun/2020:19:55:56 +0800] "GET /?option=com_content&view=article&id=220%3A2013-07-11-02-02-27&catid=1&Itemid=2 HTTP/1.1" 200 31322 "-" "Sogou web spider/4.0(+http://www.sogou.com/docs/help/webmasters.htm#07)"
111.202.101.184 - - [21/Jun/2020:19:55:57 +0800] "GET /?date=1907-6-29&t=day&paged=2 HTTP/1.1" 404 30142 "-" "Sogou web spider/4.0(+http://www.sogou.com/docs/help/webmasters.htm#07)"
123.183.224.136 - - [21/Jun/2020:19:55:58 +0800] "GET /index.php?option=com_phocagallery&view=detail&catid=29:2010-01-04-04-13-01&id=3231:tmcc1228c171&tmpl=component&phocaslideshow=0&Itemid=59 HTTP/1.1" 301 20 "-" "Sogou web spider/4.0(+http://www.sogou.com/docs/help/webmasters.htm#07)"
111.202.101.185 - - [21/Jun/2020:19:56:07 +0800] "GET /?date=1914-6-18&t=day&paged=2 HTTP/1.1" 301 20 "-" "Sogou web spider/4.0(+http://www.sogou.com/docs/help/webmasters.htm#07)"
123.183.224.135 - - [21/Jun/2020:19:56:10 +0800] "GET /index.php?option=com_phocaguestbook&view=phocaguestbook&id=1&Itemid=39&limitstart=111080 HTTP/1.1" 301 20 "-" "Sogou web spider/4.0(+http://www.sogou.com/docs/help/webmasters.htm#07)"
111.202.101.182 - - [21/Jun/2020:19:56:15 +0800] "GET /?date=1945-6-25&t=mini&paged=10 HTTP/1.1" 301 20 "-" "Sogou web spider/4.0(+http://www.sogou.com/docs/help/webmasters.htm#07)"
111.202.101.183 - - [21/Jun/2020:19:56:56 +0800] "GET /?option=com_phocagallery&view=detail&catid=29:2010-01-04-04-13-01&id=3242:tmcc1228c182&tmpl=component&phocaslideshow=0&Itemid=59 HTTP/1.1" 200 31322 "-" "Sogou web spider/4.0(+http://www.sogou.com/docs/help/webmasters.htm#07)"
123.183.224.136 - - [21/Jun/2020:19:57:02 +0800] "GET /?option=com_phocagallery&view=detail&catid=14:-2001-11-10&id=1094:2001-11-10_20-1&tmpl=component&phocaslideshow=0&Itemid=59 HTTP/1.1" 200 31322 "-" "Sogou web spider/4.0(+http://www.sogou.com/docs/help/webmasters.htm#07)"
111.202.101.184 - - [21/Jun/2020:19:57:10 +0800] "GET /?date=1924-5-31&t=list&paged=5 HTTP/1.1" 301 20 "-" "Sogou web spider/4.0(+http://www.sogou.com/docs/help/webmasters.htm#07)"
123.183.224.135 - - [21/Jun/2020:19:57:18 +0800] "GET /?option=com_phocaguestbook&view=phocaguestbook&id=1&Itemid=39&limitstart=111080 HTTP/1.1" 200 31322 "-" "Sogou web spider/4.0(+http://www.sogou.com/docs/help/webmasters.htm#07)"
111.202.101.182 - - [21/Jun/2020:19:57:19 +0800] "GET /?date=2037-3-15&t=week HTTP/1.1" 301 20 "-" "Sogou web spider/4.0(+http://www.sogou.com/docs/help/webmasters.htm#07)"
111.202.101.185 - - [21/Jun/2020:19:57:20 +0800] "GET /?date=1945-6-25&t=mini&paged=10 HTTP/1.1" 404 30142 "-" "Sogou web spider/4.0(+http://www.sogou.com/docs/help/webmasters.htm#07)"
123.183.224.137 - - [21/Jun/2020:19:57:22 +0800] "GET /?option=com_phocaguestbook&view=phocaguestbook&id=1&Itemid=39&limitstart=63700 HTTP/1.1" 200 31322 "-" "Sogou web spider/4.0(+http://www.sogou.com/docs/help/webmasters.htm#07)"
123.183.224.139 - - [21/Jun/2020:19:57:59 +0800] "GET /?date=1945-7-4&t=day&paged=3 HTTP/1.1" 301 20 "-" "Sogou web spider/4.0(+http://www.sogou.com/docs/help/webmasters.htm#07)"
111.202.101.183 - - [21/Jun/2020:19:58:11 +0800] "GET /?date=1985-5-26&t=day&paged=4 HTTP/1.1" 301 20 "-" "Sogou web spider/4.0(+http://www.sogou.com/docs/help/webmasters.htm#07)"
111.202.101.184 - - [21/Jun/2020:19:58:14 +0800] "GET /?date=1935-11-14&t=day&paged=5 HTTP/1.1" 404 30142 "-" "Sogou web spider/4.0(+http://www.sogou.com/docs/help/webmasters.htm#07)"
123.183.224.136 - - [21/Jun/2020:19:58:16 +0800] "GET /?option=com_phocagallery&view=detail&catid=29:2010-01-04-04-13-01&id=3231:tmcc1228c171&tmpl=component&phocaslideshow=0&Itemid=59 HTTP/1.1" 200 31322 "-" "Sogou web spider/4.0(+http://www.sogou.com/docs/help/webmasters.htm#07)"
111.202.101.182 - - [21/Jun/2020:19:58:23 +0800] "GET /?date=2036-7-11&t=list&paged=2 HTTP/1.1" 301 20 "-" "Sogou web spider/4.0(+http://www.sogou.com/docs/help/webmasters.htm#07)"
111.202.101.185 - - [21/Jun/2020:19:58:25 +0800] "GET /?date=1948-6-26&t=list&paged=4 HTTP/1.1" 301 20 "-" "Sogou web spider/4.0(+http://www.sogou.com/docs/help/webmasters.htm#07)"
54.36.149.100 - - [21/Jun/2020:19:58:30 +0800] "GET /?date=2016-3-20&t=day&paged=3 HTTP/1.1" 301 20 "-" "Mozilla/5.0 (compatible; AhrefsBot/6.1; +http://ahrefs.com/robot/)"
123.183.224.137 - - [21/Jun/2020:19:58:39 +0800] "GET /index.php?option=com_phocaguestbook&view=phocaguestbook&id=1&Itemid=39&limitstart=1300 HTTP/1.1" 301 20 "-" "Sogou web spider/4.0(+http://www.sogou.com/docs/help/webmasters.htm#07)"
123.183.224.139 - - [21/Jun/2020:19:59:04 +0800] "GET /?option=com_phocaguestbook&view=phocaguestbook&id=1&Itemid=39&limitstart=410120 HTTP/1.1" 200 31322 "-" "Sogou web spider/4.0(+http://www.sogou.com/docs/help/webmasters.htm#07)"
111.202.101.183 - - [21/Jun/2020:19:59:15 +0800] "GET /?date=1919-9-1&t=list&paged=5 HTTP/1.1" 404 30142 "-" "Sogou web spider/4.0(+http://www.sogou.com/docs/help/webmasters.htm#07)"
111.202.101.184 - - [21/Jun/2020:19:59:22 +0800] "GET /?date=2012-2-25&t=day&paged=2 HTTP/1.1" 301 20 "-" "Sogou web spider/4.0(+http://www.sogou.com/docs/help/webmasters.htm#07)"
111.202.101.182 - - [21/Jun/2020:19:59:28 +0800] "GET /?date=2036-7-11&t=list&paged=2 HTTP/1.1" 404 30142 "-" "Sogou web spider/4.0(+http://www.sogou.com/docs/help/webmasters.htm#07)"
123.183.224.137 - - [21/Jun/2020:19:59:56 +0800] "GET /?option=com_phocaguestbook&view=phocaguestbook&id=1&Itemid=39&limitstart=6620 HTTP/1.1" 200 31322 "-" "Sogou web spider/4.0(+http://www.sogou.com/docs/help/webmasters.htm#07)"
54.36.148.189 - - [21/Jun/2020:20:00:01 +0800] "GET /?date=1997-2-15&t=day&paged=5 HTTP/1.1" 301 20 "-" "Mozilla/5.0 (compatible; AhrefsBot/6.1; +http://ahrefs.com/robot/)"
111.202.101.184 - - [21/Jun/2020:20:00:26 +0800] "GET /?date=1914-6-18&t=day&paged=2 HTTP/1.1" 404 30142 "-" "Sogou web spider/4.0(+http://www.sogou.com/docs/help/webmasters.htm#07)"
111.202.101.182 - - [21/Jun/2020:20:00:36 +0800] "GET /?date=2008-12-23&t=mini HTTP/1.1" 301 20 "-" "Sogou web spider/4.0(+http://www.sogou.com/docs/help/webmasters.htm#07)"
192.0.102.40 - - [21/Jun/2020:20:00:38 +0800] "HEAD / HTTP/1.1" 200 - "-" "jetmon/1.0 (Jetpack Site Uptime Monitor by WordPress.com)"
123.183.224.139 - - [21/Jun/2020:20:00:46 +0800] "GET /?date=1945-7-4&t=day&paged=3 HTTP/1.1" 404 30142 "-" "Sogou web spider/4.0(+http://www.sogou.com/docs/help/webmasters.htm#07)"
111.202.101.185 - - [21/Jun/2020:20:00:48 +0800] "GET /?date=1985-5-26&t=day&paged=4 HTTP/1.1" 404 30142 "-" "Sogou web spider/4.0(+http://www.sogou.com/docs/help/webmasters.htm#07)"
111.202.101.183 - - [21/Jun/2020:20:00:54 +0800] "GET /?date=1978-3-23&t=list&paged=2 HTTP/1.1" 301 20 "-" "Sogou web spider/4.0(+http://www.sogou.com/docs/help/webmasters.htm#07)"
123.183.224.137 - - [21/Jun/2020:20:01:07 +0800] "GET /?option=com_phocaguestbook&view=phocaguestbook&id=1&Itemid=39&limitstart=1300 HTTP/1.1" 200 31322 "-" "Sogou web spider/4.0(+http://www.sogou.com/docs/help/webmasters.htm#07)"
111.202.101.184 - - [21/Jun/2020:20:01:31 +0800] "GET /?date=1994-2-22&t=list&paged=2 HTTP/1.1" 301 20 "-" "Sogou web spider/4.0(+http://www.sogou.com/docs/help/webmasters.htm#07)"
111.202.101.185 - - [21/Jun/2020:20:01:52 +0800] "GET /?date=1985-3&t=22220&paged=4 HTTP/1.1" 301 20 "-" "Sogou web spider/4.0(+http://www.sogou.com/docs/help/webmasters.htm#07)"
111.202.101.183 - - [21/Jun/2020:20:01:59 +0800] "GET /?date=1924-5-31&t=list&paged=5 HTTP/1.1" 404 30142 "-" "Sogou web spider/4.0(+http://www.sogou.com/docs/help/webmasters.htm#07)"
216.244.66.248 - - [21/Jun/2020:20:02:02 +0800] "GET /robots.txt HTTP/1.1" 200 67 "-" "Mozilla/5.0 (compatible; DotBot/1.1; http://www.opensiteexplorer.org/dotbot, help@moz.com)"
111.202.101.184 - - [21/Jun/2020:20:02:35 +0800] "GET /?date=2037-3-15&t=week HTTP/1.1" 200 31322 "-" "Sogou web spider/4.0(+http://www.sogou.com/docs/help/webmasters.htm#07)"
111.202.101.185 - - [21/Jun/2020:20:02:56 +0800] "GET /?date=1948-6-26&t=list&paged=4 HTTP/1.1" 404 30142 "-" "Sogou web spider/4.0(+http://www.sogou.com/docs/help/webmasters.htm#07)"
54.36.148.60 - - [21/Jun/2020:20:02:56 +0800] "GET /?date=1991-5-5&t=week&paged=9 HTTP/1.1" 301 20 "-" "Mozilla/5.0 (compatible; AhrefsBot/6.1; +http://ahrefs.com/robot/)"
111.202.101.183 - - [21/Jun/2020:20:03:04 +0800] "GET /?date=1921-9-24&t=day&paged=2 HTTP/1.1" 301 20 "-" "Sogou web spider/4.0(+http://www.sogou.com/docs/help/webmasters.htm#07)"
111.202.101.184 - - [21/Jun/2020:20:03:40 +0800] "GET /?date=1989-8-27&t=mini&paged=2 HTTP/1.1" 301 20 "-" "Sogou web spider/4.0(+http://www.sogou.com/docs/help/webmasters.htm#07)"
111.202.101.185 - - [21/Jun/2020:20:04:01 +0800] "GET /?date=1946-7-6&t=mini HTTP/1.1" 301 20 "-" "Sogou web spider/4.0(+http://www.sogou.com/docs/help/webmasters.htm#07)"
111.202.101.183 - - [21/Jun/2020:20:04:08 +0800] "GET /?date=2012-2-25&t=day&paged=2 HTTP/1.1" 404 30142 "-" "Sogou web spider/4.0(+http://www.sogou.com/docs/help/webmasters.htm#07)"
111.202.101.184 - - [21/Jun/2020:20:04:44 +0800] "GET /?date=1994-2-22&t=list&paged=2 HTTP/1.1" 404 30142 "-" "Sogou web spider/4.0(+http://www.sogou.com/docs/help/webmasters.htm#07)"
111.202.101.185 - - [21/Jun/2020:20:05:08 +0800] "GET /?date=1985-3&t=22220&paged=4 HTTP/1.1" 404 30142 "-" "Sogou web spider/4.0(+http://www.sogou.com/docs/help/webmasters.htm#07)"
111.202.101.183 - - [21/Jun/2020:20:05:13 +0800] "GET /?date=1979-1&t=mini&paged=6 HTTP/1.1" 301 20 "-" "Sogou web spider/4.0(+http://www.sogou.com/docs/help/webmasters.htm#07)"
111.202.101.184 - - [21/Jun/2020:20:05:49 +0800] "GET /?date=1931-7-26&t=list HTTP/1.1" 301 20 "-" "Sogou web spider/4.0(+http://www.sogou.com/docs/help/webmasters.htm#07)"
111.202.101.185 - - [21/Jun/2020:20:06:13 +0800] "GET /?date=1927-4-27&t=day&paged=2 HTTP/1.1" 301 20 "-" "Sogou web spider/4.0(+http://www.sogou.com/docs/help/webmasters.htm#07)"
123.183.224.136 - - [21/Jun/2020:20:06:13 +0800] "GET /?date=2015-2-21&t=mini HTTP/1.1" 301 20 "-" "Sogou web spider/4.0(+http://www.sogou.com/docs/help/webmasters.htm#07)"
123.183.224.137 - - [21/Jun/2020:20:06:14 +0800] "GET /?date=2015-2-21&t=mini HTTP/1.1" 200 31322 "-" "Sogou web spider/4.0(+http://www.sogou.com/docs/help/webmasters.htm#07)"
111.202.101.183 - - [21/Jun/2020:20:06:19 +0800] "GET /?date=1978-3-23&t=list&paged=2 HTTP/1.1" 404 30142 "-" "Sogou web spider/4.0(+http://www.sogou.com/docs/help/webmasters.htm#07)"
111.202.101.185 - - [21/Jun/2020:20:07:22 +0800] "GET /?date=1989-8-27&t=mini&paged=2 HTTP/1.1" 404 30142 "-" "Sogou web spider/4.0(+http://www.sogou.com/docs/help/webmasters.htm#07)"
216.244.66.248 - - [21/Jun/2020:20:07:31 +0800] "GET /?date=2021-7-3&t=list HTTP/1.1" 301 - "-" "Mozilla/5.0 (compatible; DotBot/1.1; http://www.opensiteexplorer.org/dotbot, help@moz.com)"
111.202.101.184 - - [21/Jun/2020:20:07:32 +0800] "GET /?date=1927-4-27&t=day&paged=2 HTTP/1.1" 404 30142 "-" "Sogou web spider/4.0(+http://www.sogou.com/docs/help/webmasters.htm#07)"
123.183.224.137 - - [21/Jun/2020:20:07:34 +0800] "GET /?date=1946-1&t=22220 HTTP/1.1" 301 20 "-" "Sogou web spider/4.0(+http://www.sogou.com/docs/help/webmasters.htm#07)"
111.202.101.183 - - [21/Jun/2020:20:07:39 +0800] "GET /?date=1913-11-7&t=day&paged=2 HTTP/1.1" 301 20 "-" "Sogou web spider/4.0(+http://www.sogou.com/docs/help/webmasters.htm#07)"
216.244.66.248 - - [21/Jun/2020:20:07:45 +0800] "GET /?date=1996-1-19&t=day HTTP/1.1" 301 - "-" "Mozilla/5.0 (compatible; DotBot/1.1; http://www.opensiteexplorer.org/dotbot, help@moz.com)"
216.244.66.248 - - [21/Jun/2020:20:07:49 +0800] "GET /?date=2004-2-13&t=day HTTP/1.1" 301 - "-" "Mozilla/5.0 (compatible; DotBot/1.1; http://www.opensiteexplorer.org/dotbot, help@moz.com)"
216.244.66.248 - - [21/Jun/2020:20:07:53 +0800] "GET /?date=2033-9-4&t=mini HTTP/1.1" 301 - "-" "Mozilla/5.0 (compatible; DotBot/1.1; http://www.opensiteexplorer.org/dotbot, help@moz.com)"
123.183.224.136 - - [21/Jun/2020:20:08:02 +0800] "GET /?date=2001-7-15&t=list&paged=2 HTTP/1.1" 301 20 "-" "Sogou web spider/4.0(+http://www.sogou.com/docs/help/webmasters.htm#07)"
192.0.102.40 - - [21/Jun/2020:20:08:12 +0800] "HEAD / HTTP/1.1" 200 - "-" "jetmon/1.0 (Jetpack Site Uptime Monitor by WordPress.com)"
123.183.224.139 - - [21/Jun/2020:20:08:12 +0800] "GET /?date=1947-7-16&t=list&paged=2 HTTP/1.1" 301 20 "-" "Sogou web spider/4.0(+http://www.sogou.com/docs/help/webmasters.htm#07)"
123.183.224.135 - - [21/Jun/2020:20:08:12 +0800] "GET /?date=1919-12-28&t=week&paged=5 HTTP/1.1" 301 20 "-" "Sogou web spider/4.0(+http://www.sogou.com/docs/help/webmasters.htm#07)"
123.183.224.137 - - [21/Jun/2020:20:08:38 +0800] "GET /?date=1946-1&t=22220 HTTP/1.1" 200 31322 "-" "Sogou web spider/4.0(+http://www.sogou.com/docs/help/webmasters.htm#07)"
111.202.101.183 - - [21/Jun/2020:20:08:43 +0800] "GET /?date=1931-7-26&t=list HTTP/1.1" 200 31322 "-" "Sogou web spider/4.0(+http://www.sogou.com/docs/help/webmasters.htm#07)"
216.244.66.248 - - [21/Jun/2020:20:09:07 +0800] "GET /?date=2014-4-7&t=day&paged=2 HTTP/1.1" 301 - "-" "Mozilla/5.0 (compatible; DotBot/1.1; http://www.opensiteexplorer.org/dotbot, help@moz.com)"
123.183.224.136 - - [21/Jun/2020:20:09:13 +0800] "GET /?date=2001-7-15&t=list&paged=2 HTTP/1.1" 404 30142 "-" "Sogou web spider/4.0(+http://www.sogou.com/docs/help/webmasters.htm#07)"
123.183.224.135 - - [21/Jun/2020:20:09:17 +0800] "GET /?date=1919-12-28&t=week&paged=5 HTTP/1.1" 404 30142 "-" "Sogou web spider/4.0(+http://www.sogou.com/docs/help/webmasters.htm#07)"
123.183.224.139 - - [21/Jun/2020:20:09:17 +0800] "GET /?date=1947-7-16&t=list&paged=2 HTTP/1.1" 404 30142 "-" "Sogou web spider/4.0(+http://www.sogou.com/docs/help/webmasters.htm#07)"
111.202.101.183 - - [21/Jun/2020:20:09:48 +0800] "GET /?date=1913-11-7&t=day&paged=2 HTTP/1.1" 404 30142 "-" "Sogou web spider/4.0(+http://www.sogou.com/docs/help/webmasters.htm#07)"
216.244.66.248 - - [21/Jun/2020:20:09:50 +0800] "GET /?date=1998-3-15&t=week HTTP/1.1" 301 - "-" "Mozilla/5.0 (compatible; DotBot/1.1; http://www.opensiteexplorer.org/dotbot, help@moz.com)"
216.244.66.248 - - [21/Jun/2020:20:09:53 +0800] "GET /?date=2001-2&t=list&paged=4 HTTP/1.1" 301 - "-" "Mozilla/5.0 (compatible; DotBot/1.1; http://www.opensiteexplorer.org/dotbot, help@moz.com)"
216.244.66.248 - - [21/Jun/2020:20:09:56 +0800] "GET /?date=2003-2&t=mini&paged=4 HTTP/1.1" 301 - "-" "Mozilla/5.0 (compatible; DotBot/1.1; http://www.opensiteexplorer.org/dotbot, help@moz.com)"
216.244.66.248 - - [21/Jun/2020:20:10:15 +0800] "GET /?date=1994-11-7&t=list&paged=3 HTTP/1.1" 301 - "-" "Mozilla/5.0 (compatible; DotBot/1.1; http://www.opensiteexplorer.org/dotbot, help@moz.com)"
216.244.66.248 - - [21/Jun/2020:20:10:17 +0800] "GET /?date=1999-7-7&t=list&paged=2 HTTP/1.1" 301 - "-" "Mozilla/5.0 (compatible; DotBot/1.1; http://www.opensiteexplorer.org/dotbot, help@moz.com)"
216.244.66.248 - - [21/Jun/2020:20:10:19 +0800] "GET /?date=2005-10-2&t=day&paged=2 HTTP/1.1" 301 - "-" "Mozilla/5.0 (compatible; DotBot/1.1; http://www.opensiteexplorer.org/dotbot, help@moz.com)"
216.244.66.248 - - [21/Jun/2020:20:10:21 +0800] "GET /?date=2006-11-1&t=mini&paged=3 HTTP/1.1" 301 - "-" "Mozilla/5.0 (compatible; DotBot/1.1; http://www.opensiteexplorer.org/dotbot, help@moz.com)"
216.244.66.248 - - [21/Jun/2020:20:10:23 +0800] "GET /?date=2008-5-2&t=mini&paged=2 HTTP/1.1" 301 - "-" "Mozilla/5.0 (compatible; DotBot/1.1; http://www.opensiteexplorer.org/dotbot, help@moz.com)"
216.244.66.248 - - [21/Jun/2020:20:10:25 +0800] "GET /?date=2012-10-8&t=mini&paged=2 HTTP/1.1" 301 - "-" "Mozilla/5.0 (compatible; DotBot/1.1; http://www.opensiteexplorer.org/dotbot, help@moz.com)"
54.36.148.189 - - [21/Jun/2020:20:10:25 +0800] "GET /?date=2009-6-24&t=day&paged=2 HTTP/1.1" 301 20 "-" "Mozilla/5.0 (compatible; AhrefsBot/6.1; +http://ahrefs.com/robot/)"
216.244.66.248 - - [21/Jun/2020:20:10:27 +0800] "GET /?date=2015-4-10&t=day&paged=2 HTTP/1.1" 301 - "-" "Mozilla/5.0 (compatible; DotBot/1.1; http://www.opensiteexplorer.org/dotbot, help@moz.com)"
216.244.66.248 - - [21/Jun/2020:20:10:28 +0800] "GET /?date=2015-4-30&t=mini&paged=2 HTTP/1.1" 301 - "-" "Mozilla/5.0 (compatible; DotBot/1.1; http://www.opensiteexplorer.org/dotbot, help@moz.com)"
216.244.66.248 - - [21/Jun/2020:20:10:30 +0800] "GET /?date=2015-8-5&t=list&paged=2 HTTP/1.1" 301 - "-" "Mozilla/5.0 (compatible; DotBot/1.1; http://www.opensiteexplorer.org/dotbot, help@moz.com)"
216.244.66.248 - - [21/Jun/2020:20:10:32 +0800] "GET /?date=2016-1-17&t=list&paged=3 HTTP/1.1" 301 - "-" "Mozilla/5.0 (compatible; DotBot/1.1; http://www.opensiteexplorer.org/dotbot, help@moz.com)"
216.244.66.248 - - [21/Jun/2020:20:10:34 +0800] "GET /?date=2016-4-28&t=mini&paged=2 HTTP/1.1" 301 - "-" "Mozilla/5.0 (compatible; DotBot/1.1; http://www.opensiteexplorer.org/dotbot, help@moz.com)"
216.244.66.248 - - [21/Jun/2020:20:10:35 +0800] "GET /?date=2016-6-29&t=mini&paged=2 HTTP/1.1" 301 - "-" "Mozilla/5.0 (compatible; DotBot/1.1; http://www.opensiteexplorer.org/dotbot, help@moz.com)"
123.183.224.137 - - [21/Jun/2020:20:10:36 +0800] "GET /?date=1904-8-28&t=week&paged=3 HTTP/1.1" 301 20 "-" "Sogou web spider/4.0(+http://www.sogou.com/docs/help/webmasters.htm#07)"
216.244.66.248 - - [21/Jun/2020:20:10:37 +0800] "GET /?date=2018-1-23&t=day&paged=3 HTTP/1.1" 301 - "-" "Mozilla/5.0 (compatible; DotBot/1.1; http://www.opensiteexplorer.org/dotbot, help@moz.com)"
216.244.66.248 - - [21/Jun/2020:20:10:39 +0800] "GET /?date=2018-10-6&t=mini&paged=3 HTTP/1.1" 301 - "-" "Mozilla/5.0 (compatible; DotBot/1.1; http://www.opensiteexplorer.org/dotbot, help@moz.com)"
123.183.224.136 - - [21/Jun/2020:20:10:40 +0800] "GET /?date=1972-11-21&t=mini&paged=3 HTTP/1.1" 301 20 "-" "Sogou web spider/4.0(+http://www.sogou.com/docs/help/webmasters.htm#07)"
216.244.66.248 - - [21/Jun/2020:20:10:41 +0800] "GET /?date=2019-4-21&t=mini&paged=3 HTTP/1.1" 301 - "-" "Mozilla/5.0 (compatible; DotBot/1.1; http://www.opensiteexplorer.org/dotbot, help@moz.com)"
216.244.66.248 - - [21/Jun/2020:20:10:43 +0800] "GET /?date=2019-7&t=list&paged=3 HTTP/1.1" 301 - "-" "Mozilla/5.0 (compatible; DotBot/1.1; http://www.opensiteexplorer.org/dotbot, help@moz.com)"
123.183.224.139 - - [21/Jun/2020:20:10:43 +0800] "GET /?date=1937-12-26&t=list&paged=2 HTTP/1.1" 301 20 "-" "Sogou web spider/4.0(+http://www.sogou.com/docs/help/webmasters.htm#07)"
216.244.66.248 - - [21/Jun/2020:20:10:44 +0800] "GET /?date=2020-8-5&t=list&paged=2 HTTP/1.1" 301 - "-" "Mozilla/5.0 (compatible; DotBot/1.1; http://www.opensiteexplorer.org/dotbot, help@moz.com)"
216.244.66.248 - - [21/Jun/2020:20:10:46 +0800] "GET /?date=2024-1-4&t=day&paged=2 HTTP/1.1" 301 - "-" "Mozilla/5.0 (compatible; DotBot/1.1; http://www.opensiteexplorer.org/dotbot, help@moz.com)"
123.183.224.135 - - [21/Jun/2020:20:10:55 +0800] "GET /?date=1907-5-7&t=day&paged=3 HTTP/1.1" 301 20 "-" "Sogou web spider/4.0(+http://www.sogou.com/docs/help/webmasters.htm#07)"
123.183.224.136 - - [21/Jun/2020:20:11:47 +0800] "GET /?date=1937-12-26&t=list&paged=2 HTTP/1.1" 404 30142 "-" "Sogou web spider/4.0(+http://www.sogou.com/docs/help/webmasters.htm#07)"
123.183.224.137 - - [21/Jun/2020:20:11:51 +0800] "GET /?date=1972-11-21&t=mini&paged=3 HTTP/1.1" 404 30142 "-" "Sogou web spider/4.0(+http://www.sogou.com/docs/help/webmasters.htm#07)"
123.183.224.139 - - [21/Jun/2020:20:11:58 +0800] "GET /?date=1907-5-7&t=day&paged=3 HTTP/1.1" 404 30142 "-" "Sogou web spider/4.0(+http://www.sogou.com/docs/help/webmasters.htm#07)"
123.183.224.135 - - [21/Jun/2020:20:12:43 +0800] "GET /?date=1950-3-15&t=22220 HTTP/1.1" 200 31322 "-" "Sogou web spider/4.0(+http://www.sogou.com/docs/help/webmasters.htm#07)"
216.244.66.248 - - [21/Jun/2020:20:12:46 +0800] "GET /?date=2017-7-9&t=week HTTP/1.1" 301 - "-" "Mozilla/5.0 (compatible; DotBot/1.1; http://www.opensiteexplorer.org/dotbot, help@moz.com)"
54.36.149.96 - - [21/Jun/2020:20:12:51 +0800] "GET /?date=2011-9-10&t=day&paged=7 HTTP/1.1" 301 20 "-" "Mozilla/5.0 (compatible; AhrefsBot/6.1; +http://ahrefs.com/robot/)"
123.183.224.136 - - [21/Jun/2020:20:12:55 +0800] "GET /?date=1978-2-8&t=list&paged=2 HTTP/1.1" 301 20 "-" "Sogou web spider/4.0(+http://www.sogou.com/docs/help/webmasters.htm#07)"
123.183.224.137 - - [21/Jun/2020:20:13:00 +0800] "GET /?date=1956-12-2&t=day&paged=2 HTTP/1.1" 301 20 "-" "Sogou web spider/4.0(+http://www.sogou.com/docs/help/webmasters.htm#07)"
123.183.224.139 - - [21/Jun/2020:20:13:03 +0800] "GET /?date=1934-4-28&t=mini&paged=10 HTTP/1.1" 301 20 "-" "Sogou web spider/4.0(+http://www.sogou.com/docs/help/webmasters.htm#07)"
54.36.149.77 - - [21/Jun/2020:20:13:28 +0800] "GET /index.php?option=com_phocagallery&view=detail&catid=30:2010-01-04-04-13-51&id=2237:tmcc1228b098&tmpl=component&phocadownload=1&Itemid=59 HTTP/1.1" 301 20 "-" "Mozilla/5.0 (compatible; AhrefsBot/6.1; +http://ahrefs.com/robot/)"
123.183.224.135 - - [21/Jun/2020:20:13:52 +0800] "GET /?date=1978-2-19&t=week&paged=2 HTTP/1.1" 301 20 "-" "Sogou web spider/4.0(+http://www.sogou.com/docs/help/webmasters.htm#07)"
123.183.224.136 - - [21/Jun/2020:20:14:06 +0800] "GET /?date=1924-11-6&t=day HTTP/1.1" 200 31322 "-" "Sogou web spider/4.0(+http://www.sogou.com/docs/help/webmasters.htm#07)"
123.183.224.139 - - [21/Jun/2020:20:14:07 +0800] "GET /?date=1934-4-28&t=mini&paged=10 HTTP/1.1" 404 30142 "-" "Sogou web spider/4.0(+http://www.sogou.com/docs/help/webmasters.htm#07)"
123.183.224.137 - - [21/Jun/2020:20:14:08 +0800] "GET /?date=1904-8-28&t=week&paged=3 HTTP/1.1" 404 30142 "-" "Sogou web spider/4.0(+http://www.sogou.com/docs/help/webmasters.htm#07)"
216.244.66.248 - - [21/Jun/2020:20:14:42 +0800] "GET /?date=1989-12-31&t=week HTTP/1.1" 301 - "-" "Mozilla/5.0 (compatible; DotBot/1.1; http://www.opensiteexplorer.org/dotbot, help@moz.com)"
123.183.224.135 - - [21/Jun/2020:20:14:56 +0800] "GET /?date=1978-2-19&t=week&paged=2 HTTP/1.1" 404 30142 "-" "Sogou web spider/4.0(+http://www.sogou.com/docs/help/webmasters.htm#07)"
123.183.224.136 - - [21/Jun/2020:20:15:11 +0800] "GET /?date=1988-8-3&t=list&paged=4 HTTP/1.1" 301 20 "-" "Sogou web spider/4.0(+http://www.sogou.com/docs/help/webmasters.htm#07)"
123.183.224.139 - - [21/Jun/2020:20:15:16 +0800] "GET /?date=1921-2-6&t=list&paged=5 HTTP/1.1" 301 20 "-" "Sogou web spider/4.0(+http://www.sogou.com/docs/help/webmasters.htm#07)"
123.183.224.137 - - [21/Jun/2020:20:15:17 +0800] "GET /?date=2029-1-2&t=list&paged=2 HTTP/1.1" 301 20 "-" "Sogou web spider/4.0(+http://www.sogou.com/docs/help/webmasters.htm#07)"
