216.244.66.248 - - [23/Jun/2020:02:19:21 +0800] "GET /?date=2007-4-2&t=day&paged=2 HTTP/1.1" 301 - "-" "Mozilla/5.0 (compatible; DotBot/1.1; http://www.opensiteexplorer.org/dotbot, help@moz.com)"
192.0.102.40 - - [23/Jun/2020:02:19:25 +0800] "HEAD / HTTP/1.1" 200 - "-" "jetmon/1.0 (Jetpack Site Uptime Monitor by WordPress.com)"
216.244.66.248 - - [23/Jun/2020:02:19:27 +0800] "GET /?date=2005-3-8&t=mini&paged=2 HTTP/1.1" 301 - "-" "Mozilla/5.0 (compatible; DotBot/1.1; http://www.opensiteexplorer.org/dotbot, help@moz.com)"
216.244.66.248 - - [23/Jun/2020:02:19:31 +0800] "GET /?date=2008-10-4&t=list&paged=2 HTTP/1.1" 301 - "-" "Mozilla/5.0 (compatible; DotBot/1.1; http://www.opensiteexplorer.org/dotbot, help@moz.com)"
216.244.66.248 - - [23/Jun/2020:02:19:34 +0800] "GET /?date=2011-6-15&t=list&paged=2 HTTP/1.1" 301 - "-" "Mozilla/5.0 (compatible; DotBot/1.1; http://www.opensiteexplorer.org/dotbot, help@moz.com)"
216.244.66.248 - - [23/Jun/2020:02:19:36 +0800] "GET /?date=2013-4-19&t=list&paged=2 HTTP/1.1" 301 - "-" "Mozilla/5.0 (compatible; DotBot/1.1; http://www.opensiteexplorer.org/dotbot, help@moz.com)"
216.244.66.248 - - [23/Jun/2020:02:19:39 +0800] "GET /?date=2024-5-15&t=mini&paged=2 HTTP/1.1" 301 - "-" "Mozilla/5.0 (compatible; DotBot/1.1; http://www.opensiteexplorer.org/dotbot, help@moz.com)"
216.244.66.248 - - [23/Jun/2020:02:19:44 +0800] "GET /?date=1991-10-6&t=day HTTP/1.1" 301 - "-" "Mozilla/5.0 (compatible; DotBot/1.1; http://www.opensiteexplorer.org/dotbot, help@moz.com)"
49.7.20.156 - - [23/Jun/2020:02:20:07 +0800] "GET /?date=1927-5-6&t=mini&paged=3 HTTP/1.1" 404 30143 "-" "Sogou web spider/4.0(+http://www.sogou.com/docs/help/webmasters.htm#07)"
111.202.101.183 - - [23/Jun/2020:02:20:21 +0800] "GET /?date=1928-5-10&t=mini&paged=2 HTTP/1.1" 301 20 "-" "Sogou web spider/4.0(+http://www.sogou.com/docs/help/webmasters.htm#07)"
216.244.66.248 - - [23/Jun/2020:02:20:24 +0800] "GET /?date=2018-4-30&t=mini&paged=2 HTTP/1.1" 301 - "-" "Mozilla/5.0 (compatible; DotBot/1.1; http://www.opensiteexplorer.org/dotbot, help@moz.com)"
54.36.149.11 - - [23/Jun/2020:02:21:13 +0800] "GET /?date=1997-2-2&t=week&paged=4 HTTP/1.1" 301 20 "-" "Mozilla/5.0 (compatible; AhrefsBot/6.1; +http://ahrefs.com/robot/)"
54.36.149.86 - - [23/Jun/2020:02:21:25 +0800] "GET /?date=2002-3-3&t=day&paged=7 HTTP/1.1" 301 20 "-" "Mozilla/5.0 (compatible; AhrefsBot/6.1; +http://ahrefs.com/robot/)"
111.202.101.183 - - [23/Jun/2020:02:21:26 +0800] "GET /?date=1928-5-10&t=mini&paged=2 HTTP/1.1" 404 30143 "-" "Sogou web spider/4.0(+http://www.sogou.com/docs/help/webmasters.htm#07)"
54.36.149.57 - - [23/Jun/2020:02:21:33 +0800] "GET /?date=2009-7-19&t=day&paged=2 HTTP/1.1" 301 20 "-" "Mozilla/5.0 (compatible; AhrefsBot/6.1; +http://ahrefs.com/robot/)"
54.36.149.101 - - [23/Jun/2020:02:22:03 +0800] "GET /index.php?option=com_phocagallery&view=detail&catid=16:sing&id=1181:25th_080&tmpl=component&phocadownload=1&Itemid=59 HTTP/1.1" 301 20 "-" "Mozilla/5.0 (compatible; AhrefsBot/6.1; +http://ahrefs.com/robot/)"
111.202.101.184 - - [23/Jun/2020:02:22:13 +0800] "GET /?date=1950-3-25&t=day HTTP/1.1" 301 20 "-" "Sogou web spider/4.0(+http://www.sogou.com/docs/help/webmasters.htm#07)"
111.202.101.185 - - [23/Jun/2020:02:22:49 +0800] "GET /?date=1958-2-9&t=list&paged=11 HTTP/1.1" 301 20 "-" "Sogou web spider/4.0(+http://www.sogou.com/docs/help/webmasters.htm#07)"
216.244.66.248 - - [23/Jun/2020:02:23:09 +0800] "GET /?date=1994-8-14&t=mini HTTP/1.1" 301 - "-" "Mozilla/5.0 (compatible; DotBot/1.1; http://www.opensiteexplorer.org/dotbot, help@moz.com)"
216.244.66.248 - - [23/Jun/2020:02:23:10 +0800] "GET /?date=2017-2-7&t=list HTTP/1.1" 301 - "-" "Mozilla/5.0 (compatible; DotBot/1.1; http://www.opensiteexplorer.org/dotbot, help@moz.com)"
216.244.66.248 - - [23/Jun/2020:02:23:12 +0800] "GET /?date=2026-5-8&t=mini HTTP/1.1" 301 - "-" "Mozilla/5.0 (compatible; DotBot/1.1; http://www.opensiteexplorer.org/dotbot, help@moz.com)"
111.202.101.183 - - [23/Jun/2020:02:23:17 +0800] "GET /?date=1950-3-25&t=day HTTP/1.1" 200 31323 "-" "Sogou web spider/4.0(+http://www.sogou.com/docs/help/webmasters.htm#07)"
111.202.101.184 - - [23/Jun/2020:02:23:54 +0800] "GET /?date=1958-2-9&t=list&paged=11 HTTP/1.1" 404 30143 "-" "Sogou web spider/4.0(+http://www.sogou.com/docs/help/webmasters.htm#07)"
54.36.149.100 - - [23/Jun/2020:02:23:57 +0800] "GET /index.php?option=com_phocagallery&view=detail&catid=16:sing&id=1295:25th_194&tmpl=component&phocadownload=1&Itemid=59 HTTP/1.1" 301 20 "-" "Mozilla/5.0 (compatible; AhrefsBot/6.1; +http://ahrefs.com/robot/)"
54.36.148.195 - - [23/Jun/2020:02:24:45 +0800] "GET /?date=2016-6-12&t=day&paged=9 HTTP/1.1" 301 20 "-" "Mozilla/5.0 (compatible; AhrefsBot/6.1; +http://ahrefs.com/robot/)"
216.244.66.248 - - [23/Jun/2020:02:24:57 +0800] "GET /?date=1992-9-21&t=day HTTP/1.1" 301 - "-" "Mozilla/5.0 (compatible; DotBot/1.1; http://www.opensiteexplorer.org/dotbot, help@moz.com)"
216.244.66.248 - - [23/Jun/2020:02:24:58 +0800] "GET /?date=2001-5&t=list&paged=2 HTTP/1.1" 301 - "-" "Mozilla/5.0 (compatible; DotBot/1.1; http://www.opensiteexplorer.org/dotbot, help@moz.com)"
216.244.66.248 - - [23/Jun/2020:02:25:00 +0800] "GET /?date=2007-2&t=mini&paged=2 HTTP/1.1" 301 - "-" "Mozilla/5.0 (compatible; DotBot/1.1; http://www.opensiteexplorer.org/dotbot, help@moz.com)"
54.36.148.106 - - [23/Jun/2020:02:25:02 +0800] "GET /?date=2010-2-22&t=day&paged=3 HTTP/1.1" 301 20 "-" "Mozilla/5.0 (compatible; AhrefsBot/6.1; +http://ahrefs.com/robot/)"
216.244.66.248 - - [23/Jun/2020:02:25:02 +0800] "GET /?date=2011-1&t=mini&paged=2 HTTP/1.1" 301 - "-" "Mozilla/5.0 (compatible; DotBot/1.1; http://www.opensiteexplorer.org/dotbot, help@moz.com)"
216.244.66.248 - - [23/Jun/2020:02:25:16 +0800] "GET /?date=2014-1-26&t=list HTTP/1.1" 301 - "-" "Mozilla/5.0 (compatible; DotBot/1.1; http://www.opensiteexplorer.org/dotbot, help@moz.com)"
216.244.66.248 - - [23/Jun/2020:02:25:26 +0800] "GET /?date=2019-7-18&t=list&paged=2 HTTP/1.1" 301 - "-" "Mozilla/5.0 (compatible; DotBot/1.1; http://www.opensiteexplorer.org/dotbot, help@moz.com)"
216.244.66.248 - - [23/Jun/2020:02:25:34 +0800] "GET /?date=2019-8-27&t=day&paged=2 HTTP/1.1" 301 - "-" "Mozilla/5.0 (compatible; DotBot/1.1; http://www.opensiteexplorer.org/dotbot, help@moz.com)"
216.244.66.248 - - [23/Jun/2020:02:25:42 +0800] "GET /?date=2021-4-11&t=mini HTTP/1.1" 301 - "-" "Mozilla/5.0 (compatible; DotBot/1.1; http://www.opensiteexplorer.org/dotbot, help@moz.com)"
216.244.66.248 - - [23/Jun/2020:02:25:49 +0800] "GET /?date=2021-7-23&t=day HTTP/1.1" 301 - "-" "Mozilla/5.0 (compatible; DotBot/1.1; http://www.opensiteexplorer.org/dotbot, help@moz.com)"
66.249.79.111 - - [23/Jun/2020:02:25:51 +0800] "GET /category/download/notices/ HTTP/1.1" 200 29984 "-" "Mozilla/5.0 (Linux; Android 6.0.1; Nexus 5X Build/MMB29P) AppleWebKit/537.36 (KHTML, like Gecko) Chrome/80.0.3987.92 Mobile Safari/537.36 (compatible; Googlebot/2.1; +http://www.google.com/bot.html)"
216.244.66.248 - - [23/Jun/2020:02:25:54 +0800] "GET /?date=2021-7-27&t=mini HTTP/1.1" 301 - "-" "Mozilla/5.0 (compatible; DotBot/1.1; http://www.opensiteexplorer.org/dotbot, help@moz.com)"
216.244.66.248 - - [23/Jun/2020:02:26:00 +0800] "GET /?date=2034-10-1&t=mini HTTP/1.1" 301 - "-" "Mozilla/5.0 (compatible; DotBot/1.1; http://www.opensiteexplorer.org/dotbot, help@moz.com)"
54.36.148.109 - - [23/Jun/2020:02:26:19 +0800] "GET /?date=2009-5-18&t=day&paged=5 HTTP/1.1" 301 20 "-" "Mozilla/5.0 (compatible; AhrefsBot/6.1; +http://ahrefs.com/robot/)"
54.36.149.11 - - [23/Jun/2020:02:26:30 +0800] "GET /?date=2017-2-15&t=day&paged=7 HTTP/1.1" 301 20 "-" "Mozilla/5.0 (compatible; AhrefsBot/6.1; +http://ahrefs.com/robot/)"
192.0.102.40 - - [23/Jun/2020:02:26:33 +0800] "HEAD / HTTP/1.1" 200 - "-" "jetmon/1.0 (Jetpack Site Uptime Monitor by WordPress.com)"
111.202.100.121 - - [23/Jun/2020:02:28:01 +0800] "GET /?option=com_phocagallery&view=detail&catid=30%3A2010-01-04-04-13-51&id=2354%3Atmcc1228b215&tmpl=component&phocaslideshow=0&Itemid=59&paged=9 HTTP/1.1" 301 20 "-" "Sogou web spider/4.0(+http://www.sogou.com/docs/help/webmasters.htm#07)"
111.202.100.119 - - [23/Jun/2020:02:28:06 +0800] "GET /index2.php?option=com_content&do_pdf=1&id=50 HTTP/1.1" 301 20 "-" "Sogou web spider/4.0(+http://www.sogou.com/docs/help/webmasters.htm#07)"
111.202.100.116 - - [23/Jun/2020:02:28:08 +0800] "GET /?date=2009-7-31&t=list&paged=3 HTTP/1.1" 301 20 "-" "Sogou web spider/4.0(+http://www.sogou.com/docs/help/webmasters.htm#07)"
111.202.100.118 - - [23/Jun/2020:02:28:08 +0800] "GET /?date=2014-11-26&t=list&paged=2 HTTP/1.1" 301 20 "-" "Sogou web spider/4.0(+http://www.sogou.com/docs/help/webmasters.htm#07)"
116.179.32.17 - - [23/Jun/2020:02:28:15 +0800] "GET /?cat=6&paged=4 HTTP/1.1" 301 20 "-" "Mozilla/5.0 (compatible; Baiduspider/2.0; +http://www.baidu.com/search/spider.html)"
116.179.32.82 - - [23/Jun/2020:02:28:16 +0800] "GET /?cat=6&paged=4 HTTP/1.1" 404 30143 "-" "Mozilla/5.0 (compatible; Baiduspider/2.0; +http://www.baidu.com/search/spider.html)"
66.249.79.109 - - [23/Jun/2020:02:28:33 +0800] "GET /%E9%81%8E%E5%BE%80%E6%BC%94%E5%87%BA/ HTTP/1.1" 200 34629 "-" "Mozilla/5.0 (Linux; Android 6.0.1; Nexus 5X Build/MMB29P) AppleWebKit/537.36 (KHTML, like Gecko) Chrome/80.0.3987.92 Mobile Safari/537.36 (compatible; Googlebot/2.1; +http://www.google.com/bot.html)"
66.249.79.107 - - [23/Jun/2020:02:28:37 +0800] "GET /wp-content/themes/twentytwenty/assets/js/index.js?ver=1.2 HTTP/1.1" 200 6703 "http://tmcc.org.hk/%E9%81%8E%E5%BE%80%E6%BC%94%E5%87%BA/" "Mozilla/5.0 (Linux; Android 6.0.1; Nexus 5X Build/MMB29P) AppleWebKit/537.36 (KHTML, like Gecko) Chrome/83.0.4103.108 Mobile Safari/537.36 (compatible; Googlebot/2.1; +http://www.google.com/bot.html)"
111.202.100.121 - - [23/Jun/2020:02:29:05 +0800] "GET /?option=com_phocagallery&view=detail&catid=30%3A2010-01-04-04-13-51&id=2354%3Atmcc1228b215&tmpl=component&phocaslideshow=0&Itemid=59&paged=9 HTTP/1.1" 404 30143 "-" "Sogou web spider/4.0(+http://www.sogou.com/docs/help/webmasters.htm#07)"
111.202.100.119 - - [23/Jun/2020:02:29:10 +0800] "GET /index2.php?option=com_content&do_pdf=1&id=50 HTTP/1.1" 404 30143 "-" "Sogou web spider/4.0(+http://www.sogou.com/docs/help/webmasters.htm#07)"
111.202.100.116 - - [23/Jun/2020:02:29:13 +0800] "GET /?date=1960-4-20&t=mini&paged=3 HTTP/1.1" 301 20 "-" "Sogou web spider/4.0(+http://www.sogou.com/docs/help/webmasters.htm#07)"
111.202.100.118 - - [23/Jun/2020:02:29:13 +0800] "GET /?date=2023-6-9&t=day&paged=6 HTTP/1.1" 301 20 "-" "Sogou web spider/4.0(+http://www.sogou.com/docs/help/webmasters.htm#07)"
216.244.66.248 - - [23/Jun/2020:02:29:22 +0800] "GET /?date=1991-2-3&t=day HTTP/1.1" 301 - "-" "Mozilla/5.0 (compatible; DotBot/1.1; http://www.opensiteexplorer.org/dotbot, help@moz.com)"
216.244.66.248 - - [23/Jun/2020:02:29:26 +0800] "GET /?date=1998-7-31&t=mini HTTP/1.1" 301 - "-" "Mozilla/5.0 (compatible; DotBot/1.1; http://www.opensiteexplorer.org/dotbot, help@moz.com)"
216.244.66.248 - - [23/Jun/2020:02:29:29 +0800] "GET /?date=1999-5-3&t=day&paged=2 HTTP/1.1" 301 - "-" "Mozilla/5.0 (compatible; DotBot/1.1; http://www.opensiteexplorer.org/dotbot, help@moz.com)"
216.244.66.248 - - [23/Jun/2020:02:29:32 +0800] "GET /?date=2001-4-7&t=day&paged=2 HTTP/1.1" 301 - "-" "Mozilla/5.0 (compatible; DotBot/1.1; http://www.opensiteexplorer.org/dotbot, help@moz.com)"
216.244.66.248 - - [23/Jun/2020:02:29:34 +0800] "GET /?date=2007-6-29&t=mini HTTP/1.1" 301 - "-" "Mozilla/5.0 (compatible; DotBot/1.1; http://www.opensiteexplorer.org/dotbot, help@moz.com)"
216.244.66.248 - - [23/Jun/2020:02:29:37 +0800] "GET /?date=2008-6-8&t=day&paged=2 HTTP/1.1" 301 - "-" "Mozilla/5.0 (compatible; DotBot/1.1; http://www.opensiteexplorer.org/dotbot, help@moz.com)"
216.244.66.248 - - [23/Jun/2020:02:29:39 +0800] "GET /?date=2009-6&t=list&paged=3 HTTP/1.1" 301 - "-" "Mozilla/5.0 (compatible; DotBot/1.1; http://www.opensiteexplorer.org/dotbot, help@moz.com)"
216.244.66.248 - - [23/Jun/2020:02:29:41 +0800] "GET /?date=2021-1-24&t=day HTTP/1.1" 301 - "-" "Mozilla/5.0 (compatible; DotBot/1.1; http://www.opensiteexplorer.org/dotbot, help@moz.com)"
216.244.66.248 - - [23/Jun/2020:02:29:42 +0800] "GET /?date=2023-1-1&t=week&paged=2 HTTP/1.1" 301 - "-" "Mozilla/5.0 (compatible; DotBot/1.1; http://www.opensiteexplorer.org/dotbot, help@moz.com)"
111.202.100.121 - - [23/Jun/2020:02:30:16 +0800] "GET /?date=1934-12-12&t=day&paged=3 HTTP/1.1" 301 20 "-" "Sogou web spider/4.0(+http://www.sogou.com/docs/help/webmasters.htm#07)"
111.202.100.119 - - [23/Jun/2020:02:30:16 +0800] "GET /?date=1923-8-8&t=day&paged=4 HTTP/1.1" 301 20 "-" "Sogou web spider/4.0(+http://www.sogou.com/docs/help/webmasters.htm#07)"
111.202.100.116 - - [23/Jun/2020:02:30:17 +0800] "GET /?date=1963-11&t=22220&paged=3 HTTP/1.1" 301 20 "-" "Sogou web spider/4.0(+http://www.sogou.com/docs/help/webmasters.htm#07)"
111.202.100.118 - - [23/Jun/2020:02:30:17 +0800] "GET /?date=2014-3-23&t=day HTTP/1.1" 301 20 "-" "Sogou web spider/4.0(+http://www.sogou.com/docs/help/webmasters.htm#07)"
111.202.100.119 - - [23/Jun/2020:02:31:20 +0800] "GET /?date=1940-3-15&t=22220 HTTP/1.1" 301 20 "-" "Sogou web spider/4.0(+http://www.sogou.com/docs/help/webmasters.htm#07)"
111.202.100.121 - - [23/Jun/2020:02:31:21 +0800] "GET /?date=2014-3-23&t=day HTTP/1.1" 200 31323 "-" "Sogou web spider/4.0(+http://www.sogou.com/docs/help/webmasters.htm#07)"
111.202.100.116 - - [23/Jun/2020:02:31:21 +0800] "GET /?date=1974-11-15&t=full&paged=3 HTTP/1.1" 301 20 "-" "Sogou web spider/4.0(+http://www.sogou.com/docs/help/webmasters.htm#07)"
111.202.100.118 - - [23/Jun/2020:02:31:21 +0800] "GET /?date=1977-3-16&t=list&paged=2 HTTP/1.1" 301 20 "-" "Sogou web spider/4.0(+http://www.sogou.com/docs/help/webmasters.htm#07)"
17.58.98.84 - - [23/Jun/2020:02:32:14 +0800] "GET /?date=2018-11-21&t=mini HTTP/1.1" 301 20 "-" "Mozilla/5.0 (Macintosh; Intel Mac OS X 10_15_5) AppleWebKit/605.1.15 (KHTML, like Gecko) Version/13.1.1 Safari/605.1.15 (Applebot/0.1; +http://www.apple.com/go/applebot)"
17.58.98.84 - - [23/Jun/2020:02:32:15 +0800] "GET /?date=2018-11-21&t=mini HTTP/1.1" 200 31323 "-" "Mozilla/5.0 (Macintosh; Intel Mac OS X 10_15_5) AppleWebKit/605.1.15 (KHTML, like Gecko) Version/13.1.1 Safari/605.1.15 (Applebot/0.1; +http://www.apple.com/go/applebot)"
111.202.100.119 - - [23/Jun/2020:02:32:24 +0800] "GET /?date=1932-6-7&t=day HTTP/1.1" 301 20 "-" "Sogou web spider/4.0(+http://www.sogou.com/docs/help/webmasters.htm#07)"
111.202.100.121 - - [23/Jun/2020:02:32:25 +0800] "GET /?date=1976-3-3&t=mini&paged=6 HTTP/1.1" 301 20 "-" "Sogou web spider/4.0(+http://www.sogou.com/docs/help/webmasters.htm#07)"
111.202.100.116 - - [23/Jun/2020:02:32:26 +0800] "GET /?date=2001-9-28&t=day HTTP/1.1" 301 20 "-" "Sogou web spider/4.0(+http://www.sogou.com/docs/help/webmasters.htm#07)"
54.36.149.48 - - [23/Jun/2020:02:33:25 +0800] "GET /?date=1993-1-30&t=day&paged=4 HTTP/1.1" 301 20 "-" "Mozilla/5.0 (compatible; AhrefsBot/6.1; +http://ahrefs.com/robot/)"
111.202.100.119 - - [23/Jun/2020:02:33:28 +0800] "GET /?option=com_phocaguestbook&view=phocaguestbook&id=1&Itemid=39&limitstart=281820&paged=11 HTTP/1.1" 301 20 "-" "Sogou web spider/4.0(+http://www.sogou.com/docs/help/webmasters.htm#07)"
192.0.102.40 - - [23/Jun/2020:02:34:32 +0800] "HEAD / HTTP/1.1" 200 - "-" "jetmon/1.0 (Jetpack Site Uptime Monitor by WordPress.com)"
111.202.100.121 - - [23/Jun/2020:02:34:32 +0800] "GET /?option=com_phocaguestbook&view=phocaguestbook&id=1&Itemid=39&limitstart=281820&paged=11 HTTP/1.1" 404 30143 "-" "Sogou web spider/4.0(+http://www.sogou.com/docs/help/webmasters.htm#07)"
54.36.148.80 - - [23/Jun/2020:02:34:39 +0800] "GET /?date=2011-9-14&t=day&paged=6 HTTP/1.1" 301 20 "-" "Mozilla/5.0 (compatible; AhrefsBot/6.1; +http://ahrefs.com/robot/)"
216.244.66.248 - - [23/Jun/2020:02:34:46 +0800] "GET /?date=1996-9-14&t=day HTTP/1.1" 301 - "-" "Mozilla/5.0 (compatible; DotBot/1.1; http://www.opensiteexplorer.org/dotbot, help@moz.com)"
216.244.66.248 - - [23/Jun/2020:02:34:48 +0800] "GET /?date=2000-12-14&t=mini HTTP/1.1" 301 - "-" "Mozilla/5.0 (compatible; DotBot/1.1; http://www.opensiteexplorer.org/dotbot, help@moz.com)"
216.244.66.248 - - [23/Jun/2020:02:34:50 +0800] "GET /?date=2001-2&t=mini&paged=3 HTTP/1.1" 301 - "-" "Mozilla/5.0 (compatible; DotBot/1.1; http://www.opensiteexplorer.org/dotbot, help@moz.com)"
216.244.66.248 - - [23/Jun/2020:02:34:52 +0800] "GET /?date=2001-8-2&t=mini HTTP/1.1" 301 - "-" "Mozilla/5.0 (compatible; DotBot/1.1; http://www.opensiteexplorer.org/dotbot, help@moz.com)"
216.244.66.248 - - [23/Jun/2020:02:34:56 +0800] "GET /?date=2002-1&t=mini&paged=5 HTTP/1.1" 301 - "-" "Mozilla/5.0 (compatible; DotBot/1.1; http://www.opensiteexplorer.org/dotbot, help@moz.com)"
111.202.100.121 - - [23/Jun/2020:02:35:36 +0800] "GET /?date=1927-8-19&t=list&paged=5 HTTP/1.1" 301 20 "-" "Sogou web spider/4.0(+http://www.sogou.com/docs/help/webmasters.htm#07)"
123.183.224.137 - - [23/Jun/2020:02:36:34 +0800] "GET /?date=1967-1-17&t=list&paged=2 HTTP/1.1" 301 20 "-" "Sogou web spider/4.0(+http://www.sogou.com/docs/help/webmasters.htm#07)"
123.183.224.136 - - [23/Jun/2020:02:36:34 +0800] "GET /?date=2013-3-6&t=day&paged=4 HTTP/1.1" 301 20 "-" "Sogou web spider/4.0(+http://www.sogou.com/docs/help/webmasters.htm#07)"
123.183.224.135 - - [23/Jun/2020:02:36:34 +0800] "GET /?date=1951-5-16&t=mini&paged=2 HTTP/1.1" 301 20 "-" "Sogou web spider/4.0(+http://www.sogou.com/docs/help/webmasters.htm#07)"
123.183.224.139 - - [23/Jun/2020:02:36:34 +0800] "GET /?date=1908-4-19&t=week HTTP/1.1" 301 20 "-" "Sogou web spider/4.0(+http://www.sogou.com/docs/help/webmasters.htm#07)"
111.202.100.121 - - [23/Jun/2020:02:36:40 +0800] "GET /?option=com_phocaguestbook&view=phocaguestbook&id=1&Itemid=39&limitstart=213220&paged=9 HTTP/1.1" 301 20 "-" "Sogou web spider/4.0(+http://www.sogou.com/docs/help/webmasters.htm#07)"
111.202.100.118 - - [23/Jun/2020:02:36:59 +0800] "GET /?date=1990-11-12&t=day HTTP/1.1" 301 20 "-" "Sogou web spider/4.0(+http://www.sogou.com/docs/help/webmasters.htm#07)"
111.202.100.119 - - [23/Jun/2020:02:36:59 +0800] "GET /?date=1990-11-12&t=day HTTP/1.1" 200 31323 "-" "Sogou web spider/4.0(+http://www.sogou.com/docs/help/webmasters.htm#07)"
111.202.100.116 - - [23/Jun/2020:02:37:08 +0800] "GET /?date=1927-6-15&t=22220 HTTP/1.1" 301 20 "-" "Sogou web spider/4.0(+http://www.sogou.com/docs/help/webmasters.htm#07)"
123.183.224.136 - - [23/Jun/2020:02:37:38 +0800] "GET /?date=1951-5-16&t=mini&paged=2 HTTP/1.1" 404 30143 "-" "Sogou web spider/4.0(+http://www.sogou.com/docs/help/webmasters.htm#07)"
123.183.224.137 - - [23/Jun/2020:02:37:38 +0800] "GET /?date=1967-1-17&t=list&paged=2 HTTP/1.1" 404 30143 "-" "Sogou web spider/4.0(+http://www.sogou.com/docs/help/webmasters.htm#07)"
123.183.224.139 - - [23/Jun/2020:02:37:38 +0800] "GET /?date=1908-4-19&t=week HTTP/1.1" 200 31323 "-" "Sogou web spider/4.0(+http://www.sogou.com/docs/help/webmasters.htm#07)"
40.77.167.180 - - [23/Jun/2020:02:37:40 +0800] "GET /?date=2019-5-25&t=mini HTTP/1.1" 200 31323 "-" "Mozilla/5.0 (compatible; bingbot/2.0; +http://www.bing.com/bingbot.htm)"
111.202.100.121 - - [23/Jun/2020:02:37:44 +0800] "GET /?option=com_phocaguestbook&view=phocaguestbook&id=1&Itemid=39&limitstart=213220&paged=9 HTTP/1.1" 404 30143 "-" "Sogou web spider/4.0(+http://www.sogou.com/docs/help/webmasters.htm#07)"
54.36.149.10 - - [23/Jun/2020:02:38:07 +0800] "GET /?date=1991-2-10&t=week&paged=7 HTTP/1.1" 301 20 "-" "Mozilla/5.0 (compatible; AhrefsBot/6.1; +http://ahrefs.com/robot/)"
123.183.224.135 - - [23/Jun/2020:02:38:12 +0800] "GET /?date=2013-3-6&t=day&paged=4 HTTP/1.1" 404 30143 "-" "Sogou web spider/4.0(+http://www.sogou.com/docs/help/webmasters.htm#07)"
54.36.148.166 - - [23/Jun/2020:02:38:20 +0800] "GET /?date=1994-2-7&t=day&paged=4 HTTP/1.1" 301 20 "-" "Mozilla/5.0 (compatible; AhrefsBot/6.1; +http://ahrefs.com/robot/)"
111.202.100.119 - - [23/Jun/2020:02:38:35 +0800] "GET /?date=1910-12-24&t=day HTTP/1.1" 301 20 "-" "Sogou web spider/4.0(+http://www.sogou.com/docs/help/webmasters.htm#07)"
111.202.100.116 - - [23/Jun/2020:02:38:37 +0800] "GET /?date=1923-4-29&t=mini&paged=7 HTTP/1.1" 301 20 "-" "Sogou web spider/4.0(+http://www.sogou.com/docs/help/webmasters.htm#07)"
123.183.224.137 - - [23/Jun/2020:02:38:43 +0800] "GET /?date=1962-4-11&t=mini&paged=2 HTTP/1.1" 301 20 "-" "Sogou web spider/4.0(+http://www.sogou.com/docs/help/webmasters.htm#07)"
123.183.224.139 - - [23/Jun/2020:02:38:43 +0800] "GET /?date=2013-6-4&t=mini&paged=2 HTTP/1.1" 301 20 "-" "Sogou web spider/4.0(+http://www.sogou.com/docs/help/webmasters.htm#07)"
54.36.148.213 - - [23/Jun/2020:02:39:00 +0800] "GET /?date=2001-5-30&t=day&paged=7 HTTP/1.1" 301 20 "-" "Mozilla/5.0 (compatible; AhrefsBot/6.1; +http://ahrefs.com/robot/)"
111.202.100.118 - - [23/Jun/2020:02:39:01 +0800] "GET /?date=2022-9-11&t=week&paged=2 HTTP/1.1" 301 20 "-" "Sogou web spider/4.0(+http://www.sogou.com/docs/help/webmasters.htm#07)"
123.183.224.135 - - [23/Jun/2020:02:39:17 +0800] "GET /?date=1922-10-22&t=week&paged=9 HTTP/1.1" 301 20 "-" "Sogou web spider/4.0(+http://www.sogou.com/docs/help/webmasters.htm#07)"
111.202.100.121 - - [23/Jun/2020:02:39:31 +0800] "GET /?date=1911-2-25&t=mini&paged=10 HTTP/1.1" 301 20 "-" "Sogou web spider/4.0(+http://www.sogou.com/docs/help/webmasters.htm#07)"
123.183.224.136 - - [23/Jun/2020:02:39:32 +0800] "GET /?date=2001-9-19&t=mini&paged=11 HTTP/1.1" 301 20 "-" "Sogou web spider/4.0(+http://www.sogou.com/docs/help/webmasters.htm#07)"
111.202.100.119 - - [23/Jun/2020:02:39:39 +0800] "GET /?date=1927-6-15&t=22220 HTTP/1.1" 200 31323 "-" "Sogou web spider/4.0(+http://www.sogou.com/docs/help/webmasters.htm#07)"
111.202.100.116 - - [23/Jun/2020:02:39:41 +0800] "GET /?date=1947-8-1&t=22220 HTTP/1.1" 301 20 "-" "Sogou web spider/4.0(+http://www.sogou.com/docs/help/webmasters.htm#07)"
123.183.224.137 - - [23/Jun/2020:02:39:47 +0800] "GET /?date=1962-4-11&t=mini&paged=2 HTTP/1.1" 404 30143 "-" "Sogou web spider/4.0(+http://www.sogou.com/docs/help/webmasters.htm#07)"
111.202.100.118 - - [23/Jun/2020:02:40:05 +0800] "GET /?date=1906-12-27&t=mini HTTP/1.1" 301 20 "-" "Sogou web spider/4.0(+http://www.sogou.com/docs/help/webmasters.htm#07)"
123.183.224.135 - - [23/Jun/2020:02:40:21 +0800] "GET /?date=1921-11-29&t=mini&paged=2 HTTP/1.1" 301 20 "-" "Sogou web spider/4.0(+http://www.sogou.com/docs/help/webmasters.htm#07)"
123.183.224.139 - - [23/Jun/2020:02:40:21 +0800] "GET /?date=1922-10-22&t=week&paged=9 HTTP/1.1" 404 30143 "-" "Sogou web spider/4.0(+http://www.sogou.com/docs/help/webmasters.htm#07)"
123.183.224.136 - - [23/Jun/2020:02:40:38 +0800] "GET /?date=2013-6-4&t=mini&paged=2 HTTP/1.1" 404 30143 "-" "Sogou web spider/4.0(+http://www.sogou.com/docs/help/webmasters.htm#07)"
111.202.100.119 - - [23/Jun/2020:02:40:44 +0800] "GET /?date=1926-7-22&t=mini HTTP/1.1" 301 20 "-" "Sogou web spider/4.0(+http://www.sogou.com/docs/help/webmasters.htm#07)"
111.202.100.116 - - [23/Jun/2020:02:40:45 +0800] "GET /?date=1947-8-1&t=22220 HTTP/1.1" 200 31323 "-" "Sogou web spider/4.0(+http://www.sogou.com/docs/help/webmasters.htm#07)"
111.202.100.121 - - [23/Jun/2020:02:40:48 +0800] "GET /?date=1910-12-24&t=day HTTP/1.1" 200 31323 "-" "Sogou web spider/4.0(+http://www.sogou.com/docs/help/webmasters.htm#07)"
123.183.224.137 - - [23/Jun/2020:02:40:52 +0800] "GET /?date=2012-3-14&t=mini&paged=2 HTTP/1.1" 301 20 "-" "Sogou web spider/4.0(+http://www.sogou.com/docs/help/webmasters.htm#07)"
111.202.100.118 - - [23/Jun/2020:02:41:09 +0800] "GET /?date=1906-12-27&t=mini HTTP/1.1" 200 31323 "-" "Sogou web spider/4.0(+http://www.sogou.com/docs/help/webmasters.htm#07)"
123.183.224.135 - - [23/Jun/2020:02:41:25 +0800] "GET /?date=1929-2-16&t=mini&paged=9 HTTP/1.1" 301 20 "-" "Sogou web spider/4.0(+http://www.sogou.com/docs/help/webmasters.htm#07)"
123.183.224.139 - - [23/Jun/2020:02:41:26 +0800] "GET /?date=2023-10-2&t=day HTTP/1.1" 301 20 "-" "Sogou web spider/4.0(+http://www.sogou.com/docs/help/webmasters.htm#07)"
123.183.224.136 - - [23/Jun/2020:02:41:43 +0800] "GET /?date=1980-10-30&t=mini&paged=10 HTTP/1.1" 301 20 "-" "Sogou web spider/4.0(+http://www.sogou.com/docs/help/webmasters.htm#07)"
111.202.100.119 - - [23/Jun/2020:02:41:48 +0800] "GET /?date=1923-4-29&t=mini&paged=7 HTTP/1.1" 404 30143 "-" "Sogou web spider/4.0(+http://www.sogou.com/docs/help/webmasters.htm#07)"
111.202.100.116 - - [23/Jun/2020:02:41:50 +0800] "GET /?date=1920-2-19&t=mini HTTP/1.1" 301 20 "-" "Sogou web spider/4.0(+http://www.sogou.com/docs/help/webmasters.htm#07)"
111.202.100.121 - - [23/Jun/2020:02:41:52 +0800] "GET /?date=1993-7-13&t=day HTTP/1.1" 301 20 "-" "Sogou web spider/4.0(+http://www.sogou.com/docs/help/webmasters.htm#07)"
54.36.148.65 - - [23/Jun/2020:02:42:03 +0800] "GET /?date=2019-3-14&t=day&paged=4 HTTP/1.1" 301 20 "-" "Mozilla/5.0 (compatible; AhrefsBot/6.1; +http://ahrefs.com/robot/)"
54.36.148.0 - - [23/Jun/2020:02:42:12 +0800] "GET /?date=2018-12-6&t=day&paged=4 HTTP/1.1" 301 20 "-" "Mozilla/5.0 (compatible; AhrefsBot/6.1; +http://ahrefs.com/robot/)"
111.202.100.118 - - [23/Jun/2020:02:42:14 +0800] "GET /?date=2009-4-26&t=list HTTP/1.1" 301 20 "-" "Sogou web spider/4.0(+http://www.sogou.com/docs/help/webmasters.htm#07)"
192.0.102.40 - - [23/Jun/2020:02:42:15 +0800] "HEAD / HTTP/1.1" 200 - "-" "jetmon/1.0 (Jetpack Site Uptime Monitor by WordPress.com)"
123.183.224.135 - - [23/Jun/2020:02:42:29 +0800] "GET /?option=com_phocaguestbook&view=phocaguestbook&id=1&Itemid=39&limitstart=220580&paged=7 HTTP/1.1" 301 20 "-" "Sogou web spider/4.0(+http://www.sogou.com/docs/help/webmasters.htm#07)"
123.183.224.137 - - [23/Jun/2020:02:42:29 +0800] "GET /?date=1921-11-29&t=mini&paged=2 HTTP/1.1" 404 30143 "-" "Sogou web spider/4.0(+http://www.sogou.com/docs/help/webmasters.htm#07)"
123.183.224.139 - - [23/Jun/2020:02:42:30 +0800] "GET /?date=1929-2-16&t=mini&paged=9 HTTP/1.1" 404 30143 "-" "Sogou web spider/4.0(+http://www.sogou.com/docs/help/webmasters.htm#07)"
54.36.148.149 - - [23/Jun/2020:02:42:47 +0800] "GET /?date=2000-3-29&t=day&paged=7 HTTP/1.1" 301 20 "-" "Mozilla/5.0 (compatible; AhrefsBot/6.1; +http://ahrefs.com/robot/)"
123.183.224.136 - - [23/Jun/2020:02:42:47 +0800] "GET /?date=2001-9-19&t=mini&paged=11 HTTP/1.1" 404 30143 "-" "Sogou web spider/4.0(+http://www.sogou.com/docs/help/webmasters.htm#07)"
111.202.100.119 - - [23/Jun/2020:02:42:52 +0800] "GET /?date=1943-5-1&t=22220 HTTP/1.1" 301 20 "-" "Sogou web spider/4.0(+http://www.sogou.com/docs/help/webmasters.htm#07)"
111.202.100.116 - - [23/Jun/2020:02:42:54 +0800] "GET /?date=1920-2-19&t=mini HTTP/1.1" 200 31323 "-" "Sogou web spider/4.0(+http://www.sogou.com/docs/help/webmasters.htm#07)"
111.202.100.121 - - [23/Jun/2020:02:42:56 +0800] "GET /?date=1911-2-25&t=mini&paged=10 HTTP/1.1" 404 30143 "-" "Sogou web spider/4.0(+http://www.sogou.com/docs/help/webmasters.htm#07)"
111.202.100.118 - - [23/Jun/2020:02:43:18 +0800] "GET /?date=2009-4-26&t=list HTTP/1.1" 200 31323 "-" "Sogou web spider/4.0(+http://www.sogou.com/docs/help/webmasters.htm#07)"
123.183.224.135 - - [23/Jun/2020:02:43:33 +0800] "GET /?option=com_phocaguestbook&view=phocaguestbook&id=1&Itemid=39&limitstart=220580&paged=7 HTTP/1.1" 404 30143 "-" "Sogou web spider/4.0(+http://www.sogou.com/docs/help/webmasters.htm#07)"
123.183.224.137 - - [23/Jun/2020:02:43:34 +0800] "GET /?date=1960-8-17&t=mini&paged=2 HTTP/1.1" 301 20 "-" "Sogou web spider/4.0(+http://www.sogou.com/docs/help/webmasters.htm#07)"
123.183.224.139 - - [23/Jun/2020:02:43:35 +0800] "GET /?date=2006-6-7&t=day&paged=2 HTTP/1.1" 301 20 "-" "Sogou web spider/4.0(+http://www.sogou.com/docs/help/webmasters.htm#07)"
123.183.224.136 - - [23/Jun/2020:02:43:52 +0800] "GET /?date=2008-7-13&t=week&paged=3 HTTP/1.1" 301 20 "-" "Sogou web spider/4.0(+http://www.sogou.com/docs/help/webmasters.htm#07)"
111.202.100.119 - - [23/Jun/2020:02:43:56 +0800] "GET /?date=1926-7-22&t=mini HTTP/1.1" 200 31323 "-" "Sogou web spider/4.0(+http://www.sogou.com/docs/help/webmasters.htm#07)"
111.202.100.121 - - [23/Jun/2020:02:44:01 +0800] "GET /?date=1914-7-26&t=mini HTTP/1.1" 301 20 "-" "Sogou web spider/4.0(+http://www.sogou.com/docs/help/webmasters.htm#07)"
54.36.148.110 - - [23/Jun/2020:02:44:22 +0800] "GET /?date=2010-10-18&t=day&paged=7 HTTP/1.1" 301 20 "-" "Mozilla/5.0 (compatible; AhrefsBot/6.1; +http://ahrefs.com/robot/)"
54.36.148.169 - - [23/Jun/2020:02:44:32 +0800] "GET /?date=2017-3-23&t=day&paged=8 HTTP/1.1" 301 20 "-" "Mozilla/5.0 (compatible; AhrefsBot/6.1; +http://ahrefs.com/robot/)"
123.183.224.135 - - [23/Jun/2020:02:44:38 +0800] "GET /?date=2031-7-12&t=day HTTP/1.1" 301 20 "-" "Sogou web spider/4.0(+http://www.sogou.com/docs/help/webmasters.htm#07)"
123.183.224.137 - - [23/Jun/2020:02:44:38 +0800] "GET /?date=2012-3-14&t=mini&paged=2 HTTP/1.1" 404 30143 "-" "Sogou web spider/4.0(+http://www.sogou.com/docs/help/webmasters.htm#07)"
123.183.224.139 - - [23/Jun/2020:02:44:39 +0800] "GET /?date=2023-10-2&t=day HTTP/1.1" 200 31323 "-" "Sogou web spider/4.0(+http://www.sogou.com/docs/help/webmasters.htm#07)"
123.183.224.136 - - [23/Jun/2020:02:44:56 +0800] "GET /?date=1980-10-30&t=mini&paged=10 HTTP/1.1" 404 30143 "-" "Sogou web spider/4.0(+http://www.sogou.com/docs/help/webmasters.htm#07)"
111.202.100.119 - - [23/Jun/2020:02:45:01 +0800] "GET /?date=2022-9-16&t=list HTTP/1.1" 301 20 "-" "Sogou web spider/4.0(+http://www.sogou.com/docs/help/webmasters.htm#07)"
111.202.100.121 - - [23/Jun/2020:02:45:05 +0800] "GET /?date=1993-7-13&t=day HTTP/1.1" 200 31323 "-" "Sogou web spider/4.0(+http://www.sogou.com/docs/help/webmasters.htm#07)"
123.183.224.137 - - [23/Jun/2020:02:45:43 +0800] "GET /?date=2035-5-26&t=day&paged=7 HTTP/1.1" 301 20 "-" "Sogou web spider/4.0(+http://www.sogou.com/docs/help/webmasters.htm#07)"
123.183.224.135 - - [23/Jun/2020:02:45:43 +0800] "GET /?date=2006-6-7&t=day&paged=2 HTTP/1.1" 404 30143 "-" "Sogou web spider/4.0(+http://www.sogou.com/docs/help/webmasters.htm#07)"
123.183.224.139 - - [23/Jun/2020:02:45:44 +0800] "GET /?date=1984-2-16&t=list HTTP/1.1" 301 20 "-" "Sogou web spider/4.0(+http://www.sogou.com/docs/help/webmasters.htm#07)"
123.183.224.136 - - [23/Jun/2020:02:46:01 +0800] "GET /?date=2006-3&t=22220&paged=7 HTTP/1.1" 301 20 "-" "Sogou web spider/4.0(+http://www.sogou.com/docs/help/webmasters.htm#07)"
111.202.100.119 - - [23/Jun/2020:02:46:05 +0800] "GET /?date=1943-5-1&t=22220 HTTP/1.1" 200 31323 "-" "Sogou web spider/4.0(+http://www.sogou.com/docs/help/webmasters.htm#07)"
111.202.100.121 - - [23/Jun/2020:02:46:09 +0800] "GET /?date=1972-5-7&t=week HTTP/1.1" 301 20 "-" "Sogou web spider/4.0(+http://www.sogou.com/docs/help/webmasters.htm#07)"
123.183.224.137 - - [23/Jun/2020:02:46:47 +0800] "GET /?date=2035-5-26&t=day&paged=7 HTTP/1.1" 404 30143 "-" "Sogou web spider/4.0(+http://www.sogou.com/docs/help/webmasters.htm#07)"
123.183.224.135 - - [23/Jun/2020:02:46:48 +0800] "GET /?date=1915-4-27&t=mini&paged=2 HTTP/1.1" 301 20 "-" "Sogou web spider/4.0(+http://www.sogou.com/docs/help/webmasters.htm#07)"
123.183.224.139 - - [23/Jun/2020:02:46:48 +0800] "GET /?date=1960-8-17&t=mini&paged=2 HTTP/1.1" 404 30143 "-" "Sogou web spider/4.0(+http://www.sogou.com/docs/help/webmasters.htm#07)"
123.183.224.136 - - [23/Jun/2020:02:47:05 +0800] "GET /?date=2008-7-13&t=week&paged=3 HTTP/1.1" 404 30143 "-" "Sogou web spider/4.0(+http://www.sogou.com/docs/help/webmasters.htm#07)"
111.202.100.121 - - [23/Jun/2020:02:47:13 +0800] "GET /?date=1914-7-26&t=mini HTTP/1.1" 200 31323 "-" "Sogou web spider/4.0(+http://www.sogou.com/docs/help/webmasters.htm#07)"
111.202.100.119 - - [23/Jun/2020:02:47:44 +0800] "GET /?date=2022-9-16&t=list HTTP/1.1" 200 31323 "-" "Sogou web spider/4.0(+http://www.sogou.com/docs/help/webmasters.htm#07)"
54.36.149.2 - - [23/Jun/2020:02:47:48 +0800] "GET /?date=2007-11&t=mini&paged=3 HTTP/1.1" 301 20 "-" "Mozilla/5.0 (compatible; AhrefsBot/6.1; +http://ahrefs.com/robot/)"
123.183.224.137 - - [23/Jun/2020:02:47:51 +0800] "GET /?date=2004-6-9&t=mini&paged=2 HTTP/1.1" 301 20 "-" "Sogou web spider/4.0(+http://www.sogou.com/docs/help/webmasters.htm#07)"
123.183.224.139 - - [23/Jun/2020:02:47:52 +0800] "GET /?date=1925-9-9&t=list HTTP/1.1" 301 20 "-" "Sogou web spider/4.0(+http://www.sogou.com/docs/help/webmasters.htm#07)"
123.183.224.135 - - [23/Jun/2020:02:47:52 +0800] "GET /?date=2031-7-12&t=day HTTP/1.1" 200 31323 "-" "Sogou web spider/4.0(+http://www.sogou.com/docs/help/webmasters.htm#07)"
123.183.224.136 - - [23/Jun/2020:02:48:10 +0800] "GET /?date=1908-6-19&t=mini HTTP/1.1" 301 20 "-" "Sogou web spider/4.0(+http://www.sogou.com/docs/help/webmasters.htm#07)"
111.202.100.121 - - [23/Jun/2020:02:48:17 +0800] "GET /?date=1972-5-7&t=week HTTP/1.1" 200 31323 "-" "Sogou web spider/4.0(+http://www.sogou.com/docs/help/webmasters.htm#07)"
123.183.224.137 - - [23/Jun/2020:02:48:56 +0800] "GET /?date=1915-4-27&t=mini&paged=2 HTTP/1.1" 404 30143 "-" "Sogou web spider/4.0(+http://www.sogou.com/docs/help/webmasters.htm#07)"
123.183.224.135 - - [23/Jun/2020:02:48:57 +0800] "GET /?date=1916-9-3&t=day&paged=4 HTTP/1.1" 301 20 "-" "Sogou web spider/4.0(+http://www.sogou.com/docs/help/webmasters.htm#07)"
123.183.224.139 - - [23/Jun/2020:02:48:59 +0800] "GET /?date=1984-2-16&t=list HTTP/1.1" 200 31323 "-" "Sogou web spider/4.0(+http://www.sogou.com/docs/help/webmasters.htm#07)"
54.36.148.251 - - [23/Jun/2020:02:49:04 +0800] "GET /?date=2001-6-7&t=day&paged=2 HTTP/1.1" 301 20 "-" "Mozilla/5.0 (compatible; AhrefsBot/6.1; +http://ahrefs.com/robot/)"
123.183.224.136 - - [23/Jun/2020:02:49:14 +0800] "GET /?date=2006-3&t=22220&paged=7 HTTP/1.1" 404 30143 "-" "Sogou web spider/4.0(+http://www.sogou.com/docs/help/webmasters.htm#07)"
111.202.100.116 - - [23/Jun/2020:02:49:39 +0800] "GET /?date=2031-8-8&t=mini&paged=3 HTTP/1.1" 301 20 "-" "Sogou web spider/4.0(+http://www.sogou.com/docs/help/webmasters.htm#07)"
111.202.100.121 - - [23/Jun/2020:02:49:40 +0800] "GET /?date=2031-8-8&t=mini&paged=3 HTTP/1.1" 404 30143 "-" "Sogou web spider/4.0(+http://www.sogou.com/docs/help/webmasters.htm#07)"
49.7.20.156 - - [23/Jun/2020:02:49:53 +0800] "GET /?date=1965-8-2&t=day&paged=4 HTTP/1.1" 301 20 "-" "Sogou web spider/4.0(+http://www.sogou.com/docs/help/webmasters.htm#07)"
54.36.149.54 - - [23/Jun/2020:02:49:55 +0800] "GET /?date=2013-7-6&t=day&paged=5 HTTP/1.1" 301 20 "-" "Mozilla/5.0 (compatible; AhrefsBot/6.1; +http://ahrefs.com/robot/)"
123.183.224.137 - - [23/Jun/2020:02:50:01 +0800] "GET /?date=1939-4-15&t=22220 HTTP/1.1" 301 20 "-" "Sogou web spider/4.0(+http://www.sogou.com/docs/help/webmasters.htm#07)"
123.183.224.139 - - [23/Jun/2020:02:50:03 +0800] "GET /?date=1976-8-22&t=day&paged=2 HTTP/1.1" 301 20 "-" "Sogou web spider/4.0(+http://www.sogou.com/docs/help/webmasters.htm#07)"
192.0.102.40 - - [23/Jun/2020:02:50:14 +0800] "HEAD / HTTP/1.1" 200 - "-" "jetmon/1.0 (Jetpack Site Uptime Monitor by WordPress.com)"
123.183.224.135 - - [23/Jun/2020:02:50:18 +0800] "GET /?date=1908-6-19&t=mini HTTP/1.1" 200 31323 "-" "Sogou web spider/4.0(+http://www.sogou.com/docs/help/webmasters.htm#07)"
123.183.224.136 - - [23/Jun/2020:02:50:19 +0800] "GET /?date=1911-8-1&t=day&paged=5 HTTP/1.1" 301 20 "-" "Sogou web spider/4.0(+http://www.sogou.com/docs/help/webmasters.htm#07)"
49.7.20.156 - - [23/Jun/2020:02:50:57 +0800] "GET /?date=1965-8-2&t=day&paged=4 HTTP/1.1" 404 30143 "-" "Sogou web spider/4.0(+http://www.sogou.com/docs/help/webmasters.htm#07)"
123.183.224.137 - - [23/Jun/2020:02:51:05 +0800] "GET /?date=2004-6-9&t=mini&paged=2 HTTP/1.1" 404 30143 "-" "Sogou web spider/4.0(+http://www.sogou.com/docs/help/webmasters.htm#07)"
54.36.148.196 - - [23/Jun/2020:02:51:07 +0800] "GET /?date=1989-4-6&t=day&paged=6 HTTP/1.1" 301 20 "-" "Mozilla/5.0 (compatible; AhrefsBot/6.1; +http://ahrefs.com/robot/)"
123.183.224.139 - - [23/Jun/2020:02:51:07 +0800] "GET /?date=1925-9-9&t=list HTTP/1.1" 200 31323 "-" "Sogou web spider/4.0(+http://www.sogou.com/docs/help/webmasters.htm#07)"
123.183.224.135 - - [23/Jun/2020:02:51:22 +0800] "GET /?date=2006-9-21&t=list&paged=5 HTTP/1.1" 301 20 "-" "Sogou web spider/4.0(+http://www.sogou.com/docs/help/webmasters.htm#07)"
54.36.149.102 - - [23/Jun/2020:02:51:43 +0800] "GET /?date=1992-9-30&t=day&paged=7 HTTP/1.1" 301 20 "-" "Mozilla/5.0 (compatible; AhrefsBot/6.1; +http://ahrefs.com/robot/)"
49.7.20.156 - - [23/Jun/2020:02:52:02 +0800] "GET /?date=1910-3-14&t=list&paged=2 HTTP/1.1" 301 20 "-" "Sogou web spider/4.0(+http://www.sogou.com/docs/help/webmasters.htm#07)"
123.183.224.137 - - [23/Jun/2020:02:52:09 +0800] "GET /?date=1944-1-1&t=22220 HTTP/1.1" 301 20 "-" "Sogou web spider/4.0(+http://www.sogou.com/docs/help/webmasters.htm#07)"
123.183.224.136 - - [23/Jun/2020:02:52:11 +0800] "GET /?date=1976-8-22&t=day&paged=2 HTTP/1.1" 404 30143 "-" "Sogou web spider/4.0(+http://www.sogou.com/docs/help/webmasters.htm#07)"
123.183.224.139 - - [23/Jun/2020:02:52:12 +0800] "GET /?date=1984-12-11&t=mini&paged=4 HTTP/1.1" 301 20 "-" "Sogou web spider/4.0(+http://www.sogou.com/docs/help/webmasters.htm#07)"
123.183.224.135 - - [23/Jun/2020:02:52:26 +0800] "GET /?date=1916-9-3&t=day&paged=4 HTTP/1.1" 404 30143 "-" "Sogou web spider/4.0(+http://www.sogou.com/docs/help/webmasters.htm#07)"
123.183.224.137 - - [23/Jun/2020:02:53:13 +0800] "GET /?date=1939-4-15&t=22220 HTTP/1.1" 200 31323 "-" "Sogou web spider/4.0(+http://www.sogou.com/docs/help/webmasters.htm#07)"
123.183.224.136 - - [23/Jun/2020:02:53:16 +0800] "GET /?date=1985-11-7&t=list&paged=2 HTTP/1.1" 301 20 "-" "Sogou web spider/4.0(+http://www.sogou.com/docs/help/webmasters.htm#07)"
49.7.20.156 - - [23/Jun/2020:02:53:17 +0800] "GET /?date=1910-3-14&t=list&paged=2 HTTP/1.1" 404 30143 "-" "Sogou web spider/4.0(+http://www.sogou.com/docs/help/webmasters.htm#07)"
123.183.224.139 - - [23/Jun/2020:02:53:30 +0800] "GET /?date=2006-9-21&t=list&paged=5 HTTP/1.1" 404 30143 "-" "Sogou web spider/4.0(+http://www.sogou.com/docs/help/webmasters.htm#07)"
123.183.224.135 - - [23/Jun/2020:02:53:31 +0800] "GET /?date=2012-3-24&t=list HTTP/1.1" 301 20 "-" "Sogou web spider/4.0(+http://www.sogou.com/docs/help/webmasters.htm#07)"
54.36.148.101 - - [23/Jun/2020:02:53:53 +0800] "GET /?date=2005-6-2&t=day&paged=8 HTTP/1.1" 301 20 "-" "Mozilla/5.0 (compatible; AhrefsBot/6.1; +http://ahrefs.com/robot/)"
123.183.224.137 - - [23/Jun/2020:02:54:18 +0800] "GET /?date=2017-5-2&t=list&paged=2 HTTP/1.1" 301 20 "-" "Sogou web spider/4.0(+http://www.sogou.com/docs/help/webmasters.htm#07)"
123.183.224.136 - - [23/Jun/2020:02:54:20 +0800] "GET /?date=1911-8-1&t=day&paged=5 HTTP/1.1" 404 30143 "-" "Sogou web spider/4.0(+http://www.sogou.com/docs/help/webmasters.htm#07)"
49.7.20.156 - - [23/Jun/2020:02:54:22 +0800] "GET /?date=1970-3-22&t=mini HTTP/1.1" 301 20 "-" "Sogou web spider/4.0(+http://www.sogou.com/docs/help/webmasters.htm#07)"
123.183.224.139 - - [23/Jun/2020:02:54:35 +0800] "GET /?date=2022-5-15&t=week&paged=4 HTTP/1.1" 301 20 "-" "Sogou web spider/4.0(+http://www.sogou.com/docs/help/webmasters.htm#07)"
123.183.224.135 - - [23/Jun/2020:02:54:35 +0800] "GET /?date=2012-3-24&t=list HTTP/1.1" 200 31323 "-" "Sogou web spider/4.0(+http://www.sogou.com/docs/help/webmasters.htm#07)"
111.202.100.118 - - [23/Jun/2020:02:54:51 +0800] "GET /?date=2019-2-1&t=full&paged=2 HTTP/1.1" 301 20 "-" "Sogou web spider/4.0(+http://www.sogou.com/docs/help/webmasters.htm#07)"
111.202.100.121 - - [23/Jun/2020:02:54:52 +0800] "GET /?date=2019-2-1&t=full&paged=2 HTTP/1.1" 404 30143 "-" "Sogou web spider/4.0(+http://www.sogou.com/docs/help/webmasters.htm#07)"
123.183.224.137 - - [23/Jun/2020:02:55:22 +0800] "GET /?date=1944-1-1&t=22220 HTTP/1.1" 200 31323 "-" "Sogou web spider/4.0(+http://www.sogou.com/docs/help/webmasters.htm#07)"
123.183.224.136 - - [23/Jun/2020:02:55:25 +0800] "GET /?date=2001-7-12&t=list&paged=2 HTTP/1.1" 301 20 "-" "Sogou web spider/4.0(+http://www.sogou.com/docs/help/webmasters.htm#07)"
49.7.20.156 - - [23/Jun/2020:02:55:26 +0800] "GET /?date=1972-10-21&t=list&paged=4 HTTP/1.1" 301 20 "-" "Sogou web spider/4.0(+http://www.sogou.com/docs/help/webmasters.htm#07)"
54.36.149.27 - - [23/Jun/2020:02:55:30 +0800] "GET /?date=2011-11-8&t=day&paged=2 HTTP/1.1" 301 20 "-" "Mozilla/5.0 (compatible; AhrefsBot/6.1; +http://ahrefs.com/robot/)"
123.183.224.139 - - [23/Jun/2020:02:55:39 +0800] "GET /?date=1984-12-11&t=mini&paged=4 HTTP/1.1" 404 30143 "-" "Sogou web spider/4.0(+http://www.sogou.com/docs/help/webmasters.htm#07)"
123.183.224.135 - - [23/Jun/2020:02:55:40 +0800] "GET /?date=1911-12-10&t=day HTTP/1.1" 301 20 "-" "Sogou web spider/4.0(+http://www.sogou.com/docs/help/webmasters.htm#07)"
54.36.148.18 - - [23/Jun/2020:02:55:58 +0800] "GET /?date=2001-1-15&t=day&paged=8 HTTP/1.1" 301 20 "-" "Mozilla/5.0 (compatible; AhrefsBot/6.1; +http://ahrefs.com/robot/)"
123.183.224.136 - - [23/Jun/2020:02:56:29 +0800] "GET /?date=1985-11-7&t=list&paged=2 HTTP/1.1" 404 30143 "-" "Sogou web spider/4.0(+http://www.sogou.com/docs/help/webmasters.htm#07)"
49.7.20.156 - - [23/Jun/2020:02:56:30 +0800] "GET /?date=1972-10-21&t=list&paged=4 HTTP/1.1" 404 30143 "-" "Sogou web spider/4.0(+http://www.sogou.com/docs/help/webmasters.htm#07)"
123.183.224.137 - - [23/Jun/2020:02:56:31 +0800] "GET /?date=1968-2-24&t=day&paged=7 HTTP/1.1" 301 20 "-" "Sogou web spider/4.0(+http://www.sogou.com/docs/help/webmasters.htm#07)"
123.183.224.139 - - [23/Jun/2020:02:56:44 +0800] "GET /?date=2029-2-4&t=week&paged=3 HTTP/1.1" 301 20 "-" "Sogou web spider/4.0(+http://www.sogou.com/docs/help/webmasters.htm#07)"
123.183.224.135 - - [23/Jun/2020:02:56:44 +0800] "GET /?date=1911-12-10&t=day HTTP/1.1" 200 31323 "-" "Sogou web spider/4.0(+http://www.sogou.com/docs/help/webmasters.htm#07)"
54.36.148.4 - - [23/Jun/2020:02:56:56 +0800] "GET /?date=2003-12-8&t=day&paged=3 HTTP/1.1" 301 20 "-" "Mozilla/5.0 (compatible; AhrefsBot/6.1; +http://ahrefs.com/robot/)"
123.183.224.136 - - [23/Jun/2020:02:57:34 +0800] "GET /?date=1985-10-28&t=day&paged=7 HTTP/1.1" 301 20 "-" "Sogou web spider/4.0(+http://www.sogou.com/docs/help/webmasters.htm#07)"
123.183.224.137 - - [23/Jun/2020:02:57:35 +0800] "GET /?date=2017-5-2&t=list&paged=2 HTTP/1.1" 404 30143 "-" "Sogou web spider/4.0(+http://www.sogou.com/docs/help/webmasters.htm#07)"
49.7.20.156 - - [23/Jun/2020:02:57:36 +0800] "GET /?date=1948-4&t=mini&paged=5 HTTP/1.1" 301 20 "-" "Sogou web spider/4.0(+http://www.sogou.com/docs/help/webmasters.htm#07)"
123.183.224.139 - - [23/Jun/2020:02:57:48 +0800] "GET /?date=2022-5-15&t=week&paged=4 HTTP/1.1" 404 30143 "-" "Sogou web spider/4.0(+http://www.sogou.com/docs/help/webmasters.htm#07)"
123.183.224.135 - - [23/Jun/2020:02:57:49 +0800] "GET /?date=1999-11-12&t=day&paged=7 HTTP/1.1" 301 20 "-" "Sogou web spider/4.0(+http://www.sogou.com/docs/help/webmasters.htm#07)"
192.0.102.40 - - [23/Jun/2020:02:58:07 +0800] "HEAD / HTTP/1.1" 200 - "-" "jetmon/1.0 (Jetpack Site Uptime Monitor by WordPress.com)"
123.183.224.136 - - [23/Jun/2020:02:58:38 +0800] "GET /?date=2001-7-12&t=list&paged=2 HTTP/1.1" 404 30143 "-" "Sogou web spider/4.0(+http://www.sogou.com/docs/help/webmasters.htm#07)"
123.183.224.137 - - [23/Jun/2020:02:58:39 +0800] "GET /?date=1934-1-5&t=mini HTTP/1.1" 301 20 "-" "Sogou web spider/4.0(+http://www.sogou.com/docs/help/webmasters.htm#07)"
49.7.20.156 - - [23/Jun/2020:02:58:40 +0800] "GET /?date=1948-4&t=mini&paged=5 HTTP/1.1" 404 30143 "-" "Sogou web spider/4.0(+http://www.sogou.com/docs/help/webmasters.htm#07)"
123.183.224.139 - - [23/Jun/2020:02:58:52 +0800] "GET /?date=1996-12-24&t=mini&paged=3 HTTP/1.1" 301 20 "-" "Sogou web spider/4.0(+http://www.sogou.com/docs/help/webmasters.htm#07)"
123.183.224.135 - - [23/Jun/2020:02:58:55 +0800] "GET /?date=1999-11-12&t=day&paged=7 HTTP/1.1" 404 30143 "-" "Sogou web spider/4.0(+http://www.sogou.com/docs/help/webmasters.htm#07)"
216.244.66.248 - - [23/Jun/2020:02:59:17 +0800] "GET /robots.txt HTTP/1.1" 200 67 "-" "Mozilla/5.0 (compatible; DotBot/1.1; http://www.opensiteexplorer.org/dotbot, help@moz.com)"
123.183.224.137 - - [23/Jun/2020:02:59:43 +0800] "GET /?date=1968-2-24&t=day&paged=7 HTTP/1.1" 404 30143 "-" "Sogou web spider/4.0(+http://www.sogou.com/docs/help/webmasters.htm#07)"
123.183.224.136 - - [23/Jun/2020:02:59:43 +0800] "GET /?date=2037-7-25&t=mini HTTP/1.1" 301 20 "-" "Sogou web spider/4.0(+http://www.sogou.com/docs/help/webmasters.htm#07)"
49.7.20.156 - - [23/Jun/2020:02:59:44 +0800] "GET /?option=com_phocaguestbook&view=phocaguestbook&id=1&Itemid=39&limitstart=137980&paged=9 HTTP/1.1" 301 20 "-" "Sogou web spider/4.0(+http://www.sogou.com/docs/help/webmasters.htm#07)"
123.183.224.139 - - [23/Jun/2020:02:59:56 +0800] "GET /?date=2029-2-4&t=week&paged=3 HTTP/1.1" 404 30143 "-" "Sogou web spider/4.0(+http://www.sogou.com/docs/help/webmasters.htm#07)"
123.183.224.135 - - [23/Jun/2020:03:00:00 +0800] "GET /?date=1909-10-13&t=day&paged=5 HTTP/1.1" 301 20 "-" "Sogou web spider/4.0(+http://www.sogou.com/docs/help/webmasters.htm#07)"
5.188.210.83 - - [23/Jun/2020:03:00:15 +0800] "GET / HTTP/1.0" 301 - "http://www.tmcc.org.hk/" "Mozilla/5.0 (Windows NT 6.3; Win64; x64) AppleWebKit/537.36 (KHTML, like Gecko) Chrome/67.0.3396.99 Safari/537.36"
5.188.210.83 - - [23/Jun/2020:03:00:17 +0800] "GET / HTTP/1.0" 200 98373 "http://tmcc.org.hk/" "Mozilla/5.0 (Windows NT 6.3; Win64; x64) AppleWebKit/537.36 (KHTML, like Gecko) Chrome/67.0.3396.99 Safari/537.36"
49.7.20.156 - - [23/Jun/2020:03:00:48 +0800] "GET /?option=com_phocaguestbook&view=phocaguestbook&id=1&Itemid=39&limitstart=137980&paged=9 HTTP/1.1" 404 30143 "-" "Sogou web spider/4.0(+http://www.sogou.com/docs/help/webmasters.htm#07)"
54.36.148.111 - - [23/Jun/2020:03:01:04 +0800] "GET /?date=2009-10&t=full&paged=9 HTTP/1.1" 301 20 "-" "Mozilla/5.0 (compatible; AhrefsBot/6.1; +http://ahrefs.com/robot/)"
123.183.224.135 - - [23/Jun/2020:03:01:04 +0800] "GET /?date=2022-10-21&t=list&paged=5 HTTP/1.1" 301 20 "-" "Sogou web spider/4.0(+http://www.sogou.com/docs/help/webmasters.htm#07)"
123.183.224.137 - - [23/Jun/2020:03:01:25 +0800] "GET /?date=1922-7-31&t=list HTTP/1.1" 301 20 "-" "Sogou web spider/4.0(+http://www.sogou.com/docs/help/webmasters.htm#07)"
123.183.224.136 - - [23/Jun/2020:03:01:26 +0800] "GET /?date=1985-10-28&t=day&paged=7 HTTP/1.1" 404 30143 "-" "Sogou web spider/4.0(+http://www.sogou.com/docs/help/webmasters.htm#07)"
123.183.224.139 - - [23/Jun/2020:03:01:27 +0800] "GET /?date=2020-5-1&t=full&paged=6 HTTP/1.1" 301 20 "-" "Sogou web spider/4.0(+http://www.sogou.com/docs/help/webmasters.htm#07)"
216.244.66.248 - - [23/Jun/2020:03:01:46 +0800] "GET /?date=2004-6-20&t=day HTTP/1.1" 301 - "-" "Mozilla/5.0 (compatible; DotBot/1.1; http://www.opensiteexplorer.org/dotbot, help@moz.com)"
216.244.66.248 - - [23/Jun/2020:03:01:51 +0800] "GET /?date=2014-11-22&t=day HTTP/1.1" 301 - "-" "Mozilla/5.0 (compatible; DotBot/1.1; http://www.opensiteexplorer.org/dotbot, help@moz.com)"
216.244.66.248 - - [23/Jun/2020:03:01:56 +0800] "GET /?date=2024-1-17&t=day HTTP/1.1" 301 - "-" "Mozilla/5.0 (compatible; DotBot/1.1; http://www.opensiteexplorer.org/dotbot, help@moz.com)"
49.7.20.156 - - [23/Jun/2020:03:01:56 +0800] "GET /?date=2024-9-5&t=mini HTTP/1.1" 301 20 "-" "Sogou web spider/4.0(+http://www.sogou.com/docs/help/webmasters.htm#07)"
216.244.66.248 - - [23/Jun/2020:03:01:59 +0800] "GET /?date=2014-6&t=list&paged=2 HTTP/1.1" 301 - "-" "Mozilla/5.0 (compatible; DotBot/1.1; http://www.opensiteexplorer.org/dotbot, help@moz.com)"
123.183.224.135 - - [23/Jun/2020:03:02:08 +0800] "GET /?date=1918-12-26&t=list&paged=5 HTTP/1.1" 301 20 "-" "Sogou web spider/4.0(+http://www.sogou.com/docs/help/webmasters.htm#07)"
216.244.66.248 - - [23/Jun/2020:03:02:14 +0800] "GET /?date=2003-2-8&t=day&paged=3 HTTP/1.1" 301 - "-" "Mozilla/5.0 (compatible; DotBot/1.1; http://www.opensiteexplorer.org/dotbot, help@moz.com)"
216.244.66.248 - - [23/Jun/2020:03:02:17 +0800] "GET /?date=2015-3-9&t=day&paged=3 HTTP/1.1" 301 - "-" "Mozilla/5.0 (compatible; DotBot/1.1; http://www.opensiteexplorer.org/dotbot, help@moz.com)"
216.244.66.248 - - [23/Jun/2020:03:02:19 +0800] "GET /?date=2006-1-29&t=week&paged=2 HTTP/1.1" 301 - "-" "Mozilla/5.0 (compatible; DotBot/1.1; http://www.opensiteexplorer.org/dotbot, help@moz.com)"
216.244.66.248 - - [23/Jun/2020:03:02:21 +0800] "GET /?date=2014-4-12&t=day&paged=2 HTTP/1.1" 301 - "-" "Mozilla/5.0 (compatible; DotBot/1.1; http://www.opensiteexplorer.org/dotbot, help@moz.com)"
216.244.66.248 - - [23/Jun/2020:03:02:23 +0800] "GET /?date=2019-7-28&t=week&paged=3 HTTP/1.1" 301 - "-" "Mozilla/5.0 (compatible; DotBot/1.1; http://www.opensiteexplorer.org/dotbot, help@moz.com)"
216.244.66.248 - - [23/Jun/2020:03:02:25 +0800] "GET /?date=2022-9-26&t=list&paged=2 HTTP/1.1" 301 - "-" "Mozilla/5.0 (compatible; DotBot/1.1; http://www.opensiteexplorer.org/dotbot, help@moz.com)"
216.244.66.248 - - [23/Jun/2020:03:02:27 +0800] "GET /?date=2023-7-12&t=mini&paged=2 HTTP/1.1" 301 - "-" "Mozilla/5.0 (compatible; DotBot/1.1; http://www.opensiteexplorer.org/dotbot, help@moz.com)"
216.244.66.248 - - [23/Jun/2020:03:02:29 +0800] "GET /?date=2026-10-4&t=week HTTP/1.1" 301 - "-" "Mozilla/5.0 (compatible; DotBot/1.1; http://www.opensiteexplorer.org/dotbot, help@moz.com)"
123.183.224.136 - - [23/Jun/2020:03:02:31 +0800] "GET /?date=1916-11-16&t=list&paged=2 HTTP/1.1" 301 20 "-" "Sogou web spider/4.0(+http://www.sogou.com/docs/help/webmasters.htm#07)"
123.183.224.137 - - [23/Jun/2020:03:02:31 +0800] "GET /?date=1934-1-5&t=mini HTTP/1.1" 200 31323 "-" "Sogou web spider/4.0(+http://www.sogou.com/docs/help/webmasters.htm#07)"
123.183.224.139 - - [23/Jun/2020:03:02:32 +0800] "GET /?date=2019-12-27&t=list&paged=2 HTTP/1.1" 301 20 "-" "Sogou web spider/4.0(+http://www.sogou.com/docs/help/webmasters.htm#07)"
216.244.66.248 - - [23/Jun/2020:03:02:53 +0800] "GET /?date=2011-3-31&t=day HTTP/1.1" 301 - "-" "Mozilla/5.0 (compatible; DotBot/1.1; http://www.opensiteexplorer.org/dotbot, help@moz.com)"
216.244.66.248 - - [23/Jun/2020:03:02:56 +0800] "GET /?date=2019-9-11&t=list HTTP/1.1" 200 98259 "-" "Mozilla/5.0 (compatible; DotBot/1.1; http://www.opensiteexplorer.org/dotbot, help@moz.com)"
