216.244.66.248 - - [23/Jun/2020:00:32:56 +0800] "GET /?date=2018-5-6&t=day&paged=2 HTTP/1.1" 301 - "-" "Mozilla/5.0 (compatible; DotBot/1.1; http://www.opensiteexplorer.org/dotbot, help@moz.com)"
216.244.66.248 - - [23/Jun/2020:00:33:10 +0800] "GET /?date=2020-10-23&t=mini HTTP/1.1" 301 - "-" "Mozilla/5.0 (compatible; DotBot/1.1; http://www.opensiteexplorer.org/dotbot, help@moz.com)"
216.244.66.248 - - [23/Jun/2020:00:33:23 +0800] "GET /?date=2020-8-11&t=mini&paged=2 HTTP/1.1" 301 - "-" "Mozilla/5.0 (compatible; DotBot/1.1; http://www.opensiteexplorer.org/dotbot, help@moz.com)"
114.119.162.87 - - [23/Jun/2020:00:33:25 +0800] "GET /%e9%97%9c%e6%96%bc HTTP/1.1" 301 20 "-" "Mozilla/5.0 (Linux; Android 7.0;) AppleWebKit/537.36 (KHTML, like Gecko) Mobile Safari/537.36 (compatible; PetalBot;+https://aspiegel.com/petalbot)"
114.119.162.87 - - [23/Jun/2020:00:33:26 +0800] "GET /%e9%97%9c%e6%96%bc/ HTTP/1.1" 200 33696 "-" "Mozilla/5.0 (Linux; Android 7.0;) AppleWebKit/537.36 (KHTML, like Gecko) Mobile Safari/537.36 (compatible; PetalBot;+https://aspiegel.com/petalbot)"
216.244.66.248 - - [23/Jun/2020:00:33:33 +0800] "GET /?date=2021-5-11&t=day HTTP/1.1" 301 - "-" "Mozilla/5.0 (compatible; DotBot/1.1; http://www.opensiteexplorer.org/dotbot, help@moz.com)"
54.36.148.193 - - [23/Jun/2020:00:33:41 +0800] "GET /?date=2002-7-30&t=day&paged=7 HTTP/1.1" 301 20 "-" "Mozilla/5.0 (compatible; AhrefsBot/6.1; +http://ahrefs.com/robot/)"
216.244.66.248 - - [23/Jun/2020:00:33:42 +0800] "GET /?date=2026-4-27&t=list HTTP/1.1" 301 - "-" "Mozilla/5.0 (compatible; DotBot/1.1; http://www.opensiteexplorer.org/dotbot, help@moz.com)"
216.244.66.248 - - [23/Jun/2020:00:33:49 +0800] "GET /?date=1971-2-7&t=day HTTP/1.1" 200 98259 "-" "Mozilla/5.0 (compatible; DotBot/1.1; http://www.opensiteexplorer.org/dotbot, help@moz.com)"
54.36.149.23 - - [23/Jun/2020:00:34:12 +0800] "GET /?date=2010-6&t=list&paged=7 HTTP/1.1" 301 20 "-" "Mozilla/5.0 (compatible; AhrefsBot/6.1; +http://ahrefs.com/robot/)"
216.244.66.248 - - [23/Jun/2020:00:34:31 +0800] "GET /?date=1998-7-2&t=day HTTP/1.1" 200 98259 "-" "Mozilla/5.0 (compatible; DotBot/1.1; http://www.opensiteexplorer.org/dotbot, help@moz.com)"
216.244.66.248 - - [23/Jun/2020:00:35:10 +0800] "GET /?date=1999-1-7&t=day HTTP/1.1" 200 98259 "-" "Mozilla/5.0 (compatible; DotBot/1.1; http://www.opensiteexplorer.org/dotbot, help@moz.com)"
216.244.66.248 - - [23/Jun/2020:00:35:52 +0800] "GET /?date=2000-2&t=list HTTP/1.1" 200 98259 "-" "Mozilla/5.0 (compatible; DotBot/1.1; http://www.opensiteexplorer.org/dotbot, help@moz.com)"
216.244.66.248 - - [23/Jun/2020:00:36:27 +0800] "GET /?date=2004-4-6&t=day HTTP/1.1" 200 98259 "-" "Mozilla/5.0 (compatible; DotBot/1.1; http://www.opensiteexplorer.org/dotbot, help@moz.com)"
192.0.102.40 - - [23/Jun/2020:00:36:44 +0800] "HEAD / HTTP/1.1" 200 - "-" "jetmon/1.0 (Jetpack Site Uptime Monitor by WordPress.com)"
216.244.66.248 - - [23/Jun/2020:00:36:57 +0800] "GET /?date=2005-3-6&t=day HTTP/1.1" 200 98259 "-" "Mozilla/5.0 (compatible; DotBot/1.1; http://www.opensiteexplorer.org/dotbot, help@moz.com)"
216.244.66.248 - - [23/Jun/2020:00:37:29 +0800] "GET /?date=1995-4-7&t=mini&paged=2 HTTP/1.1" 301 - "-" "Mozilla/5.0 (compatible; DotBot/1.1; http://www.opensiteexplorer.org/dotbot, help@moz.com)"
54.36.148.28 - - [23/Jun/2020:00:38:06 +0800] "GET /?date=1995-7-16&t=week&paged=5 HTTP/1.1" 301 20 "-" "Mozilla/5.0 (compatible; AhrefsBot/6.1; +http://ahrefs.com/robot/)"
111.202.101.184 - - [23/Jun/2020:00:40:43 +0800] "GET /?option=com_phocaguestbook&view=phocaguestbook&id=1&Itemid=39&limitstart=396160&paged=11 HTTP/1.1" 301 20 "-" "Sogou web spider/4.0(+http://www.sogou.com/docs/help/webmasters.htm#07)"
111.202.101.183 - - [23/Jun/2020:00:40:43 +0800] "GET /?option=com_joomdoc&task=doc_details&gid=11&Itemid=36&paged=5 HTTP/1.1" 301 20 "-" "Sogou web spider/4.0(+http://www.sogou.com/docs/help/webmasters.htm#07)"
111.202.101.184 - - [23/Jun/2020:00:41:47 +0800] "GET /?option=com_phocaguestbook&view=phocaguestbook&id=1&Itemid=39&limitstart=167080&paged=2 HTTP/1.1" 301 20 "-" "Sogou web spider/4.0(+http://www.sogou.com/docs/help/webmasters.htm#07)"
111.202.101.183 - - [23/Jun/2020:00:41:48 +0800] "GET /?option=com_phocaguestbook&view=phocaguestbook&id=1&Itemid=39&limitstart=167080&paged=2 HTTP/1.1" 404 30143 "-" "Sogou web spider/4.0(+http://www.sogou.com/docs/help/webmasters.htm#07)"
111.202.100.82 - - [23/Jun/2020:00:41:50 +0800] "GET /?option=com_phocaguestbook&view=phocaguestbook&id=1&Itemid=39&limitstart=167080&paged=2 HTTP/1.1" 404 30143 "-" "Sogou web spider/4.0(+http://www.sogou.com/docs/help/webmasters.htm#07)"
111.202.100.82 - - [23/Jun/2020:00:41:52 +0800] "GET /?option=com_phocaguestbook&view=phocaguestbook&id=1&Itemid=39&limitstart=167080&paged=2 HTTP/1.1" 404 30143 "-" "Mozilla/5.0 (Macintosh; Intel Mac OS X 10_15_1) AppleWebKit/537.36 (KHTML, like Gecko) Chrome/78.0.3904.97 Safari/537.36"
58.250.125.185 - - [23/Jun/2020:00:41:56 +0800] "GET /?option=com_phocaguestbook&view=phocaguestbook&id=1&Itemid=39&limitstart=167080&paged=2 HTTP/1.1" 404 30143 "-" "Sogou web spider/4.0(+http://www.sogou.com/docs/help/webmasters.htm#07)"
58.250.125.185 - - [23/Jun/2020:00:42:13 +0800] "GET /?option=com_phocaguestbook&view=phocaguestbook&id=1&Itemid=39&limitstart=167080&paged=2 HTTP/1.1" 404 30143 "-" "Mozilla/5.0 (Macintosh; Intel Mac OS X 10_15_1) AppleWebKit/537.36 (KHTML, like Gecko) Chrome/78.0.3904.97 Safari/537.36"
54.36.148.201 - - [23/Jun/2020:00:42:46 +0800] "GET /?date=2008-5-24&t=day&paged=9 HTTP/1.1" 301 20 "-" "Mozilla/5.0 (compatible; AhrefsBot/6.1; +http://ahrefs.com/robot/)"
54.36.148.188 - - [23/Jun/2020:00:43:16 +0800] "GET /?date=1997-8-9&t=day&paged=9 HTTP/1.1" 301 20 "-" "Mozilla/5.0 (compatible; AhrefsBot/6.1; +http://ahrefs.com/robot/)"
54.36.149.2 - - [23/Jun/2020:00:43:29 +0800] "GET /?date=1993-3-11&t=day&paged=4 HTTP/1.1" 301 20 "-" "Mozilla/5.0 (compatible; AhrefsBot/6.1; +http://ahrefs.com/robot/)"
192.0.102.40 - - [23/Jun/2020:00:44:55 +0800] "HEAD / HTTP/1.1" 200 - "-" "jetmon/1.0 (Jetpack Site Uptime Monitor by WordPress.com)"
49.7.20.28 - - [23/Jun/2020:00:45:10 +0800] "GET /?option=com_phocaguestbook&view=phocaguestbook&id=1&Itemid=39&limitstart=167080&paged=2 HTTP/1.1" 404 30143 "-" "Sogou web spider/4.0(+http://www.sogou.com/docs/help/webmasters.htm#07)"
111.202.101.183 - - [23/Jun/2020:00:45:45 +0800] "GET /?option=com_joomdoc&task=doc_details&gid=11&Itemid=36&paged=5 HTTP/1.1" 404 30143 "-" "Sogou web spider/4.0(+http://www.sogou.com/docs/help/webmasters.htm#07)"
54.36.148.35 - - [23/Jun/2020:00:45:46 +0800] "GET /?date=1991-1-5&t=day&paged=3 HTTP/1.1" 301 20 "-" "Mozilla/5.0 (compatible; AhrefsBot/6.1; +http://ahrefs.com/robot/)"
111.202.101.183 - - [23/Jun/2020:00:47:32 +0800] "GET /?option=com_phocaguestbook&view=phocaguestbook&id=1&Itemid=39&limitstart=396160&paged=11 HTTP/1.1" 404 30143 "-" "Sogou web spider/4.0(+http://www.sogou.com/docs/help/webmasters.htm#07)"
111.202.101.185 - - [23/Jun/2020:00:47:49 +0800] "GET /?option=com_phocaguestbook&view=phocaguestbook&id=1&Itemid=39&limitstart=419980&paged=11 HTTP/1.1" 301 20 "-" "Sogou web spider/4.0(+http://www.sogou.com/docs/help/webmasters.htm#07)"
111.202.101.183 - - [23/Jun/2020:00:48:53 +0800] "GET /?option=com_phocaguestbook&view=phocaguestbook&id=1&Itemid=39&limitstart=419980&paged=11 HTTP/1.1" 404 30143 "-" "Sogou web spider/4.0(+http://www.sogou.com/docs/help/webmasters.htm#07)"
54.36.148.228 - - [23/Jun/2020:00:49:06 +0800] "GET /?date=2016-12-11&t=day&paged=7 HTTP/1.1" 301 20 "-" "Mozilla/5.0 (compatible; AhrefsBot/6.1; +http://ahrefs.com/robot/)"
49.7.20.28 - - [23/Jun/2020:00:49:09 +0800] "GET /?option=com_phocaguestbook&view=phocaguestbook&id=1&Itemid=39&limitstart=167080&paged=2 HTTP/1.1" 404 30143 "-" "Mozilla/5.0 (Macintosh; Intel Mac OS X 10_15_1) AppleWebKit/537.36 (KHTML, like Gecko) Chrome/78.0.3904.97 Safari/537.36"
176.107.183.146 - - [23/Jun/2020:00:49:34 +0800] "GET / HTTP/1.0" 200 98373 "http://tmcc.org.hk/" "Mozilla/5.0 (Windows NT 6.1; Win64; x64) AppleWebKit/537.36 (KHTML, like Gecko) Chrome/67.0.3396.99 Safari/537.36"
54.36.148.106 - - [23/Jun/2020:00:50:18 +0800] "GET /?date=2005-8-16&t=day&paged=7 HTTP/1.1" 301 20 "-" "Mozilla/5.0 (compatible; AhrefsBot/6.1; +http://ahrefs.com/robot/)"
54.36.148.222 - - [23/Jun/2020:00:51:39 +0800] "GET /?date=1990-1-6&t=day&paged=9 HTTP/1.1" 301 20 "-" "Mozilla/5.0 (compatible; AhrefsBot/6.1; +http://ahrefs.com/robot/)"
192.0.102.40 - - [23/Jun/2020:00:52:25 +0800] "HEAD / HTTP/1.1" 200 - "-" "jetmon/1.0 (Jetpack Site Uptime Monitor by WordPress.com)"
54.36.149.68 - - [23/Jun/2020:00:52:47 +0800] "GET /?date=2002-4&t=mini&paged=9 HTTP/1.1" 301 20 "-" "Mozilla/5.0 (compatible; AhrefsBot/6.1; +http://ahrefs.com/robot/)"
54.36.148.244 - - [23/Jun/2020:00:53:06 +0800] "GET /?date=2006-2-10&t=day&paged=2 HTTP/1.1" 301 20 "-" "Mozilla/5.0 (compatible; AhrefsBot/6.1; +http://ahrefs.com/robot/)"
54.36.148.200 - - [23/Jun/2020:00:53:30 +0800] "GET /?date=2013-4-18&t=day&paged=9 HTTP/1.1" 301 20 "-" "Mozilla/5.0 (compatible; AhrefsBot/6.1; +http://ahrefs.com/robot/)"
111.202.100.119 - - [23/Jun/2020:00:53:41 +0800] "GET /?date=1910-3-31&t=day&paged=2 HTTP/1.1" 301 20 "-" "Sogou web spider/4.0(+http://www.sogou.com/docs/help/webmasters.htm#07)"
111.202.100.116 - - [23/Jun/2020:00:53:41 +0800] "GET /?date=2036-8-15&t=day&paged=3 HTTP/1.1" 301 20 "-" "Sogou web spider/4.0(+http://www.sogou.com/docs/help/webmasters.htm#07)"
111.202.100.121 - - [23/Jun/2020:00:53:41 +0800] "GET /?date=1937-2-8&t=mini&paged=3 HTTP/1.1" 301 20 "-" "Sogou web spider/4.0(+http://www.sogou.com/docs/help/webmasters.htm#07)"
111.202.100.118 - - [23/Jun/2020:00:53:41 +0800] "GET /?date=1945-2-11&t=day&paged=2 HTTP/1.1" 301 20 "-" "Sogou web spider/4.0(+http://www.sogou.com/docs/help/webmasters.htm#07)"
111.202.100.119 - - [23/Jun/2020:00:54:45 +0800] "GET /?date=2014-8-17&t=day&paged=5 HTTP/1.1" 301 20 "-" "Sogou web spider/4.0(+http://www.sogou.com/docs/help/webmasters.htm#07)"
111.202.100.121 - - [23/Jun/2020:00:54:45 +0800] "GET /?date=1968-4-25&t=day&paged=9 HTTP/1.1" 301 20 "-" "Sogou web spider/4.0(+http://www.sogou.com/docs/help/webmasters.htm#07)"
111.202.100.116 - - [23/Jun/2020:00:54:45 +0800] "GET /?date=1906-10-28&t=list&paged=2 HTTP/1.1" 301 20 "-" "Sogou web spider/4.0(+http://www.sogou.com/docs/help/webmasters.htm#07)"
111.202.100.118 - - [23/Jun/2020:00:54:46 +0800] "GET /?date=1962-5&t=22220&paged=3 HTTP/1.1" 301 20 "-" "Sogou web spider/4.0(+http://www.sogou.com/docs/help/webmasters.htm#07)"
111.202.100.116 - - [23/Jun/2020:00:55:49 +0800] "GET /?date=1917-6-7&t=mini&paged=3 HTTP/1.1" 301 20 "-" "Sogou web spider/4.0(+http://www.sogou.com/docs/help/webmasters.htm#07)"
111.202.100.119 - - [23/Jun/2020:00:55:49 +0800] "GET /?date=1906-10-28&t=list&paged=2 HTTP/1.1" 404 30143 "-" "Sogou web spider/4.0(+http://www.sogou.com/docs/help/webmasters.htm#07)"
111.202.100.121 - - [23/Jun/2020:00:55:49 +0800] "GET /?date=1968-4-25&t=day&paged=9 HTTP/1.1" 404 30143 "-" "Sogou web spider/4.0(+http://www.sogou.com/docs/help/webmasters.htm#07)"
111.202.100.118 - - [23/Jun/2020:00:55:51 +0800] "GET /?date=1910-6-19&t=mini HTTP/1.1" 301 20 "-" "Sogou web spider/4.0(+http://www.sogou.com/docs/help/webmasters.htm#07)"
54.36.149.21 - - [23/Jun/2020:00:56:44 +0800] "GET /?date=2013-8-28&t=day&paged=5 HTTP/1.1" 301 20 "-" "Mozilla/5.0 (compatible; AhrefsBot/6.1; +http://ahrefs.com/robot/)"
216.244.66.248 - - [23/Jun/2020:00:56:52 +0800] "GET /?date=1972-12-3&t=list HTTP/1.1" 301 - "-" "Mozilla/5.0 (compatible; DotBot/1.1; http://www.opensiteexplorer.org/dotbot, help@moz.com)"
111.202.100.116 - - [23/Jun/2020:00:56:53 +0800] "GET /?date=1917-6-7&t=mini&paged=3 HTTP/1.1" 404 30143 "-" "Sogou web spider/4.0(+http://www.sogou.com/docs/help/webmasters.htm#07)"
111.202.100.119 - - [23/Jun/2020:00:56:54 +0800] "GET /?date=1947-12-25&t=day&paged=3 HTTP/1.1" 301 20 "-" "Sogou web spider/4.0(+http://www.sogou.com/docs/help/webmasters.htm#07)"
111.202.100.121 - - [23/Jun/2020:00:56:54 +0800] "GET /?date=1917-9-3&t=mini&paged=2 HTTP/1.1" 301 20 "-" "Sogou web spider/4.0(+http://www.sogou.com/docs/help/webmasters.htm#07)"
111.202.100.118 - - [23/Jun/2020:00:56:55 +0800] "GET /?date=1941-4-5&t=mini&paged=7 HTTP/1.1" 301 20 "-" "Sogou web spider/4.0(+http://www.sogou.com/docs/help/webmasters.htm#07)"
216.244.66.248 - - [23/Jun/2020:00:56:58 +0800] "GET /?date=1989-8-20&t=week HTTP/1.1" 301 - "-" "Mozilla/5.0 (compatible; DotBot/1.1; http://www.opensiteexplorer.org/dotbot, help@moz.com)"
216.244.66.248 - - [23/Jun/2020:00:57:02 +0800] "GET /?date=2011-9-15&t=22220 HTTP/1.1" 301 - "-" "Mozilla/5.0 (compatible; DotBot/1.1; http://www.opensiteexplorer.org/dotbot, help@moz.com)"
216.244.66.248 - - [23/Jun/2020:00:57:06 +0800] "GET /?date=2031-7-6&t=week HTTP/1.1" 301 - "-" "Mozilla/5.0 (compatible; DotBot/1.1; http://www.opensiteexplorer.org/dotbot, help@moz.com)"
54.36.149.70 - - [23/Jun/2020:00:57:14 +0800] "GET /page/3/?date=2011-6-18&t=day&paged=3 HTTP/1.1" 404 30143 "-" "Mozilla/5.0 (compatible; AhrefsBot/6.1; +http://ahrefs.com/robot/)"
216.244.66.248 - - [23/Jun/2020:00:57:16 +0800] "GET /?date=1996-8&t=list&paged=3 HTTP/1.1" 301 - "-" "Mozilla/5.0 (compatible; DotBot/1.1; http://www.opensiteexplorer.org/dotbot, help@moz.com)"
216.244.66.248 - - [23/Jun/2020:00:57:26 +0800] "GET /?date=1994-6-8&t=day&paged=2 HTTP/1.1" 301 - "-" "Mozilla/5.0 (compatible; DotBot/1.1; http://www.opensiteexplorer.org/dotbot, help@moz.com)"
216.244.66.248 - - [23/Jun/2020:00:57:28 +0800] "GET /?date=1994-9-7&t=list HTTP/1.1" 301 - "-" "Mozilla/5.0 (compatible; DotBot/1.1; http://www.opensiteexplorer.org/dotbot, help@moz.com)"
216.244.66.248 - - [23/Jun/2020:00:57:31 +0800] "GET /?date=1993-8-9&t=mini&paged=2 HTTP/1.1" 301 - "-" "Mozilla/5.0 (compatible; DotBot/1.1; http://www.opensiteexplorer.org/dotbot, help@moz.com)"
216.244.66.248 - - [23/Jun/2020:00:57:33 +0800] "GET /?date=1996-4-30&t=mini&paged=2 HTTP/1.1" 301 - "-" "Mozilla/5.0 (compatible; DotBot/1.1; http://www.opensiteexplorer.org/dotbot, help@moz.com)"
216.244.66.248 - - [23/Jun/2020:00:57:35 +0800] "GET /?date=1997-1-23&t=day&paged=2 HTTP/1.1" 301 - "-" "Mozilla/5.0 (compatible; DotBot/1.1; http://www.opensiteexplorer.org/dotbot, help@moz.com)"
216.244.66.248 - - [23/Jun/2020:00:57:37 +0800] "GET /?date=2001-7-31&t=day&paged=2 HTTP/1.1" 301 - "-" "Mozilla/5.0 (compatible; DotBot/1.1; http://www.opensiteexplorer.org/dotbot, help@moz.com)"
216.244.66.248 - - [23/Jun/2020:00:57:38 +0800] "GET /?date=2016-10-21&t=day&paged=2 HTTP/1.1" 301 - "-" "Mozilla/5.0 (compatible; DotBot/1.1; http://www.opensiteexplorer.org/dotbot, help@moz.com)"
216.244.66.248 - - [23/Jun/2020:00:57:40 +0800] "GET /?date=2018-8-19&t=week&paged=4 HTTP/1.1" 301 - "-" "Mozilla/5.0 (compatible; DotBot/1.1; http://www.opensiteexplorer.org/dotbot, help@moz.com)"
216.244.66.248 - - [23/Jun/2020:00:57:42 +0800] "GET /?date=2020-9-20&t=day&paged=2 HTTP/1.1" 301 - "-" "Mozilla/5.0 (compatible; DotBot/1.1; http://www.opensiteexplorer.org/dotbot, help@moz.com)"
216.244.66.248 - - [23/Jun/2020:00:57:44 +0800] "GET /?date=2021-4-4&t=list&paged=2 HTTP/1.1" 301 - "-" "Mozilla/5.0 (compatible; DotBot/1.1; http://www.opensiteexplorer.org/dotbot, help@moz.com)"
216.244.66.248 - - [23/Jun/2020:00:57:45 +0800] "GET /?date=2022-8-31&t=mini&paged=2 HTTP/1.1" 301 - "-" "Mozilla/5.0 (compatible; DotBot/1.1; http://www.opensiteexplorer.org/dotbot, help@moz.com)"
216.244.66.248 - - [23/Jun/2020:00:57:47 +0800] "GET /?date=2023-10-9&t=list&paged=2 HTTP/1.1" 301 - "-" "Mozilla/5.0 (compatible; DotBot/1.1; http://www.opensiteexplorer.org/dotbot, help@moz.com)"
216.244.66.248 - - [23/Jun/2020:00:57:49 +0800] "GET /?date=2030-1-20&t=week HTTP/1.1" 301 - "-" "Mozilla/5.0 (compatible; DotBot/1.1; http://www.opensiteexplorer.org/dotbot, help@moz.com)"
216.244.66.248 - - [23/Jun/2020:00:57:51 +0800] "GET /?date=1972-2&t=mini HTTP/1.1" 301 - "-" "Mozilla/5.0 (compatible; DotBot/1.1; http://www.opensiteexplorer.org/dotbot, help@moz.com)"
216.244.66.248 - - [23/Jun/2020:00:57:53 +0800] "GET /?date=2024-3-6&t=list HTTP/1.1" 301 - "-" "Mozilla/5.0 (compatible; DotBot/1.1; http://www.opensiteexplorer.org/dotbot, help@moz.com)"
111.202.100.116 - - [23/Jun/2020:00:57:58 +0800] "GET /?date=1943-1-1&t=22220 HTTP/1.1" 301 20 "-" "Sogou web spider/4.0(+http://www.sogou.com/docs/help/webmasters.htm#07)"
111.202.100.118 - - [23/Jun/2020:00:57:59 +0800] "GET /?date=1922-4-26&t=day&paged=2 HTTP/1.1" 301 20 "-" "Sogou web spider/4.0(+http://www.sogou.com/docs/help/webmasters.htm#07)"
111.202.100.121 - - [23/Jun/2020:00:57:59 +0800] "GET /?date=1910-6-19&t=mini HTTP/1.1" 200 31323 "-" "Sogou web spider/4.0(+http://www.sogou.com/docs/help/webmasters.htm#07)"
111.202.100.119 - - [23/Jun/2020:00:57:59 +0800] "GET /?date=1941-4-5&t=mini&paged=7 HTTP/1.1" 404 30143 "-" "Sogou web spider/4.0(+http://www.sogou.com/docs/help/webmasters.htm#07)"
54.36.148.238 - - [23/Jun/2020:00:58:18 +0800] "GET /?date=1990-4&t=list&paged=8 HTTP/1.1" 301 20 "-" "Mozilla/5.0 (compatible; AhrefsBot/6.1; +http://ahrefs.com/robot/)"
216.244.66.248 - - [23/Jun/2020:00:58:44 +0800] "GET /?date=2017-4-6&t=day&paged=2 HTTP/1.1" 301 - "-" "Mozilla/5.0 (compatible; DotBot/1.1; http://www.opensiteexplorer.org/dotbot, help@moz.com)"
111.202.100.116 - - [23/Jun/2020:00:59:02 +0800] "GET /?date=1943-1-1&t=22220 HTTP/1.1" 200 31323 "-" "Sogou web spider/4.0(+http://www.sogou.com/docs/help/webmasters.htm#07)"
111.202.100.118 - - [23/Jun/2020:00:59:03 +0800] "GET /?date=1922-4-26&t=day&paged=2 HTTP/1.1" 404 30143 "-" "Sogou web spider/4.0(+http://www.sogou.com/docs/help/webmasters.htm#07)"
111.202.100.121 - - [23/Jun/2020:00:59:03 +0800] "GET /?date=1937-11-9&t=mini HTTP/1.1" 301 20 "-" "Sogou web spider/4.0(+http://www.sogou.com/docs/help/webmasters.htm#07)"
111.202.100.119 - - [23/Jun/2020:00:59:04 +0800] "GET /?date=1946-4-26&t=mini&paged=3 HTTP/1.1" 301 20 "-" "Sogou web spider/4.0(+http://www.sogou.com/docs/help/webmasters.htm#07)"
111.202.100.116 - - [23/Jun/2020:01:00:06 +0800] "GET /?date=1980-2-1&t=22220&paged=3 HTTP/1.1" 301 20 "-" "Sogou web spider/4.0(+http://www.sogou.com/docs/help/webmasters.htm#07)"
178.159.37.88 - - [23/Jun/2020:01:00:07 +0800] "GET / HTTP/1.0" 200 98373 "http://tmcc.org.hk/" "Mozilla/5.0 (Windows NT 6.3; Win64; x64) AppleWebKit/537.36 (KHTML, like Gecko) Chrome/65.0.3325.146 Safari/537.36"
111.202.100.121 - - [23/Jun/2020:01:00:08 +0800] "GET /?date=1917-9-3&t=mini&paged=2 HTTP/1.1" 404 30143 "-" "Sogou web spider/4.0(+http://www.sogou.com/docs/help/webmasters.htm#07)"
111.202.100.118 - - [23/Jun/2020:01:00:12 +0800] "GET /?date=1911-10-23&t=list HTTP/1.1" 301 20 "-" "Sogou web spider/4.0(+http://www.sogou.com/docs/help/webmasters.htm#07)"
54.36.148.17 - - [23/Jun/2020:01:00:13 +0800] "GET /?date=1996-9-29&t=day&paged=8 HTTP/1.1" 301 20 "-" "Mozilla/5.0 (compatible; AhrefsBot/6.1; +http://ahrefs.com/robot/)"
111.202.100.119 - - [23/Jun/2020:01:00:28 +0800] "GET /?date=1946-4-26&t=mini&paged=3 HTTP/1.1" 404 30143 "-" "Sogou web spider/4.0(+http://www.sogou.com/docs/help/webmasters.htm#07)"
192.0.102.40 - - [23/Jun/2020:01:00:36 +0800] "HEAD / HTTP/1.1" 200 - "-" "jetmon/1.0 (Jetpack Site Uptime Monitor by WordPress.com)"
216.244.66.248 - - [23/Jun/2020:01:00:52 +0800] "GET /?date=1994-3-9&t=day HTTP/1.1" 301 - "-" "Mozilla/5.0 (compatible; DotBot/1.1; http://www.opensiteexplorer.org/dotbot, help@moz.com)"
216.244.66.248 - - [23/Jun/2020:01:00:54 +0800] "GET /?date=2005-8-2&t=list HTTP/1.1" 301 - "-" "Mozilla/5.0 (compatible; DotBot/1.1; http://www.opensiteexplorer.org/dotbot, help@moz.com)"
216.244.66.248 - - [23/Jun/2020:01:00:56 +0800] "GET /?date=2007-7-9&t=list HTTP/1.1" 301 - "-" "Mozilla/5.0 (compatible; DotBot/1.1; http://www.opensiteexplorer.org/dotbot, help@moz.com)"
111.202.100.116 - - [23/Jun/2020:01:01:10 +0800] "GET /?date=1905-12-11&t=list&paged=2 HTTP/1.1" 301 20 "-" "Sogou web spider/4.0(+http://www.sogou.com/docs/help/webmasters.htm#07)"
111.202.100.121 - - [23/Jun/2020:01:01:12 +0800] "GET /?date=1966-2-1&t=list&paged=2 HTTP/1.1" 301 20 "-" "Sogou web spider/4.0(+http://www.sogou.com/docs/help/webmasters.htm#07)"
111.202.100.118 - - [23/Jun/2020:01:01:16 +0800] "GET /?date=1912-1-2&t=mini&paged=5 HTTP/1.1" 301 20 "-" "Sogou web spider/4.0(+http://www.sogou.com/docs/help/webmasters.htm#07)"
111.202.100.119 - - [23/Jun/2020:01:01:32 +0800] "GET /?date=1950-6-24&t=mini&paged=3 HTTP/1.1" 301 20 "-" "Sogou web spider/4.0(+http://www.sogou.com/docs/help/webmasters.htm#07)"
216.244.66.248 - - [23/Jun/2020:01:01:33 +0800] "GET /?date=1991-11-6&t=mini HTTP/1.1" 301 - "-" "Mozilla/5.0 (compatible; DotBot/1.1; http://www.opensiteexplorer.org/dotbot, help@moz.com)"
216.244.66.248 - - [23/Jun/2020:01:01:35 +0800] "GET /?date=1993-4-11&t=week HTTP/1.1" 301 - "-" "Mozilla/5.0 (compatible; DotBot/1.1; http://www.opensiteexplorer.org/dotbot, help@moz.com)"
216.244.66.248 - - [23/Jun/2020:01:01:40 +0800] "GET /?date=1994-11-26&t=list HTTP/1.1" 301 - "-" "Mozilla/5.0 (compatible; DotBot/1.1; http://www.opensiteexplorer.org/dotbot, help@moz.com)"
216.244.66.248 - - [23/Jun/2020:01:01:51 +0800] "GET /?date=2001-2-27&t=list HTTP/1.1" 301 - "-" "Mozilla/5.0 (compatible; DotBot/1.1; http://www.opensiteexplorer.org/dotbot, help@moz.com)"
216.244.66.248 - - [23/Jun/2020:01:02:00 +0800] "GET /?date=2005-11-30&t=list HTTP/1.1" 301 - "-" "Mozilla/5.0 (compatible; DotBot/1.1; http://www.opensiteexplorer.org/dotbot, help@moz.com)"
216.244.66.248 - - [23/Jun/2020:01:02:08 +0800] "GET /?date=2005-3-4&t=mini HTTP/1.1" 301 - "-" "Mozilla/5.0 (compatible; DotBot/1.1; http://www.opensiteexplorer.org/dotbot, help@moz.com)"
216.244.66.248 - - [23/Jun/2020:01:02:16 +0800] "GET /?date=2017-8-22&t=mini HTTP/1.1" 301 - "-" "Mozilla/5.0 (compatible; DotBot/1.1; http://www.opensiteexplorer.org/dotbot, help@moz.com)"
111.202.100.121 - - [23/Jun/2020:01:02:16 +0800] "GET /?date=1937-11-9&t=mini HTTP/1.1" 200 31323 "-" "Sogou web spider/4.0(+http://www.sogou.com/docs/help/webmasters.htm#07)"
123.183.224.137 - - [23/Jun/2020:01:02:18 +0800] "GET /?view=details&id=26%3ANormal+Practice&option=com_eventlist HTTP/1.1" 301 20 "-" "Sogou web spider/4.0(+http://www.sogou.com/docs/help/webmasters.htm#07)"
216.244.66.248 - - [23/Jun/2020:01:02:22 +0800] "GET /?date=2020-11-12&t=mini HTTP/1.1" 301 - "-" "Mozilla/5.0 (compatible; DotBot/1.1; http://www.opensiteexplorer.org/dotbot, help@moz.com)"
111.202.100.116 - - [23/Jun/2020:01:02:24 +0800] "GET /?date=1966-2-1&t=list&paged=2 HTTP/1.1" 404 30143 "-" "Sogou web spider/4.0(+http://www.sogou.com/docs/help/webmasters.htm#07)"
216.244.66.248 - - [23/Jun/2020:01:02:28 +0800] "GET /?date=2021-4-12&t=list HTTP/1.1" 301 - "-" "Mozilla/5.0 (compatible; DotBot/1.1; http://www.opensiteexplorer.org/dotbot, help@moz.com)"
111.202.100.118 - - [23/Jun/2020:01:02:29 +0800] "GET /?date=1911-10-23&t=list HTTP/1.1" 200 31323 "-" "Sogou web spider/4.0(+http://www.sogou.com/docs/help/webmasters.htm#07)"
111.202.101.183 - - [23/Jun/2020:01:02:37 +0800] "GET /?date=1982-10-18&t=list&paged=6 HTTP/1.1" 301 20 "-" "Sogou web spider/4.0(+http://www.sogou.com/docs/help/webmasters.htm#07)"
123.183.224.136 - - [23/Jun/2020:01:02:46 +0800] "GET /?date=2020-3-30&t=mini&paged=3 HTTP/1.1" 301 20 "-" "Sogou web spider/4.0(+http://www.sogou.com/docs/help/webmasters.htm#07)"
54.36.148.50 - - [23/Jun/2020:01:02:57 +0800] "GET /?date=2015-2-21&t=day&paged=6 HTTP/1.1" 301 20 "-" "Mozilla/5.0 (compatible; AhrefsBot/6.1; +http://ahrefs.com/robot/)"
123.183.224.139 - - [23/Jun/2020:01:02:59 +0800] "GET /?date=1964-12-29&t=mini&paged=5 HTTP/1.1" 301 20 "-" "Sogou web spider/4.0(+http://www.sogou.com/docs/help/webmasters.htm#07)"
123.183.224.135 - - [23/Jun/2020:01:03:20 +0800] "GET /?date=1973-6-7&t=list&paged=5 HTTP/1.1" 301 20 "-" "Sogou web spider/4.0(+http://www.sogou.com/docs/help/webmasters.htm#07)"
111.202.100.121 - - [23/Jun/2020:01:03:20 +0800] "GET /?date=1971-8-3&t=mini&paged=3 HTTP/1.1" 301 20 "-" "Sogou web spider/4.0(+http://www.sogou.com/docs/help/webmasters.htm#07)"
111.202.100.119 - - [23/Jun/2020:01:03:26 +0800] "GET /?date=1980-2-1&t=22220&paged=3 HTTP/1.1" 404 30143 "-" "Sogou web spider/4.0(+http://www.sogou.com/docs/help/webmasters.htm#07)"
111.202.100.116 - - [23/Jun/2020:01:03:29 +0800] "GET /?date=1990-8-21&t=day&paged=5 HTTP/1.1" 301 20 "-" "Sogou web spider/4.0(+http://www.sogou.com/docs/help/webmasters.htm#07)"
111.202.101.183 - - [23/Jun/2020:01:03:42 +0800] "GET /?date=1982-10-18&t=list&paged=6 HTTP/1.1" 404 30143 "-" "Sogou web spider/4.0(+http://www.sogou.com/docs/help/webmasters.htm#07)"
216.244.66.248 - - [23/Jun/2020:01:03:45 +0800] "GET /?date=1990-1-5&t=day HTTP/1.1" 301 - "-" "Mozilla/5.0 (compatible; DotBot/1.1; http://www.opensiteexplorer.org/dotbot, help@moz.com)"
216.244.66.248 - - [23/Jun/2020:01:03:49 +0800] "GET /?date=1996-9-9&t=mini HTTP/1.1" 301 - "-" "Mozilla/5.0 (compatible; DotBot/1.1; http://www.opensiteexplorer.org/dotbot, help@moz.com)"
216.244.66.248 - - [23/Jun/2020:01:03:52 +0800] "GET /?date=2001-9-29&t=mini HTTP/1.1" 301 - "-" "Mozilla/5.0 (compatible; DotBot/1.1; http://www.opensiteexplorer.org/dotbot, help@moz.com)"
123.183.224.137 - - [23/Jun/2020:01:03:54 +0800] "GET /?view=details&id=26%3ANormal+Practice&option=com_eventlist HTTP/1.1" 200 31323 "-" "Sogou web spider/4.0(+http://www.sogou.com/docs/help/webmasters.htm#07)"
216.244.66.248 - - [23/Jun/2020:01:03:56 +0800] "GET /?date=2001-9-3&t=day&paged=2 HTTP/1.1" 301 - "-" "Mozilla/5.0 (compatible; DotBot/1.1; http://www.opensiteexplorer.org/dotbot, help@moz.com)"
123.183.224.136 - - [23/Jun/2020:01:03:57 +0800] "GET /?date=2027-8-1&t=22220&paged=2 HTTP/1.1" 301 20 "-" "Sogou web spider/4.0(+http://www.sogou.com/docs/help/webmasters.htm#07)"
216.244.66.248 - - [23/Jun/2020:01:03:59 +0800] "GET /?date=2003-4-15&t=mini&paged=2 HTTP/1.1" 301 - "-" "Mozilla/5.0 (compatible; DotBot/1.1; http://www.opensiteexplorer.org/dotbot, help@moz.com)"
123.183.224.139 - - [23/Jun/2020:01:03:59 +0800] "GET /?date=1914-10-25&t=week&paged=4 HTTP/1.1" 301 20 "-" "Sogou web spider/4.0(+http://www.sogou.com/docs/help/webmasters.htm#07)"
216.244.66.248 - - [23/Jun/2020:01:04:04 +0800] "GET /?date=2018-1&t=list&paged=2 HTTP/1.1" 301 - "-" "Mozilla/5.0 (compatible; DotBot/1.1; http://www.opensiteexplorer.org/dotbot, help@moz.com)"
216.244.66.248 - - [23/Jun/2020:01:04:14 +0800] "GET /?date=2022-6-5&t=mini HTTP/1.1" 301 - "-" "Mozilla/5.0 (compatible; DotBot/1.1; http://www.opensiteexplorer.org/dotbot, help@moz.com)"
111.202.100.121 - - [23/Jun/2020:01:04:24 +0800] "GET /?date=1912-1-2&t=mini&paged=5 HTTP/1.1" 404 30143 "-" "Sogou web spider/4.0(+http://www.sogou.com/docs/help/webmasters.htm#07)"
54.36.148.132 - - [23/Jun/2020:01:04:28 +0800] "GET /index.php?option=com_content&view=article&id=48&catid=1 HTTP/1.1" 301 20 "-" "Mozilla/5.0 (compatible; AhrefsBot/6.1; +http://ahrefs.com/robot/)"
111.202.100.119 - - [23/Jun/2020:01:04:31 +0800] "GET /?date=1940-7-17&t=mini HTTP/1.1" 301 20 "-" "Sogou web spider/4.0(+http://www.sogou.com/docs/help/webmasters.htm#07)"
111.202.100.116 - - [23/Jun/2020:01:04:33 +0800] "GET /?date=1953-8-1&t=mini&paged=8 HTTP/1.1" 301 20 "-" "Sogou web spider/4.0(+http://www.sogou.com/docs/help/webmasters.htm#07)"
54.36.148.158 - - [23/Jun/2020:01:04:39 +0800] "GET /?date=2000-8-15&t=day&paged=5 HTTP/1.1" 301 20 "-" "Mozilla/5.0 (compatible; AhrefsBot/6.1; +http://ahrefs.com/robot/)"
54.36.149.68 - - [23/Jun/2020:01:04:48 +0800] "GET /?date=2000-7-11&t=day&paged=2 HTTP/1.1" 301 20 "-" "Mozilla/5.0 (compatible; AhrefsBot/6.1; +http://ahrefs.com/robot/)"
54.36.148.58 - - [23/Jun/2020:01:04:59 +0800] "GET /?date=2006-11-25&t=day&paged=7 HTTP/1.1" 301 20 "-" "Mozilla/5.0 (compatible; AhrefsBot/6.1; +http://ahrefs.com/robot/)"
123.183.224.135 - - [23/Jun/2020:01:05:02 +0800] "GET /?date=1976-12-12&t=week HTTP/1.1" 301 20 "-" "Sogou web spider/4.0(+http://www.sogou.com/docs/help/webmasters.htm#07)"
123.183.224.137 - - [23/Jun/2020:01:05:06 +0800] "GET /?option=com_phocagallery&view=detail&catid=12&id=591%3Atmcc27_002&tmpl=component&Itemid=59&paged=9 HTTP/1.1" 301 20 "-" "Sogou web spider/4.0(+http://www.sogou.com/docs/help/webmasters.htm#07)"
123.183.224.136 - - [23/Jun/2020:01:05:08 +0800] "GET /?date=1976-12-12&t=week HTTP/1.1" 200 31323 "-" "Sogou web spider/4.0(+http://www.sogou.com/docs/help/webmasters.htm#07)"
111.202.100.121 - - [23/Jun/2020:01:05:32 +0800] "GET /?date=2018-10-29&t=list&paged=3 HTTP/1.1" 301 20 "-" "Sogou web spider/4.0(+http://www.sogou.com/docs/help/webmasters.htm#07)"
111.202.100.119 - - [23/Jun/2020:01:05:35 +0800] "GET /?date=1950-6-24&t=mini&paged=3 HTTP/1.1" 404 30143 "-" "Sogou web spider/4.0(+http://www.sogou.com/docs/help/webmasters.htm#07)"
111.202.100.116 - - [23/Jun/2020:01:05:38 +0800] "GET /?date=1919-11-16&t=list HTTP/1.1" 301 20 "-" "Sogou web spider/4.0(+http://www.sogou.com/docs/help/webmasters.htm#07)"
123.183.224.139 - - [23/Jun/2020:01:05:50 +0800] "GET /?date=1920-1-14&t=day HTTP/1.1" 301 20 "-" "Sogou web spider/4.0(+http://www.sogou.com/docs/help/webmasters.htm#07)"
123.183.224.137 - - [23/Jun/2020:01:06:11 +0800] "GET /?option=com_phocagallery&view=detail&catid=12&id=591%3Atmcc27_002&tmpl=component&Itemid=59&paged=9 HTTP/1.1" 404 30143 "-" "Sogou web spider/4.0(+http://www.sogou.com/docs/help/webmasters.htm#07)"
123.183.224.135 - - [23/Jun/2020:01:06:12 +0800] "GET /?date=1973-6-7&t=list&paged=5 HTTP/1.1" 404 30143 "-" "Sogou web spider/4.0(+http://www.sogou.com/docs/help/webmasters.htm#07)"
111.202.100.121 - - [23/Jun/2020:01:06:36 +0800] "GET /?date=1905-12-11&t=list&paged=2 HTTP/1.1" 404 30143 "-" "Sogou web spider/4.0(+http://www.sogou.com/docs/help/webmasters.htm#07)"
111.202.100.119 - - [23/Jun/2020:01:06:40 +0800] "GET /?date=1912-5-13&t=mini&paged=2 HTTP/1.1" 301 20 "-" "Sogou web spider/4.0(+http://www.sogou.com/docs/help/webmasters.htm#07)"
54.36.148.109 - - [23/Jun/2020:01:06:53 +0800] "GET /?date=1988-9&t=mini&paged=9 HTTP/1.1" 301 20 "-" "Mozilla/5.0 (compatible; AhrefsBot/6.1; +http://ahrefs.com/robot/)"
123.183.224.139 - - [23/Jun/2020:01:06:54 +0800] "GET /?date=1920-1-14&t=day HTTP/1.1" 200 31323 "-" "Sogou web spider/4.0(+http://www.sogou.com/docs/help/webmasters.htm#07)"
123.183.224.136 - - [23/Jun/2020:01:06:57 +0800] "GET /?date=1910-6-8&t=mini&paged=2 HTTP/1.1" 301 20 "-" "Sogou web spider/4.0(+http://www.sogou.com/docs/help/webmasters.htm#07)"
123.183.224.135 - - [23/Jun/2020:01:07:23 +0800] "GET /?date=1918-10-21&t=mini&paged=2 HTTP/1.1" 301 20 "-" "Sogou web spider/4.0(+http://www.sogou.com/docs/help/webmasters.htm#07)"
123.183.224.137 - - [23/Jun/2020:01:07:24 +0800] "GET /?date=1918-9-10&t=list&paged=5 HTTP/1.1" 301 20 "-" "Sogou web spider/4.0(+http://www.sogou.com/docs/help/webmasters.htm#07)"
111.202.100.121 - - [23/Jun/2020:01:07:40 +0800] "GET /?date=1917-4-22&t=mini HTTP/1.1" 301 20 "-" "Sogou web spider/4.0(+http://www.sogou.com/docs/help/webmasters.htm#07)"
111.202.100.119 - - [23/Jun/2020:01:07:44 +0800] "GET /?date=1990-8-21&t=day&paged=5 HTTP/1.1" 404 30143 "-" "Sogou web spider/4.0(+http://www.sogou.com/docs/help/webmasters.htm#07)"
123.183.224.136 - - [23/Jun/2020:01:08:01 +0800] "GET /?date=2027-8-1&t=22220&paged=2 HTTP/1.1" 404 30143 "-" "Sogou web spider/4.0(+http://www.sogou.com/docs/help/webmasters.htm#07)"
49.7.20.159 - - [23/Jun/2020:01:08:13 +0800] "GET /?date=1908-2-10&t=day&paged=2 HTTP/1.1" 301 20 "-" "Sogou web spider/4.0(+http://www.sogou.com/docs/help/webmasters.htm#07)"
49.7.20.156 - - [23/Jun/2020:01:08:13 +0800] "GET /?option=com_content&view=article&id=66&catid=25&paged=3 HTTP/1.1" 301 20 "-" "Sogou web spider/4.0(+http://www.sogou.com/docs/help/webmasters.htm#07)"
49.7.20.153 - - [23/Jun/2020:01:08:13 +0800] "GET /?option=com_phocagallery&view=detail&catid=18%3Asing&id=1370%3A2002_con_002&phocaslideshow=1&tmpl=component&Itemid=59&paged=9 HTTP/1.1" 301 20 "-" "Sogou web spider/4.0(+http://www.sogou.com/docs/help/webmasters.htm#07)"
49.7.20.150 - - [23/Jun/2020:01:08:14 +0800] "GET /?option=com_phocagallery&view=detail&catid=18%3Asing&id=1370%3A2002_con_002&phocaslideshow=1&tmpl=component&Itemid=59&paged=9 HTTP/1.1" 404 30143 "-" "Sogou web spider/4.0(+http://www.sogou.com/docs/help/webmasters.htm#07)"
123.183.224.139 - - [23/Jun/2020:01:08:15 +0800] "GET /?date=1925-7-21&t=day&paged=5 HTTP/1.1" 301 20 "-" "Sogou web spider/4.0(+http://www.sogou.com/docs/help/webmasters.htm#07)"
123.183.224.135 - - [23/Jun/2020:01:08:28 +0800] "GET /?date=1918-10-21&t=mini&paged=2 HTTP/1.1" 404 30143 "-" "Sogou web spider/4.0(+http://www.sogou.com/docs/help/webmasters.htm#07)"
192.0.102.40 - - [23/Jun/2020:01:08:38 +0800] "HEAD / HTTP/1.1" 200 - "-" "jetmon/1.0 (Jetpack Site Uptime Monitor by WordPress.com)"
111.202.100.121 - - [23/Jun/2020:01:08:44 +0800] "GET /?date=1971-8-3&t=mini&paged=3 HTTP/1.1" 404 30143 "-" "Sogou web spider/4.0(+http://www.sogou.com/docs/help/webmasters.htm#07)"
123.183.224.137 - - [23/Jun/2020:01:08:48 +0800] "GET /?date=2020-3-30&t=mini&paged=3 HTTP/1.1" 404 30143 "-" "Sogou web spider/4.0(+http://www.sogou.com/docs/help/webmasters.htm#07)"
111.202.100.119 - - [23/Jun/2020:01:08:49 +0800] "GET /?date=1940-7-17&t=mini HTTP/1.1" 200 31323 "-" "Sogou web spider/4.0(+http://www.sogou.com/docs/help/webmasters.htm#07)"
54.36.148.189 - - [23/Jun/2020:01:09:10 +0800] "GET /?date=2012-4-9&t=day&paged=4 HTTP/1.1" 301 20 "-" "Mozilla/5.0 (compatible; AhrefsBot/6.1; +http://ahrefs.com/robot/)"
123.183.224.136 - - [23/Jun/2020:01:09:14 +0800] "GET /?date=2009-4-1&t=list&paged=5 HTTP/1.1" 301 20 "-" "Sogou web spider/4.0(+http://www.sogou.com/docs/help/webmasters.htm#07)"
49.7.20.156 - - [23/Jun/2020:01:09:18 +0800] "GET /?option=com_content&view=article&id=66&catid=25&paged=3 HTTP/1.1" 404 30143 "-" "Sogou web spider/4.0(+http://www.sogou.com/docs/help/webmasters.htm#07)"
49.7.20.153 - - [23/Jun/2020:01:09:18 +0800] "GET /?date=1946-5&t=22220 HTTP/1.1" 301 20 "-" "Sogou web spider/4.0(+http://www.sogou.com/docs/help/webmasters.htm#07)"
49.7.20.159 - - [23/Jun/2020:01:09:21 +0800] "GET /?date=1973-8-19&t=week HTTP/1.1" 301 20 "-" "Sogou web spider/4.0(+http://www.sogou.com/docs/help/webmasters.htm#07)"
49.7.20.150 - - [23/Jun/2020:01:09:22 +0800] "GET /?date=1973-8-19&t=week HTTP/1.1" 200 31323 "-" "Sogou web spider/4.0(+http://www.sogou.com/docs/help/webmasters.htm#07)"
123.183.224.139 - - [23/Jun/2020:01:09:23 +0800] "GET /?date=1964-12-29&t=mini&paged=5 HTTP/1.1" 404 30143 "-" "Sogou web spider/4.0(+http://www.sogou.com/docs/help/webmasters.htm#07)"
216.244.66.248 - - [23/Jun/2020:01:09:34 +0800] "GET /?date=1993-12-30&t=mini HTTP/1.1" 301 - "-" "Mozilla/5.0 (compatible; DotBot/1.1; http://www.opensiteexplorer.org/dotbot, help@moz.com)"
54.36.148.228 - - [23/Jun/2020:01:09:34 +0800] "GET /?date=2002-5-24&t=day&paged=5 HTTP/1.1" 301 20 "-" "Mozilla/5.0 (compatible; AhrefsBot/6.1; +http://ahrefs.com/robot/)"
216.244.66.248 - - [23/Jun/2020:01:09:41 +0800] "GET /?date=2006-11-2&t=mini HTTP/1.1" 301 - "-" "Mozilla/5.0 (compatible; DotBot/1.1; http://www.opensiteexplorer.org/dotbot, help@moz.com)"
123.183.224.135 - - [23/Jun/2020:01:09:45 +0800] "GET /?date=1921-11-19&t=mini&paged=4 HTTP/1.1" 301 20 "-" "Sogou web spider/4.0(+http://www.sogou.com/docs/help/webmasters.htm#07)"
216.244.66.248 - - [23/Jun/2020:01:09:48 +0800] "GET /?date=2012-7-9&t=day&paged=3 HTTP/1.1" 301 - "-" "Mozilla/5.0 (compatible; DotBot/1.1; http://www.opensiteexplorer.org/dotbot, help@moz.com)"
111.202.100.121 - - [23/Jun/2020:01:09:49 +0800] "GET /?date=1953-8-1&t=mini&paged=8 HTTP/1.1" 404 30143 "-" "Sogou web spider/4.0(+http://www.sogou.com/docs/help/webmasters.htm#07)"
216.244.66.248 - - [23/Jun/2020:01:09:53 +0800] "GET /?date=2021-6-5&t=mini HTTP/1.1" 301 - "-" "Mozilla/5.0 (compatible; DotBot/1.1; http://www.opensiteexplorer.org/dotbot, help@moz.com)"
54.36.149.32 - - [23/Jun/2020:01:09:53 +0800] "GET /page/3/?date=2006-1-23&t=day&paged=3 HTTP/1.1" 404 30143 "-" "Mozilla/5.0 (compatible; AhrefsBot/6.1; +http://ahrefs.com/robot/)"
111.202.100.119 - - [23/Jun/2020:01:09:57 +0800] "GET /?date=1919-11-16&t=list HTTP/1.1" 200 31323 "-" "Sogou web spider/4.0(+http://www.sogou.com/docs/help/webmasters.htm#07)"
216.244.66.248 - - [23/Jun/2020:01:09:58 +0800] "GET /?date=2025-7-3&t=day&paged=2 HTTP/1.1" 301 - "-" "Mozilla/5.0 (compatible; DotBot/1.1; http://www.opensiteexplorer.org/dotbot, help@moz.com)"
157.55.39.92 - - [23/Jun/2020:01:09:59 +0800] "GET /?option=com_content&view=section&id=1&Itemid=19 HTTP/1.1" 301 20 "-" "Mozilla/5.0 (compatible; bingbot/2.0; +http://www.bing.com/bingbot.htm)"
123.183.224.136 - - [23/Jun/2020:01:10:18 +0800] "GET /?date=1910-6-8&t=mini&paged=2 HTTP/1.1" 404 30143 "-" "Sogou web spider/4.0(+http://www.sogou.com/docs/help/webmasters.htm#07)"
49.7.20.159 - - [23/Jun/2020:01:10:27 +0800] "GET /?date=1946-5&t=22220 HTTP/1.1" 200 31323 "-" "Sogou web spider/4.0(+http://www.sogou.com/docs/help/webmasters.htm#07)"
49.7.20.153 - - [23/Jun/2020:01:10:28 +0800] "GET /?date=2036-3-9&t=list&paged=3 HTTP/1.1" 301 20 "-" "Sogou web spider/4.0(+http://www.sogou.com/docs/help/webmasters.htm#07)"
123.183.224.139 - - [23/Jun/2020:01:10:45 +0800] "GET /?date=2016-9-27&t=list&paged=2 HTTP/1.1" 301 20 "-" "Sogou web spider/4.0(+http://www.sogou.com/docs/help/webmasters.htm#07)"
123.183.224.137 - - [23/Jun/2020:01:10:47 +0800] "GET /?date=1989-11-14&t=day HTTP/1.1" 301 20 "-" "Sogou web spider/4.0(+http://www.sogou.com/docs/help/webmasters.htm#07)"
54.36.148.128 - - [23/Jun/2020:01:10:50 +0800] "GET /?date=1991-5-19&t=week HTTP/1.1" 301 20 "-" "Mozilla/5.0 (compatible; AhrefsBot/6.1; +http://ahrefs.com/robot/)"
111.202.100.121 - - [23/Jun/2020:01:10:57 +0800] "GET /?date=2018-10-29&t=list&paged=3 HTTP/1.1" 404 30143 "-" "Sogou web spider/4.0(+http://www.sogou.com/docs/help/webmasters.htm#07)"
54.36.148.250 - - [23/Jun/2020:01:11:06 +0800] "GET /index.php?option=com_phocagallery&view=detail&catid=9&id=48:0001&tmpl=component&Itemid=59 HTTP/1.1" 301 20 "-" "Mozilla/5.0 (compatible; AhrefsBot/6.1; +http://ahrefs.com/robot/)"
49.7.20.156 - - [23/Jun/2020:01:11:19 +0800] "GET /?date=2037-12-21&t=list&paged=2 HTTP/1.1" 301 20 "-" "Sogou web spider/4.0(+http://www.sogou.com/docs/help/webmasters.htm#07)"
123.183.224.135 - - [23/Jun/2020:01:11:25 +0800] "GET /?date=2009-4-1&t=list&paged=5 HTTP/1.1" 404 30143 "-" "Sogou web spider/4.0(+http://www.sogou.com/docs/help/webmasters.htm#07)"
49.7.20.153 - - [23/Jun/2020:01:11:32 +0800] "GET /?date=1913-11-14&t=list&paged=2 HTTP/1.1" 301 20 "-" "Sogou web spider/4.0(+http://www.sogou.com/docs/help/webmasters.htm#07)"
49.7.20.150 - - [23/Jun/2020:01:11:33 +0800] "GET /?date=1913-11-14&t=list&paged=2 HTTP/1.1" 404 30143 "-" "Sogou web spider/4.0(+http://www.sogou.com/docs/help/webmasters.htm#07)"
54.36.148.3 - - [23/Jun/2020:01:11:42 +0800] "GET /index.php?option=com_phocagallery&view=detail&catid=30:2010-01-04-04-13-51&id=2249:tmcc1228b110&tmpl=component&phocadownload=1&Itemid=59 HTTP/1.1" 301 20 "-" "Mozilla/5.0 (compatible; AhrefsBot/6.1; +http://ahrefs.com/robot/)"
49.7.20.159 - - [23/Jun/2020:01:11:50 +0800] "GET /?date=1914-9-16&t=mini HTTP/1.1" 301 20 "-" "Sogou web spider/4.0(+http://www.sogou.com/docs/help/webmasters.htm#07)"
123.183.224.137 - - [23/Jun/2020:01:11:52 +0800] "GET /?date=1918-9-10&t=list&paged=5 HTTP/1.1" 404 30143 "-" "Sogou web spider/4.0(+http://www.sogou.com/docs/help/webmasters.htm#07)"
123.183.224.139 - - [23/Jun/2020:01:11:53 +0800] "GET /?date=1914-10-25&t=week&paged=4 HTTP/1.1" 404 30143 "-" "Sogou web spider/4.0(+http://www.sogou.com/docs/help/webmasters.htm#07)"
123.183.224.136 - - [23/Jun/2020:01:11:57 +0800] "GET /?date=1942-11-12&t=list&paged=6 HTTP/1.1" 301 20 "-" "Sogou web spider/4.0(+http://www.sogou.com/docs/help/webmasters.htm#07)"
111.202.100.121 - - [23/Jun/2020:01:12:01 +0800] "GET /?date=1912-5-13&t=mini&paged=2 HTTP/1.1" 404 30143 "-" "Sogou web spider/4.0(+http://www.sogou.com/docs/help/webmasters.htm#07)"
54.36.149.62 - - [23/Jun/2020:01:12:04 +0800] "GET /?date=2008-6-8&t=day&paged=4 HTTP/1.1" 301 20 "-" "Mozilla/5.0 (compatible; AhrefsBot/6.1; +http://ahrefs.com/robot/)"
49.7.20.156 - - [23/Jun/2020:01:12:23 +0800] "GET /?date=2036-3-9&t=list&paged=3 HTTP/1.1" 404 30143 "-" "Sogou web spider/4.0(+http://www.sogou.com/docs/help/webmasters.htm#07)"
54.36.148.208 - - [23/Jun/2020:01:12:34 +0800] "GET /?date=1988-9-6&t=day&paged=9 HTTP/1.1" 301 20 "-" "Mozilla/5.0 (compatible; AhrefsBot/6.1; +http://ahrefs.com/robot/)"
49.7.20.153 - - [23/Jun/2020:01:12:36 +0800] "GET /?date=1908-9-15&t=day&paged=2 HTTP/1.1" 301 20 "-" "Sogou web spider/4.0(+http://www.sogou.com/docs/help/webmasters.htm#07)"
49.7.20.150 - - [23/Jun/2020:01:12:37 +0800] "GET /?date=1908-9-15&t=day&paged=2 HTTP/1.1" 404 30143 "-" "Sogou web spider/4.0(+http://www.sogou.com/docs/help/webmasters.htm#07)"
216.244.66.248 - - [23/Jun/2020:01:12:46 +0800] "GET /?date=1994-7-7&t=day HTTP/1.1" 200 98259 "-" "Mozilla/5.0 (compatible; DotBot/1.1; http://www.opensiteexplorer.org/dotbot, help@moz.com)"
54.36.149.103 - - [23/Jun/2020:01:12:51 +0800] "GET /?date=2010-8-30&t=day&paged=7 HTTP/1.1" 301 20 "-" "Mozilla/5.0 (compatible; AhrefsBot/6.1; +http://ahrefs.com/robot/)"
123.183.224.135 - - [23/Jun/2020:01:12:51 +0800] "GET /?date=1932-8-17&t=mini&paged=2 HTTP/1.1" 301 20 "-" "Sogou web spider/4.0(+http://www.sogou.com/docs/help/webmasters.htm#07)"
49.7.20.159 - - [23/Jun/2020:01:13:00 +0800] "GET /?date=1914-9-16&t=mini HTTP/1.1" 200 31323 "-" "Sogou web spider/4.0(+http://www.sogou.com/docs/help/webmasters.htm#07)"
123.183.224.136 - - [23/Jun/2020:01:13:01 +0800] "GET /?date=1925-7-21&t=day&paged=5 HTTP/1.1" 404 30143 "-" "Sogou web spider/4.0(+http://www.sogou.com/docs/help/webmasters.htm#07)"
111.202.100.121 - - [23/Jun/2020:01:13:06 +0800] "GET /?date=1917-4-22&t=mini HTTP/1.1" 200 31323 "-" "Sogou web spider/4.0(+http://www.sogou.com/docs/help/webmasters.htm#07)"
123.183.224.137 - - [23/Jun/2020:01:13:10 +0800] "GET /?date=1982-9-26&t=week&paged=3 HTTP/1.1" 301 20 "-" "Sogou web spider/4.0(+http://www.sogou.com/docs/help/webmasters.htm#07)"
54.36.149.48 - - [23/Jun/2020:01:13:11 +0800] "GET /?date=2018-7&t=22220&paged=3 HTTP/1.1" 301 20 "-" "Mozilla/5.0 (compatible; AhrefsBot/6.1; +http://ahrefs.com/robot/)"
123.183.224.139 - - [23/Jun/2020:01:13:21 +0800] "GET /?date=1956-5-14&t=mini&paged=2 HTTP/1.1" 301 20 "-" "Sogou web spider/4.0(+http://www.sogou.com/docs/help/webmasters.htm#07)"
216.244.66.248 - - [23/Jun/2020:01:13:25 +0800] "GET /?date=1997-1&t=list HTTP/1.1" 200 98259 "-" "Mozilla/5.0 (compatible; DotBot/1.1; http://www.opensiteexplorer.org/dotbot, help@moz.com)"
54.36.148.65 - - [23/Jun/2020:01:13:37 +0800] "GET /?date=2004-1-4&t=week&paged=9 HTTP/1.1" 301 20 "-" "Mozilla/5.0 (compatible; AhrefsBot/6.1; +http://ahrefs.com/robot/)"
49.7.20.153 - - [23/Jun/2020:01:13:40 +0800] "GET /?date=1965-8-1&t=full&paged=3 HTTP/1.1" 301 20 "-" "Sogou web spider/4.0(+http://www.sogou.com/docs/help/webmasters.htm#07)"
49.7.20.156 - - [23/Jun/2020:01:13:40 +0800] "GET /?date=2000-2-12&t=day HTTP/1.1" 301 20 "-" "Sogou web spider/4.0(+http://www.sogou.com/docs/help/webmasters.htm#07)"
49.7.20.150 - - [23/Jun/2020:01:13:44 +0800] "GET /?date=2000-2-12&t=day HTTP/1.1" 200 31323 "-" "Sogou web spider/4.0(+http://www.sogou.com/docs/help/webmasters.htm#07)"
123.183.224.135 - - [23/Jun/2020:01:13:55 +0800] "GET /?date=1921-11-19&t=mini&paged=4 HTTP/1.1" 404 30143 "-" "Sogou web spider/4.0(+http://www.sogou.com/docs/help/webmasters.htm#07)"
216.244.66.248 - - [23/Jun/2020:01:14:07 +0800] "GET /?date=2000-7-9&t=day HTTP/1.1" 200 98259 "-" "Mozilla/5.0 (compatible; DotBot/1.1; http://www.opensiteexplorer.org/dotbot, help@moz.com)"
123.183.224.137 - - [23/Jun/2020:01:14:14 +0800] "GET /?date=1989-11-14&t=day HTTP/1.1" 200 31323 "-" "Sogou web spider/4.0(+http://www.sogou.com/docs/help/webmasters.htm#07)"
49.7.20.159 - - [23/Jun/2020:01:14:26 +0800] "GET /?date=2023-5-14&t=list&paged=2 HTTP/1.1" 301 20 "-" "Sogou web spider/4.0(+http://www.sogou.com/docs/help/webmasters.htm#07)"
123.183.224.139 - - [23/Jun/2020:01:14:28 +0800] "GET /?date=2016-9-27&t=list&paged=2 HTTP/1.1" 404 30143 "-" "Sogou web spider/4.0(+http://www.sogou.com/docs/help/webmasters.htm#07)"
54.36.149.0 - - [23/Jun/2020:01:14:41 +0800] "GET /?date=2014-6-29&t=week&paged=7 HTTP/1.1" 301 20 "-" "Mozilla/5.0 (compatible; AhrefsBot/6.1; +http://ahrefs.com/robot/)"
123.183.224.136 - - [23/Jun/2020:01:14:43 +0800] "GET /?date=1936-11-10&t=list&paged=2 HTTP/1.1" 301 20 "-" "Sogou web spider/4.0(+http://www.sogou.com/docs/help/webmasters.htm#07)"
49.7.20.156 - - [23/Jun/2020:01:14:44 +0800] "GET /?date=2037-12-21&t=list&paged=2 HTTP/1.1" 404 30143 "-" "Sogou web spider/4.0(+http://www.sogou.com/docs/help/webmasters.htm#07)"
216.244.66.248 - - [23/Jun/2020:01:14:41 +0800] "GET /?date=2000-9-7&t=day HTTP/1.1" 200 98259 "-" "Mozilla/5.0 (compatible; DotBot/1.1; http://www.opensiteexplorer.org/dotbot, help@moz.com)"
49.7.20.153 - - [23/Jun/2020:01:14:47 +0800] "GET /?date=1954-11-28&t=list&paged=4 HTTP/1.1" 301 20 "-" "Sogou web spider/4.0(+http://www.sogou.com/docs/help/webmasters.htm#07)"
49.7.20.150 - - [23/Jun/2020:01:14:48 +0800] "GET /?date=1954-11-28&t=list&paged=4 HTTP/1.1" 404 30143 "-" "Sogou web spider/4.0(+http://www.sogou.com/docs/help/webmasters.htm#07)"
123.183.224.135 - - [23/Jun/2020:01:15:00 +0800] "GET /?date=1939-6-11&t=week&paged=4 HTTP/1.1" 301 20 "-" "Sogou web spider/4.0(+http://www.sogou.com/docs/help/webmasters.htm#07)"
216.244.66.248 - - [23/Jun/2020:01:15:20 +0800] "GET /?date=2004-1&t=list HTTP/1.1" 200 98259 "-" "Mozilla/5.0 (compatible; DotBot/1.1; http://www.opensiteexplorer.org/dotbot, help@moz.com)"
49.7.20.159 - - [23/Jun/2020:01:15:30 +0800] "GET /?date=2023-5-14&t=list&paged=2 HTTP/1.1" 404 30143 "-" "Sogou web spider/4.0(+http://www.sogou.com/docs/help/webmasters.htm#07)"
123.183.224.137 - - [23/Jun/2020:01:15:31 +0800] "GET /?date=2005-1-20&t=mini&paged=5 HTTP/1.1" 301 20 "-" "Sogou web spider/4.0(+http://www.sogou.com/docs/help/webmasters.htm#07)"
123.183.224.139 - - [23/Jun/2020:01:15:45 +0800] "GET /?date=1963-7-25&t=list&paged=2 HTTP/1.1" 301 20 "-" "Sogou web spider/4.0(+http://www.sogou.com/docs/help/webmasters.htm#07)"
123.183.224.136 - - [23/Jun/2020:01:15:47 +0800] "GET /?date=1942-11-12&t=list&paged=6 HTTP/1.1" 404 30143 "-" "Sogou web spider/4.0(+http://www.sogou.com/docs/help/webmasters.htm#07)"
49.7.20.156 - - [23/Jun/2020:01:15:54 +0800] "GET /?date=1903-9-13&t=day HTTP/1.1" 301 20 "-" "Sogou web spider/4.0(+http://www.sogou.com/docs/help/webmasters.htm#07)"
216.244.66.248 - - [23/Jun/2020:01:15:59 +0800] "GET /?date=2009-8&t=list HTTP/1.1" 200 98259 "-" "Mozilla/5.0 (compatible; DotBot/1.1; http://www.opensiteexplorer.org/dotbot, help@moz.com)"
49.7.20.153 - - [23/Jun/2020:01:16:00 +0800] "GET /?date=1978-8-17&t=list&paged=5 HTTP/1.1" 301 20 "-" "Sogou web spider/4.0(+http://www.sogou.com/docs/help/webmasters.htm#07)"
49.7.20.150 - - [23/Jun/2020:01:16:02 +0800] "GET /?date=1978-8-17&t=list&paged=5 HTTP/1.1" 404 30143 "-" "Sogou web spider/4.0(+http://www.sogou.com/docs/help/webmasters.htm#07)"
123.183.224.135 - - [23/Jun/2020:01:16:04 +0800] "GET /?date=1932-8-17&t=mini&paged=2 HTTP/1.1" 404 30143 "-" "Sogou web spider/4.0(+http://www.sogou.com/docs/help/webmasters.htm#07)"
192.0.102.40 - - [23/Jun/2020:01:16:27 +0800] "HEAD / HTTP/1.1" 200 - "-" "jetmon/1.0 (Jetpack Site Uptime Monitor by WordPress.com)"
123.183.224.137 - - [23/Jun/2020:01:16:35 +0800] "GET /?date=1982-9-26&t=week&paged=3 HTTP/1.1" 404 30143 "-" "Sogou web spider/4.0(+http://www.sogou.com/docs/help/webmasters.htm#07)"
216.244.66.248 - - [23/Jun/2020:01:16:30 +0800] "GET /?date=2010-4-1&t=day HTTP/1.1" 200 98259 "-" "Mozilla/5.0 (compatible; DotBot/1.1; http://www.opensiteexplorer.org/dotbot, help@moz.com)"
49.7.20.159 - - [23/Jun/2020:01:16:38 +0800] "GET /?date=2024-5-9&t=day&paged=2 HTTP/1.1" 301 20 "-" "Sogou web spider/4.0(+http://www.sogou.com/docs/help/webmasters.htm#07)"
123.183.224.139 - - [23/Jun/2020:01:16:49 +0800] "GET /?date=1956-5-14&t=mini&paged=2 HTTP/1.1" 404 30143 "-" "Sogou web spider/4.0(+http://www.sogou.com/docs/help/webmasters.htm#07)"
49.7.20.156 - - [23/Jun/2020:01:16:58 +0800] "GET /?date=1965-8-1&t=full&paged=3 HTTP/1.1" 404 30143 "-" "Sogou web spider/4.0(+http://www.sogou.com/docs/help/webmasters.htm#07)"
49.7.20.153 - - [23/Jun/2020:01:17:04 +0800] "GET /?option=com_phocaguestbook&view=phocaguestbook&id=1&Itemid=39&limitstart=127840&paged=2 HTTP/1.1" 301 20 "-" "Sogou web spider/4.0(+http://www.sogou.com/docs/help/webmasters.htm#07)"
123.183.224.135 - - [23/Jun/2020:01:17:09 +0800] "GET /?date=1944-12-15&t=22220&paged=3 HTTP/1.1" 301 20 "-" "Sogou web spider/4.0(+http://www.sogou.com/docs/help/webmasters.htm#07)"
216.244.66.248 - - [23/Jun/2020:01:17:12 +0800] "GET /?date=2010-5-3&t=day HTTP/1.1" 200 98259 "-" "Mozilla/5.0 (compatible; DotBot/1.1; http://www.opensiteexplorer.org/dotbot, help@moz.com)"
123.183.224.136 - - [23/Jun/2020:01:17:14 +0800] "GET /?date=2004-12-30&t=mini&paged=4 HTTP/1.1" 301 20 "-" "Sogou web spider/4.0(+http://www.sogou.com/docs/help/webmasters.htm#07)"
49.7.20.150 - - [23/Jun/2020:01:17:42 +0800] "GET /?date=2024-5-9&t=day&paged=2 HTTP/1.1" 404 30143 "-" "Sogou web spider/4.0(+http://www.sogou.com/docs/help/webmasters.htm#07)"
216.244.66.248 - - [23/Jun/2020:01:17:42 +0800] "GET /?date=2014-10&t=mini HTTP/1.1" 200 98259 "-" "Mozilla/5.0 (compatible; DotBot/1.1; http://www.opensiteexplorer.org/dotbot, help@moz.com)"
54.36.148.231 - - [23/Jun/2020:01:17:44 +0800] "GET /?date=2004-2&t=mini&paged=3 HTTP/1.1" 301 20 "-" "Mozilla/5.0 (compatible; AhrefsBot/6.1; +http://ahrefs.com/robot/)"
123.183.224.137 - - [23/Jun/2020:01:17:44 +0800] "GET /?date=1955-12-24&t=day&paged=2 HTTP/1.1" 301 20 "-" "Sogou web spider/4.0(+http://www.sogou.com/docs/help/webmasters.htm#07)"
