54.36.148.54 - - [23/Jun/2020:01:17:44 +0800] "GET /?date=1990-6-6&t=day&paged=4 HTTP/1.1" 301 20 "-" "Mozilla/5.0 (compatible; AhrefsBot/6.1; +http://ahrefs.com/robot/)"
54.36.148.108 - - [23/Jun/2020:01:17:49 +0800] "GET /?date=2006-5-15&t=day&paged=8 HTTP/1.1" 301 20 "-" "Mozilla/5.0 (compatible; AhrefsBot/6.1; +http://ahrefs.com/robot/)"
123.183.224.139 - - [23/Jun/2020:01:17:58 +0800] "GET /?date=1905-4-29&t=list&paged=2 HTTP/1.1" 301 20 "-" "Sogou web spider/4.0(+http://www.sogou.com/docs/help/webmasters.htm#07)"
49.7.20.156 - - [23/Jun/2020:01:18:02 +0800] "GET /?date=1916-4-9&t=day&paged=4 HTTP/1.1" 301 20 "-" "Sogou web spider/4.0(+http://www.sogou.com/docs/help/webmasters.htm#07)"
49.7.20.153 - - [23/Jun/2020:01:18:08 +0800] "GET /?date=1903-6-28&t=day&paged=2 HTTP/1.1" 301 20 "-" "Sogou web spider/4.0(+http://www.sogou.com/docs/help/webmasters.htm#07)"
49.7.20.159 - - [23/Jun/2020:01:18:08 +0800] "GET /?option=com_phocaguestbook&view=phocaguestbook&id=1&Itemid=39&limitstart=127840&paged=2 HTTP/1.1" 404 30143 "-" "Sogou web spider/4.0(+http://www.sogou.com/docs/help/webmasters.htm#07)"
123.183.224.135 - - [23/Jun/2020:01:18:13 +0800] "GET /?date=1939-6-11&t=week&paged=4 HTTP/1.1" 404 30143 "-" "Sogou web spider/4.0(+http://www.sogou.com/docs/help/webmasters.htm#07)"
216.244.66.248 - - [23/Jun/2020:01:18:12 +0800] "GET /?date=2014-9-5&t=day HTTP/1.1" 200 98259 "-" "Mozilla/5.0 (compatible; DotBot/1.1; http://www.opensiteexplorer.org/dotbot, help@moz.com)"
123.183.224.136 - - [23/Jun/2020:01:18:18 +0800] "GET /?date=1936-11-10&t=list&paged=2 HTTP/1.1" 404 30143 "-" "Sogou web spider/4.0(+http://www.sogou.com/docs/help/webmasters.htm#07)"
54.36.148.196 - - [23/Jun/2020:01:18:38 +0800] "GET /?date=2018-5-3&t=day&paged=2 HTTP/1.1" 301 20 "-" "Mozilla/5.0 (compatible; AhrefsBot/6.1; +http://ahrefs.com/robot/)"
123.183.224.137 - - [23/Jun/2020:01:18:48 +0800] "GET /?date=2005-1-20&t=mini&paged=5 HTTP/1.1" 404 30143 "-" "Sogou web spider/4.0(+http://www.sogou.com/docs/help/webmasters.htm#07)"
216.244.66.248 - - [23/Jun/2020:01:18:51 +0800] "GET /?date=2015-5-2&t=day HTTP/1.1" 200 98259 "-" "Mozilla/5.0 (compatible; DotBot/1.1; http://www.opensiteexplorer.org/dotbot, help@moz.com)"
123.183.224.139 - - [23/Jun/2020:01:19:06 +0800] "GET /?date=1963-7-25&t=list&paged=2 HTTP/1.1" 404 30143 "-" "Sogou web spider/4.0(+http://www.sogou.com/docs/help/webmasters.htm#07)"
49.7.20.156 - - [23/Jun/2020:01:19:09 +0800] "GET /?date=1903-9-13&t=day HTTP/1.1" 200 31323 "-" "Sogou web spider/4.0(+http://www.sogou.com/docs/help/webmasters.htm#07)"
49.7.20.150 - - [23/Jun/2020:01:19:15 +0800] "GET /?date=1903-6-28&t=day&paged=2 HTTP/1.1" 404 30143 "-" "Sogou web spider/4.0(+http://www.sogou.com/docs/help/webmasters.htm#07)"
49.7.20.153 - - [23/Jun/2020:01:19:15 +0800] "GET /?date=1985-1-28&t=mini&paged=2 HTTP/1.1" 301 20 "-" "Sogou web spider/4.0(+http://www.sogou.com/docs/help/webmasters.htm#07)"
123.183.224.135 - - [23/Jun/2020:01:19:21 +0800] "GET /?date=2032-9-11&t=list&paged=7 HTTP/1.1" 301 20 "-" "Sogou web spider/4.0(+http://www.sogou.com/docs/help/webmasters.htm#07)"
49.7.20.159 - - [23/Jun/2020:01:19:22 +0800] "GET /?date=1947-7-4&t=list&paged=2 HTTP/1.1" 301 20 "-" "Sogou web spider/4.0(+http://www.sogou.com/docs/help/webmasters.htm#07)"
216.244.66.248 - - [23/Jun/2020:01:19:22 +0800] "GET /?date=2018-1-9&t=day HTTP/1.1" 200 98259 "-" "Mozilla/5.0 (compatible; DotBot/1.1; http://www.opensiteexplorer.org/dotbot, help@moz.com)"
123.183.224.136 - - [23/Jun/2020:01:19:34 +0800] "GET /?date=1952-1-11&t=list&paged=8 HTTP/1.1" 301 20 "-" "Sogou web spider/4.0(+http://www.sogou.com/docs/help/webmasters.htm#07)"
216.244.66.248 - - [23/Jun/2020:01:20:01 +0800] "GET /?date=2018-8-5&t=day HTTP/1.1" 200 98259 "-" "Mozilla/5.0 (compatible; DotBot/1.1; http://www.opensiteexplorer.org/dotbot, help@moz.com)"
123.183.224.137 - - [23/Jun/2020:01:20:02 +0800] "GET /?date=1920-12-1&t=mini&paged=3 HTTP/1.1" 301 20 "-" "Sogou web spider/4.0(+http://www.sogou.com/docs/help/webmasters.htm#07)"
49.7.20.153 - - [23/Jun/2020:01:20:19 +0800] "GET /?date=1912-9-18&t=mini HTTP/1.1" 301 20 "-" "Sogou web spider/4.0(+http://www.sogou.com/docs/help/webmasters.htm#07)"
49.7.20.156 - - [23/Jun/2020:01:20:20 +0800] "GET /?date=1902-2-15&t=day&paged=2 HTTP/1.1" 301 20 "-" "Sogou web spider/4.0(+http://www.sogou.com/docs/help/webmasters.htm#07)"
49.7.20.150 - - [23/Jun/2020:01:20:24 +0800] "GET /?date=1912-9-18&t=mini HTTP/1.1" 200 31323 "-" "Sogou web spider/4.0(+http://www.sogou.com/docs/help/webmasters.htm#07)"
123.183.224.139 - - [23/Jun/2020:01:20:25 +0800] "GET /?date=2033-4-18&t=mini&paged=2 HTTP/1.1" 301 20 "-" "Sogou web spider/4.0(+http://www.sogou.com/docs/help/webmasters.htm#07)"
123.183.224.135 - - [23/Jun/2020:01:20:25 +0800] "GET /?date=1944-12-15&t=22220&paged=3 HTTP/1.1" 404 30143 "-" "Sogou web spider/4.0(+http://www.sogou.com/docs/help/webmasters.htm#07)"
49.7.20.159 - - [23/Jun/2020:01:20:29 +0800] "GET /?date=1985-1-28&t=mini&paged=2 HTTP/1.1" 404 30143 "-" "Sogou web spider/4.0(+http://www.sogou.com/docs/help/webmasters.htm#07)"
216.244.66.248 - - [23/Jun/2020:01:20:31 +0800] "GET /?date=2019-3-4&t=day HTTP/1.1" 200 98259 "-" "Mozilla/5.0 (compatible; DotBot/1.1; http://www.opensiteexplorer.org/dotbot, help@moz.com)"
123.183.224.136 - - [23/Jun/2020:01:20:41 +0800] "GET /?date=2004-12-30&t=mini&paged=4 HTTP/1.1" 404 30143 "-" "Sogou web spider/4.0(+http://www.sogou.com/docs/help/webmasters.htm#07)"
216.244.66.248 - - [23/Jun/2020:01:21:01 +0800] "GET /?date=2021-4-3&t=day HTTP/1.1" 200 98259 "-" "Mozilla/5.0 (compatible; DotBot/1.1; http://www.opensiteexplorer.org/dotbot, help@moz.com)"
123.183.224.137 - - [23/Jun/2020:01:21:06 +0800] "GET /?date=1955-12-24&t=day&paged=2 HTTP/1.1" 404 30143 "-" "Sogou web spider/4.0(+http://www.sogou.com/docs/help/webmasters.htm#07)"
54.36.148.30 - - [23/Jun/2020:01:21:16 +0800] "GET /index.php?option=com_joomdoc&task=doc_details&gid=337&Itemid=46 HTTP/1.1" 301 20 "-" "Mozilla/5.0 (compatible; AhrefsBot/6.1; +http://ahrefs.com/robot/)"
49.7.20.153 - - [23/Jun/2020:01:21:23 +0800] "GET /?date=1928-11-3&t=list HTTP/1.1" 301 20 "-" "Sogou web spider/4.0(+http://www.sogou.com/docs/help/webmasters.htm#07)"
49.7.20.156 - - [23/Jun/2020:01:21:24 +0800] "GET /?date=1916-4-9&t=day&paged=4 HTTP/1.1" 404 30143 "-" "Sogou web spider/4.0(+http://www.sogou.com/docs/help/webmasters.htm#07)"
216.244.66.248 - - [23/Jun/2020:01:21:29 +0800] "GET /?date=2022-2-6&t=day HTTP/1.1" 200 98259 "-" "Mozilla/5.0 (compatible; DotBot/1.1; http://www.opensiteexplorer.org/dotbot, help@moz.com)"
49.7.20.159 - - [23/Jun/2020:01:21:34 +0800] "GET /?date=1924-3-8&t=list&paged=5 HTTP/1.1" 301 20 "-" "Sogou web spider/4.0(+http://www.sogou.com/docs/help/webmasters.htm#07)"
220.181.108.90 - - [23/Jun/2020:01:21:35 +0800] "GET /index.php?rest_route=%2Foembed%2F1.0%2Fembed&url=http%3A%2F%2Fwww.tmcc.org.hk%2F%3Fp%3D509 HTTP/1.1" 404 89 "-" "Mozilla/5.0 (compatible; Baiduspider/2.0; +http://www.baidu.com/search/spider.html)"
54.36.149.61 - - [23/Jun/2020:01:21:35 +0800] "GET /index.php?option=com_phocagallery&view=detail&catid=16:sing&id=1112:25th_011&tmpl=component&phocadownload=1&Itemid=59 HTTP/1.1" 301 20 "-" "Mozilla/5.0 (compatible; AhrefsBot/6.1; +http://ahrefs.com/robot/)"
123.183.224.139 - - [23/Jun/2020:01:21:36 +0800] "GET /?date=1905-4-29&t=list&paged=2 HTTP/1.1" 404 30143 "-" "Sogou web spider/4.0(+http://www.sogou.com/docs/help/webmasters.htm#07)"
123.183.224.135 - - [23/Jun/2020:01:21:45 +0800] "GET /?date=1949-10-15&t=day&paged=2 HTTP/1.1" 301 20 "-" "Sogou web spider/4.0(+http://www.sogou.com/docs/help/webmasters.htm#07)"
123.183.224.136 - - [23/Jun/2020:01:22:07 +0800] "GET /?date=2030-8-16&t=list&paged=5 HTTP/1.1" 301 20 "-" "Sogou web spider/4.0(+http://www.sogou.com/docs/help/webmasters.htm#07)"
216.244.66.248 - - [23/Jun/2020:01:22:00 +0800] "GET /?date=2023-5-6&t=day HTTP/1.1" 200 98259 "-" "Mozilla/5.0 (compatible; DotBot/1.1; http://www.opensiteexplorer.org/dotbot, help@moz.com)"
123.183.224.137 - - [23/Jun/2020:01:22:14 +0800] "GET /?date=1979-2-17&t=list&paged=6 HTTP/1.1" 301 20 "-" "Sogou web spider/4.0(+http://www.sogou.com/docs/help/webmasters.htm#07)"
54.36.149.14 - - [23/Jun/2020:01:22:22 +0800] "GET /?date=1997-10-5&t=week&paged=3 HTTP/1.1" 301 20 "-" "Mozilla/5.0 (compatible; AhrefsBot/6.1; +http://ahrefs.com/robot/)"
49.7.20.153 - - [23/Jun/2020:01:22:27 +0800] "GET /?date=1983-9-4&t=list&paged=2 HTTP/1.1" 301 20 "-" "Sogou web spider/4.0(+http://www.sogou.com/docs/help/webmasters.htm#07)"
49.7.20.150 - - [23/Jun/2020:01:22:27 +0800] "GET /?date=1928-11-3&t=list HTTP/1.1" 200 31323 "-" "Sogou web spider/4.0(+http://www.sogou.com/docs/help/webmasters.htm#07)"
49.7.20.159 - - [23/Jun/2020:01:22:38 +0800] "GET /?date=1947-7-4&t=list&paged=2 HTTP/1.1" 404 30143 "-" "Sogou web spider/4.0(+http://www.sogou.com/docs/help/webmasters.htm#07)"
216.244.66.248 - - [23/Jun/2020:01:22:42 +0800] "GET /?date=2024-1&t=list HTTP/1.1" 200 98259 "-" "Mozilla/5.0 (compatible; DotBot/1.1; http://www.opensiteexplorer.org/dotbot, help@moz.com)"
123.183.224.139 - - [23/Jun/2020:01:22:44 +0800] "GET /?date=1925-5-17&t=mini&paged=3 HTTP/1.1" 301 20 "-" "Sogou web spider/4.0(+http://www.sogou.com/docs/help/webmasters.htm#07)"
54.36.149.57 - - [23/Jun/2020:01:22:46 +0800] "GET /index.php?option=com_content&view=frontpage&limitstart=5 HTTP/1.1" 301 20 "-" "Mozilla/5.0 (compatible; AhrefsBot/6.1; +http://ahrefs.com/robot/)"
49.7.20.156 - - [23/Jun/2020:01:22:47 +0800] "GET /?date=1927-2-15&t=22220 HTTP/1.1" 301 20 "-" "Sogou web spider/4.0(+http://www.sogou.com/docs/help/webmasters.htm#07)"
123.183.224.135 - - [23/Jun/2020:01:22:52 +0800] "GET /?date=2032-9-11&t=list&paged=7 HTTP/1.1" 404 30143 "-" "Sogou web spider/4.0(+http://www.sogou.com/docs/help/webmasters.htm#07)"
54.36.148.90 - - [23/Jun/2020:01:23:11 +0800] "GET /?date=2018-9-13&t=day&paged=8 HTTP/1.1" 301 20 "-" "Mozilla/5.0 (compatible; AhrefsBot/6.1; +http://ahrefs.com/robot/)"
123.183.224.136 - - [23/Jun/2020:01:23:11 +0800] "GET /?date=1952-1-11&t=list&paged=8 HTTP/1.1" 404 30143 "-" "Sogou web spider/4.0(+http://www.sogou.com/docs/help/webmasters.htm#07)"
216.244.66.248 - - [23/Jun/2020:01:23:13 +0800] "GET /?date=2026-6-7&t=day HTTP/1.1" 200 98259 "-" "Mozilla/5.0 (compatible; DotBot/1.1; http://www.opensiteexplorer.org/dotbot, help@moz.com)"
54.36.148.104 - - [23/Jun/2020:01:23:16 +0800] "GET /?date=2012-4-1&t=week&paged=6 HTTP/1.1" 301 20 "-" "Mozilla/5.0 (compatible; AhrefsBot/6.1; +http://ahrefs.com/robot/)"
123.183.224.137 - - [23/Jun/2020:01:23:18 +0800] "GET /?date=1920-12-1&t=mini&paged=3 HTTP/1.1" 404 30143 "-" "Sogou web spider/4.0(+http://www.sogou.com/docs/help/webmasters.htm#07)"
49.7.20.153 - - [23/Jun/2020:01:23:34 +0800] "GET /?date=1948-8-28&t=list&paged=2 HTTP/1.1" 301 20 "-" "Sogou web spider/4.0(+http://www.sogou.com/docs/help/webmasters.htm#07)"
192.0.102.40 - - [23/Jun/2020:01:23:42 +0800] "HEAD / HTTP/1.1" 200 - "-" "jetmon/1.0 (Jetpack Site Uptime Monitor by WordPress.com)"
216.244.66.248 - - [23/Jun/2020:01:23:43 +0800] "GET /?date=2027-10&t=list HTTP/1.1" 200 98259 "-" "Mozilla/5.0 (compatible; DotBot/1.1; http://www.opensiteexplorer.org/dotbot, help@moz.com)"
123.183.224.139 - - [23/Jun/2020:01:23:48 +0800] "GET /?date=2033-4-18&t=mini&paged=2 HTTP/1.1" 404 30143 "-" "Sogou web spider/4.0(+http://www.sogou.com/docs/help/webmasters.htm#07)"
49.7.20.159 - - [23/Jun/2020:01:23:49 +0800] "GET /?date=1902-2-9&t=mini&paged=2 HTTP/1.1" 301 20 "-" "Sogou web spider/4.0(+http://www.sogou.com/docs/help/webmasters.htm#07)"
49.7.20.156 - - [23/Jun/2020:01:23:51 +0800] "GET /?date=1902-2-15&t=day&paged=2 HTTP/1.1" 404 30143 "-" "Sogou web spider/4.0(+http://www.sogou.com/docs/help/webmasters.htm#07)"
123.183.224.135 - - [23/Jun/2020:01:24:06 +0800] "GET /?date=2031-9-20&t=day&paged=2 HTTP/1.1" 301 20 "-" "Sogou web spider/4.0(+http://www.sogou.com/docs/help/webmasters.htm#07)"
54.36.148.11 - - [23/Jun/2020:01:24:10 +0800] "GET /?date=1998-4-21&t=day&paged=8 HTTP/1.1" 301 20 "-" "Mozilla/5.0 (compatible; AhrefsBot/6.1; +http://ahrefs.com/robot/)"
216.244.66.248 - - [23/Jun/2020:01:24:12 +0800] "GET /?date=2029-8-5&t=day HTTP/1.1" 200 98259 "-" "Mozilla/5.0 (compatible; DotBot/1.1; http://www.opensiteexplorer.org/dotbot, help@moz.com)"
123.183.224.137 - - [23/Jun/2020:01:24:27 +0800] "GET /?date=1999-8-14&t=mini&paged=2 HTTP/1.1" 301 20 "-" "Sogou web spider/4.0(+http://www.sogou.com/docs/help/webmasters.htm#07)"
54.36.148.231 - - [23/Jun/2020:01:24:36 +0800] "GET /?date=2016-6-17&t=day&paged=7 HTTP/1.1" 301 20 "-" "Mozilla/5.0 (compatible; AhrefsBot/6.1; +http://ahrefs.com/robot/)"
216.244.66.248 - - [23/Jun/2020:01:24:39 +0800] "GET /?date=2030-1-6&t=day HTTP/1.1" 200 98259 "-" "Mozilla/5.0 (compatible; DotBot/1.1; http://www.opensiteexplorer.org/dotbot, help@moz.com)"
49.7.20.153 - - [23/Jun/2020:01:24:42 +0800] "GET /?date=1943-3&t=22220 HTTP/1.1" 301 20 "-" "Sogou web spider/4.0(+http://www.sogou.com/docs/help/webmasters.htm#07)"
123.183.224.136 - - [23/Jun/2020:01:24:42 +0800] "GET /?date=1937-10-9&t=mini&paged=5 HTTP/1.1" 301 20 "-" "Sogou web spider/4.0(+http://www.sogou.com/docs/help/webmasters.htm#07)"
49.7.20.150 - - [23/Jun/2020:01:24:43 +0800] "GET /?date=1943-3&t=22220 HTTP/1.1" 200 31323 "-" "Sogou web spider/4.0(+http://www.sogou.com/docs/help/webmasters.htm#07)"
54.36.148.86 - - [23/Jun/2020:01:24:47 +0800] "GET /?date=2017-1-3&t=day&paged=3 HTTP/1.1" 301 20 "-" "Mozilla/5.0 (compatible; AhrefsBot/6.1; +http://ahrefs.com/robot/)"
123.183.224.139 - - [23/Jun/2020:01:24:56 +0800] "GET /?date=1957-11-15&t=22220&paged=3 HTTP/1.1" 301 20 "-" "Sogou web spider/4.0(+http://www.sogou.com/docs/help/webmasters.htm#07)"
49.7.20.156 - - [23/Jun/2020:01:24:59 +0800] "GET /?date=1968-7-26&t=list&paged=5 HTTP/1.1" 301 20 "-" "Sogou web spider/4.0(+http://www.sogou.com/docs/help/webmasters.htm#07)"
216.244.66.248 - - [23/Jun/2020:01:25:07 +0800] "GET /?date=1996-1-7&t=week&paged=3 HTTP/1.1" 301 - "-" "Mozilla/5.0 (compatible; DotBot/1.1; http://www.opensiteexplorer.org/dotbot, help@moz.com)"
123.183.224.135 - - [23/Jun/2020:01:25:10 +0800] "GET /?date=1949-10-15&t=day&paged=2 HTTP/1.1" 404 30143 "-" "Sogou web spider/4.0(+http://www.sogou.com/docs/help/webmasters.htm#07)"
123.183.224.137 - - [23/Jun/2020:01:25:31 +0800] "GET /?date=1979-2-17&t=list&paged=6 HTTP/1.1" 404 30143 "-" "Sogou web spider/4.0(+http://www.sogou.com/docs/help/webmasters.htm#07)"
216.244.66.248 - - [23/Jun/2020:01:25:32 +0800] "GET /?date=1998-7-4&t=list&paged=2 HTTP/1.1" 301 - "-" "Mozilla/5.0 (compatible; DotBot/1.1; http://www.opensiteexplorer.org/dotbot, help@moz.com)"
123.183.224.136 - - [23/Jun/2020:01:25:50 +0800] "GET /?date=2030-8-16&t=list&paged=5 HTTP/1.1" 404 30143 "-" "Sogou web spider/4.0(+http://www.sogou.com/docs/help/webmasters.htm#07)"
49.7.20.159 - - [23/Jun/2020:01:25:51 +0800] "GET /?date=1902-2-9&t=mini&paged=2 HTTP/1.1" 404 30143 "-" "Sogou web spider/4.0(+http://www.sogou.com/docs/help/webmasters.htm#07)"
216.244.66.248 - - [23/Jun/2020:01:25:56 +0800] "GET /?date=2012-4-5&t=day HTTP/1.1" 301 - "-" "Mozilla/5.0 (compatible; DotBot/1.1; http://www.opensiteexplorer.org/dotbot, help@moz.com)"
123.183.224.139 - - [23/Jun/2020:01:26:04 +0800] "GET /?date=1925-5-17&t=mini&paged=3 HTTP/1.1" 404 30143 "-" "Sogou web spider/4.0(+http://www.sogou.com/docs/help/webmasters.htm#07)"
49.7.20.153 - - [23/Jun/2020:01:26:13 +0800] "GET /?date=1948-8-28&t=list&paged=2 HTTP/1.1" 404 30143 "-" "Sogou web spider/4.0(+http://www.sogou.com/docs/help/webmasters.htm#07)"
123.183.224.135 - - [23/Jun/2020:01:26:15 +0800] "GET /?date=2029-8-23&t=mini&paged=2 HTTP/1.1" 301 20 "-" "Sogou web spider/4.0(+http://www.sogou.com/docs/help/webmasters.htm#07)"
54.36.148.65 - - [23/Jun/2020:01:26:17 +0800] "GET /?date=1995-2-5&t=week&paged=6 HTTP/1.1" 301 20 "-" "Mozilla/5.0 (compatible; AhrefsBot/6.1; +http://ahrefs.com/robot/)"
216.244.66.248 - - [23/Jun/2020:01:26:19 +0800] "GET /?date=2022-6-24&t=mini HTTP/1.1" 301 - "-" "Mozilla/5.0 (compatible; DotBot/1.1; http://www.opensiteexplorer.org/dotbot, help@moz.com)"
49.7.20.150 - - [23/Jun/2020:01:26:35 +0800] "GET /?date=1924-3-8&t=list&paged=5 HTTP/1.1" 404 30143 "-" "Sogou web spider/4.0(+http://www.sogou.com/docs/help/webmasters.htm#07)"
49.7.20.156 - - [23/Jun/2020:01:26:36 +0800] "GET /?date=1927-2-15&t=22220 HTTP/1.1" 200 31323 "-" "Sogou web spider/4.0(+http://www.sogou.com/docs/help/webmasters.htm#07)"
216.244.66.248 - - [23/Jun/2020:01:26:41 +0800] "GET /?date=2024-4&t=list&paged=4 HTTP/1.1" 301 - "-" "Mozilla/5.0 (compatible; DotBot/1.1; http://www.opensiteexplorer.org/dotbot, help@moz.com)"
123.183.224.137 - - [23/Jun/2020:01:26:46 +0800] "GET /?date=2005-11-23&t=mini&paged=10 HTTP/1.1" 301 20 "-" "Sogou web spider/4.0(+http://www.sogou.com/docs/help/webmasters.htm#07)"
54.36.149.84 - - [23/Jun/2020:01:26:59 +0800] "GET /?date=2002-8-2&t=day&paged=7 HTTP/1.1" 301 20 "-" "Mozilla/5.0 (compatible; AhrefsBot/6.1; +http://ahrefs.com/robot/)"
49.7.20.159 - - [23/Jun/2020:01:26:59 +0800] "GET /?date=1978-9-4&t=day&paged=4 HTTP/1.1" 301 20 "-" "Sogou web spider/4.0(+http://www.sogou.com/docs/help/webmasters.htm#07)"
123.183.224.136 - - [23/Jun/2020:01:27:06 +0800] "GET /?date=1969-9-2&t=mini&paged=2 HTTP/1.1" 301 20 "-" "Sogou web spider/4.0(+http://www.sogou.com/docs/help/webmasters.htm#07)"
123.183.224.139 - - [23/Jun/2020:01:27:13 +0800] "GET /?date=1994-9-17&t=mini&paged=5 HTTP/1.1" 301 20 "-" "Sogou web spider/4.0(+http://www.sogou.com/docs/help/webmasters.htm#07)"
123.183.224.135 - - [23/Jun/2020:01:27:19 +0800] "GET /?date=2031-9-20&t=day&paged=2 HTTP/1.1" 404 30143 "-" "Sogou web spider/4.0(+http://www.sogou.com/docs/help/webmasters.htm#07)"
49.7.20.153 - - [23/Jun/2020:01:27:22 +0800] "GET /?date=2024-2-11&t=mini&paged=2 HTTP/1.1" 301 20 "-" "Sogou web spider/4.0(+http://www.sogou.com/docs/help/webmasters.htm#07)"
49.7.20.156 - - [23/Jun/2020:01:27:50 +0800] "GET /?date=1911-3-29&t=day&paged=2 HTTP/1.1" 301 20 "-" "Sogou web spider/4.0(+http://www.sogou.com/docs/help/webmasters.htm#07)"
123.183.224.137 - - [23/Jun/2020:01:27:54 +0800] "GET /?date=1999-8-14&t=mini&paged=2 HTTP/1.1" 404 30143 "-" "Sogou web spider/4.0(+http://www.sogou.com/docs/help/webmasters.htm#07)"
49.7.20.159 - - [23/Jun/2020:01:28:03 +0800] "GET /?date=1983-9-4&t=list&paged=2 HTTP/1.1" 404 30143 "-" "Sogou web spider/4.0(+http://www.sogou.com/docs/help/webmasters.htm#07)"
49.7.20.150 - - [23/Jun/2020:01:28:03 +0800] "GET /?date=1978-9-4&t=day&paged=4 HTTP/1.1" 404 30143 "-" "Sogou web spider/4.0(+http://www.sogou.com/docs/help/webmasters.htm#07)"
123.183.224.136 - - [23/Jun/2020:01:28:10 +0800] "GET /?date=1937-10-9&t=mini&paged=5 HTTP/1.1" 404 30143 "-" "Sogou web spider/4.0(+http://www.sogou.com/docs/help/webmasters.htm#07)"
123.183.224.139 - - [23/Jun/2020:01:28:21 +0800] "GET /?date=1957-11-15&t=22220&paged=3 HTTP/1.1" 404 30143 "-" "Sogou web spider/4.0(+http://www.sogou.com/docs/help/webmasters.htm#07)"
123.183.224.135 - - [23/Jun/2020:01:28:24 +0800] "GET /?date=1984-3-1&t=22220&paged=3 HTTP/1.1" 301 20 "-" "Sogou web spider/4.0(+http://www.sogou.com/docs/help/webmasters.htm#07)"
49.7.20.153 - - [23/Jun/2020:01:28:27 +0800] "GET /?date=1989-10-22&t=list&paged=2 HTTP/1.1" 301 20 "-" "Sogou web spider/4.0(+http://www.sogou.com/docs/help/webmasters.htm#07)"
54.36.148.101 - - [23/Jun/2020:01:28:41 +0800] "GET /?date=1996-12-1&t=day&paged=3 HTTP/1.1" 301 20 "-" "Mozilla/5.0 (compatible; AhrefsBot/6.1; +http://ahrefs.com/robot/)"
49.7.20.156 - - [23/Jun/2020:01:29:03 +0800] "GET /?date=1968-7-26&t=list&paged=5 HTTP/1.1" 404 30143 "-" "Sogou web spider/4.0(+http://www.sogou.com/docs/help/webmasters.htm#07)"
49.7.20.159 - - [23/Jun/2020:01:29:17 +0800] "GET /?option=com_phocaguestbook&view=phocaguestbook&id=1&Itemid=39&limitstart=108520&paged=11 HTTP/1.1" 301 20 "-" "Sogou web spider/4.0(+http://www.sogou.com/docs/help/webmasters.htm#07)"
123.183.224.137 - - [23/Jun/2020:01:29:21 +0800] "GET /?date=1915-3-14&t=list&paged=4 HTTP/1.1" 301 20 "-" "Sogou web spider/4.0(+http://www.sogou.com/docs/help/webmasters.htm#07)"
123.183.224.135 - - [23/Jun/2020:01:29:28 +0800] "GET /?date=2029-8-23&t=mini&paged=2 HTTP/1.1" 404 30143 "-" "Sogou web spider/4.0(+http://www.sogou.com/docs/help/webmasters.htm#07)"
123.183.224.139 - - [23/Jun/2020:01:29:29 +0800] "GET /?date=1979-10-11&t=day&paged=5 HTTP/1.1" 301 20 "-" "Sogou web spider/4.0(+http://www.sogou.com/docs/help/webmasters.htm#07)"
123.183.224.136 - - [23/Jun/2020:01:29:31 +0800] "GET /?date=2011-9-28&t=mini&paged=3 HTTP/1.1" 301 20 "-" "Sogou web spider/4.0(+http://www.sogou.com/docs/help/webmasters.htm#07)"
49.7.20.150 - - [23/Jun/2020:01:29:57 +0800] "GET /?date=2032-1-21&t=day&paged=3 HTTP/1.1" 301 20 "-" "Sogou web spider/4.0(+http://www.sogou.com/docs/help/webmasters.htm#07)"
49.7.20.153 - - [23/Jun/2020:01:29:57 +0800] "GET /?date=1908-2-10&t=day&paged=2 HTTP/1.1" 404 30143 "-" "Sogou web spider/4.0(+http://www.sogou.com/docs/help/webmasters.htm#07)"
49.7.20.156 - - [23/Jun/2020:01:30:18 +0800] "GET /?date=1909-10-27&t=list&paged=2 HTTP/1.1" 301 20 "-" "Sogou web spider/4.0(+http://www.sogou.com/docs/help/webmasters.htm#07)"
49.7.20.159 - - [23/Jun/2020:01:30:21 +0800] "GET /?date=2024-2-11&t=mini&paged=2 HTTP/1.1" 404 30143 "-" "Sogou web spider/4.0(+http://www.sogou.com/docs/help/webmasters.htm#07)"
123.183.224.137 - - [23/Jun/2020:01:30:25 +0800] "GET /?date=2005-11-23&t=mini&paged=10 HTTP/1.1" 404 30143 "-" "Sogou web spider/4.0(+http://www.sogou.com/docs/help/webmasters.htm#07)"
54.36.148.122 - - [23/Jun/2020:01:30:36 +0800] "GET /?date=2017-4-23&t=day&paged=3 HTTP/1.1" 301 20 "-" "Mozilla/5.0 (compatible; AhrefsBot/6.1; +http://ahrefs.com/robot/)"
123.183.224.135 - - [23/Jun/2020:01:30:36 +0800] "GET /?date=1996-7-27&t=mini&paged=2 HTTP/1.1" 301 20 "-" "Sogou web spider/4.0(+http://www.sogou.com/docs/help/webmasters.htm#07)"
123.183.224.139 - - [23/Jun/2020:01:30:37 +0800] "GET /?date=1994-9-17&t=mini&paged=5 HTTP/1.1" 404 30143 "-" "Sogou web spider/4.0(+http://www.sogou.com/docs/help/webmasters.htm#07)"
123.183.224.136 - - [23/Jun/2020:01:30:39 +0800] "GET /?date=1969-9-2&t=mini&paged=2 HTTP/1.1" 404 30143 "-" "Sogou web spider/4.0(+http://www.sogou.com/docs/help/webmasters.htm#07)"
49.7.20.150 - - [23/Jun/2020:01:31:01 +0800] "GET /?date=1989-10-22&t=list&paged=2 HTTP/1.1" 404 30143 "-" "Sogou web spider/4.0(+http://www.sogou.com/docs/help/webmasters.htm#07)"
49.7.20.153 - - [23/Jun/2020:01:31:02 +0800] "GET /?date=1989-7&t=mini&paged=2 HTTP/1.1" 301 20 "-" "Sogou web spider/4.0(+http://www.sogou.com/docs/help/webmasters.htm#07)"
49.7.20.156 - - [23/Jun/2020:01:31:22 +0800] "GET /?date=1911-3-29&t=day&paged=2 HTTP/1.1" 404 30143 "-" "Sogou web spider/4.0(+http://www.sogou.com/docs/help/webmasters.htm#07)"
49.7.20.159 - - [23/Jun/2020:01:31:26 +0800] "GET /?date=1967-8-19&t=list&paged=5 HTTP/1.1" 301 20 "-" "Sogou web spider/4.0(+http://www.sogou.com/docs/help/webmasters.htm#07)"
123.183.224.135 - - [23/Jun/2020:01:31:40 +0800] "GET /?date=1984-3-1&t=22220&paged=3 HTTP/1.1" 404 30143 "-" "Sogou web spider/4.0(+http://www.sogou.com/docs/help/webmasters.htm#07)"
123.183.224.136 - - [23/Jun/2020:01:31:44 +0800] "GET /?date=1937-1-14&t=mini&paged=7 HTTP/1.1" 301 20 "-" "Sogou web spider/4.0(+http://www.sogou.com/docs/help/webmasters.htm#07)"
123.183.224.139 - - [23/Jun/2020:01:31:50 +0800] "GET /?date=2009-4-4&t=day&paged=3 HTTP/1.1" 301 20 "-" "Sogou web spider/4.0(+http://www.sogou.com/docs/help/webmasters.htm#07)"
123.183.224.137 - - [23/Jun/2020:01:31:55 +0800] "GET /?date=1938-7-11&t=mini&paged=8 HTTP/1.1" 301 20 "-" "Sogou web spider/4.0(+http://www.sogou.com/docs/help/webmasters.htm#07)"
192.0.102.40 - - [23/Jun/2020:01:31:58 +0800] "HEAD / HTTP/1.1" 200 - "-" "jetmon/1.0 (Jetpack Site Uptime Monitor by WordPress.com)"
49.7.20.153 - - [23/Jun/2020:01:32:06 +0800] "GET /?date=1918-12-28&t=list HTTP/1.1" 301 20 "-" "Sogou web spider/4.0(+http://www.sogou.com/docs/help/webmasters.htm#07)"
49.7.20.150 - - [23/Jun/2020:01:32:18 +0800] "GET /?date=1991-6-27&t=day&paged=5 HTTP/1.1" 301 20 "-" "Sogou web spider/4.0(+http://www.sogou.com/docs/help/webmasters.htm#07)"
49.7.20.156 - - [23/Jun/2020:01:32:27 +0800] "GET /?date=1977-6-23&t=list&paged=6 HTTP/1.1" 301 20 "-" "Sogou web spider/4.0(+http://www.sogou.com/docs/help/webmasters.htm#07)"
123.183.224.135 - - [23/Jun/2020:01:32:44 +0800] "GET /?date=1987-2-23&t=mini&paged=2 HTTP/1.1" 301 20 "-" "Sogou web spider/4.0(+http://www.sogou.com/docs/help/webmasters.htm#07)"
123.183.224.136 - - [23/Jun/2020:01:32:48 +0800] "GET /?date=2011-9-28&t=mini&paged=3 HTTP/1.1" 404 30143 "-" "Sogou web spider/4.0(+http://www.sogou.com/docs/help/webmasters.htm#07)"
123.183.224.139 - - [23/Jun/2020:01:32:57 +0800] "GET /?date=1979-10-11&t=day&paged=5 HTTP/1.1" 404 30143 "-" "Sogou web spider/4.0(+http://www.sogou.com/docs/help/webmasters.htm#07)"
123.183.224.137 - - [23/Jun/2020:01:32:59 +0800] "GET /?date=1915-3-14&t=list&paged=4 HTTP/1.1" 404 30143 "-" "Sogou web spider/4.0(+http://www.sogou.com/docs/help/webmasters.htm#07)"
49.7.20.153 - - [23/Jun/2020:01:33:10 +0800] "GET /?date=1950-12-15&t=22220&paged=3 HTTP/1.1" 301 20 "-" "Sogou web spider/4.0(+http://www.sogou.com/docs/help/webmasters.htm#07)"
49.7.20.159 - - [23/Jun/2020:01:33:10 +0800] "GET /?date=1989-7&t=mini&paged=2 HTTP/1.1" 404 30143 "-" "Sogou web spider/4.0(+http://www.sogou.com/docs/help/webmasters.htm#07)"
49.7.20.150 - - [23/Jun/2020:01:33:22 +0800] "GET /?date=2032-1-21&t=day&paged=3 HTTP/1.1" 404 30143 "-" "Sogou web spider/4.0(+http://www.sogou.com/docs/help/webmasters.htm#07)"
54.36.149.14 - - [23/Jun/2020:01:33:33 +0800] "GET /?date=2000-8-7&t=day&paged=9 HTTP/1.1" 301 20 "-" "Mozilla/5.0 (compatible; AhrefsBot/6.1; +http://ahrefs.com/robot/)"
49.7.20.156 - - [23/Jun/2020:01:33:34 +0800] "GET /?option=com_phocaguestbook&view=phocaguestbook&id=1&Itemid=39&limitstart=108520&paged=11 HTTP/1.1" 404 30143 "-" "Sogou web spider/4.0(+http://www.sogou.com/docs/help/webmasters.htm#07)"
123.183.224.135 - - [23/Jun/2020:01:33:49 +0800] "GET /?date=1996-7-27&t=mini&paged=2 HTTP/1.1" 404 30143 "-" "Sogou web spider/4.0(+http://www.sogou.com/docs/help/webmasters.htm#07)"
123.183.224.136 - - [23/Jun/2020:01:33:59 +0800] "GET /?date=1991-1-13&t=day&paged=2 HTTP/1.1" 301 20 "-" "Sogou web spider/4.0(+http://www.sogou.com/docs/help/webmasters.htm#07)"
123.183.224.139 - - [23/Jun/2020:01:34:05 +0800] "GET /?date=1916-12-10&t=day&paged=5 HTTP/1.1" 301 20 "-" "Sogou web spider/4.0(+http://www.sogou.com/docs/help/webmasters.htm#07)"
49.7.20.159 - - [23/Jun/2020:01:34:15 +0800] "GET /?date=1949-9-29&t=mini&paged=2 HTTP/1.1" 301 20 "-" "Sogou web spider/4.0(+http://www.sogou.com/docs/help/webmasters.htm#07)"
123.183.224.137 - - [23/Jun/2020:01:34:16 +0800] "GET /?date=1989-10-25&t=list&paged=2 HTTP/1.1" 301 20 "-" "Sogou web spider/4.0(+http://www.sogou.com/docs/help/webmasters.htm#07)"
49.7.20.153 - - [23/Jun/2020:01:34:17 +0800] "GET /?date=1919-1-6&t=mini HTTP/1.1" 301 20 "-" "Sogou web spider/4.0(+http://www.sogou.com/docs/help/webmasters.htm#07)"
54.36.148.194 - - [23/Jun/2020:01:34:31 +0800] "GET /?date=1988-2-9&t=day&paged=2 HTTP/1.1" 301 20 "-" "Mozilla/5.0 (compatible; AhrefsBot/6.1; +http://ahrefs.com/robot/)"
94.20.62.62 - - [23/Jun/2020:01:34:35 +0800] "GET /wp-content/wp-muen.php HTTP/1.1" 404 94449 "http://site.ru" "Mozilla/5.0 (Windows; U; Windows NT 5.1; en-US) AppleWebKit/533.4 (KHTML, like Gecko) Chrome/5.0.375.99 Safari/533.4"
49.7.20.150 - - [23/Jun/2020:01:34:36 +0800] "GET /?date=1990-7-9&t=day&paged=5 HTTP/1.1" 301 20 "-" "Sogou web spider/4.0(+http://www.sogou.com/docs/help/webmasters.htm#07)"
123.183.224.135 - - [23/Jun/2020:01:34:53 +0800] "GET /?date=1972-12-25&t=mini&paged=7 HTTP/1.1" 301 20 "-" "Sogou web spider/4.0(+http://www.sogou.com/docs/help/webmasters.htm#07)"
49.7.20.156 - - [23/Jun/2020:01:34:54 +0800] "GET /?date=1983-4-1&t=22220&paged=6 HTTP/1.1" 301 20 "-" "Sogou web spider/4.0(+http://www.sogou.com/docs/help/webmasters.htm#07)"
123.183.224.136 - - [23/Jun/2020:01:35:03 +0800] "GET /?date=1937-1-14&t=mini&paged=7 HTTP/1.1" 404 30143 "-" "Sogou web spider/4.0(+http://www.sogou.com/docs/help/webmasters.htm#07)"
123.183.224.139 - - [23/Jun/2020:01:35:09 +0800] "GET /?date=2009-4-4&t=day&paged=3 HTTP/1.1" 404 30143 "-" "Sogou web spider/4.0(+http://www.sogou.com/docs/help/webmasters.htm#07)"
123.183.224.137 - - [23/Jun/2020:01:35:20 +0800] "GET /?date=1938-7-11&t=mini&paged=8 HTTP/1.1" 404 30143 "-" "Sogou web spider/4.0(+http://www.sogou.com/docs/help/webmasters.htm#07)"
49.7.20.159 - - [23/Jun/2020:01:35:22 +0800] "GET /?date=1950-12-15&t=22220&paged=3 HTTP/1.1" 404 30143 "-" "Sogou web spider/4.0(+http://www.sogou.com/docs/help/webmasters.htm#07)"
54.36.148.146 - - [23/Jun/2020:01:35:23 +0800] "GET /?date=1995-4-23&t=week&paged=7 HTTP/1.1" 301 20 "-" "Mozilla/5.0 (compatible; AhrefsBot/6.1; +http://ahrefs.com/robot/)"
54.36.148.110 - - [23/Jun/2020:01:35:38 +0800] "GET /?date=1992-12-7&t=day&paged=9 HTTP/1.1" 301 20 "-" "Mozilla/5.0 (compatible; AhrefsBot/6.1; +http://ahrefs.com/robot/)"
49.7.20.153 - - [23/Jun/2020:01:35:40 +0800] "GET /?date=1990-7-9&t=day&paged=5 HTTP/1.1" 404 30143 "-" "Sogou web spider/4.0(+http://www.sogou.com/docs/help/webmasters.htm#07)"
49.7.20.150 - - [23/Jun/2020:01:35:43 +0800] "GET /?date=1918-12-28&t=list HTTP/1.1" 200 31323 "-" "Sogou web spider/4.0(+http://www.sogou.com/docs/help/webmasters.htm#07)"
123.183.224.135 - - [23/Jun/2020:01:35:57 +0800] "GET /?date=1987-2-23&t=mini&paged=2 HTTP/1.1" 404 30143 "-" "Sogou web spider/4.0(+http://www.sogou.com/docs/help/webmasters.htm#07)"
49.7.20.156 - - [23/Jun/2020:01:35:58 +0800] "GET /?date=1909-10-27&t=list&paged=2 HTTP/1.1" 404 30143 "-" "Sogou web spider/4.0(+http://www.sogou.com/docs/help/webmasters.htm#07)"
123.183.224.136 - - [23/Jun/2020:01:36:12 +0800] "GET /?date=1954-1-16&t=mini&paged=3 HTTP/1.1" 301 20 "-" "Sogou web spider/4.0(+http://www.sogou.com/docs/help/webmasters.htm#07)"
123.183.224.139 - - [23/Jun/2020:01:36:23 +0800] "GET /?date=1984-4-7&t=list&paged=6 HTTP/1.1" 301 20 "-" "Sogou web spider/4.0(+http://www.sogou.com/docs/help/webmasters.htm#07)"
49.7.20.159 - - [23/Jun/2020:01:36:30 +0800] "GET /?date=1960-8-21&t=day&paged=7 HTTP/1.1" 301 20 "-" "Sogou web spider/4.0(+http://www.sogou.com/docs/help/webmasters.htm#07)"
54.36.148.10 - - [23/Jun/2020:01:36:32 +0800] "GET /?date=2010-10-3&t=day&paged=5 HTTP/1.1" 301 20 "-" "Mozilla/5.0 (compatible; AhrefsBot/6.1; +http://ahrefs.com/robot/)"
123.183.224.137 - - [23/Jun/2020:01:36:33 +0800] "GET /?date=1938-10-4&t=list&paged=5 HTTP/1.1" 301 20 "-" "Sogou web spider/4.0(+http://www.sogou.com/docs/help/webmasters.htm#07)"
49.7.20.153 - - [23/Jun/2020:01:36:54 +0800] "GET /?date=1939-9-2&t=list&paged=3 HTTP/1.1" 301 20 "-" "Sogou web spider/4.0(+http://www.sogou.com/docs/help/webmasters.htm#07)"
123.183.224.135 - - [23/Jun/2020:01:37:02 +0800] "GET /?date=1968-9-15&t=full&paged=5 HTTP/1.1" 301 20 "-" "Sogou web spider/4.0(+http://www.sogou.com/docs/help/webmasters.htm#07)"
49.7.20.156 - - [23/Jun/2020:01:37:03 +0800] "GET /?date=1935-8-10&t=mini&paged=6 HTTP/1.1" 301 20 "-" "Sogou web spider/4.0(+http://www.sogou.com/docs/help/webmasters.htm#07)"
49.7.20.150 - - [23/Jun/2020:01:37:06 +0800] "GET /?date=1995-7-19&t=mini&paged=11 HTTP/1.1" 301 20 "-" "Sogou web spider/4.0(+http://www.sogou.com/docs/help/webmasters.htm#07)"
123.183.224.136 - - [23/Jun/2020:01:37:16 +0800] "GET /?date=1991-1-13&t=day&paged=2 HTTP/1.1" 404 30143 "-" "Sogou web spider/4.0(+http://www.sogou.com/docs/help/webmasters.htm#07)"
54.36.148.88 - - [23/Jun/2020:01:37:24 +0800] "GET /?date=1998-7-1&t=day&paged=9 HTTP/1.1" 301 20 "-" "Mozilla/5.0 (compatible; AhrefsBot/6.1; +http://ahrefs.com/robot/)"
216.244.66.248 - - [23/Jun/2020:01:37:28 +0800] "GET /?date=1994-12-24&t=list HTTP/1.1" 301 - "-" "Mozilla/5.0 (compatible; DotBot/1.1; http://www.opensiteexplorer.org/dotbot, help@moz.com)"
216.244.66.248 - - [23/Jun/2020:01:37:34 +0800] "GET /?date=2000-1-16&t=mini HTTP/1.1" 301 - "-" "Mozilla/5.0 (compatible; DotBot/1.1; http://www.opensiteexplorer.org/dotbot, help@moz.com)"
49.7.20.159 - - [23/Jun/2020:01:37:34 +0800] "GET /?date=1960-8-21&t=day&paged=7 HTTP/1.1" 404 30143 "-" "Sogou web spider/4.0(+http://www.sogou.com/docs/help/webmasters.htm#07)"
123.183.224.139 - - [23/Jun/2020:01:37:35 +0800] "GET /?date=1916-12-10&t=day&paged=5 HTTP/1.1" 404 30143 "-" "Sogou web spider/4.0(+http://www.sogou.com/docs/help/webmasters.htm#07)"
123.183.224.137 - - [23/Jun/2020:01:37:37 +0800] "GET /?date=1989-10-25&t=list&paged=2 HTTP/1.1" 404 30143 "-" "Sogou web spider/4.0(+http://www.sogou.com/docs/help/webmasters.htm#07)"
216.244.66.248 - - [23/Jun/2020:01:37:38 +0800] "GET /?date=2010-9-2&t=mini HTTP/1.1" 301 - "-" "Mozilla/5.0 (compatible; DotBot/1.1; http://www.opensiteexplorer.org/dotbot, help@moz.com)"
54.36.148.46 - - [23/Jun/2020:01:37:52 +0800] "GET /?date=2001-12-30&t=day&paged=5 HTTP/1.1" 301 20 "-" "Mozilla/5.0 (compatible; AhrefsBot/6.1; +http://ahrefs.com/robot/)"
216.244.66.248 - - [23/Jun/2020:01:37:55 +0800] "GET /?date=1992-2-8&t=day&paged=2 HTTP/1.1" 301 - "-" "Mozilla/5.0 (compatible; DotBot/1.1; http://www.opensiteexplorer.org/dotbot, help@moz.com)"
49.7.20.153 - - [23/Jun/2020:01:37:58 +0800] "GET /?date=1939-9-2&t=list&paged=3 HTTP/1.1" 404 30143 "-" "Sogou web spider/4.0(+http://www.sogou.com/docs/help/webmasters.htm#07)"
216.244.66.248 - - [23/Jun/2020:01:37:59 +0800] "GET /?date=2020-2-5&t=day&paged=3 HTTP/1.1" 301 - "-" "Mozilla/5.0 (compatible; DotBot/1.1; http://www.opensiteexplorer.org/dotbot, help@moz.com)"
216.244.66.248 - - [23/Jun/2020:01:38:02 +0800] "GET /?date=2029-7-6&t=day&paged=2 HTTP/1.1" 301 - "-" "Mozilla/5.0 (compatible; DotBot/1.1; http://www.opensiteexplorer.org/dotbot, help@moz.com)"
216.244.66.248 - - [23/Jun/2020:01:38:04 +0800] "GET /?date=1993-9-30&t=list&paged=2 HTTP/1.1" 301 - "-" "Mozilla/5.0 (compatible; DotBot/1.1; http://www.opensiteexplorer.org/dotbot, help@moz.com)"
123.183.224.135 - - [23/Jun/2020:01:38:06 +0800] "GET /?date=1972-12-25&t=mini&paged=7 HTTP/1.1" 404 30143 "-" "Sogou web spider/4.0(+http://www.sogou.com/docs/help/webmasters.htm#07)"
216.244.66.248 - - [23/Jun/2020:01:38:07 +0800] "GET /?date=1996-10-7&t=mini&paged=2 HTTP/1.1" 301 - "-" "Mozilla/5.0 (compatible; DotBot/1.1; http://www.opensiteexplorer.org/dotbot, help@moz.com)"
49.7.20.156 - - [23/Jun/2020:01:38:07 +0800] "GET /?date=1967-8-19&t=list&paged=5 HTTP/1.1" 404 30143 "-" "Sogou web spider/4.0(+http://www.sogou.com/docs/help/webmasters.htm#07)"
216.244.66.248 - - [23/Jun/2020:01:38:09 +0800] "GET /?date=1998-8-15&t=list&paged=2 HTTP/1.1" 301 - "-" "Mozilla/5.0 (compatible; DotBot/1.1; http://www.opensiteexplorer.org/dotbot, help@moz.com)"
49.7.20.150 - - [23/Jun/2020:01:38:10 +0800] "GET /?date=1991-6-27&t=day&paged=5 HTTP/1.1" 404 30143 "-" "Sogou web spider/4.0(+http://www.sogou.com/docs/help/webmasters.htm#07)"
216.244.66.248 - - [23/Jun/2020:01:38:11 +0800] "GET /?date=2000-5-10&t=mini&paged=2 HTTP/1.1" 301 - "-" "Mozilla/5.0 (compatible; DotBot/1.1; http://www.opensiteexplorer.org/dotbot, help@moz.com)"
216.244.66.248 - - [23/Jun/2020:01:38:13 +0800] "GET /?date=2001-7-11&t=day&paged=2 HTTP/1.1" 301 - "-" "Mozilla/5.0 (compatible; DotBot/1.1; http://www.opensiteexplorer.org/dotbot, help@moz.com)"
216.244.66.248 - - [23/Jun/2020:01:38:14 +0800] "GET /?date=2005-10-7&t=mini&paged=2 HTTP/1.1" 301 - "-" "Mozilla/5.0 (compatible; DotBot/1.1; http://www.opensiteexplorer.org/dotbot, help@moz.com)"
216.244.66.248 - - [23/Jun/2020:01:38:16 +0800] "GET /?date=2005-3-12&t=list&paged=2 HTTP/1.1" 301 - "-" "Mozilla/5.0 (compatible; DotBot/1.1; http://www.opensiteexplorer.org/dotbot, help@moz.com)"
216.244.66.248 - - [23/Jun/2020:01:38:21 +0800] "GET /?date=2014-3-21&t=list&paged=3 HTTP/1.1" 301 - "-" "Mozilla/5.0 (compatible; DotBot/1.1; http://www.opensiteexplorer.org/dotbot, help@moz.com)"
123.183.224.136 - - [23/Jun/2020:01:38:31 +0800] "GET /?date=1990-1-23&t=day&paged=2 HTTP/1.1" 301 20 "-" "Sogou web spider/4.0(+http://www.sogou.com/docs/help/webmasters.htm#07)"
216.244.66.248 - - [23/Jun/2020:01:38:32 +0800] "GET /?date=2015-3-19&t=mini&paged=2 HTTP/1.1" 301 - "-" "Mozilla/5.0 (compatible; DotBot/1.1; http://www.opensiteexplorer.org/dotbot, help@moz.com)"
216.244.66.248 - - [23/Jun/2020:01:38:41 +0800] "GET /?date=2018-5-6&t=mini&paged=2 HTTP/1.1" 301 - "-" "Mozilla/5.0 (compatible; DotBot/1.1; http://www.opensiteexplorer.org/dotbot, help@moz.com)"
123.183.224.139 - - [23/Jun/2020:01:38:44 +0800] "GET /?date=2031-10-30&t=list&paged=5 HTTP/1.1" 301 20 "-" "Sogou web spider/4.0(+http://www.sogou.com/docs/help/webmasters.htm#07)"
123.183.224.137 - - [23/Jun/2020:01:38:45 +0800] "GET /?date=2005-6-9&t=mini&paged=2 HTTP/1.1" 301 20 "-" "Sogou web spider/4.0(+http://www.sogou.com/docs/help/webmasters.htm#07)"
49.7.20.159 - - [23/Jun/2020:01:38:45 +0800] "GET /?date=1926-5-9&t=mini&paged=3 HTTP/1.1" 301 20 "-" "Sogou web spider/4.0(+http://www.sogou.com/docs/help/webmasters.htm#07)"
216.244.66.248 - - [23/Jun/2020:01:38:50 +0800] "GET /?date=2018-9-18&t=day&paged=2 HTTP/1.1" 301 - "-" "Mozilla/5.0 (compatible; DotBot/1.1; http://www.opensiteexplorer.org/dotbot, help@moz.com)"
216.244.66.248 - - [23/Jun/2020:01:38:57 +0800] "GET /?date=2022-10-8&t=mini&paged=2 HTTP/1.1" 301 - "-" "Mozilla/5.0 (compatible; DotBot/1.1; http://www.opensiteexplorer.org/dotbot, help@moz.com)"
216.244.66.248 - - [23/Jun/2020:01:39:03 +0800] "GET /?date=2019-10&t=mini HTTP/1.1" 200 98259 "-" "Mozilla/5.0 (compatible; DotBot/1.1; http://www.opensiteexplorer.org/dotbot, help@moz.com)"
49.7.20.153 - - [23/Jun/2020:01:39:06 +0800] "GET /?date=1915-7-27&t=mini HTTP/1.1" 301 20 "-" "Sogou web spider/4.0(+http://www.sogou.com/docs/help/webmasters.htm#07)"
123.183.224.135 - - [23/Jun/2020:01:39:17 +0800] "GET /?date=2007-2-5&t=mini&paged=2 HTTP/1.1" 301 20 "-" "Sogou web spider/4.0(+http://www.sogou.com/docs/help/webmasters.htm#07)"
49.7.20.156 - - [23/Jun/2020:01:39:21 +0800] "GET /?date=1965-12-28&t=mini&paged=5 HTTP/1.1" 301 20 "-" "Sogou web spider/4.0(+http://www.sogou.com/docs/help/webmasters.htm#07)"
123.183.224.136 - - [23/Jun/2020:01:39:35 +0800] "GET /?date=1954-1-16&t=mini&paged=3 HTTP/1.1" 404 30143 "-" "Sogou web spider/4.0(+http://www.sogou.com/docs/help/webmasters.htm#07)"
49.7.20.150 - - [23/Jun/2020:01:39:43 +0800] "GET /?date=1960-5-29&t=day&paged=5 HTTP/1.1" 301 20 "-" "Sogou web spider/4.0(+http://www.sogou.com/docs/help/webmasters.htm#07)"
192.0.102.40 - - [23/Jun/2020:01:39:46 +0800] "HEAD / HTTP/1.1" 200 - "-" "jetmon/1.0 (Jetpack Site Uptime Monitor by WordPress.com)"
123.183.224.139 - - [23/Jun/2020:01:39:48 +0800] "GET /?date=1984-4-7&t=list&paged=6 HTTP/1.1" 404 30143 "-" "Sogou web spider/4.0(+http://www.sogou.com/docs/help/webmasters.htm#07)"
123.183.224.137 - - [23/Jun/2020:01:39:49 +0800] "GET /?date=1938-10-4&t=list&paged=5 HTTP/1.1" 404 30143 "-" "Sogou web spider/4.0(+http://www.sogou.com/docs/help/webmasters.htm#07)"
49.7.20.153 - - [23/Jun/2020:01:40:10 +0800] "GET /?date=1917-7-11&t=day HTTP/1.1" 301 20 "-" "Sogou web spider/4.0(+http://www.sogou.com/docs/help/webmasters.htm#07)"
123.183.224.135 - - [23/Jun/2020:01:40:21 +0800] "GET /?date=1968-9-15&t=full&paged=5 HTTP/1.1" 404 30143 "-" "Sogou web spider/4.0(+http://www.sogou.com/docs/help/webmasters.htm#07)"
49.7.20.156 - - [23/Jun/2020:01:40:25 +0800] "GET /?date=1977-6-23&t=list&paged=6 HTTP/1.1" 404 30143 "-" "Sogou web spider/4.0(+http://www.sogou.com/docs/help/webmasters.htm#07)"
49.7.20.159 - - [23/Jun/2020:01:40:26 +0800] "GET /?date=1965-12-28&t=mini&paged=5 HTTP/1.1" 404 30143 "-" "Sogou web spider/4.0(+http://www.sogou.com/docs/help/webmasters.htm#07)"
123.183.224.136 - - [23/Jun/2020:01:40:40 +0800] "GET /?date=1924-6-24&t=mini&paged=3 HTTP/1.1" 301 20 "-" "Sogou web spider/4.0(+http://www.sogou.com/docs/help/webmasters.htm#07)"
49.7.20.150 - - [23/Jun/2020:01:40:47 +0800] "GET /?date=1949-9-29&t=mini&paged=2 HTTP/1.1" 404 30143 "-" "Sogou web spider/4.0(+http://www.sogou.com/docs/help/webmasters.htm#07)"
123.183.224.137 - - [23/Jun/2020:01:40:54 +0800] "GET /?date=2015-4-14&t=day&paged=2 HTTP/1.1" 301 20 "-" "Sogou web spider/4.0(+http://www.sogou.com/docs/help/webmasters.htm#07)"
123.183.224.139 - - [23/Jun/2020:01:40:54 +0800] "GET /?date=1951-12-26&t=day&paged=3 HTTP/1.1" 301 20 "-" "Sogou web spider/4.0(+http://www.sogou.com/docs/help/webmasters.htm#07)"
114.119.163.152 - - [23/Jun/2020:01:41:07 +0800] "GET /index.php?opti>bad HTTP/1.1" 301 20 "-" "Mozilla/5.0 (Linux; Android 7.0;) AppleWebKit/537.36 (KHTML, like Gecko) Mobile Safari/537.36 (compatible; PetalBot;+https://aspiegel.com/petalbot)"
114.119.163.152 - - [23/Jun/2020:01:41:08 +0800] "GET /?opti>bad HTTP/1.1" 200 31323 "-" "Mozilla/5.0 (Linux; Android 7.0;) AppleWebKit/537.36 (KHTML, like Gecko) Mobile Safari/537.36 (compatible; PetalBot;+https://aspiegel.com/petalbot)"
49.7.20.153 - - [23/Jun/2020:01:41:14 +0800] "GET /?date=2034-5-31&t=list&paged=2 HTTP/1.1" 301 20 "-" "Sogou web spider/4.0(+http://www.sogou.com/docs/help/webmasters.htm#07)"
123.183.224.135 - - [23/Jun/2020:01:41:25 +0800] "GET /?date=1930-5-6&t=day&paged=4 HTTP/1.1" 301 20 "-" "Sogou web spider/4.0(+http://www.sogou.com/docs/help/webmasters.htm#07)"
216.244.66.248 - - [23/Jun/2020:01:41:26 +0800] "GET /?date=2002-8-3&t=day HTTP/1.1" 301 - "-" "Mozilla/5.0 (compatible; DotBot/1.1; http://www.opensiteexplorer.org/dotbot, help@moz.com)"
49.7.20.156 - - [23/Jun/2020:01:41:30 +0800] "GET /?date=1919-7-9&t=day HTTP/1.1" 301 20 "-" "Sogou web spider/4.0(+http://www.sogou.com/docs/help/webmasters.htm#07)"
216.244.66.248 - - [23/Jun/2020:01:41:31 +0800] "GET /?date=2008-6-7&t=mini HTTP/1.1" 301 - "-" "Mozilla/5.0 (compatible; DotBot/1.1; http://www.opensiteexplorer.org/dotbot, help@moz.com)"
49.7.20.159 - - [23/Jun/2020:01:41:34 +0800] "GET /?date=1946-12-21&t=mini HTTP/1.1" 301 20 "-" "Sogou web spider/4.0(+http://www.sogou.com/docs/help/webmasters.htm#07)"
216.244.66.248 - - [23/Jun/2020:01:41:35 +0800] "GET /?date=2015-9-17&t=mini HTTP/1.1" 301 - "-" "Mozilla/5.0 (compatible; DotBot/1.1; http://www.opensiteexplorer.org/dotbot, help@moz.com)"
216.244.66.248 - - [23/Jun/2020:01:41:39 +0800] "GET /?date=2018-10-2&t=mini HTTP/1.1" 301 - "-" "Mozilla/5.0 (compatible; DotBot/1.1; http://www.opensiteexplorer.org/dotbot, help@moz.com)"
216.244.66.248 - - [23/Jun/2020:01:41:42 +0800] "GET /?date=2024-7-8&t=list HTTP/1.1" 301 - "-" "Mozilla/5.0 (compatible; DotBot/1.1; http://www.opensiteexplorer.org/dotbot, help@moz.com)"
123.183.224.136 - - [23/Jun/2020:01:41:44 +0800] "GET /?date=1990-1-23&t=day&paged=2 HTTP/1.1" 404 30143 "-" "Sogou web spider/4.0(+http://www.sogou.com/docs/help/webmasters.htm#07)"
49.7.20.150 - - [23/Jun/2020:01:41:58 +0800] "GET /?date=1956-7-24&t=mini&paged=3 HTTP/1.1" 301 20 "-" "Sogou web spider/4.0(+http://www.sogou.com/docs/help/webmasters.htm#07)"
123.183.224.137 - - [23/Jun/2020:01:41:58 +0800] "GET /?date=2005-6-9&t=mini&paged=2 HTTP/1.1" 404 30143 "-" "Sogou web spider/4.0(+http://www.sogou.com/docs/help/webmasters.htm#07)"
123.183.224.139 - - [23/Jun/2020:01:41:59 +0800] "GET /?date=2031-10-30&t=list&paged=5 HTTP/1.1" 404 30143 "-" "Sogou web spider/4.0(+http://www.sogou.com/docs/help/webmasters.htm#07)"
49.7.20.153 - - [23/Jun/2020:01:42:18 +0800] "GET /?date=1907-11-11&t=day&paged=2 HTTP/1.1" 301 20 "-" "Sogou web spider/4.0(+http://www.sogou.com/docs/help/webmasters.htm#07)"
216.244.66.248 - - [23/Jun/2020:01:42:21 +0800] "GET /?date=1971-12-5&t=mini HTTP/1.1" 301 - "-" "Mozilla/5.0 (compatible; DotBot/1.1; http://www.opensiteexplorer.org/dotbot, help@moz.com)"
216.244.66.248 - - [23/Jun/2020:01:42:24 +0800] "GET /?date=2015-11-9&t=list HTTP/1.1" 301 - "-" "Mozilla/5.0 (compatible; DotBot/1.1; http://www.opensiteexplorer.org/dotbot, help@moz.com)"
216.244.66.248 - - [23/Jun/2020:01:42:26 +0800] "GET /?date=2018-8-6&t=list HTTP/1.1" 301 - "-" "Mozilla/5.0 (compatible; DotBot/1.1; http://www.opensiteexplorer.org/dotbot, help@moz.com)"
123.183.224.135 - - [23/Jun/2020:01:42:29 +0800] "GET /?date=2007-2-5&t=mini&paged=2 HTTP/1.1" 404 30143 "-" "Sogou web spider/4.0(+http://www.sogou.com/docs/help/webmasters.htm#07)"
49.7.20.156 - - [23/Jun/2020:01:42:43 +0800] "GET /?date=1919-1-6&t=mini HTTP/1.1" 200 31323 "-" "Sogou web spider/4.0(+http://www.sogou.com/docs/help/webmasters.htm#07)"
123.183.224.136 - - [23/Jun/2020:01:42:49 +0800] "GET /?date=1982-4-24&t=mini&paged=2 HTTP/1.1" 301 20 "-" "Sogou web spider/4.0(+http://www.sogou.com/docs/help/webmasters.htm#07)"
123.183.224.137 - - [23/Jun/2020:01:43:03 +0800] "GET /?date=1995-9-5&t=mini&paged=3 HTTP/1.1" 301 20 "-" "Sogou web spider/4.0(+http://www.sogou.com/docs/help/webmasters.htm#07)"
49.7.20.150 - - [23/Jun/2020:01:43:05 +0800] "GET /?date=1995-7-19&t=mini&paged=11 HTTP/1.1" 404 30143 "-" "Sogou web spider/4.0(+http://www.sogou.com/docs/help/webmasters.htm#07)"
157.55.39.47 - - [23/Jun/2020:01:43:13 +0800] "GET /?p=511 HTTP/1.1" 404 30143 "-" "Mozilla/5.0 (compatible; bingbot/2.0; +http://www.bing.com/bingbot.htm)"
49.7.20.153 - - [23/Jun/2020:01:43:22 +0800] "GET /?date=1907-11-11&t=day&paged=2 HTTP/1.1" 404 30143 "-" "Sogou web spider/4.0(+http://www.sogou.com/docs/help/webmasters.htm#07)"
123.183.224.139 - - [23/Jun/2020:01:43:33 +0800] "GET /?date=1912-11-10&t=week&paged=3 HTTP/1.1" 301 20 "-" "Sogou web spider/4.0(+http://www.sogou.com/docs/help/webmasters.htm#07)"
123.183.224.135 - - [23/Jun/2020:01:43:34 +0800] "GET /?date=1919-11-22&t=mini&paged=7 HTTP/1.1" 301 20 "-" "Sogou web spider/4.0(+http://www.sogou.com/docs/help/webmasters.htm#07)"
49.7.20.159 - - [23/Jun/2020:01:43:36 +0800] "GET /?date=1917-7-11&t=day HTTP/1.1" 200 31323 "-" "Sogou web spider/4.0(+http://www.sogou.com/docs/help/webmasters.htm#07)"
54.36.149.98 - - [23/Jun/2020:01:43:39 +0800] "GET /robots.txt HTTP/1.1" 200 69 "-" "Mozilla/5.0 (compatible; AhrefsBot/6.1; +http://ahrefs.com/robot/)"
54.36.149.93 - - [23/Jun/2020:01:43:40 +0800] "GET /?date=1993-12-26&t=day&paged=7 HTTP/1.1" 301 20 "-" "Mozilla/5.0 (compatible; AhrefsBot/6.1; +http://ahrefs.com/robot/)"
49.7.20.156 - - [23/Jun/2020:01:43:48 +0800] "GET /?date=1962-7&t=22220 HTTP/1.1" 301 20 "-" "Sogou web spider/4.0(+http://www.sogou.com/docs/help/webmasters.htm#07)"
123.183.224.136 - - [23/Jun/2020:01:43:53 +0800] "GET /?date=1924-6-24&t=mini&paged=3 HTTP/1.1" 404 30143 "-" "Sogou web spider/4.0(+http://www.sogou.com/docs/help/webmasters.htm#07)"
123.183.224.137 - - [23/Jun/2020:01:44:07 +0800] "GET /?date=1951-12-26&t=day&paged=3 HTTP/1.1" 404 30143 "-" "Sogou web spider/4.0(+http://www.sogou.com/docs/help/webmasters.htm#07)"
49.7.20.150 - - [23/Jun/2020:01:44:22 +0800] "GET /?date=1927-4-15&t=22220 HTTP/1.1" 301 20 "-" "Sogou web spider/4.0(+http://www.sogou.com/docs/help/webmasters.htm#07)"
54.36.148.227 - - [23/Jun/2020:01:44:30 +0800] "GET /index.php?option=com_phocagallery&view=detail&catid=16:sing&id=1206:25th_105&tmpl=component&phocadownload=1&Itemid=59 HTTP/1.1" 301 20 "-" "Mozilla/5.0 (compatible; AhrefsBot/6.1; +http://ahrefs.com/robot/)"
49.7.20.153 - - [23/Jun/2020:01:44:30 +0800] "GET /?date=1927-8-15&t=22220 HTTP/1.1" 301 20 "-" "Sogou web spider/4.0(+http://www.sogou.com/docs/help/webmasters.htm#07)"
123.183.224.139 - - [23/Jun/2020:01:44:37 +0800] "GET /?date=2015-4-14&t=day&paged=2 HTTP/1.1" 404 30143 "-" "Sogou web spider/4.0(+http://www.sogou.com/docs/help/webmasters.htm#07)"
123.183.224.135 - - [23/Jun/2020:01:44:41 +0800] "GET /?date=1930-5-6&t=day&paged=4 HTTP/1.1" 404 30143 "-" "Sogou web spider/4.0(+http://www.sogou.com/docs/help/webmasters.htm#07)"
49.7.20.159 - - [23/Jun/2020:01:44:44 +0800] "GET /?date=2023-9-10&t=week HTTP/1.1" 301 20 "-" "Sogou web spider/4.0(+http://www.sogou.com/docs/help/webmasters.htm#07)"
49.7.20.156 - - [23/Jun/2020:01:44:55 +0800] "GET /?date=1935-8-10&t=mini&paged=6 HTTP/1.1" 404 30143 "-" "Sogou web spider/4.0(+http://www.sogou.com/docs/help/webmasters.htm#07)"
216.244.66.248 - - [23/Jun/2020:01:44:57 +0800] "GET /?date=1991-1-4&t=list HTTP/1.1" 301 - "-" "Mozilla/5.0 (compatible; DotBot/1.1; http://www.opensiteexplorer.org/dotbot, help@moz.com)"
216.244.66.248 - - [23/Jun/2020:01:44:59 +0800] "GET /?date=1992-1-6&t=day HTTP/1.1" 301 - "-" "Mozilla/5.0 (compatible; DotBot/1.1; http://www.opensiteexplorer.org/dotbot, help@moz.com)"
216.244.66.248 - - [23/Jun/2020:01:45:01 +0800] "GET /?date=1994-1-13&t=list HTTP/1.1" 301 - "-" "Mozilla/5.0 (compatible; DotBot/1.1; http://www.opensiteexplorer.org/dotbot, help@moz.com)"
216.244.66.248 - - [23/Jun/2020:01:45:03 +0800] "GET /?date=2000-6&t=list&paged=3 HTTP/1.1" 301 - "-" "Mozilla/5.0 (compatible; DotBot/1.1; http://www.opensiteexplorer.org/dotbot, help@moz.com)"
216.244.66.248 - - [23/Jun/2020:01:45:04 +0800] "GET /?date=2010-6&t=mini&paged=3 HTTP/1.1" 301 - "-" "Mozilla/5.0 (compatible; DotBot/1.1; http://www.opensiteexplorer.org/dotbot, help@moz.com)"
123.183.224.136 - - [23/Jun/2020:01:45:07 +0800] "GET /?date=1944-11-15&t=day HTTP/1.1" 301 20 "-" "Sogou web spider/4.0(+http://www.sogou.com/docs/help/webmasters.htm#07)"
123.183.224.137 - - [23/Jun/2020:01:45:12 +0800] "GET /?date=1915-11-24&t=day HTTP/1.1" 301 20 "-" "Sogou web spider/4.0(+http://www.sogou.com/docs/help/webmasters.htm#07)"
49.7.20.150 - - [23/Jun/2020:01:45:29 +0800] "GET /?date=2034-5-31&t=list&paged=2 HTTP/1.1" 404 30143 "-" "Sogou web spider/4.0(+http://www.sogou.com/docs/help/webmasters.htm#07)"
49.7.20.153 - - [23/Jun/2020:01:45:34 +0800] "GET /?date=1983-4-1&t=22220&paged=6 HTTP/1.1" 404 30143 "-" "Sogou web spider/4.0(+http://www.sogou.com/docs/help/webmasters.htm#07)"
123.183.224.139 - - [23/Jun/2020:01:45:41 +0800] "GET /?date=1915-7-21&t=day HTTP/1.1" 301 20 "-" "Sogou web spider/4.0(+http://www.sogou.com/docs/help/webmasters.htm#07)"
