54.36.149.11 - - [22/Jun/2020:05:50:00 +0800] "GET /?date=1993-2&t=mini&paged=7 HTTP/1.1" 301 20 "-" "Mozilla/5.0 (compatible; AhrefsBot/6.1; +http://ahrefs.com/robot/)"
216.244.66.248 - - [22/Jun/2020:05:50:52 +0800] "GET /?date=2011-4-9&t=day&paged=2 HTTP/1.1" 301 - "-" "Mozilla/5.0 (compatible; DotBot/1.1; http://www.opensiteexplorer.org/dotbot, help@moz.com)"
216.244.66.248 - - [22/Jun/2020:05:51:31 +0800] "GET /?date=2029-2&t=list&paged=3 HTTP/1.1" 301 - "-" "Mozilla/5.0 (compatible; DotBot/1.1; http://www.opensiteexplorer.org/dotbot, help@moz.com)"
54.36.148.93 - - [22/Jun/2020:05:51:54 +0800] "GET /?date=2008-7-30&t=day&paged=2 HTTP/1.1" 301 20 "-" "Mozilla/5.0 (compatible; AhrefsBot/6.1; +http://ahrefs.com/robot/)"
111.202.100.116 - - [22/Jun/2020:05:51:55 +0800] "GET /?date=1968-5-19&t=week&paged=4 HTTP/1.1" 301 20 "-" "Sogou web spider/4.0(+http://www.sogou.com/docs/help/webmasters.htm#07)"
111.202.100.119 - - [22/Jun/2020:05:51:55 +0800] "GET /?date=1952-3-31&t=list&paged=2 HTTP/1.1" 301 20 "-" "Sogou web spider/4.0(+http://www.sogou.com/docs/help/webmasters.htm#07)"
111.202.100.121 - - [22/Jun/2020:05:51:56 +0800] "GET /?date=1968-5-19&t=week&paged=4 HTTP/1.1" 404 30142 "-" "Sogou web spider/4.0(+http://www.sogou.com/docs/help/webmasters.htm#07)"
216.244.66.248 - - [22/Jun/2020:05:52:20 +0800] "GET /?date=2002-1-5&t=day&paged=3 HTTP/1.1" 301 - "-" "Mozilla/5.0 (compatible; DotBot/1.1; http://www.opensiteexplorer.org/dotbot, help@moz.com)"
54.36.148.246 - - [22/Jun/2020:05:52:41 +0800] "GET /index.php?option=com_joomdoc&task=cat_view&gid=30&limit=10&order=date&dir=ASC&Itemid=46 HTTP/1.1" 301 20 "-" "Mozilla/5.0 (compatible; AhrefsBot/6.1; +http://ahrefs.com/robot/)"
111.202.100.119 - - [22/Jun/2020:05:52:59 +0800] "GET /?date=1952-3-31&t=list&paged=2 HTTP/1.1" 404 30142 "-" "Sogou web spider/4.0(+http://www.sogou.com/docs/help/webmasters.htm#07)"
111.202.100.116 - - [22/Jun/2020:05:53:08 +0800] "GET /index.php?option=com_phocaguestbook&view=phocaguestbook&id=1&Itemid=39&limitstart=168060 HTTP/1.1" 301 20 "-" "Sogou web spider/4.0(+http://www.sogou.com/docs/help/webmasters.htm#07)"
111.202.100.118 - - [22/Jun/2020:05:53:08 +0800] "GET /?option=com_phocaguestbook&view=phocaguestbook&id=1&Itemid=39&limitstart=15580 HTTP/1.1" 200 31322 "-" "Sogou web spider/4.0(+http://www.sogou.com/docs/help/webmasters.htm#07)"
111.202.100.121 - - [22/Jun/2020:05:53:32 +0800] "GET /index.php?option=com_phocagallery&view=category&id=11%3A&Itemid=59&limitstart=20 HTTP/1.1" 301 20 "-" "Sogou web spider/4.0(+http://www.sogou.com/docs/help/webmasters.htm#07)"
216.244.66.248 - - [22/Jun/2020:05:53:54 +0800] "GET /?date=1998-3&t=mini&paged=7 HTTP/1.1" 301 - "-" "Mozilla/5.0 (compatible; DotBot/1.1; http://www.opensiteexplorer.org/dotbot, help@moz.com)"
216.244.66.248 - - [22/Jun/2020:05:54:03 +0800] "GET /?date=2021-1-8&t=day&paged=2 HTTP/1.1" 301 - "-" "Mozilla/5.0 (compatible; DotBot/1.1; http://www.opensiteexplorer.org/dotbot, help@moz.com)"
111.202.100.119 - - [22/Jun/2020:05:54:11 +0800] "GET /index.php?option=com_phocaguestbook&view=phocaguestbook&id=1&Itemid=39&limitstart=5440 HTTP/1.1" 301 20 "-" "Sogou web spider/4.0(+http://www.sogou.com/docs/help/webmasters.htm#07)"
111.202.100.118 - - [22/Jun/2020:05:54:15 +0800] "GET /?date=1903-2-4&t=list&paged=2 HTTP/1.1" 301 20 "-" "Sogou web spider/4.0(+http://www.sogou.com/docs/help/webmasters.htm#07)"
111.202.100.116 - - [22/Jun/2020:05:54:15 +0800] "GET /?date=1958-8&t=list&paged=2 HTTP/1.1" 301 20 "-" "Sogou web spider/4.0(+http://www.sogou.com/docs/help/webmasters.htm#07)"
111.202.100.121 - - [22/Jun/2020:05:54:36 +0800] "GET /index.php?option=com_phocaguestbook&view=phocaguestbook&id=1&Itemid=39&limitstart=217380 HTTP/1.1" 301 20 "-" "Sogou web spider/4.0(+http://www.sogou.com/docs/help/webmasters.htm#07)"
216.244.66.248 - - [22/Jun/2020:05:54:46 +0800] "GET /?date=1993-6-2&t=list&paged=2 HTTP/1.1" 301 - "-" "Mozilla/5.0 (compatible; DotBot/1.1; http://www.opensiteexplorer.org/dotbot, help@moz.com)"
216.244.66.248 - - [22/Jun/2020:05:54:53 +0800] "GET /?date=1994-6-13&t=list&paged=3 HTTP/1.1" 301 - "-" "Mozilla/5.0 (compatible; DotBot/1.1; http://www.opensiteexplorer.org/dotbot, help@moz.com)"
216.244.66.248 - - [22/Jun/2020:05:55:03 +0800] "GET /?date=1995-1-27&t=day&paged=2 HTTP/1.1" 301 - "-" "Mozilla/5.0 (compatible; DotBot/1.1; http://www.opensiteexplorer.org/dotbot, help@moz.com)"
216.244.66.248 - - [22/Jun/2020:05:55:11 +0800] "GET /?date=1996-7-17&t=day&paged=2 HTTP/1.1" 301 - "-" "Mozilla/5.0 (compatible; DotBot/1.1; http://www.opensiteexplorer.org/dotbot, help@moz.com)"
111.202.100.119 - - [22/Jun/2020:05:55:15 +0800] "GET /index.php?option=com_phocaguestbook&view=phocaguestbook&id=1&Itemid=39&limitstart=191940 HTTP/1.1" 301 20 "-" "Sogou web spider/4.0(+http://www.sogou.com/docs/help/webmasters.htm#07)"
111.202.100.116 - - [22/Jun/2020:05:55:19 +0800] "GET /?option=com_phocaguestbook&view=phocaguestbook&id=1&Itemid=39&limitstart=168060 HTTP/1.1" 200 31322 "-" "Sogou web spider/4.0(+http://www.sogou.com/docs/help/webmasters.htm#07)"
216.244.66.248 - - [22/Jun/2020:05:55:20 +0800] "GET /?date=1997-6-11&t=mini&paged=2 HTTP/1.1" 301 - "-" "Mozilla/5.0 (compatible; DotBot/1.1; http://www.opensiteexplorer.org/dotbot, help@moz.com)"
216.244.66.248 - - [22/Jun/2020:05:55:27 +0800] "GET /?date=1998-7-8&t=list&paged=2 HTTP/1.1" 301 - "-" "Mozilla/5.0 (compatible; DotBot/1.1; http://www.opensiteexplorer.org/dotbot, help@moz.com)"
216.244.66.248 - - [22/Jun/2020:05:55:33 +0800] "GET /?date=1999-8-26&t=list&paged=2 HTTP/1.1" 301 - "-" "Mozilla/5.0 (compatible; DotBot/1.1; http://www.opensiteexplorer.org/dotbot, help@moz.com)"
216.244.66.248 - - [22/Jun/2020:05:55:39 +0800] "GET /?date=2000-4-3&t=list&paged=2 HTTP/1.1" 301 - "-" "Mozilla/5.0 (compatible; DotBot/1.1; http://www.opensiteexplorer.org/dotbot, help@moz.com)"
111.202.100.118 - - [22/Jun/2020:05:55:40 +0800] "GET /?option=com_phocagallery&view=category&id=11%3A&Itemid=59&limitstart=20 HTTP/1.1" 200 31322 "-" "Sogou web spider/4.0(+http://www.sogou.com/docs/help/webmasters.htm#07)"
111.202.100.121 - - [22/Jun/2020:05:55:40 +0800] "GET /?date=1949-3-20&t=list&paged=5 HTTP/1.1" 301 20 "-" "Sogou web spider/4.0(+http://www.sogou.com/docs/help/webmasters.htm#07)"
216.244.66.248 - - [22/Jun/2020:05:55:43 +0800] "GET /?date=2003-11-30&t=week&paged=3 HTTP/1.1" 301 - "-" "Mozilla/5.0 (compatible; DotBot/1.1; http://www.opensiteexplorer.org/dotbot, help@moz.com)"
216.244.66.248 - - [22/Jun/2020:05:55:48 +0800] "GET /?date=2003-12-2&t=day&paged=2 HTTP/1.1" 301 - "-" "Mozilla/5.0 (compatible; DotBot/1.1; http://www.opensiteexplorer.org/dotbot, help@moz.com)"
216.244.66.248 - - [22/Jun/2020:05:55:51 +0800] "GET /?date=2006-12-8&t=day&paged=2 HTTP/1.1" 301 - "-" "Mozilla/5.0 (compatible; DotBot/1.1; http://www.opensiteexplorer.org/dotbot, help@moz.com)"
216.244.66.248 - - [22/Jun/2020:05:55:54 +0800] "GET /?date=2010-4-4&t=week&paged=2 HTTP/1.1" 301 - "-" "Mozilla/5.0 (compatible; DotBot/1.1; http://www.opensiteexplorer.org/dotbot, help@moz.com)"
216.244.66.248 - - [22/Jun/2020:05:55:57 +0800] "GET /?date=2017-7-1&t=22220&paged=2 HTTP/1.1" 301 - "-" "Mozilla/5.0 (compatible; DotBot/1.1; http://www.opensiteexplorer.org/dotbot, help@moz.com)"
216.244.66.248 - - [22/Jun/2020:05:56:00 +0800] "GET /?date=2018-11-23&t=day&paged=2 HTTP/1.1" 301 - "-" "Mozilla/5.0 (compatible; DotBot/1.1; http://www.opensiteexplorer.org/dotbot, help@moz.com)"
216.244.66.248 - - [22/Jun/2020:05:56:02 +0800] "GET /?date=2019-6-14&t=day&paged=2 HTTP/1.1" 301 - "-" "Mozilla/5.0 (compatible; DotBot/1.1; http://www.opensiteexplorer.org/dotbot, help@moz.com)"
216.244.66.248 - - [22/Jun/2020:05:56:04 +0800] "GET /?date=2019-7-30&t=list&paged=3 HTTP/1.1" 301 - "-" "Mozilla/5.0 (compatible; DotBot/1.1; http://www.opensiteexplorer.org/dotbot, help@moz.com)"
216.244.66.248 - - [22/Jun/2020:05:56:05 +0800] "GET /?date=2020-5-28&t=mini&paged=3 HTTP/1.1" 301 - "-" "Mozilla/5.0 (compatible; DotBot/1.1; http://www.opensiteexplorer.org/dotbot, help@moz.com)"
216.244.66.248 - - [22/Jun/2020:05:56:07 +0800] "GET /?date=2020-6-2&t=mini&paged=2 HTTP/1.1" 301 - "-" "Mozilla/5.0 (compatible; DotBot/1.1; http://www.opensiteexplorer.org/dotbot, help@moz.com)"
216.244.66.248 - - [22/Jun/2020:05:56:09 +0800] "GET /?date=2021-5-27&t=list&paged=2 HTTP/1.1" 301 - "-" "Mozilla/5.0 (compatible; DotBot/1.1; http://www.opensiteexplorer.org/dotbot, help@moz.com)"
192.0.102.40 - - [22/Jun/2020:05:56:16 +0800] "HEAD / HTTP/1.1" 200 - "-" "jetmon/1.0 (Jetpack Site Uptime Monitor by WordPress.com)"
111.202.100.119 - - [22/Jun/2020:05:56:19 +0800] "GET /?date=1917-1-29&t=day&paged=2 HTTP/1.1" 301 20 "-" "Sogou web spider/4.0(+http://www.sogou.com/docs/help/webmasters.htm#07)"
111.202.100.116 - - [22/Jun/2020:05:56:24 +0800] "GET /?date=1957-11-18&t=day&paged=2 HTTP/1.1" 301 20 "-" "Sogou web spider/4.0(+http://www.sogou.com/docs/help/webmasters.htm#07)"
111.202.100.121 - - [22/Jun/2020:05:56:44 +0800] "GET /?option=com_joomdoc&task=cat_view&gid=30&limit=5&limitstart=155&dir=ASC&Itemid=36 HTTP/1.1" 200 31322 "-" "Sogou web spider/4.0(+http://www.sogou.com/docs/help/webmasters.htm#07)"
111.202.100.118 - - [22/Jun/2020:05:56:45 +0800] "GET /?date=1928-4-20&t=list&paged=2 HTTP/1.1" 301 20 "-" "Sogou web spider/4.0(+http://www.sogou.com/docs/help/webmasters.htm#07)"
54.36.148.108 - - [22/Jun/2020:05:57:23 +0800] "GET /?date=2001-5-29&t=day&paged=7 HTTP/1.1" 301 20 "-" "Mozilla/5.0 (compatible; AhrefsBot/6.1; +http://ahrefs.com/robot/)"
111.202.100.119 - - [22/Jun/2020:05:57:23 +0800] "GET /?date=1958-8&t=list&paged=2 HTTP/1.1" 404 30142 "-" "Sogou web spider/4.0(+http://www.sogou.com/docs/help/webmasters.htm#07)"
111.202.100.116 - - [22/Jun/2020:05:57:28 +0800] "GET /?date=1903-2-4&t=list&paged=2 HTTP/1.1" 404 30142 "-" "Sogou web spider/4.0(+http://www.sogou.com/docs/help/webmasters.htm#07)"
54.36.149.44 - - [22/Jun/2020:05:57:29 +0800] "GET /?date=1996-9&t=22220&paged=6 HTTP/1.1" 301 20 "-" "Mozilla/5.0 (compatible; AhrefsBot/6.1; +http://ahrefs.com/robot/)"
111.202.100.118 - - [22/Jun/2020:05:57:49 +0800] "GET /?date=1949-3-20&t=list&paged=5 HTTP/1.1" 404 30142 "-" "Sogou web spider/4.0(+http://www.sogou.com/docs/help/webmasters.htm#07)"
111.202.100.121 - - [22/Jun/2020:05:57:49 +0800] "GET /?date=2035-11-18&t=list&paged=5 HTTP/1.1" 301 20 "-" "Sogou web spider/4.0(+http://www.sogou.com/docs/help/webmasters.htm#07)"
111.202.100.119 - - [22/Jun/2020:05:58:28 +0800] "GET /?date=1923-8-27&t=mini&paged=2 HTTP/1.1" 301 20 "-" "Sogou web spider/4.0(+http://www.sogou.com/docs/help/webmasters.htm#07)"
111.202.100.116 - - [22/Jun/2020:05:58:32 +0800] "GET /?date=2011-2-24&t=day&paged=2 HTTP/1.1" 301 20 "-" "Sogou web spider/4.0(+http://www.sogou.com/docs/help/webmasters.htm#07)"
111.202.100.121 - - [22/Jun/2020:05:58:53 +0800] "GET /?option=com_phocaguestbook&view=phocaguestbook&id=1&Itemid=39&limitstart=191940 HTTP/1.1" 200 31322 "-" "Sogou web spider/4.0(+http://www.sogou.com/docs/help/webmasters.htm#07)"
111.202.100.118 - - [22/Jun/2020:05:58:54 +0800] "GET /?date=1946-5-19&t=week&paged=3 HTTP/1.1" 301 20 "-" "Sogou web spider/4.0(+http://www.sogou.com/docs/help/webmasters.htm#07)"
54.36.148.62 - - [22/Jun/2020:05:58:55 +0800] "GET /?date=2007-10-18&t=day&paged=7 HTTP/1.1" 301 20 "-" "Mozilla/5.0 (compatible; AhrefsBot/6.1; +http://ahrefs.com/robot/)"
111.202.100.119 - - [22/Jun/2020:05:59:32 +0800] "GET /?date=1917-1-29&t=day&paged=2 HTTP/1.1" 404 30142 "-" "Sogou web spider/4.0(+http://www.sogou.com/docs/help/webmasters.htm#07)"
111.202.100.116 - - [22/Jun/2020:05:59:36 +0800] "GET /?option=com_phocaguestbook&view=phocaguestbook&id=1&Itemid=39&limitstart=5440 HTTP/1.1" 200 31322 "-" "Sogou web spider/4.0(+http://www.sogou.com/docs/help/webmasters.htm#07)"
54.36.148.32 - - [22/Jun/2020:05:59:45 +0800] "GET /?date=2014-6&t=22220&paged=9 HTTP/1.1" 301 20 "-" "Mozilla/5.0 (compatible; AhrefsBot/6.1; +http://ahrefs.com/robot/)"
111.202.100.121 - - [22/Jun/2020:05:59:58 +0800] "GET /?date=2035-9-3&t=day&paged=4 HTTP/1.1" 301 20 "-" "Sogou web spider/4.0(+http://www.sogou.com/docs/help/webmasters.htm#07)"
111.202.100.118 - - [22/Jun/2020:05:59:58 +0800] "GET /?date=1928-4-20&t=list&paged=2 HTTP/1.1" 404 30142 "-" "Sogou web spider/4.0(+http://www.sogou.com/docs/help/webmasters.htm#07)"
111.202.100.116 - - [22/Jun/2020:06:00:41 +0800] "GET /?date=2017-5-14&t=mini&paged=2 HTTP/1.1" 301 20 "-" "Sogou web spider/4.0(+http://www.sogou.com/docs/help/webmasters.htm#07)"
111.202.100.119 - - [22/Jun/2020:06:00:46 +0800] "GET /?date=1921-2-11&t=day&paged=2 HTTP/1.1" 301 20 "-" "Sogou web spider/4.0(+http://www.sogou.com/docs/help/webmasters.htm#07)"
111.202.100.118 - - [22/Jun/2020:06:01:03 +0800] "GET /?date=1903-7-11&t=list&paged=2 HTTP/1.1" 301 20 "-" "Sogou web spider/4.0(+http://www.sogou.com/docs/help/webmasters.htm#07)"
111.202.100.121 - - [22/Jun/2020:06:01:15 +0800] "GET /?date=2035-11-18&t=list&paged=5 HTTP/1.1" 404 30142 "-" "Sogou web spider/4.0(+http://www.sogou.com/docs/help/webmasters.htm#07)"
111.202.100.116 - - [22/Jun/2020:06:01:45 +0800] "GET /?date=1957-11-18&t=day&paged=2 HTTP/1.1" 404 30142 "-" "Sogou web spider/4.0(+http://www.sogou.com/docs/help/webmasters.htm#07)"
111.202.100.119 - - [22/Jun/2020:06:01:50 +0800] "GET /?date=1923-8-27&t=mini&paged=2 HTTP/1.1" 404 30142 "-" "Sogou web spider/4.0(+http://www.sogou.com/docs/help/webmasters.htm#07)"
111.202.100.118 - - [22/Jun/2020:06:02:07 +0800] "GET /?date=1946-5-19&t=week&paged=3 HTTP/1.1" 404 30142 "-" "Sogou web spider/4.0(+http://www.sogou.com/docs/help/webmasters.htm#07)"
111.202.100.121 - - [22/Jun/2020:06:02:19 +0800] "GET /?date=1933-10-7&t=list&paged=5 HTTP/1.1" 301 20 "-" "Sogou web spider/4.0(+http://www.sogou.com/docs/help/webmasters.htm#07)"
111.202.100.116 - - [22/Jun/2020:06:02:50 +0800] "GET /?date=1919-3-25&t=mini&paged=7 HTTP/1.1" 301 20 "-" "Sogou web spider/4.0(+http://www.sogou.com/docs/help/webmasters.htm#07)"
111.202.100.119 - - [22/Jun/2020:06:02:55 +0800] "GET /?date=1909-9-19&t=day&paged=2 HTTP/1.1" 301 20 "-" "Sogou web spider/4.0(+http://www.sogou.com/docs/help/webmasters.htm#07)"
111.202.100.118 - - [22/Jun/2020:06:03:11 +0800] "GET /?date=2016-11-17&t=day&paged=5 HTTP/1.1" 301 20 "-" "Sogou web spider/4.0(+http://www.sogou.com/docs/help/webmasters.htm#07)"
111.202.100.121 - - [22/Jun/2020:06:03:23 +0800] "GET /?date=1922-8-11&t=day&paged=2 HTTP/1.1" 404 30142 "-" "Sogou web spider/4.0(+http://www.sogou.com/docs/help/webmasters.htm#07)"
192.0.102.40 - - [22/Jun/2020:06:03:42 +0800] "HEAD / HTTP/1.1" 200 - "-" "jetmon/1.0 (Jetpack Site Uptime Monitor by WordPress.com)"
111.202.100.116 - - [22/Jun/2020:06:03:54 +0800] "GET /?option=com_phocaguestbook&view=phocaguestbook&id=1&Itemid=39&limitstart=141360 HTTP/1.1" 200 31322 "-" "Sogou web spider/4.0(+http://www.sogou.com/docs/help/webmasters.htm#07)"
111.202.100.119 - - [22/Jun/2020:06:03:59 +0800] "GET /?date=2011-2-24&t=day&paged=2 HTTP/1.1" 404 30142 "-" "Sogou web spider/4.0(+http://www.sogou.com/docs/help/webmasters.htm#07)"
54.36.149.70 - - [22/Jun/2020:06:04:12 +0800] "GET /?date=2008-10-19&t=day&paged=2 HTTP/1.1" 301 20 "-" "Mozilla/5.0 (compatible; AhrefsBot/6.1; +http://ahrefs.com/robot/)"
111.202.100.118 - - [22/Jun/2020:06:04:15 +0800] "GET /?date=2017-5-14&t=mini&paged=2 HTTP/1.1" 404 30142 "-" "Sogou web spider/4.0(+http://www.sogou.com/docs/help/webmasters.htm#07)"
111.202.100.121 - - [22/Jun/2020:06:04:28 +0800] "GET /?date=2005-10-2&t=week&paged=2 HTTP/1.1" 301 20 "-" "Sogou web spider/4.0(+http://www.sogou.com/docs/help/webmasters.htm#07)"
111.202.100.116 - - [22/Jun/2020:06:04:58 +0800] "GET /?date=1933-10-7&t=list&paged=5 HTTP/1.1" 404 30142 "-" "Sogou web spider/4.0(+http://www.sogou.com/docs/help/webmasters.htm#07)"
111.202.100.119 - - [22/Jun/2020:06:05:03 +0800] "GET /?date=1921-2-11&t=day&paged=2 HTTP/1.1" 404 30142 "-" "Sogou web spider/4.0(+http://www.sogou.com/docs/help/webmasters.htm#07)"
167.114.92.58 - - [22/Jun/2020:06:05:04 +0800] "GET / HTTP/1.0" 200 98373 "http://tmcc.org.hk/" "Mozilla/5.0 (Windows NT 6.1) AppleWebKit/537.36 (KHTML, like Gecko) Chrome/68.0.3440.106 Safari/537.36"
111.202.100.118 - - [22/Jun/2020:06:05:20 +0800] "GET /?date=2016-11-17&t=day&paged=5 HTTP/1.1" 404 30142 "-" "Sogou web spider/4.0(+http://www.sogou.com/docs/help/webmasters.htm#07)"
111.202.100.121 - - [22/Jun/2020:06:05:32 +0800] "GET /?date=2035-9-3&t=day&paged=4 HTTP/1.1" 404 30142 "-" "Sogou web spider/4.0(+http://www.sogou.com/docs/help/webmasters.htm#07)"
54.36.148.142 - - [22/Jun/2020:06:05:58 +0800] "GET /?date=2006-3-12&t=day&paged=5 HTTP/1.1" 301 20 "-" "Mozilla/5.0 (compatible; AhrefsBot/6.1; +http://ahrefs.com/robot/)"
111.202.100.116 - - [22/Jun/2020:06:06:03 +0800] "GET /?date=1919-3-25&t=mini&paged=7 HTTP/1.1" 404 30142 "-" "Sogou web spider/4.0(+http://www.sogou.com/docs/help/webmasters.htm#07)"
111.202.100.119 - - [22/Jun/2020:06:06:07 +0800] "GET /?date=1909-9-19&t=day&paged=2 HTTP/1.1" 404 30142 "-" "Sogou web spider/4.0(+http://www.sogou.com/docs/help/webmasters.htm#07)"
111.202.100.121 - - [22/Jun/2020:06:06:36 +0800] "GET /?date=1903-7-11&t=list&paged=2 HTTP/1.1" 404 30142 "-" "Sogou web spider/4.0(+http://www.sogou.com/docs/help/webmasters.htm#07)"
216.244.66.248 - - [22/Jun/2020:06:06:57 +0800] "GET /?date=2026-4-25&t=day&paged=2 HTTP/1.1" 301 - "-" "Mozilla/5.0 (compatible; DotBot/1.1; http://www.opensiteexplorer.org/dotbot, help@moz.com)"
216.244.66.248 - - [22/Jun/2020:06:06:59 +0800] "GET /?date=2037-7-1&t=mini HTTP/1.1" 301 - "-" "Mozilla/5.0 (compatible; DotBot/1.1; http://www.opensiteexplorer.org/dotbot, help@moz.com)"
111.202.100.121 - - [22/Jun/2020:06:07:41 +0800] "GET /?date=2005-10-2&t=week&paged=2 HTTP/1.1" 404 30142 "-" "Sogou web spider/4.0(+http://www.sogou.com/docs/help/webmasters.htm#07)"
54.36.149.32 - - [22/Jun/2020:06:08:15 +0800] "GET /?date=1994-7-16&t=day&paged=2 HTTP/1.1" 301 20 "-" "Mozilla/5.0 (compatible; AhrefsBot/6.1; +http://ahrefs.com/robot/)"
216.244.66.248 - - [22/Jun/2020:06:08:23 +0800] "GET /?date=2026-11-29&t=week HTTP/1.1" 301 - "-" "Mozilla/5.0 (compatible; DotBot/1.1; http://www.opensiteexplorer.org/dotbot, help@moz.com)"
54.36.148.72 - - [22/Jun/2020:06:11:00 +0800] "GET /index.php?option=com_phocagallery&view=detail&catid=29:2010-01-04-04-13-01&id=3192:tmcc1228c132&tmpl=component&phocadownload=1&Itemid=59 HTTP/1.1" 301 20 "-" "Mozilla/5.0 (compatible; AhrefsBot/6.1; +http://ahrefs.com/robot/)"
192.0.102.40 - - [22/Jun/2020:06:11:59 +0800] "HEAD / HTTP/1.1" 200 - "-" "jetmon/1.0 (Jetpack Site Uptime Monitor by WordPress.com)"
216.244.66.248 - - [22/Jun/2020:06:12:21 +0800] "GET /?date=1998-6-29&t=mini HTTP/1.1" 301 - "-" "Mozilla/5.0 (compatible; DotBot/1.1; http://www.opensiteexplorer.org/dotbot, help@moz.com)"
216.244.66.248 - - [22/Jun/2020:06:12:26 +0800] "GET /?date=2014-5-3&t=mini HTTP/1.1" 301 - "-" "Mozilla/5.0 (compatible; DotBot/1.1; http://www.opensiteexplorer.org/dotbot, help@moz.com)"
216.244.66.248 - - [22/Jun/2020:06:12:35 +0800] "GET /?date=2016-3-28&t=list HTTP/1.1" 301 - "-" "Mozilla/5.0 (compatible; DotBot/1.1; http://www.opensiteexplorer.org/dotbot, help@moz.com)"
54.36.148.178 - - [22/Jun/2020:06:12:42 +0800] "GET /?date=1995-11-5&t=day HTTP/1.1" 301 20 "-" "Mozilla/5.0 (compatible; AhrefsBot/6.1; +http://ahrefs.com/robot/)"
216.244.66.248 - - [22/Jun/2020:06:12:44 +0800] "GET /?date=2022-10-8&t=day HTTP/1.1" 301 - "-" "Mozilla/5.0 (compatible; DotBot/1.1; http://www.opensiteexplorer.org/dotbot, help@moz.com)"
54.36.148.66 - - [22/Jun/2020:06:12:59 +0800] "GET /?date=2003-1-12&t=day&paged=7 HTTP/1.1" 301 20 "-" "Mozilla/5.0 (compatible; AhrefsBot/6.1; +http://ahrefs.com/robot/)"
216.244.66.248 - - [22/Jun/2020:06:13:46 +0800] "GET /?date=2020-3-29&t=week&paged=2 HTTP/1.1" 404 94449 "-" "Mozilla/5.0 (compatible; DotBot/1.1; http://www.opensiteexplorer.org/dotbot, help@moz.com)"
54.36.148.216 - - [22/Jun/2020:06:16:01 +0800] "GET /?date=2007-4-13&t=day HTTP/1.1" 301 20 "-" "Mozilla/5.0 (compatible; AhrefsBot/6.1; +http://ahrefs.com/robot/)"
216.244.66.248 - - [22/Jun/2020:06:16:39 +0800] "GET /?date=2023-12-15&t=day HTTP/1.1" 301 - "-" "Mozilla/5.0 (compatible; DotBot/1.1; http://www.opensiteexplorer.org/dotbot, help@moz.com)"
216.244.66.248 - - [22/Jun/2020:06:17:09 +0800] "GET /?date=2033-10-1&t=mini HTTP/1.1" 301 - "-" "Mozilla/5.0 (compatible; DotBot/1.1; http://www.opensiteexplorer.org/dotbot, help@moz.com)"
54.36.149.95 - - [22/Jun/2020:06:18:48 +0800] "GET /index.php?option=com_phocagallery&view=detail&catid=30:2010-01-04-04-13-51&id=2237:tmcc1228b098&tmpl=component&phocadownload=1&Itemid=59 HTTP/1.1" 301 20 "-" "Mozilla/5.0 (compatible; AhrefsBot/6.1; +http://ahrefs.com/robot/)"
54.36.148.132 - - [22/Jun/2020:06:19:31 +0800] "GET /?date=1992-8-10&t=day&paged=5 HTTP/1.1" 301 20 "-" "Mozilla/5.0 (compatible; AhrefsBot/6.1; +http://ahrefs.com/robot/)"
192.0.102.40 - - [22/Jun/2020:06:19:33 +0800] "HEAD / HTTP/1.1" 200 - "-" "jetmon/1.0 (Jetpack Site Uptime Monitor by WordPress.com)"
54.36.148.89 - - [22/Jun/2020:06:21:44 +0800] "GET /?date=1996-7-28&t=day&paged=7 HTTP/1.1" 301 20 "-" "Mozilla/5.0 (compatible; AhrefsBot/6.1; +http://ahrefs.com/robot/)"
157.55.39.47 - - [22/Jun/2020:06:21:52 +0800] "GET /?page_id=150 HTTP/1.1" 404 30142 "-" "Mozilla/5.0 (compatible; bingbot/2.0; +http://www.bing.com/bingbot.htm)"
178.172.147.237 - - [22/Jun/2020:06:24:57 +0800] "GET / HTTP/1.0" 200 98373 "http://tmcc.org.hk/" "Mozilla/5.0 (Windows NT 6.1; Win64; x64) AppleWebKit/537.36 (KHTML, like Gecko) Chrome/68.0.3440.106 Safari/537.36 OPR/55.0.2994.44"
192.0.102.40 - - [22/Jun/2020:06:27:38 +0800] "HEAD / HTTP/1.1" 200 - "-" "jetmon/1.0 (Jetpack Site Uptime Monitor by WordPress.com)"
54.36.148.214 - - [22/Jun/2020:06:27:41 +0800] "GET /?date=2011-5&t=mini&paged=5 HTTP/1.1" 301 20 "-" "Mozilla/5.0 (compatible; AhrefsBot/6.1; +http://ahrefs.com/robot/)"
54.36.148.13 - - [22/Jun/2020:06:27:46 +0800] "GET /page/2/?date=2000-2-25&t=day&paged=2 HTTP/1.1" 404 30142 "-" "Mozilla/5.0 (compatible; AhrefsBot/6.1; +http://ahrefs.com/robot/)"
157.55.39.47 - - [22/Jun/2020:06:28:17 +0800] "GET /?page_id=179 HTTP/1.1" 404 30142 "-" "Mozilla/5.0 (compatible; bingbot/2.0; +http://www.bing.com/bingbot.htm)"
116.179.32.42 - - [22/Jun/2020:06:29:52 +0800] "GET /?option=com_content&view=frontpage&format=feed&type=rss&paged=6 HTTP/1.1" 301 20 "-" "Mozilla/5.0 (compatible; Baiduspider/2.0; +http://www.baidu.com/search/spider.html)"
116.179.32.213 - - [22/Jun/2020:06:29:53 +0800] "GET /?option=com_content&view=frontpage&format=feed&type=rss&paged=6 HTTP/1.1" 404 30142 "-" "Mozilla/5.0 (compatible; Baiduspider/2.0; +http://www.baidu.com/search/spider.html)"
54.36.149.91 - - [22/Jun/2020:06:30:12 +0800] "GET /?date=2002-5-28&t=day HTTP/1.1" 200 31322 "-" "Mozilla/5.0 (compatible; AhrefsBot/6.1; +http://ahrefs.com/robot/)"
54.36.149.83 - - [22/Jun/2020:06:30:19 +0800] "GET /?date=2017-4-14&t=day&paged=5 HTTP/1.1" 301 20 "-" "Mozilla/5.0 (compatible; AhrefsBot/6.1; +http://ahrefs.com/robot/)"
54.36.148.75 - - [22/Jun/2020:06:30:26 +0800] "GET /?date=2010-4-26&t=day&paged=5 HTTP/1.1" 301 20 "-" "Mozilla/5.0 (compatible; AhrefsBot/6.1; +http://ahrefs.com/robot/)"
216.244.66.248 - - [22/Jun/2020:06:30:59 +0800] "GET /?date=1972-3-7&t=mini HTTP/1.1" 301 - "-" "Mozilla/5.0 (compatible; DotBot/1.1; http://www.opensiteexplorer.org/dotbot, help@moz.com)"
216.244.66.248 - - [22/Jun/2020:06:31:04 +0800] "GET /?date=1992-8-9&t=week HTTP/1.1" 301 - "-" "Mozilla/5.0 (compatible; DotBot/1.1; http://www.opensiteexplorer.org/dotbot, help@moz.com)"
216.244.66.248 - - [22/Jun/2020:06:31:12 +0800] "GET /?date=2037-12-27&t=week HTTP/1.1" 301 - "-" "Mozilla/5.0 (compatible; DotBot/1.1; http://www.opensiteexplorer.org/dotbot, help@moz.com)"
216.244.66.248 - - [22/Jun/2020:06:32:02 +0800] "GET /?date=2003-2&t=mini&paged=2 HTTP/1.1" 301 - "-" "Mozilla/5.0 (compatible; DotBot/1.1; http://www.opensiteexplorer.org/dotbot, help@moz.com)"
216.244.66.248 - - [22/Jun/2020:06:33:16 +0800] "GET /?date=2020-3-29&t=mini HTTP/1.1" 301 - "-" "Mozilla/5.0 (compatible; DotBot/1.1; http://www.opensiteexplorer.org/dotbot, help@moz.com)"
216.244.66.248 - - [22/Jun/2020:06:34:04 +0800] "GET /?date=1999-7&t=mini&paged=4 HTTP/1.1" 301 - "-" "Mozilla/5.0 (compatible; DotBot/1.1; http://www.opensiteexplorer.org/dotbot, help@moz.com)"
192.0.102.40 - - [22/Jun/2020:06:34:50 +0800] "HEAD / HTTP/1.1" 200 - "-" "jetmon/1.0 (Jetpack Site Uptime Monitor by WordPress.com)"
216.244.66.248 - - [22/Jun/2020:06:34:52 +0800] "GET /?date=1995-1-7&t=mini&paged=3 HTTP/1.1" 301 - "-" "Mozilla/5.0 (compatible; DotBot/1.1; http://www.opensiteexplorer.org/dotbot, help@moz.com)"
216.244.66.248 - - [22/Jun/2020:06:35:44 +0800] "GET /?date=1991-2-7&t=day&paged=2 HTTP/1.1" 301 - "-" "Mozilla/5.0 (compatible; DotBot/1.1; http://www.opensiteexplorer.org/dotbot, help@moz.com)"
216.244.66.248 - - [22/Jun/2020:06:36:21 +0800] "GET /?date=1992-1&t=list&paged=2 HTTP/1.1" 301 - "-" "Mozilla/5.0 (compatible; DotBot/1.1; http://www.opensiteexplorer.org/dotbot, help@moz.com)"
216.244.66.248 - - [22/Jun/2020:06:36:51 +0800] "GET /?date=2010-9&t=mini&paged=3 HTTP/1.1" 301 - "-" "Mozilla/5.0 (compatible; DotBot/1.1; http://www.opensiteexplorer.org/dotbot, help@moz.com)"
216.244.66.248 - - [22/Jun/2020:06:37:20 +0800] "GET /?date=2012-5-7&t=day&paged=5 HTTP/1.1" 301 - "-" "Mozilla/5.0 (compatible; DotBot/1.1; http://www.opensiteexplorer.org/dotbot, help@moz.com)"
216.244.66.248 - - [22/Jun/2020:06:37:48 +0800] "GET /?date=2015-8-9&t=day&paged=2 HTTP/1.1" 301 - "-" "Mozilla/5.0 (compatible; DotBot/1.1; http://www.opensiteexplorer.org/dotbot, help@moz.com)"
216.244.66.248 - - [22/Jun/2020:06:38:15 +0800] "GET /?date=1968-12-22&t=week&paged=2 HTTP/1.1" 301 - "-" "Mozilla/5.0 (compatible; DotBot/1.1; http://www.opensiteexplorer.org/dotbot, help@moz.com)"
216.244.66.248 - - [22/Jun/2020:06:38:41 +0800] "GET /?date=1993-4-18&t=list&paged=2 HTTP/1.1" 301 - "-" "Mozilla/5.0 (compatible; DotBot/1.1; http://www.opensiteexplorer.org/dotbot, help@moz.com)"
216.244.66.248 - - [22/Jun/2020:06:39:09 +0800] "GET /?date=1993-8-14&t=list&paged=2 HTTP/1.1" 301 - "-" "Mozilla/5.0 (compatible; DotBot/1.1; http://www.opensiteexplorer.org/dotbot, help@moz.com)"
207.46.13.144 - - [22/Jun/2020:06:39:22 +0800] "GET /robots.txt HTTP/1.1" 200 69 "-" "Mozilla/5.0 (compatible; bingbot/2.0; +http://www.bing.com/bingbot.htm)"
216.244.66.248 - - [22/Jun/2020:06:39:33 +0800] "GET /?date=1995-4-29&t=mini&paged=2 HTTP/1.1" 301 - "-" "Mozilla/5.0 (compatible; DotBot/1.1; http://www.opensiteexplorer.org/dotbot, help@moz.com)"
216.244.66.248 - - [22/Jun/2020:06:39:56 +0800] "GET /?date=1995-9-24&t=week&paged=2 HTTP/1.1" 301 - "-" "Mozilla/5.0 (compatible; DotBot/1.1; http://www.opensiteexplorer.org/dotbot, help@moz.com)"
216.244.66.248 - - [22/Jun/2020:06:40:21 +0800] "GET /?date=1999-9-20&t=mini&paged=2 HTTP/1.1" 301 - "-" "Mozilla/5.0 (compatible; DotBot/1.1; http://www.opensiteexplorer.org/dotbot, help@moz.com)"
216.244.66.248 - - [22/Jun/2020:06:40:42 +0800] "GET /?date=2007-2-4&t=mini&paged=3 HTTP/1.1" 301 - "-" "Mozilla/5.0 (compatible; DotBot/1.1; http://www.opensiteexplorer.org/dotbot, help@moz.com)"
216.244.66.248 - - [22/Jun/2020:06:41:05 +0800] "GET /?date=2008-7-11&t=mini&paged=2 HTTP/1.1" 301 - "-" "Mozilla/5.0 (compatible; DotBot/1.1; http://www.opensiteexplorer.org/dotbot, help@moz.com)"
157.55.39.248 - - [22/Jun/2020:06:41:18 +0800] "GET /?p=529 HTTP/1.1" 404 30142 "-" "Mozilla/5.0 (compatible; bingbot/2.0; +http://www.bing.com/bingbot.htm)"
216.244.66.248 - - [22/Jun/2020:06:41:41 +0800] "GET /?date=2009-7-12&t=week&paged=2 HTTP/1.1" 301 - "-" "Mozilla/5.0 (compatible; DotBot/1.1; http://www.opensiteexplorer.org/dotbot, help@moz.com)"
54.36.148.15 - - [22/Jun/2020:06:41:44 +0800] "GET /?date=2012-5-6&t=day&paged=5 HTTP/1.1" 301 20 "-" "Mozilla/5.0 (compatible; AhrefsBot/6.1; +http://ahrefs.com/robot/)"
216.244.66.248 - - [22/Jun/2020:06:42:11 +0800] "GET /?date=2011-4-30&t=list&paged=2 HTTP/1.1" 301 - "-" "Mozilla/5.0 (compatible; DotBot/1.1; http://www.opensiteexplorer.org/dotbot, help@moz.com)"
216.244.66.248 - - [22/Jun/2020:06:42:43 +0800] "GET /?date=2011-7-3&t=list&paged=3 HTTP/1.1" 301 - "-" "Mozilla/5.0 (compatible; DotBot/1.1; http://www.opensiteexplorer.org/dotbot, help@moz.com)"
116.179.32.33 - - [22/Jun/2020:06:42:53 +0800] "GET /?option=com_phocagallery&view=detail&catid=12&id=590&paged=3 HTTP/1.1" 404 30142 "-" "Mozilla/5.0 (compatible; Baiduspider/2.0; +http://www.baidu.com/search/spider.html)"
192.0.102.40 - - [22/Jun/2020:06:43:10 +0800] "HEAD / HTTP/1.1" 200 - "-" "jetmon/1.0 (Jetpack Site Uptime Monitor by WordPress.com)"
216.244.66.248 - - [22/Jun/2020:06:43:11 +0800] "GET /?date=2011-9-18&t=list&paged=2 HTTP/1.1" 301 - "-" "Mozilla/5.0 (compatible; DotBot/1.1; http://www.opensiteexplorer.org/dotbot, help@moz.com)"
216.244.66.248 - - [22/Jun/2020:06:43:41 +0800] "GET /?date=2015-11-15&t=list&paged=2 HTTP/1.1" 301 - "-" "Mozilla/5.0 (compatible; DotBot/1.1; http://www.opensiteexplorer.org/dotbot, help@moz.com)"
216.244.66.248 - - [22/Jun/2020:06:44:07 +0800] "GET /?date=2016-12-3&t=day&paged=2 HTTP/1.1" 301 - "-" "Mozilla/5.0 (compatible; DotBot/1.1; http://www.opensiteexplorer.org/dotbot, help@moz.com)"
216.244.66.248 - - [22/Jun/2020:06:44:32 +0800] "GET /?date=2017-4-13&t=mini&paged=3 HTTP/1.1" 301 - "-" "Mozilla/5.0 (compatible; DotBot/1.1; http://www.opensiteexplorer.org/dotbot, help@moz.com)"
216.244.66.248 - - [22/Jun/2020:06:44:55 +0800] "GET /?date=2019-10-25&t=day&paged=3 HTTP/1.1" 301 - "-" "Mozilla/5.0 (compatible; DotBot/1.1; http://www.opensiteexplorer.org/dotbot, help@moz.com)"
54.36.148.231 - - [22/Jun/2020:06:45:01 +0800] "GET /?date=1988-7-8&t=day&paged=9 HTTP/1.1" 301 20 "-" "Mozilla/5.0 (compatible; AhrefsBot/6.1; +http://ahrefs.com/robot/)"
216.244.66.248 - - [22/Jun/2020:06:45:18 +0800] "GET /?date=2023-1-17&t=day&paged=2 HTTP/1.1" 301 - "-" "Mozilla/5.0 (compatible; DotBot/1.1; http://www.opensiteexplorer.org/dotbot, help@moz.com)"
216.244.66.248 - - [22/Jun/2020:06:45:40 +0800] "GET /?date=2023-7-9&t=list&paged=2 HTTP/1.1" 301 - "-" "Mozilla/5.0 (compatible; DotBot/1.1; http://www.opensiteexplorer.org/dotbot, help@moz.com)"
216.244.66.248 - - [22/Jun/2020:06:46:01 +0800] "GET /?date=2026-9-20&t=week HTTP/1.1" 301 - "-" "Mozilla/5.0 (compatible; DotBot/1.1; http://www.opensiteexplorer.org/dotbot, help@moz.com)"
54.36.148.215 - - [22/Jun/2020:06:46:21 +0800] "GET /?date=2012-7-15&t=week&paged=5 HTTP/1.1" 301 20 "-" "Mozilla/5.0 (compatible; AhrefsBot/6.1; +http://ahrefs.com/robot/)"
216.244.66.248 - - [22/Jun/2020:06:46:21 +0800] "GET /?date=2028-2-6&t=mini&paged=3 HTTP/1.1" 301 - "-" "Mozilla/5.0 (compatible; DotBot/1.1; http://www.opensiteexplorer.org/dotbot, help@moz.com)"
216.244.66.248 - - [22/Jun/2020:06:46:41 +0800] "GET /?date=1997-7-27&t=week HTTP/1.1" 301 - "-" "Mozilla/5.0 (compatible; DotBot/1.1; http://www.opensiteexplorer.org/dotbot, help@moz.com)"
216.244.66.248 - - [22/Jun/2020:06:46:58 +0800] "GET /?date=1996-2-6&t=day HTTP/1.1" 301 - "-" "Mozilla/5.0 (compatible; DotBot/1.1; http://www.opensiteexplorer.org/dotbot, help@moz.com)"
216.244.66.248 - - [22/Jun/2020:06:47:18 +0800] "GET /?date=2003-11-30&t=week HTTP/1.1" 301 - "-" "Mozilla/5.0 (compatible; DotBot/1.1; http://www.opensiteexplorer.org/dotbot, help@moz.com)"
216.244.66.248 - - [22/Jun/2020:06:47:35 +0800] "GET /?date=2011-7-16&t=day&paged=2 HTTP/1.1" 301 - "-" "Mozilla/5.0 (compatible; DotBot/1.1; http://www.opensiteexplorer.org/dotbot, help@moz.com)"
54.36.149.94 - - [22/Jun/2020:06:47:41 +0800] "GET /?date=2005-8-22&t=day&paged=8 HTTP/1.1" 301 20 "-" "Mozilla/5.0 (compatible; AhrefsBot/6.1; +http://ahrefs.com/robot/)"
216.244.66.248 - - [22/Jun/2020:06:47:50 +0800] "GET /?date=2018-1-11&t=mini HTTP/1.1" 301 - "-" "Mozilla/5.0 (compatible; DotBot/1.1; http://www.opensiteexplorer.org/dotbot, help@moz.com)"
54.36.148.75 - - [22/Jun/2020:06:48:15 +0800] "GET /?date=2017-2&t=full&paged=9 HTTP/1.1" 301 20 "-" "Mozilla/5.0 (compatible; AhrefsBot/6.1; +http://ahrefs.com/robot/)"
54.36.148.82 - - [22/Jun/2020:06:48:38 +0800] "GET /?date=2006-7-4&t=day&paged=5 HTTP/1.1" 301 20 "-" "Mozilla/5.0 (compatible; AhrefsBot/6.1; +http://ahrefs.com/robot/)"
54.36.148.8 - - [22/Jun/2020:06:48:41 +0800] "GET /?date=1997-9-7&t=day&paged=9 HTTP/1.1" 301 20 "-" "Mozilla/5.0 (compatible; AhrefsBot/6.1; +http://ahrefs.com/robot/)"
216.244.66.248 - - [22/Jun/2020:06:48:54 +0800] "GET /?date=1997-10-8&t=list HTTP/1.1" 301 - "-" "Mozilla/5.0 (compatible; DotBot/1.1; http://www.opensiteexplorer.org/dotbot, help@moz.com)"
216.244.66.248 - - [22/Jun/2020:06:49:07 +0800] "GET /?date=1998-2-23&t=mini&paged=2 HTTP/1.1" 301 - "-" "Mozilla/5.0 (compatible; DotBot/1.1; http://www.opensiteexplorer.org/dotbot, help@moz.com)"
111.202.100.121 - - [22/Jun/2020:06:49:12 +0800] "GET /?option=com_phocaguestbook&view=phocaguestbook&id=1&Itemid=39&limitstart=217380 HTTP/1.1" 200 31322 "-" "Sogou web spider/4.0(+http://www.sogou.com/docs/help/webmasters.htm#07)"
216.244.66.248 - - [22/Jun/2020:06:49:20 +0800] "GET /?date=2001-3-11&t=day HTTP/1.1" 301 - "-" "Mozilla/5.0 (compatible; DotBot/1.1; http://www.opensiteexplorer.org/dotbot, help@moz.com)"
54.36.148.246 - - [22/Jun/2020:06:50:00 +0800] "GET /?date=2001-2-22&t=day&paged=4 HTTP/1.1" 301 20 "-" "Mozilla/5.0 (compatible; AhrefsBot/6.1; +http://ahrefs.com/robot/)"
192.0.102.40 - - [22/Jun/2020:06:50:47 +0800] "HEAD / HTTP/1.1" 200 - "-" "jetmon/1.0 (Jetpack Site Uptime Monitor by WordPress.com)"
54.36.148.223 - - [22/Jun/2020:06:51:14 +0800] "GET /?date=1995-10-4&t=day&paged=8 HTTP/1.1" 301 20 "-" "Mozilla/5.0 (compatible; AhrefsBot/6.1; +http://ahrefs.com/robot/)"
157.55.39.248 - - [22/Jun/2020:06:52:12 +0800] "GET /?option=com_joomdoc&task=cat_view&Itemid=&gid=30&orderby=dmdate_published HTTP/1.1" 200 31322 "-" "Mozilla/5.0 (compatible; bingbot/2.0; +http://www.bing.com/bingbot.htm)"
54.36.148.199 - - [22/Jun/2020:06:54:40 +0800] "GET /?date=1989-7-2&t=day&paged=4 HTTP/1.1" 301 20 "-" "Mozilla/5.0 (compatible; AhrefsBot/6.1; +http://ahrefs.com/robot/)"
216.244.66.248 - - [22/Jun/2020:06:54:43 +0800] "GET /?date=2003-12-9&t=day HTTP/1.1" 301 - "-" "Mozilla/5.0 (compatible; DotBot/1.1; http://www.opensiteexplorer.org/dotbot, help@moz.com)"
216.244.66.248 - - [22/Jun/2020:06:54:56 +0800] "GET /?date=2021-10-7&t=day HTTP/1.1" 301 - "-" "Mozilla/5.0 (compatible; DotBot/1.1; http://www.opensiteexplorer.org/dotbot, help@moz.com)"
157.55.39.248 - - [22/Jun/2020:06:56:14 +0800] "GET /?date=2019-11-7&t=list HTTP/1.1" 200 31322 "-" "Mozilla/5.0 (compatible; bingbot/2.0; +http://www.bing.com/bingbot.htm)"
54.36.148.245 - - [22/Jun/2020:06:57:03 +0800] "GET /?date=2016-2-16&t=day&paged=4 HTTP/1.1" 301 20 "-" "Mozilla/5.0 (compatible; AhrefsBot/6.1; +http://ahrefs.com/robot/)"
216.244.66.248 - - [22/Jun/2020:06:57:26 +0800] "GET /?date=1998-5-15&t=mini HTTP/1.1" 301 - "-" "Mozilla/5.0 (compatible; DotBot/1.1; http://www.opensiteexplorer.org/dotbot, help@moz.com)"
216.244.66.248 - - [22/Jun/2020:06:57:36 +0800] "GET /?date=2012-9-5&t=list HTTP/1.1" 301 - "-" "Mozilla/5.0 (compatible; DotBot/1.1; http://www.opensiteexplorer.org/dotbot, help@moz.com)"
216.244.66.248 - - [22/Jun/2020:06:57:44 +0800] "GET /?date=2021-10-17&t=mini HTTP/1.1" 301 - "-" "Mozilla/5.0 (compatible; DotBot/1.1; http://www.opensiteexplorer.org/dotbot, help@moz.com)"
192.0.102.40 - - [22/Jun/2020:06:58:46 +0800] "HEAD / HTTP/1.1" 200 - "-" "jetmon/1.0 (Jetpack Site Uptime Monitor by WordPress.com)"
54.36.148.80 - - [22/Jun/2020:07:00:18 +0800] "GET /?date=2011-7-21&t=day&paged=8 HTTP/1.1" 301 20 "-" "Mozilla/5.0 (compatible; AhrefsBot/6.1; +http://ahrefs.com/robot/)"
54.36.148.104 - - [22/Jun/2020:07:01:23 +0800] "GET /?date=1997-5-27&t=day&paged=7 HTTP/1.1" 301 20 "-" "Mozilla/5.0 (compatible; AhrefsBot/6.1; +http://ahrefs.com/robot/)"
54.36.148.135 - - [22/Jun/2020:07:01:42 +0800] "GET /?date=2015-5-17&t=day&paged=3 HTTP/1.1" 301 20 "-" "Mozilla/5.0 (compatible; AhrefsBot/6.1; +http://ahrefs.com/robot/)"
54.36.148.136 - - [22/Jun/2020:07:03:30 +0800] "GET /?date=2016-2-7&t=week&paged=3 HTTP/1.1" 301 20 "-" "Mozilla/5.0 (compatible; AhrefsBot/6.1; +http://ahrefs.com/robot/)"
54.36.148.107 - - [22/Jun/2020:07:04:03 +0800] "GET /?date=2009-9-24&t=day&paged=5 HTTP/1.1" 301 20 "-" "Mozilla/5.0 (compatible; AhrefsBot/6.1; +http://ahrefs.com/robot/)"
54.36.148.3 - - [22/Jun/2020:07:05:22 +0800] "GET /page/3/?date=2011-8-27&t=day&paged=3 HTTP/1.1" 404 30142 "-" "Mozilla/5.0 (compatible; AhrefsBot/6.1; +http://ahrefs.com/robot/)"
54.36.148.45 - - [22/Jun/2020:07:05:27 +0800] "GET /?date=2007-8-17&t=day&paged=5 HTTP/1.1" 301 20 "-" "Mozilla/5.0 (compatible; AhrefsBot/6.1; +http://ahrefs.com/robot/)"
54.36.148.190 - - [22/Jun/2020:07:05:47 +0800] "GET /?date=2006-1-25&t=day&paged=2 HTTP/1.1" 301 20 "-" "Mozilla/5.0 (compatible; AhrefsBot/6.1; +http://ahrefs.com/robot/)"
54.36.149.94 - - [22/Jun/2020:07:06:25 +0800] "GET /?date=2018-7-20&t=day&paged=7 HTTP/1.1" 301 20 "-" "Mozilla/5.0 (compatible; AhrefsBot/6.1; +http://ahrefs.com/robot/)"
54.36.148.103 - - [22/Jun/2020:07:06:56 +0800] "GET /?date=1997-8-30&t=day&paged=9 HTTP/1.1" 301 20 "-" "Mozilla/5.0 (compatible; AhrefsBot/6.1; +http://ahrefs.com/robot/)"
192.0.102.40 - - [22/Jun/2020:07:07:45 +0800] "HEAD / HTTP/1.1" 200 - "-" "jetmon/1.0 (Jetpack Site Uptime Monitor by WordPress.com)"
111.202.100.121 - - [22/Jun/2020:07:08:55 +0800] "GET /?date=2033-5-30&t=list&paged=2 HTTP/1.1" 404 30142 "-" "Sogou web spider/4.0(+http://www.sogou.com/docs/help/webmasters.htm#07)"
54.36.148.252 - - [22/Jun/2020:07:09:16 +0800] "GET /?date=2012-12-13&t=day&paged=4 HTTP/1.1" 301 20 "-" "Mozilla/5.0 (compatible; AhrefsBot/6.1; +http://ahrefs.com/robot/)"
111.202.100.119 - - [22/Jun/2020:07:09:20 +0800] "GET /?date=1989-11-3&t=list&paged=5 HTTP/1.1" 404 30142 "-" "Sogou web spider/4.0(+http://www.sogou.com/docs/help/webmasters.htm#07)"
111.202.100.121 - - [22/Jun/2020:07:09:59 +0800] "GET /?date=1904-5-8&t=list&paged=2 HTTP/1.1" 404 30142 "-" "Sogou web spider/4.0(+http://www.sogou.com/docs/help/webmasters.htm#07)"
54.36.149.36 - - [22/Jun/2020:07:10:45 +0800] "GET /?date=1989-11-16&t=day&paged=4 HTTP/1.1" 301 20 "-" "Mozilla/5.0 (compatible; AhrefsBot/6.1; +http://ahrefs.com/robot/)"
216.244.66.248 - - [22/Jun/2020:07:11:56 +0800] "GET /?date=2011-11-3&t=list HTTP/1.1" 301 - "-" "Mozilla/5.0 (compatible; DotBot/1.1; http://www.opensiteexplorer.org/dotbot, help@moz.com)"
216.244.66.248 - - [22/Jun/2020:07:12:01 +0800] "GET /?date=2014-5-11&t=week HTTP/1.1" 301 - "-" "Mozilla/5.0 (compatible; DotBot/1.1; http://www.opensiteexplorer.org/dotbot, help@moz.com)"
216.244.66.248 - - [22/Jun/2020:07:12:06 +0800] "GET /?date=2015-6-18&t=mini HTTP/1.1" 301 - "-" "Mozilla/5.0 (compatible; DotBot/1.1; http://www.opensiteexplorer.org/dotbot, help@moz.com)"
216.244.66.248 - - [22/Jun/2020:07:12:10 +0800] "GET /?date=2022-4-17&t=week HTTP/1.1" 301 - "-" "Mozilla/5.0 (compatible; DotBot/1.1; http://www.opensiteexplorer.org/dotbot, help@moz.com)"
216.244.66.248 - - [22/Jun/2020:07:12:51 +0800] "GET /?date=2007-9&t=mini&paged=2 HTTP/1.1" 301 - "-" "Mozilla/5.0 (compatible; DotBot/1.1; http://www.opensiteexplorer.org/dotbot, help@moz.com)"
192.0.102.40 - - [22/Jun/2020:07:14:30 +0800] "HEAD / HTTP/1.1" 200 - "-" "jetmon/1.0 (Jetpack Site Uptime Monitor by WordPress.com)"
54.36.148.120 - - [22/Jun/2020:07:14:55 +0800] "GET /?date=1996-1&t=mini&paged=9 HTTP/1.1" 301 20 "-" "Mozilla/5.0 (compatible; AhrefsBot/6.1; +http://ahrefs.com/robot/)"
216.244.66.248 - - [22/Jun/2020:07:16:20 +0800] "GET /?date=1992-1-4&t=day&paged=2 HTTP/1.1" 301 - "-" "Mozilla/5.0 (compatible; DotBot/1.1; http://www.opensiteexplorer.org/dotbot, help@moz.com)"
216.244.66.248 - - [22/Jun/2020:07:16:23 +0800] "GET /?date=2005-5&t=list&paged=6 HTTP/1.1" 301 - "-" "Mozilla/5.0 (compatible; DotBot/1.1; http://www.opensiteexplorer.org/dotbot, help@moz.com)"
216.244.66.248 - - [22/Jun/2020:07:16:28 +0800] "GET /?date=2006-5-6&t=day&paged=3 HTTP/1.1" 301 - "-" "Mozilla/5.0 (compatible; DotBot/1.1; http://www.opensiteexplorer.org/dotbot, help@moz.com)"
216.244.66.248 - - [22/Jun/2020:07:16:39 +0800] "GET /?date=2006-7&t=mini&paged=4 HTTP/1.1" 301 - "-" "Mozilla/5.0 (compatible; DotBot/1.1; http://www.opensiteexplorer.org/dotbot, help@moz.com)"
216.244.66.248 - - [22/Jun/2020:07:16:52 +0800] "GET /?date=2022-5-4&t=day&paged=2 HTTP/1.1" 301 - "-" "Mozilla/5.0 (compatible; DotBot/1.1; http://www.opensiteexplorer.org/dotbot, help@moz.com)"
111.202.100.121 - - [22/Jun/2020:07:17:25 +0800] "GET /?option=com_phocaguestbook&view=phocaguestbook&id=1&Itemid=39&limitstart=382320 HTTP/1.1" 200 31322 "-" "Sogou web spider/4.0(+http://www.sogou.com/docs/help/webmasters.htm#07)"
216.244.66.248 - - [22/Jun/2020:07:17:29 +0800] "GET /?date=2023-5-3&t=day&paged=2 HTTP/1.1" 301 - "-" "Mozilla/5.0 (compatible; DotBot/1.1; http://www.opensiteexplorer.org/dotbot, help@moz.com)"
111.202.100.119 - - [22/Jun/2020:07:17:35 +0800] "GET /index.php?option=com_phocaguestbook&view=phocaguestbook&id=1&Itemid=39&limitstart=130380 HTTP/1.1" 301 20 "-" "Sogou web spider/4.0(+http://www.sogou.com/docs/help/webmasters.htm#07)"
111.202.100.116 - - [22/Jun/2020:07:17:41 +0800] "GET /?option=com_phocaguestbook&view=phocaguestbook&id=1&Itemid=39&limitstart=236960 HTTP/1.1" 200 31322 "-" "Sogou web spider/4.0(+http://www.sogou.com/docs/help/webmasters.htm#07)"
111.202.100.118 - - [22/Jun/2020:07:17:57 +0800] "GET /?option=com_phocaguestbook&view=phocaguestbook&id=1&Itemid=39&limitstart=357100 HTTP/1.1" 200 31322 "-" "Sogou web spider/4.0(+http://www.sogou.com/docs/help/webmasters.htm#07)"
216.244.66.248 - - [22/Jun/2020:07:17:59 +0800] "GET /?date=1989-9-1&t=list&paged=2 HTTP/1.1" 301 - "-" "Mozilla/5.0 (compatible; DotBot/1.1; http://www.opensiteexplorer.org/dotbot, help@moz.com)"
216.244.66.248 - - [22/Jun/2020:07:18:28 +0800] "GET /?date=1991-9-6&t=list&paged=2 HTTP/1.1" 301 - "-" "Mozilla/5.0 (compatible; DotBot/1.1; http://www.opensiteexplorer.org/dotbot, help@moz.com)"
54.36.148.163 - - [22/Jun/2020:07:18:38 +0800] "GET /?date=2009-11-1&t=week&paged=7 HTTP/1.1" 301 20 "-" "Mozilla/5.0 (compatible; AhrefsBot/6.1; +http://ahrefs.com/robot/)"
111.202.100.121 - - [22/Jun/2020:07:18:38 +0800] "GET /index.php?option=com_phocaguestbook&view=phocaguestbook&id=1&Itemid=39&limitstart=72260 HTTP/1.1" 301 20 "-" "Sogou web spider/4.0(+http://www.sogou.com/docs/help/webmasters.htm#07)"
111.202.100.119 - - [22/Jun/2020:07:18:39 +0800] "GET /?option=com_phocaguestbook&view=phocaguestbook&id=1&Itemid=39&limitstart=130380 HTTP/1.1" 200 31322 "-" "Sogou web spider/4.0(+http://www.sogou.com/docs/help/webmasters.htm#07)"
216.244.66.248 - - [22/Jun/2020:07:18:59 +0800] "GET /?date=1997-4-26&t=list&paged=2 HTTP/1.1" 301 - "-" "Mozilla/5.0 (compatible; DotBot/1.1; http://www.opensiteexplorer.org/dotbot, help@moz.com)"
111.202.100.116 - - [22/Jun/2020:07:18:59 +0800] "GET /?option=com_phocaguestbook&view=phocaguestbook&id=1&Itemid=39&limitstart=5000 HTTP/1.1" 200 31322 "-" "Sogou web spider/4.0(+http://www.sogou.com/docs/help/webmasters.htm#07)"
216.244.66.248 - - [22/Jun/2020:07:19:26 +0800] "GET /?date=2000-7-14&t=mini&paged=2 HTTP/1.1" 301 - "-" "Mozilla/5.0 (compatible; DotBot/1.1; http://www.opensiteexplorer.org/dotbot, help@moz.com)"
54.36.148.80 - - [22/Jun/2020:07:19:27 +0800] "GET /?date=2016-3-27&t=day&paged=9 HTTP/1.1" 301 20 "-" "Mozilla/5.0 (compatible; AhrefsBot/6.1; +http://ahrefs.com/robot/)"
157.55.39.248 - - [22/Jun/2020:07:19:39 +0800] "GET /?date=2018-10-31&t=mini HTTP/1.1" 200 31322 "-" "Mozilla/5.0 (compatible; bingbot/2.0; +http://www.bing.com/bingbot.htm)"
111.202.100.121 - - [22/Jun/2020:07:19:43 +0800] "GET /?option=com_phocaguestbook&view=phocaguestbook&id=1&Itemid=39&limitstart=161840 HTTP/1.1" 200 31322 "-" "Sogou web spider/4.0(+http://www.sogou.com/docs/help/webmasters.htm#07)"
111.202.100.118 - - [22/Jun/2020:07:19:43 +0800] "GET /?option=com_phocaguestbook&view=phocaguestbook&id=1&Itemid=39&limitstart=72260 HTTP/1.1" 200 31322 "-" "Sogou web spider/4.0(+http://www.sogou.com/docs/help/webmasters.htm#07)"
111.202.100.119 - - [22/Jun/2020:07:19:48 +0800] "GET /?option=com_joomdoc&task=cat_view&gid=30&limit=10&limitstart=130&dir=DESC&Itemid=46 HTTP/1.1" 200 31322 "-" "Sogou web spider/4.0(+http://www.sogou.com/docs/help/webmasters.htm#07)"
216.244.66.248 - - [22/Jun/2020:07:19:52 +0800] "GET /?date=2002-12-3&t=mini&paged=2 HTTP/1.1" 301 - "-" "Mozilla/5.0 (compatible; DotBot/1.1; http://www.opensiteexplorer.org/dotbot, help@moz.com)"
216.244.66.248 - - [22/Jun/2020:07:20:16 +0800] "GET /?date=2013-2-24&t=week&paged=2 HTTP/1.1" 301 - "-" "Mozilla/5.0 (compatible; DotBot/1.1; http://www.opensiteexplorer.org/dotbot, help@moz.com)"
54.36.148.37 - - [22/Jun/2020:07:20:38 +0800] "GET /?date=1991-6-14&t=day&paged=5 HTTP/1.1" 301 20 "-" "Mozilla/5.0 (compatible; AhrefsBot/6.1; +http://ahrefs.com/robot/)"
216.244.66.248 - - [22/Jun/2020:07:20:40 +0800] "GET /?date=2015-10-2&t=list&paged=3 HTTP/1.1" 301 - "-" "Mozilla/5.0 (compatible; DotBot/1.1; http://www.opensiteexplorer.org/dotbot, help@moz.com)"
216.244.66.248 - - [22/Jun/2020:07:21:04 +0800] "GET /?date=2016-3-24&t=day&paged=2 HTTP/1.1" 301 - "-" "Mozilla/5.0 (compatible; DotBot/1.1; http://www.opensiteexplorer.org/dotbot, help@moz.com)"
54.36.148.247 - - [22/Jun/2020:07:21:11 +0800] "GET /?date=1990-11-11&t=week&paged=8 HTTP/1.1" 301 20 "-" "Mozilla/5.0 (compatible; AhrefsBot/6.1; +http://ahrefs.com/robot/)"
216.244.66.248 - - [22/Jun/2020:07:21:25 +0800] "GET /?date=2019-4-21&t=week&paged=3 HTTP/1.1" 301 - "-" "Mozilla/5.0 (compatible; DotBot/1.1; http://www.opensiteexplorer.org/dotbot, help@moz.com)"
111.202.100.121 - - [22/Jun/2020:07:21:44 +0800] "GET /?date=1970-7-17&t=mini&paged=6 HTTP/1.1" 404 30142 "-" "Sogou web spider/4.0(+http://www.sogou.com/docs/help/webmasters.htm#07)"
216.244.66.248 - - [22/Jun/2020:07:21:49 +0800] "GET /?date=2033-7-1&t=mini&paged=3 HTTP/1.1" 301 - "-" "Mozilla/5.0 (compatible; DotBot/1.1; http://www.opensiteexplorer.org/dotbot, help@moz.com)"
192.0.102.40 - - [22/Jun/2020:07:22:02 +0800] "HEAD / HTTP/1.1" 200 - "-" "jetmon/1.0 (Jetpack Site Uptime Monitor by WordPress.com)"
216.244.66.248 - - [22/Jun/2020:07:22:09 +0800] "GET /?date=2017-11&t=22220 HTTP/1.1" 301 - "-" "Mozilla/5.0 (compatible; DotBot/1.1; http://www.opensiteexplorer.org/dotbot, help@moz.com)"
216.244.66.248 - - [22/Jun/2020:07:22:28 +0800] "GET /?date=2008-2-10&t=day HTTP/1.1" 301 - "-" "Mozilla/5.0 (compatible; DotBot/1.1; http://www.opensiteexplorer.org/dotbot, help@moz.com)"
216.244.66.248 - - [22/Jun/2020:07:22:46 +0800] "GET /?date=1999-3-16&t=day HTTP/1.1" 301 - "-" "Mozilla/5.0 (compatible; DotBot/1.1; http://www.opensiteexplorer.org/dotbot, help@moz.com)"
216.244.66.248 - - [22/Jun/2020:07:23:03 +0800] "GET /?date=2006-10-29&t=week HTTP/1.1" 301 - "-" "Mozilla/5.0 (compatible; DotBot/1.1; http://www.opensiteexplorer.org/dotbot, help@moz.com)"
54.36.148.212 - - [22/Jun/2020:07:24:21 +0800] "GET /?date=2016-6&t=full&paged=5 HTTP/1.1" 301 20 "-" "Mozilla/5.0 (compatible; AhrefsBot/6.1; +http://ahrefs.com/robot/)"
17.58.97.104 - - [22/Jun/2020:07:26:26 +0800] "GET /robots.txt HTTP/1.1" 200 69 "-" "Mozilla/5.0 (Macintosh; Intel Mac OS X 10_15_5) AppleWebKit/605.1.15 (KHTML, like Gecko) Version/13.1.1 Safari/605.1.15 (Applebot/0.1; +http://www.apple.com/go/applebot)"
17.58.98.84 - - [22/Jun/2020:07:26:27 +0800] "GET /%e8%b4%8a%e5%8a%a9%e6%9c%ac%e5%9c%98/ HTTP/1.1" 200 30195 "-" "Mozilla/5.0 (Macintosh; Intel Mac OS X 10_15_5) AppleWebKit/605.1.15 (KHTML, like Gecko) Version/13.1.1 Safari/605.1.15 (Applebot/0.1; +http://www.apple.com/go/applebot)"
111.202.100.121 - - [22/Jun/2020:07:26:49 +0800] "GET /?option=com_phocaguestbook&view=phocaguestbook&id=1&Itemid=39&limitstart=241720 HTTP/1.1" 200 31322 "-" "Sogou web spider/4.0(+http://www.sogou.com/docs/help/webmasters.htm#07)"
216.244.66.248 - - [22/Jun/2020:07:26:56 +0800] "GET /?date=2021-2-1&t=22220 HTTP/1.1" 301 - "-" "Mozilla/5.0 (compatible; DotBot/1.1; http://www.opensiteexplorer.org/dotbot, help@moz.com)"
216.244.66.248 - - [22/Jun/2020:07:28:02 +0800] "GET /?date=1998-10-15&t=mini HTTP/1.1" 301 - "-" "Mozilla/5.0 (compatible; DotBot/1.1; http://www.opensiteexplorer.org/dotbot, help@moz.com)"
216.244.66.248 - - [22/Jun/2020:07:28:16 +0800] "GET /?date=2019-3-27&t=mini HTTP/1.1" 301 - "-" "Mozilla/5.0 (compatible; DotBot/1.1; http://www.opensiteexplorer.org/dotbot, help@moz.com)"
216.244.66.248 - - [22/Jun/2020:07:29:11 +0800] "GET /?date=2017-1-21&t=list&paged=2 HTTP/1.1" 301 - "-" "Mozilla/5.0 (compatible; DotBot/1.1; http://www.opensiteexplorer.org/dotbot, help@moz.com)"
216.244.66.248 - - [22/Jun/2020:07:29:23 +0800] "GET /?date=2017-10-12&t=mini&paged=3 HTTP/1.1" 301 - "-" "Mozilla/5.0 (compatible; DotBot/1.1; http://www.opensiteexplorer.org/dotbot, help@moz.com)"
192.0.102.40 - - [22/Jun/2020:07:30:11 +0800] "HEAD / HTTP/1.1" 200 - "-" "jetmon/1.0 (Jetpack Site Uptime Monitor by WordPress.com)"
216.244.66.248 - - [22/Jun/2020:07:30:41 +0800] "GET /?date=2014-8-3&t=mini HTTP/1.1" 301 - "-" "Mozilla/5.0 (compatible; DotBot/1.1; http://www.opensiteexplorer.org/dotbot, help@moz.com)"
111.202.100.121 - - [22/Jun/2020:07:31:13 +0800] "GET /?option=com_content&view=article&id=223%3A2015-02-11-09-08-27&catid=1&Itemid=2 HTTP/1.1" 200 31322 "-" "Sogou web spider/4.0(+http://www.sogou.com/docs/help/webmasters.htm#07)"
54.36.148.221 - - [22/Jun/2020:07:31:58 +0800] "GET /?date=2003-12-14&t=day&paged=7 HTTP/1.1" 301 20 "-" "Mozilla/5.0 (compatible; AhrefsBot/6.1; +http://ahrefs.com/robot/)"
54.36.149.4 - - [22/Jun/2020:07:32:16 +0800] "GET /?date=2017-6-14&t=day&paged=7 HTTP/1.1" 301 20 "-" "Mozilla/5.0 (compatible; AhrefsBot/6.1; +http://ahrefs.com/robot/)"
