49.7.20.156 - - [21/Jun/2020:23:19:34 +0800] "GET /?date=1998-4-12&t=day&paged=2 HTTP/1.1" 301 20 "-" "Sogou web spider/4.0(+http://www.sogou.com/docs/help/webmasters.htm#07)"
123.183.224.139 - - [21/Jun/2020:23:19:52 +0800] "GET /?date=1921-9-25&t=day&paged=2 HTTP/1.1" 301 20 "-" "Sogou web spider/4.0(+http://www.sogou.com/docs/help/webmasters.htm#07)"
49.7.20.150 - - [21/Jun/2020:23:19:58 +0800] "GET /?date=2022-1-19&t=list HTTP/1.1" 301 20 "-" "Sogou web spider/4.0(+http://www.sogou.com/docs/help/webmasters.htm#07)"
123.183.224.136 - - [21/Jun/2020:23:20:15 +0800] "GET /?date=1924-4-19&t=mini HTTP/1.1" 200 31322 "-" "Sogou web spider/4.0(+http://www.sogou.com/docs/help/webmasters.htm#07)"
49.7.20.153 - - [21/Jun/2020:23:20:16 +0800] "GET /?date=1914-4-22&t=day&paged=2 HTTP/1.1" 301 20 "-" "Sogou web spider/4.0(+http://www.sogou.com/docs/help/webmasters.htm#07)"
49.7.20.159 - - [21/Jun/2020:23:20:25 +0800] "GET /?option=com_phocaguestbook&view=phocaguestbook&id=1&Itemid=39&limitstart=1140 HTTP/1.1" 200 31322 "-" "Sogou web spider/4.0(+http://www.sogou.com/docs/help/webmasters.htm#07)"
123.183.224.135 - - [21/Jun/2020:23:20:34 +0800] "GET /?date=1950-2-26&t=day&paged=2 HTTP/1.1" 301 20 "-" "Sogou web spider/4.0(+http://www.sogou.com/docs/help/webmasters.htm#07)"
123.183.224.137 - - [21/Jun/2020:23:20:36 +0800] "GET /?date=1925-11-7&t=mini HTTP/1.1" 200 31322 "-" "Sogou web spider/4.0(+http://www.sogou.com/docs/help/webmasters.htm#07)"
49.7.20.156 - - [21/Jun/2020:23:20:41 +0800] "GET /?date=1946-5-14&t=list&paged=3 HTTP/1.1" 404 30142 "-" "Sogou web spider/4.0(+http://www.sogou.com/docs/help/webmasters.htm#07)"
49.7.20.150 - - [21/Jun/2020:23:21:02 +0800] "GET /?date=1919-7-22&t=list&paged=2 HTTP/1.1" 404 30142 "-" "Sogou web spider/4.0(+http://www.sogou.com/docs/help/webmasters.htm#07)"
123.183.224.139 - - [21/Jun/2020:23:21:12 +0800] "GET /?date=1921-9-25&t=day&paged=2 HTTP/1.1" 404 30142 "-" "Sogou web spider/4.0(+http://www.sogou.com/docs/help/webmasters.htm#07)"
49.7.20.153 - - [21/Jun/2020:23:21:20 +0800] "GET /?date=2011-4-19&t=day&paged=2 HTTP/1.1" 301 20 "-" "Sogou web spider/4.0(+http://www.sogou.com/docs/help/webmasters.htm#07)"
123.183.224.136 - - [21/Jun/2020:23:21:33 +0800] "GET /?date=1940-9-19&t=list&paged=2 HTTP/1.1" 301 20 "-" "Sogou web spider/4.0(+http://www.sogou.com/docs/help/webmasters.htm#07)"
49.7.20.156 - - [21/Jun/2020:23:22:01 +0800] "GET /?date=1946-6-16&t=list&paged=2 HTTP/1.1" 301 20 "-" "Sogou web spider/4.0(+http://www.sogou.com/docs/help/webmasters.htm#07)"
123.183.224.137 - - [21/Jun/2020:23:22:08 +0800] "GET /?date=2013-2-24&t=day&paged=2 HTTP/1.1" 301 20 "-" "Sogou web spider/4.0(+http://www.sogou.com/docs/help/webmasters.htm#07)"
49.7.20.159 - - [21/Jun/2020:23:22:14 +0800] "GET /?date=2030-5-29&t=list&paged=2 HTTP/1.1" 301 20 "-" "Sogou web spider/4.0(+http://www.sogou.com/docs/help/webmasters.htm#07)"
49.7.20.150 - - [21/Jun/2020:23:22:19 +0800] "GET /?date=2037-7-2&t=day&paged=3 HTTP/1.1" 301 20 "-" "Sogou web spider/4.0(+http://www.sogou.com/docs/help/webmasters.htm#07)"
49.7.20.153 - - [21/Jun/2020:23:22:27 +0800] "GET /?date=2011-4-19&t=day&paged=2 HTTP/1.1" 404 30142 "-" "Sogou web spider/4.0(+http://www.sogou.com/docs/help/webmasters.htm#07)"
123.183.224.136 - - [21/Jun/2020:23:22:37 +0800] "GET /?date=1940-9-19&t=list&paged=2 HTTP/1.1" 404 30142 "-" "Sogou web spider/4.0(+http://www.sogou.com/docs/help/webmasters.htm#07)"
123.183.224.139 - - [21/Jun/2020:23:22:53 +0800] "GET /?date=1929-9-4&t=day&paged=3 HTTP/1.1" 301 20 "-" "Sogou web spider/4.0(+http://www.sogou.com/docs/help/webmasters.htm#07)"
49.7.20.156 - - [21/Jun/2020:23:23:05 +0800] "GET /?date=2004-6-7&t=day&paged=2 HTTP/1.1" 404 30142 "-" "Sogou web spider/4.0(+http://www.sogou.com/docs/help/webmasters.htm#07)"
54.36.148.27 - - [21/Jun/2020:23:23:07 +0800] "GET /?date=1998-12-21&t=day&paged=7 HTTP/1.1" 301 20 "-" "Mozilla/5.0 (compatible; AhrefsBot/6.1; +http://ahrefs.com/robot/)"
111.202.100.121 - - [21/Jun/2020:23:23:11 +0800] "GET /?date=1987-2-23&t=mini HTTP/1.1" 200 31322 "-" "Sogou web spider/4.0(+http://www.sogou.com/docs/help/webmasters.htm#07)"
123.183.224.137 - - [21/Jun/2020:23:23:16 +0800] "GET /?date=1965-11-12&t=list HTTP/1.1" 200 31322 "-" "Sogou web spider/4.0(+http://www.sogou.com/docs/help/webmasters.htm#07)"
49.7.20.159 - - [21/Jun/2020:23:23:18 +0800] "GET /?date=2015-4-22&t=day&paged=4 HTTP/1.1" 404 30142 "-" "Sogou web spider/4.0(+http://www.sogou.com/docs/help/webmasters.htm#07)"
54.36.148.15 - - [21/Jun/2020:23:23:30 +0800] "GET /?date=2003-2-21&t=day&paged=8 HTTP/1.1" 301 20 "-" "Mozilla/5.0 (compatible; AhrefsBot/6.1; +http://ahrefs.com/robot/)"
49.7.20.150 - - [21/Jun/2020:23:23:31 +0800] "GET /?date=2010-9-22&t=list&paged=2 HTTP/1.1" 404 30142 "-" "Sogou web spider/4.0(+http://www.sogou.com/docs/help/webmasters.htm#07)"
49.7.20.153 - - [21/Jun/2020:23:23:53 +0800] "GET /?date=1929-6-12&t=mini&paged=6 HTTP/1.1" 301 20 "-" "Sogou web spider/4.0(+http://www.sogou.com/docs/help/webmasters.htm#07)"
123.183.224.139 - - [21/Jun/2020:23:23:57 +0800] "GET /?date=1929-9-4&t=day&paged=3 HTTP/1.1" 404 30142 "-" "Sogou web spider/4.0(+http://www.sogou.com/docs/help/webmasters.htm#07)"
192.0.102.40 - - [21/Jun/2020:23:24:19 +0800] "HEAD / HTTP/1.1" 200 - "-" "jetmon/1.0 (Jetpack Site Uptime Monitor by WordPress.com)"
111.202.101.183 - - [21/Jun/2020:23:24:22 +0800] "GET /?date=1969-4-20&t=week&paged=2 HTTP/1.1" 404 30142 "-" "Sogou web spider/4.0(+http://www.sogou.com/docs/help/webmasters.htm#07)"
123.183.224.136 - - [21/Jun/2020:23:24:28 +0800] "GET /?date=1954-11-24&t=day&paged=5 HTTP/1.1" 301 20 "-" "Sogou web spider/4.0(+http://www.sogou.com/docs/help/webmasters.htm#07)"
49.7.20.156 - - [21/Jun/2020:23:24:42 +0800] "GET /?date=2023-7-16&t=mini&paged=6 HTTP/1.1" 301 20 "-" "Sogou web spider/4.0(+http://www.sogou.com/docs/help/webmasters.htm#07)"
111.202.100.118 - - [21/Jun/2020:23:24:44 +0800] "GET /index.php?option=com_phocaguestbook&view=phocaguestbook&id=1&Itemid=39&limitstart=15580 HTTP/1.1" 301 20 "-" "Sogou web spider/4.0(+http://www.sogou.com/docs/help/webmasters.htm#07)"
111.202.100.119 - - [21/Jun/2020:23:24:44 +0800] "GET /index.php?option=com_joomdoc&task=cat_view&gid=30&orderby=dmdate_published&limitstart=100 HTTP/1.1" 301 20 "-" "Sogou web spider/4.0(+http://www.sogou.com/docs/help/webmasters.htm#07)"
111.202.100.121 - - [21/Jun/2020:23:24:44 +0800] "GET /?option=com_phocaguestbook&view=phocaguestbook&id=1&Itemid=39&limitstart=133960 HTTP/1.1" 200 31322 "-" "Sogou web spider/4.0(+http://www.sogou.com/docs/help/webmasters.htm#07)"
111.202.100.116 - - [21/Jun/2020:23:24:45 +0800] "GET /index.php?option=com_joomdoc&task=cat_view&gid=30&limit=5&limitstart=155&dir=ASC&Itemid=36 HTTP/1.1" 301 20 "-" "Sogou web spider/4.0(+http://www.sogou.com/docs/help/webmasters.htm#07)"
49.7.20.159 - - [21/Jun/2020:23:24:54 +0800] "GET /?date=1916-4-13&t=list&paged=2 HTTP/1.1" 301 20 "-" "Sogou web spider/4.0(+http://www.sogou.com/docs/help/webmasters.htm#07)"
49.7.20.153 - - [21/Jun/2020:23:25:13 +0800] "GET /?date=1946-6-16&t=list&paged=2 HTTP/1.1" 404 30142 "-" "Sogou web spider/4.0(+http://www.sogou.com/docs/help/webmasters.htm#07)"
49.7.20.150 - - [21/Jun/2020:23:25:16 +0800] "GET /?date=2028-3-18&t=day&paged=6 HTTP/1.1" 301 20 "-" "Sogou web spider/4.0(+http://www.sogou.com/docs/help/webmasters.htm#07)"
123.183.224.137 - - [21/Jun/2020:23:25:21 +0800] "GET /?date=2025-5-19&t=day&paged=2 HTTP/1.1" 301 20 "-" "Sogou web spider/4.0(+http://www.sogou.com/docs/help/webmasters.htm#07)"
54.36.148.222 - - [21/Jun/2020:23:25:22 +0800] "GET /?date=1998-7-27&t=day&paged=8 HTTP/1.1" 301 20 "-" "Mozilla/5.0 (compatible; AhrefsBot/6.1; +http://ahrefs.com/robot/)"
123.183.224.135 - - [21/Jun/2020:23:25:22 +0800] "GET /?date=2025-5-19&t=day&paged=2 HTTP/1.1" 404 30142 "-" "Sogou web spider/4.0(+http://www.sogou.com/docs/help/webmasters.htm#07)"
123.183.224.136 - - [21/Jun/2020:23:25:36 +0800] "GET /?date=1954-11-24&t=day&paged=5 HTTP/1.1" 404 30142 "-" "Sogou web spider/4.0(+http://www.sogou.com/docs/help/webmasters.htm#07)"
123.183.224.139 - - [21/Jun/2020:23:25:36 +0800] "GET /?date=1935-9-4&t=list&paged=2 HTTP/1.1" 301 20 "-" "Sogou web spider/4.0(+http://www.sogou.com/docs/help/webmasters.htm#07)"
49.7.20.156 - - [21/Jun/2020:23:25:46 +0800] "GET /?option=com_phocaguestbook&view=phocaguestbook&id=1&Itemid=39&limitstart=132540 HTTP/1.1" 200 31322 "-" "Sogou web spider/4.0(+http://www.sogou.com/docs/help/webmasters.htm#07)"
111.202.100.119 - - [21/Jun/2020:23:25:49 +0800] "GET /index.php?option=com_phocaguestbook&view=phocaguestbook&id=1&Itemid=39&limitstart=141360 HTTP/1.1" 301 20 "-" "Sogou web spider/4.0(+http://www.sogou.com/docs/help/webmasters.htm#07)"
111.202.100.121 - - [21/Jun/2020:23:25:50 +0800] "GET /?date=1922-8-11&t=day&paged=2 HTTP/1.1" 301 20 "-" "Sogou web spider/4.0(+http://www.sogou.com/docs/help/webmasters.htm#07)"
49.7.20.159 - - [21/Jun/2020:23:26:01 +0800] "GET /?date=1928-12-3&t=list&paged=4 HTTP/1.1" 404 30142 "-" "Sogou web spider/4.0(+http://www.sogou.com/docs/help/webmasters.htm#07)"
49.7.20.150 - - [21/Jun/2020:23:26:23 +0800] "GET /?date=1948-9&t=22220 HTTP/1.1" 200 31322 "-" "Sogou web spider/4.0(+http://www.sogou.com/docs/help/webmasters.htm#07)"
49.7.20.153 - - [21/Jun/2020:23:26:23 +0800] "GET /?date=1927-12-13&t=mini&paged=5 HTTP/1.1" 301 20 "-" "Sogou web spider/4.0(+http://www.sogou.com/docs/help/webmasters.htm#07)"
123.183.224.137 - - [21/Jun/2020:23:26:25 +0800] "GET /?date=1929-7-26&t=mini HTTP/1.1" 200 31322 "-" "Sogou web spider/4.0(+http://www.sogou.com/docs/help/webmasters.htm#07)"
123.183.224.136 - - [21/Jun/2020:23:26:40 +0800] "GET /?date=1935-11&t=list&paged=5 HTTP/1.1" 301 20 "-" "Sogou web spider/4.0(+http://www.sogou.com/docs/help/webmasters.htm#07)"
111.202.100.119 - - [21/Jun/2020:23:26:52 +0800] "GET /?option=com_joomdoc&task=cat_view&gid=30&orderby=dmdate_published&limitstart=100 HTTP/1.1" 200 31322 "-" "Sogou web spider/4.0(+http://www.sogou.com/docs/help/webmasters.htm#07)"
123.183.224.139 - - [21/Jun/2020:23:26:54 +0800] "GET /?date=1935-9-4&t=list&paged=2 HTTP/1.1" 404 30142 "-" "Sogou web spider/4.0(+http://www.sogou.com/docs/help/webmasters.htm#07)"
49.7.20.156 - - [21/Jun/2020:23:27:01 +0800] "GET /?date=2014-12-8&t=day&paged=2 HTTP/1.1" 404 30142 "-" "Sogou web spider/4.0(+http://www.sogou.com/docs/help/webmasters.htm#07)"
49.7.20.153 - - [21/Jun/2020:23:27:33 +0800] "GET /?date=2023-7-16&t=mini&paged=6 HTTP/1.1" 404 30142 "-" "Sogou web spider/4.0(+http://www.sogou.com/docs/help/webmasters.htm#07)"
49.7.20.159 - - [21/Jun/2020:23:27:34 +0800] "GET /?date=1924-12-15&t=day&paged=2 HTTP/1.1" 301 20 "-" "Sogou web spider/4.0(+http://www.sogou.com/docs/help/webmasters.htm#07)"
123.183.224.136 - - [21/Jun/2020:23:27:44 +0800] "GET /?date=1935-11&t=list&paged=5 HTTP/1.1" 404 30142 "-" "Sogou web spider/4.0(+http://www.sogou.com/docs/help/webmasters.htm#07)"
123.183.224.137 - - [21/Jun/2020:23:27:52 +0800] "GET /?date=1922-9-27&t=list&paged=2 HTTP/1.1" 301 20 "-" "Sogou web spider/4.0(+http://www.sogou.com/docs/help/webmasters.htm#07)"
49.7.20.156 - - [21/Jun/2020:23:28:14 +0800] "GET /?date=1993-2-7&t=list&paged=2 HTTP/1.1" 301 20 "-" "Sogou web spider/4.0(+http://www.sogou.com/docs/help/webmasters.htm#07)"
49.7.20.159 - - [21/Jun/2020:23:28:38 +0800] "GET /?date=1926-4-16&t=mini&paged=10 HTTP/1.1" 404 30142 "-" "Sogou web spider/4.0(+http://www.sogou.com/docs/help/webmasters.htm#07)"
49.7.20.153 - - [21/Jun/2020:23:28:56 +0800] "GET /index.php?option=com_phocagallery&view=category&id=18%3Asing&Itemid=59&limitstart=160 HTTP/1.1" 301 20 "-" "Sogou web spider/4.0(+http://www.sogou.com/docs/help/webmasters.htm#07)"
123.183.224.137 - - [21/Jun/2020:23:29:01 +0800] "GET /?date=2013-2-24&t=day&paged=2 HTTP/1.1" 404 30142 "-" "Sogou web spider/4.0(+http://www.sogou.com/docs/help/webmasters.htm#07)"
49.7.20.156 - - [21/Jun/2020:23:29:21 +0800] "GET /?date=2006-5-2&t=day&paged=7 HTTP/1.1" 404 30142 "-" "Sogou web spider/4.0(+http://www.sogou.com/docs/help/webmasters.htm#07)"
111.202.101.183 - - [21/Jun/2020:23:29:22 +0800] "GET /?date=2012-7-29&t=mini&paged=9 HTTP/1.1" 301 20 "-" "Sogou web spider/4.0(+http://www.sogou.com/docs/help/webmasters.htm#07)"
123.183.224.136 - - [21/Jun/2020:23:29:24 +0800] "GET /?date=1920-10-17&t=day&paged=2 HTTP/1.1" 301 20 "-" "Sogou web spider/4.0(+http://www.sogou.com/docs/help/webmasters.htm#07)"
49.7.20.153 - - [21/Jun/2020:23:30:03 +0800] "GET /?date=1924-12-15&t=day&paged=2 HTTP/1.1" 404 30142 "-" "Sogou web spider/4.0(+http://www.sogou.com/docs/help/webmasters.htm#07)"
49.7.20.159 - - [21/Jun/2020:23:30:08 +0800] "GET /?date=1944-3-29&t=day&paged=4 HTTP/1.1" 301 20 "-" "Sogou web spider/4.0(+http://www.sogou.com/docs/help/webmasters.htm#07)"
111.202.101.183 - - [21/Jun/2020:23:30:30 +0800] "GET /?date=2012-7-29&t=mini&paged=9 HTTP/1.1" 404 30142 "-" "Sogou web spider/4.0(+http://www.sogou.com/docs/help/webmasters.htm#07)"
49.7.20.156 - - [21/Jun/2020:23:30:35 +0800] "GET /?date=2000-11-17&t=day&paged=3 HTTP/1.1" 404 30142 "-" "Sogou web spider/4.0(+http://www.sogou.com/docs/help/webmasters.htm#07)"
123.183.224.136 - - [21/Jun/2020:23:30:38 +0800] "GET /?date=1920-10-17&t=day&paged=2 HTTP/1.1" 404 30142 "-" "Sogou web spider/4.0(+http://www.sogou.com/docs/help/webmasters.htm#07)"
111.202.101.184 - - [21/Jun/2020:23:30:43 +0800] "GET /?date=1959-6-1&t=22220&paged=3 HTTP/1.1" 404 30142 "-" "Sogou web spider/4.0(+http://www.sogou.com/docs/help/webmasters.htm#07)"
49.7.20.150 - - [21/Jun/2020:23:30:49 +0800] "GET /?date=1915-1-14&t=day&paged=2 HTTP/1.1" 404 30142 "-" "Sogou web spider/4.0(+http://www.sogou.com/docs/help/webmasters.htm#07)"
123.183.224.137 - - [21/Jun/2020:23:31:05 +0800] "GET /?date=1961-1-2&t=day&paged=4 HTTP/1.1" 301 20 "-" "Sogou web spider/4.0(+http://www.sogou.com/docs/help/webmasters.htm#07)"
49.7.20.159 - - [21/Jun/2020:23:31:12 +0800] "GET /?date=1945-7-21&t=mini HTTP/1.1" 200 31322 "-" "Sogou web spider/4.0(+http://www.sogou.com/docs/help/webmasters.htm#07)"
49.7.20.150 - - [21/Jun/2020:23:31:29 +0800] "GET /?option=com_phocaguestbook&view=phocaguestbook&id=1&Itemid=39&limitstart=138840 HTTP/1.1" 200 31322 "-" "Sogou web spider/4.0(+http://www.sogou.com/docs/help/webmasters.htm#07)"
49.7.20.153 - - [21/Jun/2020:23:31:47 +0800] "GET /?date=1910-2-24&t=day&paged=2 HTTP/1.1" 301 20 "-" "Sogou web spider/4.0(+http://www.sogou.com/docs/help/webmasters.htm#07)"
49.7.20.156 - - [21/Jun/2020:23:32:09 +0800] "GET /?date=1913-1-19&t=list&paged=9 HTTP/1.1" 301 20 "-" "Sogou web spider/4.0(+http://www.sogou.com/docs/help/webmasters.htm#07)"
123.183.224.137 - - [21/Jun/2020:23:32:10 +0800] "GET /?date=1922-9-27&t=list&paged=2 HTTP/1.1" 404 30142 "-" "Sogou web spider/4.0(+http://www.sogou.com/docs/help/webmasters.htm#07)"
192.0.102.40 - - [21/Jun/2020:23:32:15 +0800] "HEAD / HTTP/1.1" 200 - "-" "jetmon/1.0 (Jetpack Site Uptime Monitor by WordPress.com)"
54.36.148.234 - - [21/Jun/2020:23:32:20 +0800] "GET /?date=2003-1-30&t=day&paged=5 HTTP/1.1" 301 20 "-" "Mozilla/5.0 (compatible; AhrefsBot/6.1; +http://ahrefs.com/robot/)"
49.7.20.159 - - [21/Jun/2020:23:32:29 +0800] "GET /?option=com_phocagallery&view=detail&catid=18%3Asing&id=1441%3A2002_con_073&tmpl=component&phocaslideshow=0&Itemid=59&paged=8 HTTP/1.1" 301 20 "-" "Sogou web spider/4.0(+http://www.sogou.com/docs/help/webmasters.htm#07)"
54.36.149.72 - - [21/Jun/2020:23:32:31 +0800] "GET /?date=1998-12-26&t=day&paged=3 HTTP/1.1" 301 20 "-" "Mozilla/5.0 (compatible; AhrefsBot/6.1; +http://ahrefs.com/robot/)"
49.7.20.150 - - [21/Jun/2020:23:32:48 +0800] "GET /?date=2015-12-22&t=list&paged=2 HTTP/1.1" 301 20 "-" "Sogou web spider/4.0(+http://www.sogou.com/docs/help/webmasters.htm#07)"
49.7.20.153 - - [21/Jun/2020:23:32:54 +0800] "GET /index.php?option=com_phocaguestbook&view=phocaguestbook&id=1&Itemid=39&limitstart=5960 HTTP/1.1" 301 20 "-" "Sogou web spider/4.0(+http://www.sogou.com/docs/help/webmasters.htm#07)"
49.7.20.156 - - [21/Jun/2020:23:33:13 +0800] "GET /?date=1995-5-26&t=day&paged=2 HTTP/1.1" 404 30142 "-" "Sogou web spider/4.0(+http://www.sogou.com/docs/help/webmasters.htm#07)"
49.7.20.159 - - [21/Jun/2020:23:33:33 +0800] "GET /?date=2022-1-19&t=list HTTP/1.1" 200 31322 "-" "Sogou web spider/4.0(+http://www.sogou.com/docs/help/webmasters.htm#07)"
49.7.20.153 - - [21/Jun/2020:23:33:58 +0800] "GET /?date=2024-3-17&t=week&paged=4 HTTP/1.1" 301 20 "-" "Sogou web spider/4.0(+http://www.sogou.com/docs/help/webmasters.htm#07)"
49.7.20.150 - - [21/Jun/2020:23:34:01 +0800] "GET /?option=com_joomdoc&task=doc_details&gid=65&Itemid=36 HTTP/1.1" 200 31322 "-" "Sogou web spider/4.0(+http://www.sogou.com/docs/help/webmasters.htm#07)"
54.36.149.104 - - [21/Jun/2020:23:34:15 +0800] "GET /?date=1996-1-7&t=week&paged=8 HTTP/1.1" 301 20 "-" "Mozilla/5.0 (compatible; AhrefsBot/6.1; +http://ahrefs.com/robot/)"
111.202.101.183 - - [21/Jun/2020:23:34:37 +0800] "GET /?date=2013-5-11&t=list&paged=2 HTTP/1.1" 404 30142 "-" "Sogou web spider/4.0(+http://www.sogou.com/docs/help/webmasters.htm#07)"
111.202.100.119 - - [21/Jun/2020:23:34:40 +0800] "GET /?date=2032-5-15&t=day HTTP/1.1" 301 20 "-" "Sogou web spider/4.0(+http://www.sogou.com/docs/help/webmasters.htm#07)"
111.202.100.121 - - [21/Jun/2020:23:34:40 +0800] "GET /?date=1979-3-12&t=mini HTTP/1.1" 301 20 "-" "Sogou web spider/4.0(+http://www.sogou.com/docs/help/webmasters.htm#07)"
111.202.100.116 - - [21/Jun/2020:23:34:46 +0800] "GET /?date=1942-2-12&t=list HTTP/1.1" 301 20 "-" "Sogou web spider/4.0(+http://www.sogou.com/docs/help/webmasters.htm#07)"
49.7.20.159 - - [21/Jun/2020:23:34:47 +0800] "GET /?date=2013-1-10&t=list HTTP/1.1" 301 20 "-" "Sogou web spider/4.0(+http://www.sogou.com/docs/help/webmasters.htm#07)"
54.36.148.74 - - [21/Jun/2020:23:34:48 +0800] "GET /?date=2011-6-7&t=day&paged=4 HTTP/1.1" 301 20 "-" "Mozilla/5.0 (compatible; AhrefsBot/6.1; +http://ahrefs.com/robot/)"
49.7.20.156 - - [21/Jun/2020:23:34:48 +0800] "GET /?date=2029-7-23&t=list&paged=2 HTTP/1.1" 301 20 "-" "Sogou web spider/4.0(+http://www.sogou.com/docs/help/webmasters.htm#07)"
111.202.100.118 - - [21/Jun/2020:23:34:51 +0800] "GET /?date=1953-1-10&t=mini HTTP/1.1" 301 20 "-" "Sogou web spider/4.0(+http://www.sogou.com/docs/help/webmasters.htm#07)"
49.7.20.153 - - [21/Jun/2020:23:35:11 +0800] "GET /?option=com_phocaguestbook&view=phocaguestbook&id=1&Itemid=39&limitstart=75440 HTTP/1.1" 200 31322 "-" "Sogou web spider/4.0(+http://www.sogou.com/docs/help/webmasters.htm#07)"
54.36.149.61 - - [21/Jun/2020:23:35:17 +0800] "GET /?date=1996-6-7&t=day&paged=5 HTTP/1.1" 301 20 "-" "Mozilla/5.0 (compatible; AhrefsBot/6.1; +http://ahrefs.com/robot/)"
49.7.20.150 - - [21/Jun/2020:23:35:40 +0800] "GET /?date=1916-7-17&t=day&paged=4 HTTP/1.1" 301 20 "-" "Sogou web spider/4.0(+http://www.sogou.com/docs/help/webmasters.htm#07)"
111.202.100.121 - - [21/Jun/2020:23:35:48 +0800] "GET /?date=2032-5-15&t=day HTTP/1.1" 200 31322 "-" "Sogou web spider/4.0(+http://www.sogou.com/docs/help/webmasters.htm#07)"
111.202.100.119 - - [21/Jun/2020:23:35:50 +0800] "GET /?date=1942-2-12&t=list HTTP/1.1" 200 31322 "-" "Sogou web spider/4.0(+http://www.sogou.com/docs/help/webmasters.htm#07)"
49.7.20.159 - - [21/Jun/2020:23:35:51 +0800] "GET /?date=2037-7-2&t=day&paged=3 HTTP/1.1" 404 30142 "-" "Sogou web spider/4.0(+http://www.sogou.com/docs/help/webmasters.htm#07)"
49.7.20.156 - - [21/Jun/2020:23:35:52 +0800] "GET /?date=1972-9-1&t=22220&paged=3 HTTP/1.1" 404 30142 "-" "Sogou web spider/4.0(+http://www.sogou.com/docs/help/webmasters.htm#07)"
111.202.100.116 - - [21/Jun/2020:23:35:55 +0800] "GET /?date=1953-1-10&t=mini HTTP/1.1" 200 31322 "-" "Sogou web spider/4.0(+http://www.sogou.com/docs/help/webmasters.htm#07)"
49.7.20.150 - - [21/Jun/2020:23:36:53 +0800] "GET /?date=1950-1&t=22220 HTTP/1.1" 200 31322 "-" "Sogou web spider/4.0(+http://www.sogou.com/docs/help/webmasters.htm#07)"
49.7.20.153 - - [21/Jun/2020:23:36:56 +0800] "GET /index.php?option=com_joomdoc&task=cat_view&gid=30&limit=10&limitstart=85&dir=DESC&Itemid=36 HTTP/1.1" 301 20 "-" "Sogou web spider/4.0(+http://www.sogou.com/docs/help/webmasters.htm#07)"
54.36.148.49 - - [21/Jun/2020:23:36:58 +0800] "GET /?date=1999-4&t=list&paged=9 HTTP/1.1" 301 20 "-" "Mozilla/5.0 (compatible; AhrefsBot/6.1; +http://ahrefs.com/robot/)"
111.202.100.121 - - [21/Jun/2020:23:37:00 +0800] "GET /?date=2004-3-31&t=list HTTP/1.1" 301 20 "-" "Sogou web spider/4.0(+http://www.sogou.com/docs/help/webmasters.htm#07)"
111.202.101.183 - - [21/Jun/2020:23:37:03 +0800] "GET /?option=com_content&view=article&id=209%3A2011-09-29-08-14-44&catid=1&Itemid=2 HTTP/1.1" 200 31322 "-" "Sogou web spider/4.0(+http://www.sogou.com/docs/help/webmasters.htm#07)"
49.7.20.156 - - [21/Jun/2020:23:37:24 +0800] "GET /?date=1938-1-23&t=mini HTTP/1.1" 301 20 "-" "Sogou web spider/4.0(+http://www.sogou.com/docs/help/webmasters.htm#07)"
49.7.20.159 - - [21/Jun/2020:23:37:34 +0800] "GET /index.php?option=com_phocaguestbook&view=phocaguestbook&id=1&Itemid=39&limitstart=15620 HTTP/1.1" 301 20 "-" "Sogou web spider/4.0(+http://www.sogou.com/docs/help/webmasters.htm#07)"
54.36.148.28 - - [21/Jun/2020:23:37:44 +0800] "GET /?date=2009-7-3&t=day&paged=9 HTTP/1.1" 301 20 "-" "Mozilla/5.0 (compatible; AhrefsBot/6.1; +http://ahrefs.com/robot/)"
49.7.20.153 - - [21/Jun/2020:23:38:01 +0800] "GET /?date=2029-7-23&t=list&paged=2 HTTP/1.1" 404 30142 "-" "Sogou web spider/4.0(+http://www.sogou.com/docs/help/webmasters.htm#07)"
111.202.100.121 - - [21/Jun/2020:23:38:04 +0800] "GET /?date=1979-3-12&t=mini HTTP/1.1" 200 31322 "-" "Sogou web spider/4.0(+http://www.sogou.com/docs/help/webmasters.htm#07)"
49.7.20.150 - - [21/Jun/2020:23:38:10 +0800] "GET /?date=1970-10-20&t=day&paged=3 HTTP/1.1" 301 20 "-" "Sogou web spider/4.0(+http://www.sogou.com/docs/help/webmasters.htm#07)"
49.7.20.156 - - [21/Jun/2020:23:38:28 +0800] "GET /?date=2001-3-25&t=day&paged=2 HTTP/1.1" 404 30142 "-" "Sogou web spider/4.0(+http://www.sogou.com/docs/help/webmasters.htm#07)"
111.202.101.183 - - [21/Jun/2020:23:38:39 +0800] "GET /?date=1916-1-29&t=day&paged=2 HTTP/1.1" 404 30142 "-" "Sogou web spider/4.0(+http://www.sogou.com/docs/help/webmasters.htm#07)"
49.7.20.159 - - [21/Jun/2020:23:38:41 +0800] "GET /?date=1916-4-13&t=list&paged=2 HTTP/1.1" 404 30142 "-" "Sogou web spider/4.0(+http://www.sogou.com/docs/help/webmasters.htm#07)"
54.36.148.120 - - [21/Jun/2020:23:38:42 +0800] "GET /?date=1992-2&t=list&paged=4 HTTP/1.1" 301 20 "-" "Mozilla/5.0 (compatible; AhrefsBot/6.1; +http://ahrefs.com/robot/)"
54.36.148.2 - - [21/Jun/2020:23:38:51 +0800] "GET /?date=1995-12-15&t=day&paged=7 HTTP/1.1" 301 20 "-" "Mozilla/5.0 (compatible; AhrefsBot/6.1; +http://ahrefs.com/robot/)"
111.202.100.121 - - [21/Jun/2020:23:39:15 +0800] "GET /?date=2004-3-31&t=list HTTP/1.1" 200 31322 "-" "Sogou web spider/4.0(+http://www.sogou.com/docs/help/webmasters.htm#07)"
123.183.224.137 - - [21/Jun/2020:23:39:26 +0800] "GET /?date=1961-1-2&t=day&paged=4 HTTP/1.1" 404 30142 "-" "Sogou web spider/4.0(+http://www.sogou.com/docs/help/webmasters.htm#07)"
49.7.20.150 - - [21/Jun/2020:23:39:42 +0800] "GET /?date=1945-9-13&t=mini&paged=2 HTTP/1.1" 404 30142 "-" "Sogou web spider/4.0(+http://www.sogou.com/docs/help/webmasters.htm#07)"
54.36.148.152 - - [21/Jun/2020:23:39:49 +0800] "GET /page/3/?date=1993-12-28&t=day&paged=3 HTTP/1.1" 404 30142 "-" "Mozilla/5.0 (compatible; AhrefsBot/6.1; +http://ahrefs.com/robot/)"
49.7.20.156 - - [21/Jun/2020:23:40:00 +0800] "GET /?date=2005-12-8&t=day&paged=2 HTTP/1.1" 301 20 "-" "Sogou web spider/4.0(+http://www.sogou.com/docs/help/webmasters.htm#07)"
192.0.102.40 - - [21/Jun/2020:23:40:01 +0800] "HEAD / HTTP/1.1" 200 - "-" "jetmon/1.0 (Jetpack Site Uptime Monitor by WordPress.com)"
49.7.20.159 - - [21/Jun/2020:23:40:04 +0800] "GET /?date=1974-6-9&t=week&paged=2 HTTP/1.1" 301 20 "-" "Sogou web spider/4.0(+http://www.sogou.com/docs/help/webmasters.htm#07)"
216.244.66.248 - - [21/Jun/2020:23:40:15 +0800] "GET /?date=2001-5&t=mini&paged=3 HTTP/1.1" 301 - "-" "Mozilla/5.0 (compatible; DotBot/1.1; http://www.opensiteexplorer.org/dotbot, help@moz.com)"
54.36.148.172 - - [21/Jun/2020:23:40:36 +0800] "GET /?date=1992-10-16&t=day&paged=7 HTTP/1.1" 301 20 "-" "Mozilla/5.0 (compatible; AhrefsBot/6.1; +http://ahrefs.com/robot/)"
49.7.20.153 - - [21/Jun/2020:23:40:53 +0800] "GET /index.php?option=com_phocaguestbook&view=phocaguestbook&id=1&Itemid=39&limitstart=4900 HTTP/1.1" 301 20 "-" "Sogou web spider/4.0(+http://www.sogou.com/docs/help/webmasters.htm#07)"
49.7.20.150 - - [21/Jun/2020:23:40:57 +0800] "GET /?view=details&id=42%3ANormal+Practice&option=com_eventlist HTTP/1.1" 200 31322 "-" "Sogou web spider/4.0(+http://www.sogou.com/docs/help/webmasters.htm#07)"
54.36.148.103 - - [21/Jun/2020:23:40:57 +0800] "GET /?date=2003-1-16&t=day&paged=5 HTTP/1.1" 301 20 "-" "Mozilla/5.0 (compatible; AhrefsBot/6.1; +http://ahrefs.com/robot/)"
49.7.20.156 - - [21/Jun/2020:23:41:04 +0800] "GET /?option=com_joomdoc&task=doc_details&gid=3&Itemid=46 HTTP/1.1" 200 31322 "-" "Sogou web spider/4.0(+http://www.sogou.com/docs/help/webmasters.htm#07)"
49.7.20.159 - - [21/Jun/2020:23:41:08 +0800] "GET /?option=com_phocagallery&view=category&id=18%3Asing&Itemid=59&limitstart=160 HTTP/1.1" 200 31322 "-" "Sogou web spider/4.0(+http://www.sogou.com/docs/help/webmasters.htm#07)"
216.244.66.248 - - [21/Jun/2020:23:41:57 +0800] "GET /?date=1970-2-8&t=week&paged=2 HTTP/1.1" 301 - "-" "Mozilla/5.0 (compatible; DotBot/1.1; http://www.opensiteexplorer.org/dotbot, help@moz.com)"
216.244.66.248 - - [21/Jun/2020:23:42:01 +0800] "GET /?date=1991-12-5&t=day&paged=2 HTTP/1.1" 301 - "-" "Mozilla/5.0 (compatible; DotBot/1.1; http://www.opensiteexplorer.org/dotbot, help@moz.com)"
216.244.66.248 - - [21/Jun/2020:23:42:05 +0800] "GET /?date=1995-2&t=list&paged=5 HTTP/1.1" 301 - "-" "Mozilla/5.0 (compatible; DotBot/1.1; http://www.opensiteexplorer.org/dotbot, help@moz.com)"
216.244.66.248 - - [21/Jun/2020:23:42:08 +0800] "GET /?date=1995-3-6&t=day&paged=2 HTTP/1.1" 301 - "-" "Mozilla/5.0 (compatible; DotBot/1.1; http://www.opensiteexplorer.org/dotbot, help@moz.com)"
216.244.66.248 - - [21/Jun/2020:23:42:11 +0800] "GET /?date=1996-4-15&t=mini&paged=3 HTTP/1.1" 301 - "-" "Mozilla/5.0 (compatible; DotBot/1.1; http://www.opensiteexplorer.org/dotbot, help@moz.com)"
216.244.66.248 - - [21/Jun/2020:23:42:14 +0800] "GET /?date=1996-7-6&t=day&paged=5 HTTP/1.1" 301 - "-" "Mozilla/5.0 (compatible; DotBot/1.1; http://www.opensiteexplorer.org/dotbot, help@moz.com)"
216.244.66.248 - - [21/Jun/2020:23:42:16 +0800] "GET /?date=1998-12-12&t=day&paged=2 HTTP/1.1" 301 - "-" "Mozilla/5.0 (compatible; DotBot/1.1; http://www.opensiteexplorer.org/dotbot, help@moz.com)"
216.244.66.248 - - [21/Jun/2020:23:42:19 +0800] "GET /?date=2000-10-2&t=mini&paged=2 HTTP/1.1" 301 - "-" "Mozilla/5.0 (compatible; DotBot/1.1; http://www.opensiteexplorer.org/dotbot, help@moz.com)"
216.244.66.248 - - [21/Jun/2020:23:42:21 +0800] "GET /?date=2001-4-29&t=day&paged=2 HTTP/1.1" 301 - "-" "Mozilla/5.0 (compatible; DotBot/1.1; http://www.opensiteexplorer.org/dotbot, help@moz.com)"
216.244.66.248 - - [21/Jun/2020:23:42:22 +0800] "GET /?date=2006-9-2&t=day&paged=2 HTTP/1.1" 301 - "-" "Mozilla/5.0 (compatible; DotBot/1.1; http://www.opensiteexplorer.org/dotbot, help@moz.com)"
216.244.66.248 - - [21/Jun/2020:23:42:24 +0800] "GET /?date=2009-2-6&t=list&paged=2 HTTP/1.1" 301 - "-" "Mozilla/5.0 (compatible; DotBot/1.1; http://www.opensiteexplorer.org/dotbot, help@moz.com)"
123.183.224.137 - - [21/Jun/2020:23:42:31 +0800] "GET /?date=2033-5-19&t=list&paged=4 HTTP/1.1" 404 30142 "-" "Sogou web spider/4.0(+http://www.sogou.com/docs/help/webmasters.htm#07)"
216.244.66.248 - - [21/Jun/2020:23:42:38 +0800] "GET /?date=2013-8-9&t=list&paged=2 HTTP/1.1" 301 - "-" "Mozilla/5.0 (compatible; DotBot/1.1; http://www.opensiteexplorer.org/dotbot, help@moz.com)"
49.7.20.150 - - [21/Jun/2020:23:42:43 +0800] "GET /?date=1951-12-9&t=list&paged=4 HTTP/1.1" 301 20 "-" "Sogou web spider/4.0(+http://www.sogou.com/docs/help/webmasters.htm#07)"
49.7.20.156 - - [21/Jun/2020:23:42:46 +0800] "GET /?date=1923-1-13&t=list&paged=5 HTTP/1.1" 301 20 "-" "Sogou web spider/4.0(+http://www.sogou.com/docs/help/webmasters.htm#07)"
49.7.20.159 - - [21/Jun/2020:23:42:46 +0800] "GET /?date=1913-11-8&t=day&paged=2 HTTP/1.1" 301 20 "-" "Sogou web spider/4.0(+http://www.sogou.com/docs/help/webmasters.htm#07)"
216.244.66.248 - - [21/Jun/2020:23:42:47 +0800] "GET /?date=2014-1-21&t=mini&paged=2 HTTP/1.1" 301 - "-" "Mozilla/5.0 (compatible; DotBot/1.1; http://www.opensiteexplorer.org/dotbot, help@moz.com)"
49.7.20.153 - - [21/Jun/2020:23:42:49 +0800] "GET /?date=2036-7-3&t=mini&paged=5 HTTP/1.1" 301 20 "-" "Sogou web spider/4.0(+http://www.sogou.com/docs/help/webmasters.htm#07)"
216.244.66.248 - - [21/Jun/2020:23:42:59 +0800] "GET /?date=2018-2-1&t=mini&paged=3 HTTP/1.1" 301 - "-" "Mozilla/5.0 (compatible; DotBot/1.1; http://www.opensiteexplorer.org/dotbot, help@moz.com)"
216.244.66.248 - - [21/Jun/2020:23:43:10 +0800] "GET /?date=2020-10-22&t=day&paged=2 HTTP/1.1" 301 - "-" "Mozilla/5.0 (compatible; DotBot/1.1; http://www.opensiteexplorer.org/dotbot, help@moz.com)"
111.202.100.121 - - [21/Jun/2020:23:43:12 +0800] "GET /?date=2034-6-7&t=list&paged=2 HTTP/1.1" 404 30142 "-" "Sogou web spider/4.0(+http://www.sogou.com/docs/help/webmasters.htm#07)"
216.244.66.248 - - [21/Jun/2020:23:43:19 +0800] "GET /?date=2021-2-27&t=day&paged=2 HTTP/1.1" 301 - "-" "Mozilla/5.0 (compatible; DotBot/1.1; http://www.opensiteexplorer.org/dotbot, help@moz.com)"
216.244.66.248 - - [21/Jun/2020:23:43:31 +0800] "GET /?date=2033-3-6&t=list&paged=2 HTTP/1.1" 301 - "-" "Mozilla/5.0 (compatible; DotBot/1.1; http://www.opensiteexplorer.org/dotbot, help@moz.com)"
216.244.66.248 - - [21/Jun/2020:23:43:42 +0800] "GET /?date=2018-10-21&t=mini&paged=3 HTTP/1.1" 301 - "-" "Mozilla/5.0 (compatible; DotBot/1.1; http://www.opensiteexplorer.org/dotbot, help@moz.com)"
49.7.20.159 - - [21/Jun/2020:23:43:53 +0800] "GET /?date=1993-2-7&t=list&paged=2 HTTP/1.1" 404 30142 "-" "Sogou web spider/4.0(+http://www.sogou.com/docs/help/webmasters.htm#07)"
49.7.20.156 - - [21/Jun/2020:23:43:53 +0800] "GET /?date=1998-4-12&t=day&paged=2 HTTP/1.1" 404 30142 "-" "Sogou web spider/4.0(+http://www.sogou.com/docs/help/webmasters.htm#07)"
49.7.20.150 - - [21/Jun/2020:23:43:56 +0800] "GET /?option=com_phocaguestbook&view=phocaguestbook&id=1&Itemid=39&limitstart=250540 HTTP/1.1" 200 31322 "-" "Sogou web spider/4.0(+http://www.sogou.com/docs/help/webmasters.htm#07)"
49.7.20.153 - - [21/Jun/2020:23:43:56 +0800] "GET /?option=com_phocaguestbook&view=phocaguestbook&id=1&Itemid=39&limitstart=4900 HTTP/1.1" 200 31322 "-" "Sogou web spider/4.0(+http://www.sogou.com/docs/help/webmasters.htm#07)"
123.183.224.137 - - [21/Jun/2020:23:44:03 +0800] "GET /?date=1956-10-31&t=mini&paged=4 HTTP/1.1" 404 30142 "-" "Sogou web spider/4.0(+http://www.sogou.com/docs/help/webmasters.htm#07)"
111.202.100.121 - - [21/Jun/2020:23:44:29 +0800] "GET /?date=1992-7-9&t=day&paged=2 HTTP/1.1" 404 30142 "-" "Sogou web spider/4.0(+http://www.sogou.com/docs/help/webmasters.htm#07)"
54.36.148.227 - - [21/Jun/2020:23:44:37 +0800] "GET /?date=2018-3-13&t=day&paged=6 HTTP/1.1" 301 20 "-" "Mozilla/5.0 (compatible; AhrefsBot/6.1; +http://ahrefs.com/robot/)"
216.244.66.248 - - [21/Jun/2020:23:44:41 +0800] "GET /?date=2019-2-19&t=day HTTP/1.1" 301 - "-" "Mozilla/5.0 (compatible; DotBot/1.1; http://www.opensiteexplorer.org/dotbot, help@moz.com)"
111.202.100.119 - - [21/Jun/2020:23:44:44 +0800] "GET /?date=1912-3-22&t=list&paged=2 HTTP/1.1" 404 30142 "-" "Sogou web spider/4.0(+http://www.sogou.com/docs/help/webmasters.htm#07)"
123.183.224.135 - - [21/Jun/2020:23:45:13 +0800] "GET /?date=1916-7-25&t=day&paged=2 HTTP/1.1" 301 20 "-" "Sogou web spider/4.0(+http://www.sogou.com/docs/help/webmasters.htm#07)"
49.7.20.159 - - [21/Jun/2020:23:45:13 +0800] "GET /?date=1951-12-9&t=list&paged=4 HTTP/1.1" 404 30142 "-" "Sogou web spider/4.0(+http://www.sogou.com/docs/help/webmasters.htm#07)"
123.183.224.136 - - [21/Jun/2020:23:45:14 +0800] "GET /?date=1916-7-25&t=day&paged=2 HTTP/1.1" 404 30142 "-" "Sogou web spider/4.0(+http://www.sogou.com/docs/help/webmasters.htm#07)"
123.183.224.139 - - [21/Jun/2020:23:45:15 +0800] "GET /?date=1977-2-15&t=day&paged=7 HTTP/1.1" 301 20 "-" "Sogou web spider/4.0(+http://www.sogou.com/docs/help/webmasters.htm#07)"
49.7.20.150 - - [21/Jun/2020:23:45:17 +0800] "GET /index.php?option=com_phocagallery&view=detail&catid=16:sing&id=1344:25th_243&tmpl=component&phocaslideshow=0&Itemid=59 HTTP/1.1" 301 20 "-" "Sogou web spider/4.0(+http://www.sogou.com/docs/help/webmasters.htm#07)"
49.7.20.156 - - [21/Jun/2020:23:45:18 +0800] "GET /?date=2030-5-29&t=list&paged=2 HTTP/1.1" 404 30142 "-" "Sogou web spider/4.0(+http://www.sogou.com/docs/help/webmasters.htm#07)"
123.183.224.137 - - [21/Jun/2020:23:45:18 +0800] "GET /?date=1924-8-24&t=day&paged=2 HTTP/1.1" 301 20 "-" "Sogou web spider/4.0(+http://www.sogou.com/docs/help/webmasters.htm#07)"
49.7.20.153 - - [21/Jun/2020:23:45:41 +0800] "GET /?date=1956-7-24&t=mini&paged=5 HTTP/1.1" 301 20 "-" "Sogou web spider/4.0(+http://www.sogou.com/docs/help/webmasters.htm#07)"
216.244.66.248 - - [21/Jun/2020:23:46:08 +0800] "GET /?date=2017-10-31&t=list HTTP/1.1" 301 - "-" "Mozilla/5.0 (compatible; DotBot/1.1; http://www.opensiteexplorer.org/dotbot, help@moz.com)"
123.183.224.139 - - [21/Jun/2020:23:46:27 +0800] "GET /?date=1977-2-15&t=day&paged=7 HTTP/1.1" 404 30142 "-" "Sogou web spider/4.0(+http://www.sogou.com/docs/help/webmasters.htm#07)"
49.7.20.150 - - [21/Jun/2020:23:46:27 +0800] "GET /?date=1914-4-22&t=day&paged=2 HTTP/1.1" 404 30142 "-" "Sogou web spider/4.0(+http://www.sogou.com/docs/help/webmasters.htm#07)"
49.7.20.159 - - [21/Jun/2020:23:46:33 +0800] "GET /?date=1970-10-20&t=day&paged=3 HTTP/1.1" 404 30142 "-" "Sogou web spider/4.0(+http://www.sogou.com/docs/help/webmasters.htm#07)"
216.244.66.248 - - [21/Jun/2020:23:46:34 +0800] "GET /?date=2021-4-2&t=day HTTP/1.1" 200 98259 "-" "Mozilla/5.0 (compatible; DotBot/1.1; http://www.opensiteexplorer.org/dotbot, help@moz.com)"
123.183.224.135 - - [21/Jun/2020:23:46:44 +0800] "GET /?date=2006-3-18&t=mini&paged=3 HTTP/1.1" 404 30142 "-" "Sogou web spider/4.0(+http://www.sogou.com/docs/help/webmasters.htm#07)"
49.7.20.153 - - [21/Jun/2020:23:46:45 +0800] "GET /?date=2036-7-3&t=mini&paged=5 HTTP/1.1" 404 30142 "-" "Sogou web spider/4.0(+http://www.sogou.com/docs/help/webmasters.htm#07)"
111.202.100.121 - - [21/Jun/2020:23:46:51 +0800] "GET /?date=1913-2-10&t=day&paged=2 HTTP/1.1" 404 30142 "-" "Sogou web spider/4.0(+http://www.sogou.com/docs/help/webmasters.htm#07)"
49.7.20.156 - - [21/Jun/2020:23:46:54 +0800] "GET /?date=1912-4-23&t=list&paged=2 HTTP/1.1" 301 20 "-" "Sogou web spider/4.0(+http://www.sogou.com/docs/help/webmasters.htm#07)"
123.183.224.136 - - [21/Jun/2020:23:47:00 +0800] "GET /?date=1906-9&t=mini&paged=3 HTTP/1.1" 301 20 "-" "Sogou web spider/4.0(+http://www.sogou.com/docs/help/webmasters.htm#07)"
123.183.224.137 - - [21/Jun/2020:23:47:02 +0800] "GET /?date=1950-2-26&t=day&paged=2 HTTP/1.1" 404 30142 "-" "Sogou web spider/4.0(+http://www.sogou.com/docs/help/webmasters.htm#07)"
192.0.102.40 - - [21/Jun/2020:23:47:42 +0800] "HEAD / HTTP/1.1" 200 - "-" "jetmon/1.0 (Jetpack Site Uptime Monitor by WordPress.com)"
49.7.20.150 - - [21/Jun/2020:23:47:49 +0800] "GET /?date=1929-6-12&t=mini&paged=6 HTTP/1.1" 404 30142 "-" "Sogou web spider/4.0(+http://www.sogou.com/docs/help/webmasters.htm#07)"
49.7.20.153 - - [21/Jun/2020:23:47:54 +0800] "GET /?date=1903-5-27&t=list&paged=2 HTTP/1.1" 301 20 "-" "Sogou web spider/4.0(+http://www.sogou.com/docs/help/webmasters.htm#07)"
49.7.20.159 - - [21/Jun/2020:23:47:56 +0800] "GET /index.php?option=com_phocaguestbook&view=phocaguestbook&id=1&Itemid=39&limitstart=121100 HTTP/1.1" 301 20 "-" "Sogou web spider/4.0(+http://www.sogou.com/docs/help/webmasters.htm#07)"
216.244.66.248 - - [21/Jun/2020:23:48:01 +0800] "GET /?date=2018-4-16&t=day HTTP/1.1" 301 - "-" "Mozilla/5.0 (compatible; DotBot/1.1; http://www.opensiteexplorer.org/dotbot, help@moz.com)"
49.7.20.156 - - [21/Jun/2020:23:48:01 +0800] "GET /?date=2028-3-18&t=day&paged=6 HTTP/1.1" 404 30142 "-" "Sogou web spider/4.0(+http://www.sogou.com/docs/help/webmasters.htm#07)"
123.183.224.135 - - [21/Jun/2020:23:48:15 +0800] "GET /?date=1915-1-29&t=day&paged=2 HTTP/1.1" 301 20 "-" "Sogou web spider/4.0(+http://www.sogou.com/docs/help/webmasters.htm#07)"
123.183.224.136 - - [21/Jun/2020:23:48:21 +0800] "GET /?option=com_phocagallery&view=detail&catid=10&id=195%3A0112&phocaslideshow=1&tmpl=component&Itemid=59 HTTP/1.1" 200 31322 "-" "Sogou web spider/4.0(+http://www.sogou.com/docs/help/webmasters.htm#07)"
123.183.224.139 - - [21/Jun/2020:23:48:22 +0800] "GET /?date=1934-2-19&t=list&paged=2 HTTP/1.1" 301 20 "-" "Sogou web spider/4.0(+http://www.sogou.com/docs/help/webmasters.htm#07)"
111.202.100.119 - - [21/Jun/2020:23:48:28 +0800] "GET /?date=1912-10-2&t=mini&paged=2 HTTP/1.1" 404 30142 "-" "Sogou web spider/4.0(+http://www.sogou.com/docs/help/webmasters.htm#07)"
123.183.224.137 - - [21/Jun/2020:23:48:32 +0800] "GET /?date=1924-8-24&t=day&paged=2 HTTP/1.1" 404 30142 "-" "Sogou web spider/4.0(+http://www.sogou.com/docs/help/webmasters.htm#07)"
111.202.100.118 - - [21/Jun/2020:23:48:35 +0800] "GET /?date=2033-8-28&t=day&paged=4 HTTP/1.1" 404 30142 "-" "Sogou web spider/4.0(+http://www.sogou.com/docs/help/webmasters.htm#07)"
111.202.100.116 - - [21/Jun/2020:23:48:36 +0800] "GET /?date=1950-8-3&t=list&paged=2 HTTP/1.1" 404 30142 "-" "Sogou web spider/4.0(+http://www.sogou.com/docs/help/webmasters.htm#07)"
111.202.100.121 - - [21/Jun/2020:23:48:43 +0800] "GET /?date=1992-8-7&t=list&paged=2 HTTP/1.1" 404 30142 "-" "Sogou web spider/4.0(+http://www.sogou.com/docs/help/webmasters.htm#07)"
49.7.20.159 - - [21/Jun/2020:23:49:00 +0800] "GET /?date=2024-3-17&t=week&paged=4 HTTP/1.1" 404 30142 "-" "Sogou web spider/4.0(+http://www.sogou.com/docs/help/webmasters.htm#07)"
49.7.20.153 - - [21/Jun/2020:23:49:01 +0800] "GET /?date=2013-1-10&t=list HTTP/1.1" 200 31322 "-" "Sogou web spider/4.0(+http://www.sogou.com/docs/help/webmasters.htm#07)"
49.7.20.150 - - [21/Jun/2020:23:49:23 +0800] "GET /?date=1917-7-26&t=day&paged=2 HTTP/1.1" 301 20 "-" "Sogou web spider/4.0(+http://www.sogou.com/docs/help/webmasters.htm#07)"
123.183.224.139 - - [21/Jun/2020:23:49:26 +0800] "GET /?date=1934-2-19&t=list&paged=2 HTTP/1.1" 404 30142 "-" "Sogou web spider/4.0(+http://www.sogou.com/docs/help/webmasters.htm#07)"
123.183.224.135 - - [21/Jun/2020:23:49:30 +0800] "GET /?date=1915-1-29&t=day&paged=2 HTTP/1.1" 404 30142 "-" "Sogou web spider/4.0(+http://www.sogou.com/docs/help/webmasters.htm#07)"
111.202.100.121 - - [21/Jun/2020:23:49:53 +0800] "GET /?date=1908-7-16&t=day&paged=2 HTTP/1.1" 404 30142 "-" "Sogou web spider/4.0(+http://www.sogou.com/docs/help/webmasters.htm#07)"
49.7.20.156 - - [21/Jun/2020:23:50:05 +0800] "GET /?date=1946-8-17&t=day&paged=2 HTTP/1.1" 301 20 "-" "Sogou web spider/4.0(+http://www.sogou.com/docs/help/webmasters.htm#07)"
111.202.100.119 - - [21/Jun/2020:23:50:06 +0800] "GET /?date=2005-7-15&t=list&paged=2 HTTP/1.1" 404 30142 "-" "Sogou web spider/4.0(+http://www.sogou.com/docs/help/webmasters.htm#07)"
123.183.224.136 - - [21/Jun/2020:23:50:15 +0800] "GET /?date=1906-9&t=mini&paged=3 HTTP/1.1" 404 30142 "-" "Sogou web spider/4.0(+http://www.sogou.com/docs/help/webmasters.htm#07)"
111.202.100.116 - - [21/Jun/2020:23:50:22 +0800] "GET /?date=1904-1-15&t=list&paged=3 HTTP/1.1" 404 30142 "-" "Sogou web spider/4.0(+http://www.sogou.com/docs/help/webmasters.htm#07)"
49.7.20.153 - - [21/Jun/2020:23:50:26 +0800] "GET /?option=com_phocaguestbook&view=phocaguestbook&id=1&Itemid=39&limitstart=258660&paged=7 HTTP/1.1" 301 20 "-" "Sogou web spider/4.0(+http://www.sogou.com/docs/help/webmasters.htm#07)"
111.202.100.118 - - [21/Jun/2020:23:50:27 +0800] "GET /?date=2009-2-21&t=list&paged=3 HTTP/1.1" 404 30142 "-" "Sogou web spider/4.0(+http://www.sogou.com/docs/help/webmasters.htm#07)"
49.7.20.159 - - [21/Jun/2020:23:50:29 +0800] "GET /?date=1974-6-9&t=week&paged=2 HTTP/1.1" 404 30142 "-" "Sogou web spider/4.0(+http://www.sogou.com/docs/help/webmasters.htm#07)"
49.7.20.150 - - [21/Jun/2020:23:50:30 +0800] "GET /?date=1927-12-13&t=mini&paged=5 HTTP/1.1" 404 30142 "-" "Sogou web spider/4.0(+http://www.sogou.com/docs/help/webmasters.htm#07)"
123.183.224.135 - - [21/Jun/2020:23:50:35 +0800] "GET /?date=1922-7-25&t=list&paged=6 HTTP/1.1" 301 20 "-" "Sogou web spider/4.0(+http://www.sogou.com/docs/help/webmasters.htm#07)"
123.183.224.137 - - [21/Jun/2020:23:50:36 +0800] "GET /?date=1922-7-25&t=list&paged=6 HTTP/1.1" 404 30142 "-" "Sogou web spider/4.0(+http://www.sogou.com/docs/help/webmasters.htm#07)"
216.244.66.248 - - [21/Jun/2020:23:50:45 +0800] "GET /?date=2020-5-28&t=mini&paged=2 HTTP/1.1" 301 - "-" "Mozilla/5.0 (compatible; DotBot/1.1; http://www.opensiteexplorer.org/dotbot, help@moz.com)"
123.183.224.139 - - [21/Jun/2020:23:50:46 +0800] "GET /?date=1989-3-29&t=day&paged=4 HTTP/1.1" 301 20 "-" "Sogou web spider/4.0(+http://www.sogou.com/docs/help/webmasters.htm#07)"
111.202.100.121 - - [21/Jun/2020:23:50:58 +0800] "GET /?date=1973-1-1&t=day&paged=3 HTTP/1.1" 404 30142 "-" "Sogou web spider/4.0(+http://www.sogou.com/docs/help/webmasters.htm#07)"
111.202.100.119 - - [21/Jun/2020:23:51:10 +0800] "GET /?date=1922-5-29&t=list&paged=2 HTTP/1.1" 404 30142 "-" "Sogou web spider/4.0(+http://www.sogou.com/docs/help/webmasters.htm#07)"
49.7.20.156 - - [21/Jun/2020:23:51:18 +0800] "GET /?option=com_phocagallery&view=detail&catid=18%3Asing&id=1441%3A2002_con_073&tmpl=component&phocaslideshow=0&Itemid=59&paged=8 HTTP/1.1" 404 30142 "-" "Sogou web spider/4.0(+http://www.sogou.com/docs/help/webmasters.htm#07)"
49.7.20.153 - - [21/Jun/2020:23:51:30 +0800] "GET /?date=1909-10-7&t=list&paged=2 HTTP/1.1" 301 20 "-" "Sogou web spider/4.0(+http://www.sogou.com/docs/help/webmasters.htm#07)"
123.183.224.135 - - [21/Jun/2020:23:51:39 +0800] "GET /?date=1981-9-9&t=list&paged=8 HTTP/1.1" 301 20 "-" "Sogou web spider/4.0(+http://www.sogou.com/docs/help/webmasters.htm#07)"
123.183.224.137 - - [21/Jun/2020:23:51:40 +0800] "GET /?date=1981-9-9&t=list&paged=8 HTTP/1.1" 404 30142 "-" "Sogou web spider/4.0(+http://www.sogou.com/docs/help/webmasters.htm#07)"
49.7.20.159 - - [21/Jun/2020:23:51:51 +0800] "GET /?date=1913-11-8&t=day&paged=2 HTTP/1.1" 404 30142 "-" "Sogou web spider/4.0(+http://www.sogou.com/docs/help/webmasters.htm#07)"
123.183.224.136 - - [21/Jun/2020:23:51:57 +0800] "GET /?date=1989-3-29&t=day&paged=4 HTTP/1.1" 404 30142 "-" "Sogou web spider/4.0(+http://www.sogou.com/docs/help/webmasters.htm#07)"
49.7.20.150 - - [21/Jun/2020:23:52:03 +0800] "GET /?date=2028-1-23&t=list&paged=5 HTTP/1.1" 301 20 "-" "Sogou web spider/4.0(+http://www.sogou.com/docs/help/webmasters.htm#07)"
54.36.148.103 - - [21/Jun/2020:23:52:24 +0800] "GET /?date=2016-3-3&t=day&paged=3 HTTP/1.1" 301 20 "-" "Mozilla/5.0 (compatible; AhrefsBot/6.1; +http://ahrefs.com/robot/)"
49.7.20.153 - - [21/Jun/2020:23:52:34 +0800] "GET /?date=1971-11-8&t=list HTTP/1.1" 301 20 "-" "Sogou web spider/4.0(+http://www.sogou.com/docs/help/webmasters.htm#07)"
54.36.148.122 - - [21/Jun/2020:23:52:45 +0800] "GET /?date=2006-10-31&t=day&paged=3 HTTP/1.1" 301 20 "-" "Mozilla/5.0 (compatible; AhrefsBot/6.1; +http://ahrefs.com/robot/)"
123.183.224.135 - - [21/Jun/2020:23:52:47 +0800] "GET /?date=2030-3-12&t=day&paged=2 HTTP/1.1" 301 20 "-" "Sogou web spider/4.0(+http://www.sogou.com/docs/help/webmasters.htm#07)"
123.183.224.137 - - [21/Jun/2020:23:52:50 +0800] "GET /?date=2030-3-12&t=day&paged=2 HTTP/1.1" 404 30142 "-" "Sogou web spider/4.0(+http://www.sogou.com/docs/help/webmasters.htm#07)"
49.7.20.156 - - [21/Jun/2020:23:53:00 +0800] "GET /?date=1923-3-26&t=day&paged=2 HTTP/1.1" 301 20 "-" "Sogou web spider/4.0(+http://www.sogou.com/docs/help/webmasters.htm#07)"
49.7.20.150 - - [21/Jun/2020:23:53:07 +0800] "GET /?option=com_phocaguestbook&view=phocaguestbook&id=1&Itemid=39&limitstart=5960 HTTP/1.1" 200 31322 "-" "Sogou web spider/4.0(+http://www.sogou.com/docs/help/webmasters.htm#07)"
49.7.20.159 - - [21/Jun/2020:23:53:36 +0800] "GET /?option=com_phocagallery&view=detail&catid=16:sing&id=1344:25th_243&tmpl=component&phocaslideshow=0&Itemid=59 HTTP/1.1" 200 31322 "-" "Sogou web spider/4.0(+http://www.sogou.com/docs/help/webmasters.htm#07)"
17.58.98.84 - - [21/Jun/2020:23:53:40 +0800] "GET /?date=2019-2&t=mini HTTP/1.1" 301 20 "-" "Mozilla/5.0 (Macintosh; Intel Mac OS X 10_15_5) AppleWebKit/605.1.15 (KHTML, like Gecko) Version/13.1.1 Safari/605.1.15 (Applebot/0.1; +http://www.apple.com/go/applebot)"
17.58.98.84 - - [21/Jun/2020:23:53:42 +0800] "GET /?date=2019-2&t=mini HTTP/1.1" 200 31322 "-" "Mozilla/5.0 (Macintosh; Intel Mac OS X 10_15_5) AppleWebKit/605.1.15 (KHTML, like Gecko) Version/13.1.1 Safari/605.1.15 (Applebot/0.1; +http://www.apple.com/go/applebot)"
216.244.66.248 - - [21/Jun/2020:23:53:44 +0800] "GET /?date=2017-7-1&t=mini&paged=2 HTTP/1.1" 301 - "-" "Mozilla/5.0 (compatible; DotBot/1.1; http://www.opensiteexplorer.org/dotbot, help@moz.com)"
49.7.20.153 - - [21/Jun/2020:23:53:47 +0800] "GET /?date=2033-8-28&t=day&paged=2 HTTP/1.1" 301 20 "-" "Sogou web spider/4.0(+http://www.sogou.com/docs/help/webmasters.htm#07)"
49.7.20.156 - - [21/Jun/2020:23:54:33 +0800] "GET /?date=1910-2-24&t=day&paged=2 HTTP/1.1" 404 30142 "-" "Sogou web spider/4.0(+http://www.sogou.com/docs/help/webmasters.htm#07)"
49.7.20.150 - - [21/Jun/2020:23:54:42 +0800] "GET /?date=1902-11-8&t=list&paged=2 HTTP/1.1" 301 20 "-" "Sogou web spider/4.0(+http://www.sogou.com/docs/help/webmasters.htm#07)"
49.7.20.153 - - [21/Jun/2020:23:54:51 +0800] "GET /?date=1992-10-1&t=day&paged=2 HTTP/1.1" 301 20 "-" "Sogou web spider/4.0(+http://www.sogou.com/docs/help/webmasters.htm#07)"
54.36.148.89 - - [21/Jun/2020:23:54:58 +0800] "GET /?date=1991-9&t=list&paged=7 HTTP/1.1" 301 20 "-" "Mozilla/5.0 (compatible; AhrefsBot/6.1; +http://ahrefs.com/robot/)"
49.7.20.159 - - [21/Jun/2020:23:55:23 +0800] "GET /?date=1956-7-24&t=mini&paged=5 HTTP/1.1" 404 30142 "-" "Sogou web spider/4.0(+http://www.sogou.com/docs/help/webmasters.htm#07)"
111.202.100.121 - - [21/Jun/2020:23:55:31 +0800] "GET /?date=1925-10-2&t=list&paged=7 HTTP/1.1" 404 30142 "-" "Sogou web spider/4.0(+http://www.sogou.com/docs/help/webmasters.htm#07)"
192.0.102.40 - - [21/Jun/2020:23:55:38 +0800] "HEAD / HTTP/1.1" 200 - "-" "jetmon/1.0 (Jetpack Site Uptime Monitor by WordPress.com)"
49.7.20.156 - - [21/Jun/2020:23:55:47 +0800] "GET /?date=1912-11-10&t=mini&paged=4 HTTP/1.1" 301 20 "-" "Sogou web spider/4.0(+http://www.sogou.com/docs/help/webmasters.htm#07)"
49.7.20.150 - - [21/Jun/2020:23:55:54 +0800] "GET /?option=com_joomdoc&task=cat_view&gid=30&limit=10&limitstart=85&dir=DESC&Itemid=36 HTTP/1.1" 200 31322 "-" "Sogou web spider/4.0(+http://www.sogou.com/docs/help/webmasters.htm#07)"
49.7.20.153 - - [21/Jun/2020:23:56:07 +0800] "GET /?date=2033-8-28&t=day&paged=2 HTTP/1.1" 404 30142 "-" "Sogou web spider/4.0(+http://www.sogou.com/docs/help/webmasters.htm#07)"
49.7.20.156 - - [21/Jun/2020:23:56:54 +0800] "GET /?date=1916-7-17&t=day&paged=4 HTTP/1.1" 404 30142 "-" "Sogou web spider/4.0(+http://www.sogou.com/docs/help/webmasters.htm#07)"
49.7.20.159 - - [21/Jun/2020:23:56:59 +0800] "GET /?date=1903-5-27&t=list&paged=2 HTTP/1.1" 404 30142 "-" "Sogou web spider/4.0(+http://www.sogou.com/docs/help/webmasters.htm#07)"
49.7.20.150 - - [21/Jun/2020:23:57:07 +0800] "GET /?date=1938-1-23&t=mini HTTP/1.1" 200 31322 "-" "Sogou web spider/4.0(+http://www.sogou.com/docs/help/webmasters.htm#07)"
54.36.149.100 - - [21/Jun/2020:23:57:31 +0800] "GET /?date=2002-4-7&t=day&paged=5 HTTP/1.1" 301 20 "-" "Mozilla/5.0 (compatible; AhrefsBot/6.1; +http://ahrefs.com/robot/)"
49.7.20.153 - - [21/Jun/2020:23:57:56 +0800] "GET /?date=2008-10&t=mini&paged=2 HTTP/1.1" 301 20 "-" "Sogou web spider/4.0(+http://www.sogou.com/docs/help/webmasters.htm#07)"
49.7.20.150 - - [21/Jun/2020:23:58:33 +0800] "GET /?option=com_phocaguestbook&view=phocaguestbook&id=1&Itemid=39&limitstart=15620 HTTP/1.1" 200 31322 "-" "Sogou web spider/4.0(+http://www.sogou.com/docs/help/webmasters.htm#07)"
49.7.20.159 - - [21/Jun/2020:23:58:37 +0800] "GET /?date=1917-7-26&t=day&paged=2 HTTP/1.1" 404 30142 "-" "Sogou web spider/4.0(+http://www.sogou.com/docs/help/webmasters.htm#07)"
49.7.20.156 - - [21/Jun/2020:23:58:38 +0800] "GET /?date=1911-9-19&t=day&paged=2 HTTP/1.1" 301 20 "-" "Sogou web spider/4.0(+http://www.sogou.com/docs/help/webmasters.htm#07)"
54.36.149.0 - - [21/Jun/2020:23:58:53 +0800] "GET /index.php?option=com_phocagallery&view=detail&catid=12&id=853:tmcc27_264&tmpl=component&phocadownload=1&Itemid=59 HTTP/1.1" 301 20 "-" "Mozilla/5.0 (compatible; AhrefsBot/6.1; +http://ahrefs.com/robot/)"
111.202.101.183 - - [21/Jun/2020:23:58:56 +0800] "GET /?date=2035-3-25&t=list HTTP/1.1" 301 20 "-" "Sogou web spider/4.0(+http://www.sogou.com/docs/help/webmasters.htm#07)"
111.202.101.184 - - [21/Jun/2020:23:58:58 +0800] "GET /?date=1967-9-1&t=22220 HTTP/1.1" 301 20 "-" "Sogou web spider/4.0(+http://www.sogou.com/docs/help/webmasters.htm#07)"
111.202.101.185 - - [21/Jun/2020:23:59:00 +0800] "GET /?date=2019-12-24&t=list&paged=2 HTTP/1.1" 301 20 "-" "Sogou web spider/4.0(+http://www.sogou.com/docs/help/webmasters.htm#07)"
111.202.101.182 - - [21/Jun/2020:23:59:01 +0800] "GET /index.php?option=com_joomdoc&task=cat_view&gid=30&limit=5&limitstart=125&dir=ASC&Itemid=36 HTTP/1.1" 301 20 "-" "Sogou web spider/4.0(+http://www.sogou.com/docs/help/webmasters.htm#07)"
49.7.20.153 - - [21/Jun/2020:23:59:06 +0800] "GET /?date=1992-10-1&t=day&paged=2 HTTP/1.1" 404 30142 "-" "Sogou web spider/4.0(+http://www.sogou.com/docs/help/webmasters.htm#07)"
