123.183.224.135 - - [21/Jun/2020:20:16:01 +0800] "GET /?date=1941-8-11&t=list&paged=2 HTTP/1.1" 301 20 "-" "Sogou web spider/4.0(+http://www.sogou.com/docs/help/webmasters.htm#07)"
123.183.224.136 - - [21/Jun/2020:20:16:15 +0800] "GET /?date=1978-2-8&t=list&paged=2 HTTP/1.1" 404 30142 "-" "Sogou web spider/4.0(+http://www.sogou.com/docs/help/webmasters.htm#07)"
123.183.224.137 - - [21/Jun/2020:20:16:21 +0800] "GET /?date=1956-12-2&t=day&paged=2 HTTP/1.1" 404 30142 "-" "Sogou web spider/4.0(+http://www.sogou.com/docs/help/webmasters.htm#07)"
192.0.102.40 - - [21/Jun/2020:20:16:21 +0800] "HEAD / HTTP/1.1" 200 - "-" "jetmon/1.0 (Jetpack Site Uptime Monitor by WordPress.com)"
111.202.101.183 - - [21/Jun/2020:20:16:23 +0800] "GET /?date=1979-1&t=mini&paged=6 HTTP/1.1" 404 30142 "-" "Sogou web spider/4.0(+http://www.sogou.com/docs/help/webmasters.htm#07)"
216.244.66.248 - - [21/Jun/2020:20:16:42 +0800] "GET /?date=1995-10-29&t=mini&paged=2 HTTP/1.1" 301 - "-" "Mozilla/5.0 (compatible; DotBot/1.1; http://www.opensiteexplorer.org/dotbot, help@moz.com)"
216.244.66.248 - - [21/Jun/2020:20:16:43 +0800] "GET /?date=1999-11-1&t=mini&paged=2 HTTP/1.1" 301 - "-" "Mozilla/5.0 (compatible; DotBot/1.1; http://www.opensiteexplorer.org/dotbot, help@moz.com)"
123.183.224.139 - - [21/Jun/2020:20:17:03 +0800] "GET /?date=1941-8-11&t=list&paged=2 HTTP/1.1" 404 30142 "-" "Sogou web spider/4.0(+http://www.sogou.com/docs/help/webmasters.htm#07)"
123.183.224.135 - - [21/Jun/2020:20:17:05 +0800] "GET /?date=2030-2&t=mini&paged=4 HTTP/1.1" 301 20 "-" "Sogou web spider/4.0(+http://www.sogou.com/docs/help/webmasters.htm#07)"
123.183.224.136 - - [21/Jun/2020:20:17:19 +0800] "GET /?date=1909-9-8&t=mini&paged=2 HTTP/1.1" 301 20 "-" "Sogou web spider/4.0(+http://www.sogou.com/docs/help/webmasters.htm#07)"
123.183.224.137 - - [21/Jun/2020:20:17:26 +0800] "GET /?date=1930-6-4&t=day&paged=3 HTTP/1.1" 301 20 "-" "Sogou web spider/4.0(+http://www.sogou.com/docs/help/webmasters.htm#07)"
216.244.66.248 - - [21/Jun/2020:20:18:04 +0800] "GET /?date=2013-3-28&t=list&paged=2 HTTP/1.1" 301 - "-" "Mozilla/5.0 (compatible; DotBot/1.1; http://www.opensiteexplorer.org/dotbot, help@moz.com)"
54.36.148.234 - - [21/Jun/2020:20:18:17 +0800] "GET /?date=2003-12-7&t=day&paged=5 HTTP/1.1" 301 20 "-" "Mozilla/5.0 (compatible; AhrefsBot/6.1; +http://ahrefs.com/robot/)"
123.183.224.136 - - [21/Jun/2020:20:18:23 +0800] "GET /?date=1921-2-6&t=list&paged=5 HTTP/1.1" 404 30142 "-" "Sogou web spider/4.0(+http://www.sogou.com/docs/help/webmasters.htm#07)"
123.183.224.139 - - [21/Jun/2020:20:18:27 +0800] "GET /?date=1991-2-15&t=list&paged=2 HTTP/1.1" 301 20 "-" "Sogou web spider/4.0(+http://www.sogou.com/docs/help/webmasters.htm#07)"
54.36.148.33 - - [21/Jun/2020:20:18:28 +0800] "GET /?date=2019-1-31&t=day&paged=5 HTTP/1.1" 301 20 "-" "Mozilla/5.0 (compatible; AhrefsBot/6.1; +http://ahrefs.com/robot/)"
123.183.224.137 - - [21/Jun/2020:20:18:35 +0800] "GET /?date=1988-8-3&t=list&paged=4 HTTP/1.1" 404 30142 "-" "Sogou web spider/4.0(+http://www.sogou.com/docs/help/webmasters.htm#07)"
123.183.224.135 - - [21/Jun/2020:20:18:58 +0800] "GET /?date=2003-8-25&t=list HTTP/1.1" 200 31322 "-" "Sogou web spider/4.0(+http://www.sogou.com/docs/help/webmasters.htm#07)"
123.183.224.139 - - [21/Jun/2020:20:19:35 +0800] "GET /?date=1930-6-4&t=day&paged=3 HTTP/1.1" 404 30142 "-" "Sogou web spider/4.0(+http://www.sogou.com/docs/help/webmasters.htm#07)"
123.183.224.136 - - [21/Jun/2020:20:19:39 +0800] "GET /?date=1909-9-8&t=mini&paged=2 HTTP/1.1" 404 30142 "-" "Sogou web spider/4.0(+http://www.sogou.com/docs/help/webmasters.htm#07)"
123.183.224.137 - - [21/Jun/2020:20:19:49 +0800] "GET /?date=1918-2-8&t=list&paged=3 HTTP/1.1" 301 20 "-" "Sogou web spider/4.0(+http://www.sogou.com/docs/help/webmasters.htm#07)"
216.244.66.248 - - [21/Jun/2020:20:19:51 +0800] "GET /?date=1995-6-8&t=day HTTP/1.1" 301 - "-" "Mozilla/5.0 (compatible; DotBot/1.1; http://www.opensiteexplorer.org/dotbot, help@moz.com)"
216.244.66.248 - - [21/Jun/2020:20:19:53 +0800] "GET /?date=2007-7-7&t=list HTTP/1.1" 301 - "-" "Mozilla/5.0 (compatible; DotBot/1.1; http://www.opensiteexplorer.org/dotbot, help@moz.com)"
216.244.66.248 - - [21/Jun/2020:20:19:55 +0800] "GET /?date=2023-7-3&t=day HTTP/1.1" 301 - "-" "Mozilla/5.0 (compatible; DotBot/1.1; http://www.opensiteexplorer.org/dotbot, help@moz.com)"
123.183.224.135 - - [21/Jun/2020:20:20:08 +0800] "GET /?date=1983-7-17&t=day&paged=2 HTTP/1.1" 404 30142 "-" "Sogou web spider/4.0(+http://www.sogou.com/docs/help/webmasters.htm#07)"
54.36.149.96 - - [21/Jun/2020:20:20:13 +0800] "GET /?date=2012-4-5&t=day&paged=4 HTTP/1.1" 301 20 "-" "Mozilla/5.0 (compatible; AhrefsBot/6.1; +http://ahrefs.com/robot/)"
123.183.224.139 - - [21/Jun/2020:20:20:52 +0800] "GET /?date=1991-2-15&t=list&paged=2 HTTP/1.1" 404 30142 "-" "Sogou web spider/4.0(+http://www.sogou.com/docs/help/webmasters.htm#07)"
123.183.224.137 - - [21/Jun/2020:20:20:53 +0800] "GET /?date=2029-1-2&t=list&paged=2 HTTP/1.1" 404 30142 "-" "Sogou web spider/4.0(+http://www.sogou.com/docs/help/webmasters.htm#07)"
123.183.224.136 - - [21/Jun/2020:20:20:57 +0800] "GET /?date=1918-2-8&t=list&paged=3 HTTP/1.1" 404 30142 "-" "Sogou web spider/4.0(+http://www.sogou.com/docs/help/webmasters.htm#07)"
54.36.149.19 - - [21/Jun/2020:20:22:28 +0800] "GET /?date=2010-1-18&t=day&paged=5 HTTP/1.1" 301 20 "-" "Mozilla/5.0 (compatible; AhrefsBot/6.1; +http://ahrefs.com/robot/)"
54.36.148.244 - - [21/Jun/2020:20:23:13 +0800] "GET /index.php?option=com_phocagallery&view=detail&catid=13&id=970:dsc_0076&tmpl=component&phocadownload=1&Itemid=59 HTTP/1.1" 301 20 "-" "Mozilla/5.0 (compatible; AhrefsBot/6.1; +http://ahrefs.com/robot/)"
123.183.224.137 - - [21/Jun/2020:20:23:25 +0800] "GET /?date=2030-2&t=mini&paged=4 HTTP/1.1" 404 30142 "-" "Sogou web spider/4.0(+http://www.sogou.com/docs/help/webmasters.htm#07)"
54.36.149.96 - - [21/Jun/2020:20:23:38 +0800] "GET /page/3/?date=2017-3-15&t=day&paged=3 HTTP/1.1" 404 30142 "-" "Mozilla/5.0 (compatible; AhrefsBot/6.1; +http://ahrefs.com/robot/)"
192.0.102.40 - - [21/Jun/2020:20:23:39 +0800] "HEAD / HTTP/1.1" 200 - "-" "jetmon/1.0 (Jetpack Site Uptime Monitor by WordPress.com)"
54.36.148.131 - - [21/Jun/2020:20:24:36 +0800] "GET /?date=1988-11-3&t=day&paged=7 HTTP/1.1" 301 20 "-" "Mozilla/5.0 (compatible; AhrefsBot/6.1; +http://ahrefs.com/robot/)"
216.244.66.248 - - [21/Jun/2020:20:25:09 +0800] "GET /?date=2000-2-1&t=mini HTTP/1.1" 301 - "-" "Mozilla/5.0 (compatible; DotBot/1.1; http://www.opensiteexplorer.org/dotbot, help@moz.com)"
216.244.66.248 - - [21/Jun/2020:20:25:11 +0800] "GET /?date=2011-1-15&t=list HTTP/1.1" 301 - "-" "Mozilla/5.0 (compatible; DotBot/1.1; http://www.opensiteexplorer.org/dotbot, help@moz.com)"
216.244.66.248 - - [21/Jun/2020:20:25:12 +0800] "GET /?date=2021-2-13&t=day HTTP/1.1" 301 - "-" "Mozilla/5.0 (compatible; DotBot/1.1; http://www.opensiteexplorer.org/dotbot, help@moz.com)"
54.36.148.98 - - [21/Jun/2020:20:26:58 +0800] "GET /?date=2018-3-16&t=day&paged=5 HTTP/1.1" 301 20 "-" "Mozilla/5.0 (compatible; AhrefsBot/6.1; +http://ahrefs.com/robot/)"
54.36.149.31 - - [21/Jun/2020:20:27:48 +0800] "GET /?date=1997-5-11&t=week&paged=5 HTTP/1.1" 301 20 "-" "Mozilla/5.0 (compatible; AhrefsBot/6.1; +http://ahrefs.com/robot/)"
216.244.66.248 - - [21/Jun/2020:20:28:24 +0800] "GET /?date=1991-5-15&t=list HTTP/1.1" 301 - "-" "Mozilla/5.0 (compatible; DotBot/1.1; http://www.opensiteexplorer.org/dotbot, help@moz.com)"
54.36.148.250 - - [21/Jun/2020:20:28:45 +0800] "GET /?date=1989-11&t=mini&paged=9 HTTP/1.1" 301 20 "-" "Mozilla/5.0 (compatible; AhrefsBot/6.1; +http://ahrefs.com/robot/)"
54.36.148.89 - - [21/Jun/2020:20:29:16 +0800] "GET /index.php?view=article&catid=1&id=17%3A2006&tmpl=component&print=1&layout=default&page=&option=com_content HTTP/1.1" 301 20 "-" "Mozilla/5.0 (compatible; AhrefsBot/6.1; +http://ahrefs.com/robot/)"
216.244.66.248 - - [21/Jun/2020:20:31:37 +0800] "GET /?date=1997-8-3&t=week HTTP/1.1" 301 - "-" "Mozilla/5.0 (compatible; DotBot/1.1; http://www.opensiteexplorer.org/dotbot, help@moz.com)"
216.244.66.248 - - [21/Jun/2020:20:31:45 +0800] "GET /?date=1998-9-26&t=day HTTP/1.1" 301 - "-" "Mozilla/5.0 (compatible; DotBot/1.1; http://www.opensiteexplorer.org/dotbot, help@moz.com)"
216.244.66.248 - - [21/Jun/2020:20:31:52 +0800] "GET /?date=2000-5-10&t=list HTTP/1.1" 301 - "-" "Mozilla/5.0 (compatible; DotBot/1.1; http://www.opensiteexplorer.org/dotbot, help@moz.com)"
216.244.66.248 - - [21/Jun/2020:20:31:59 +0800] "GET /?date=2011-4-29&t=mini HTTP/1.1" 301 - "-" "Mozilla/5.0 (compatible; DotBot/1.1; http://www.opensiteexplorer.org/dotbot, help@moz.com)"
192.0.102.40 - - [21/Jun/2020:20:32:18 +0800] "HEAD / HTTP/1.1" 200 - "-" "jetmon/1.0 (Jetpack Site Uptime Monitor by WordPress.com)"
111.202.101.183 - - [21/Jun/2020:20:32:45 +0800] "GET /?date=1946-7-6&t=mini HTTP/1.1" 200 31322 "-" "Sogou web spider/4.0(+http://www.sogou.com/docs/help/webmasters.htm#07)"
54.36.148.120 - - [21/Jun/2020:20:33:04 +0800] "GET /?date=1986-10-8&t=day&paged=3 HTTP/1.1" 301 20 "-" "Mozilla/5.0 (compatible; AhrefsBot/6.1; +http://ahrefs.com/robot/)"
54.36.148.38 - - [21/Jun/2020:20:33:53 +0800] "GET /?date=2015-5-1&t=day&paged=4 HTTP/1.1" 301 20 "-" "Mozilla/5.0 (compatible; AhrefsBot/6.1; +http://ahrefs.com/robot/)"
111.202.101.183 - - [21/Jun/2020:20:34:16 +0800] "GET /?date=1921-9-24&t=day&paged=2 HTTP/1.1" 404 30142 "-" "Sogou web spider/4.0(+http://www.sogou.com/docs/help/webmasters.htm#07)"
17.58.98.49 - - [21/Jun/2020:20:36:01 +0800] "GET /robots.txt HTTP/1.1" 200 69 "-" "Mozilla/5.0 (Macintosh; Intel Mac OS X 10_15_5) AppleWebKit/605.1.15 (KHTML, like Gecko) Version/13.1.1 Safari/605.1.15 (Applebot/0.1; +http://www.apple.com/go/applebot)"
17.58.98.84 - - [21/Jun/2020:20:36:02 +0800] "GET /?date=2020-6-24&t=mini HTTP/1.1" 301 20 "-" "Mozilla/5.0 (Macintosh; Intel Mac OS X 10_15_5) AppleWebKit/605.1.15 (KHTML, like Gecko) Version/13.1.1 Safari/605.1.15 (Applebot/0.1; +http://www.apple.com/go/applebot)"
17.58.98.84 - - [21/Jun/2020:20:36:03 +0800] "GET /?date=2020-6-24&t=mini HTTP/1.1" 200 31322 "-" "Mozilla/5.0 (Macintosh; Intel Mac OS X 10_15_5) AppleWebKit/605.1.15 (KHTML, like Gecko) Version/13.1.1 Safari/605.1.15 (Applebot/0.1; +http://www.apple.com/go/applebot)"
54.36.148.203 - - [21/Jun/2020:20:36:43 +0800] "GET /index.php?option=com_phocagallery&view=detail&catid=30:2010-01-04-04-13-51&id=2383:tmcc1228b244&tmpl=component&phocadownload=1&Itemid=59 HTTP/1.1" 301 20 "-" "Mozilla/5.0 (compatible; AhrefsBot/6.1; +http://ahrefs.com/robot/)"
54.36.148.195 - - [21/Jun/2020:20:36:56 +0800] "GET /index.php?option=com_phocagallery&view=detail&catid=30:2010-01-04-04-13-51&id=2413:tmcc1228b274&tmpl=component&phocadownload=1&Itemid=59 HTTP/1.1" 301 20 "-" "Mozilla/5.0 (compatible; AhrefsBot/6.1; +http://ahrefs.com/robot/)"
192.0.102.40 - - [21/Jun/2020:20:39:05 +0800] "HEAD / HTTP/1.1" 200 - "-" "jetmon/1.0 (Jetpack Site Uptime Monitor by WordPress.com)"
142.44.251.104 - - [21/Jun/2020:20:39:11 +0800] "GET / HTTP/1.1" 200 98373 "-" "Mozilla/5.0 (Windows NT 10.0; Win64; x64) AppleWebKit/537.36 (KHTML, like Gecko) Chrome/80.0.3987.149 Safari/537.36"
142.44.251.104 - - [21/Jun/2020:20:39:13 +0800] "GET /?author=1 HTTP/1.1" 301 - "-" "Mozilla/5.0 (Windows NT 10.0; Win64; x64) AppleWebKit/537.36 (KHTML, like Gecko) Chrome/80.0.3987.149 Safari/537.36"
142.44.251.104 - - [21/Jun/2020:20:39:14 +0800] "GET /?author=2 HTTP/1.1" 200 94255 "-" "Mozilla/5.0 (Windows NT 10.0; Win64; x64) AppleWebKit/537.36 (KHTML, like Gecko) Chrome/80.0.3987.149 Safari/537.36"
142.44.251.104 - - [21/Jun/2020:20:39:15 +0800] "GET /wp-json/wp/v2/users/ HTTP/1.1" 200 562 "-" "Mozilla/5.0 (Windows NT 10.0; Win64; x64) AppleWebKit/537.36 (KHTML, like Gecko) Chrome/80.0.3987.149 Safari/537.36"
142.44.251.104 - - [21/Jun/2020:20:39:16 +0800] "POST /xmlrpc.php HTTP/1.1" 403 212 "-" "Mozilla/5.0 (Windows NT 10.0; Win64; x64) AppleWebKit/537.36 (KHTML, like Gecko) Chrome/80.0.3987.149 Safari/537.36"
54.36.149.99 - - [21/Jun/2020:20:39:29 +0800] "GET /?date=2004-2-22&t=week&paged=9 HTTP/1.1" 301 20 "-" "Mozilla/5.0 (compatible; AhrefsBot/6.1; +http://ahrefs.com/robot/)"
86.105.25.76 - - [21/Jun/2020:20:40:04 +0800] "GET / HTTP/1.0" 200 98373 "http://tmcc.org.hk/" "Mozilla/5.0 (Windows NT 6.2; Win64; x64) AppleWebKit/537.36 (KHTML, like Gecko) Chrome/68.0.3440.106 Safari/537.36"
54.36.149.51 - - [21/Jun/2020:20:40:10 +0800] "GET /?date=1993-1-26&t=day&paged=5 HTTP/1.1" 301 20 "-" "Mozilla/5.0 (compatible; AhrefsBot/6.1; +http://ahrefs.com/robot/)"
157.55.39.248 - - [21/Jun/2020:20:42:42 +0800] "GET /?date=2018-11-2&t=mini HTTP/1.1" 200 31322 "-" "Mozilla/5.0 (compatible; bingbot/2.0; +http://www.bing.com/bingbot.htm)"
54.36.148.59 - - [21/Jun/2020:20:42:58 +0800] "GET /?date=1999-3-30&t=day&paged=9 HTTP/1.1" 301 20 "-" "Mozilla/5.0 (compatible; AhrefsBot/6.1; +http://ahrefs.com/robot/)"
54.36.149.53 - - [21/Jun/2020:20:43:35 +0800] "GET /?date=2015-10-11&t=day&paged=7 HTTP/1.1" 301 20 "-" "Mozilla/5.0 (compatible; AhrefsBot/6.1; +http://ahrefs.com/robot/)"
54.36.148.87 - - [21/Jun/2020:20:46:54 +0800] "GET /?date=1998-7-5&t=day&paged=9 HTTP/1.1" 301 20 "-" "Mozilla/5.0 (compatible; AhrefsBot/6.1; +http://ahrefs.com/robot/)"
111.202.101.183 - - [21/Jun/2020:20:47:03 +0800] "GET /index.php?option=com_phocaguestbook&view=phocaguestbook&id=1&Itemid=39&limitstart=38500 HTTP/1.1" 301 20 "-" "Sogou web spider/4.0(+http://www.sogou.com/docs/help/webmasters.htm#07)"
111.202.101.182 - - [21/Jun/2020:20:47:03 +0800] "GET /index.php?option=com_phocaguestbook&view=phocaguestbook&id=1&Itemid=39&limitstart=1200 HTTP/1.1" 301 20 "-" "Sogou web spider/4.0(+http://www.sogou.com/docs/help/webmasters.htm#07)"
111.202.101.184 - - [21/Jun/2020:20:47:03 +0800] "GET /index.php?option=com_phocaguestbook&view=phocaguestbook&id=1&Itemid=39&limitstart=72240 HTTP/1.1" 301 20 "-" "Sogou web spider/4.0(+http://www.sogou.com/docs/help/webmasters.htm#07)"
111.202.101.185 - - [21/Jun/2020:20:47:03 +0800] "GET /index.php?option=com_phocaguestbook&view=phocaguestbook&id=1&Itemid=39&limitstart=38840 HTTP/1.1" 301 20 "-" "Sogou web spider/4.0(+http://www.sogou.com/docs/help/webmasters.htm#07)"
192.0.102.40 - - [21/Jun/2020:20:47:39 +0800] "HEAD / HTTP/1.1" 200 - "-" "jetmon/1.0 (Jetpack Site Uptime Monitor by WordPress.com)"
111.202.101.184 - - [21/Jun/2020:20:48:07 +0800] "GET /index.php?option=com_phocaguestbook&view=phocaguestbook&id=1&Itemid=39&limitstart=142140 HTTP/1.1" 301 20 "-" "Sogou web spider/4.0(+http://www.sogou.com/docs/help/webmasters.htm#07)"
111.202.101.182 - - [21/Jun/2020:20:48:07 +0800] "GET /index.php?option=com_phocaguestbook&view=phocaguestbook&id=1&Itemid=39&limitstart=425320 HTTP/1.1" 301 20 "-" "Sogou web spider/4.0(+http://www.sogou.com/docs/help/webmasters.htm#07)"
111.202.101.185 - - [21/Jun/2020:20:48:08 +0800] "GET /index.php?option=com_phocaguestbook&view=phocaguestbook&id=1&Itemid=39&limitstart=151900 HTTP/1.1" 301 20 "-" "Sogou web spider/4.0(+http://www.sogou.com/docs/help/webmasters.htm#07)"
111.202.101.183 - - [21/Jun/2020:20:48:10 +0800] "GET /?date=1977-7-10&t=list HTTP/1.1" 301 20 "-" "Sogou web spider/4.0(+http://www.sogou.com/docs/help/webmasters.htm#07)"
111.202.101.184 - - [21/Jun/2020:20:49:11 +0800] "GET /index.php?option=com_phocaguestbook&view=phocaguestbook&id=1&Itemid=39&limitstart=107500 HTTP/1.1" 301 20 "-" "Sogou web spider/4.0(+http://www.sogou.com/docs/help/webmasters.htm#07)"
111.202.101.182 - - [21/Jun/2020:20:49:11 +0800] "GET /?date=1982-11-15&t=22220 HTTP/1.1" 301 20 "-" "Sogou web spider/4.0(+http://www.sogou.com/docs/help/webmasters.htm#07)"
111.202.101.185 - - [21/Jun/2020:20:49:12 +0800] "GET /?option=com_phocaguestbook&view=phocaguestbook&id=1&Itemid=39&limitstart=38840 HTTP/1.1" 200 31322 "-" "Sogou web spider/4.0(+http://www.sogou.com/docs/help/webmasters.htm#07)"
111.202.101.183 - - [21/Jun/2020:20:49:14 +0800] "GET /index.php?option=com_phocaguestbook&view=phocaguestbook&id=1&Itemid=39&limitstart=6580 HTTP/1.1" 301 20 "-" "Sogou web spider/4.0(+http://www.sogou.com/docs/help/webmasters.htm#07)"
54.36.149.92 - - [21/Jun/2020:20:49:18 +0800] "GET /?date=2002-4-11&t=day&paged=4 HTTP/1.1" 301 20 "-" "Mozilla/5.0 (compatible; AhrefsBot/6.1; +http://ahrefs.com/robot/)"
111.202.101.182 - - [21/Jun/2020:20:50:15 +0800] "GET /?option=com_phocaguestbook&view=phocaguestbook&id=1&Itemid=39&limitstart=1200 HTTP/1.1" 200 31322 "-" "Sogou web spider/4.0(+http://www.sogou.com/docs/help/webmasters.htm#07)"
111.202.101.184 - - [21/Jun/2020:20:50:15 +0800] "GET /?date=2037-1-25&t=mini&paged=2 HTTP/1.1" 301 20 "-" "Sogou web spider/4.0(+http://www.sogou.com/docs/help/webmasters.htm#07)"
111.202.101.185 - - [21/Jun/2020:20:50:17 +0800] "GET /?option=com_phocaguestbook&view=phocaguestbook&id=1&Itemid=39&limitstart=151900 HTTP/1.1" 200 31322 "-" "Sogou web spider/4.0(+http://www.sogou.com/docs/help/webmasters.htm#07)"
111.202.101.183 - - [21/Jun/2020:20:50:18 +0800] "GET /?option=com_phocaguestbook&view=phocaguestbook&id=1&Itemid=39&limitstart=38500 HTTP/1.1" 200 31322 "-" "Sogou web spider/4.0(+http://www.sogou.com/docs/help/webmasters.htm#07)"
17.58.98.84 - - [21/Jun/2020:20:50:36 +0800] "GET /?date=2019-2-23&t=mini HTTP/1.1" 301 20 "-" "Mozilla/5.0 (Macintosh; Intel Mac OS X 10_15_5) AppleWebKit/605.1.15 (KHTML, like Gecko) Version/13.1.1 Safari/605.1.15 (Applebot/0.1; +http://www.apple.com/go/applebot)"
17.58.98.84 - - [21/Jun/2020:20:50:37 +0800] "GET /?date=2019-2-23&t=mini HTTP/1.1" 200 31322 "-" "Mozilla/5.0 (Macintosh; Intel Mac OS X 10_15_5) AppleWebKit/605.1.15 (KHTML, like Gecko) Version/13.1.1 Safari/605.1.15 (Applebot/0.1; +http://www.apple.com/go/applebot)"
54.36.148.28 - - [21/Jun/2020:20:51:07 +0800] "GET /?date=2008-10-16&t=day&paged=5 HTTP/1.1" 301 20 "-" "Mozilla/5.0 (compatible; AhrefsBot/6.1; +http://ahrefs.com/robot/)"
111.202.101.184 - - [21/Jun/2020:20:51:19 +0800] "GET /?option=com_phocaguestbook&view=phocaguestbook&id=1&Itemid=39&limitstart=72240 HTTP/1.1" 200 31322 "-" "Sogou web spider/4.0(+http://www.sogou.com/docs/help/webmasters.htm#07)"
111.202.101.182 - - [21/Jun/2020:20:51:20 +0800] "GET /index.php?option=com_phocaguestbook&view=phocaguestbook&id=1&Itemid=39&limitstart=149120 HTTP/1.1" 301 20 "-" "Sogou web spider/4.0(+http://www.sogou.com/docs/help/webmasters.htm#07)"
111.202.101.183 - - [21/Jun/2020:20:51:23 +0800] "GET /?option=com_phocaguestbook&view=phocaguestbook&id=1&Itemid=39&limitstart=6580 HTTP/1.1" 200 31322 "-" "Sogou web spider/4.0(+http://www.sogou.com/docs/help/webmasters.htm#07)"
54.36.148.230 - - [21/Jun/2020:20:51:44 +0800] "GET /?date=1997-11-25&t=day&paged=5 HTTP/1.1" 301 20 "-" "Mozilla/5.0 (compatible; AhrefsBot/6.1; +http://ahrefs.com/robot/)"
54.36.148.198 - - [21/Jun/2020:20:52:01 +0800] "GET /?date=2011-4&t=full&paged=9 HTTP/1.1" 301 20 "-" "Mozilla/5.0 (compatible; AhrefsBot/6.1; +http://ahrefs.com/robot/)"
54.36.149.106 - - [21/Jun/2020:20:52:01 +0800] "GET /?date=2017-1-9&t=day&paged=6 HTTP/1.1" 301 20 "-" "Mozilla/5.0 (compatible; AhrefsBot/6.1; +http://ahrefs.com/robot/)"
111.202.101.182 - - [21/Jun/2020:20:52:24 +0800] "GET /?option=com_phocaguestbook&view=phocaguestbook&id=1&Itemid=39&limitstart=425320 HTTP/1.1" 200 31322 "-" "Sogou web spider/4.0(+http://www.sogou.com/docs/help/webmasters.htm#07)"
111.202.101.184 - - [21/Jun/2020:20:52:27 +0800] "GET /?option=com_phocaguestbook&view=phocaguestbook&id=1&Itemid=39&limitstart=107500 HTTP/1.1" 200 31322 "-" "Sogou web spider/4.0(+http://www.sogou.com/docs/help/webmasters.htm#07)"
111.202.101.182 - - [21/Jun/2020:20:53:28 +0800] "GET /?date=1982-11-15&t=22220 HTTP/1.1" 200 31322 "-" "Sogou web spider/4.0(+http://www.sogou.com/docs/help/webmasters.htm#07)"
54.36.148.146 - - [21/Jun/2020:20:53:29 +0800] "GET /index.php?option=com_joomdoc&task=cat_view&gid=30&limit=10&order=hits&dir=DESC&Itemid=46&limitstart=10 HTTP/1.1" 301 20 "-" "Mozilla/5.0 (compatible; AhrefsBot/6.1; +http://ahrefs.com/robot/)"
195.234.109.76 - - [21/Jun/2020:20:54:01 +0800] "GET /wp-content/uploads/2007/11/cropped-TMCClogo_3.png HTTP/1.1" 301 - "-" "Photon/1.0"
195.234.109.76 - - [21/Jun/2020:20:54:02 +0800] "GET /wp-content/uploads/2007/11/cropped-TMCClogo_3.png HTTP/1.1" 404 94445 "-" "Photon/1.0"
192.0.102.40 - - [21/Jun/2020:20:55:13 +0800] "HEAD / HTTP/1.1" 200 - "-" "jetmon/1.0 (Jetpack Site Uptime Monitor by WordPress.com)"
54.36.148.194 - - [21/Jun/2020:20:56:10 +0800] "GET /?date=2005-6&t=22220&paged=3 HTTP/1.1" 301 20 "-" "Mozilla/5.0 (compatible; AhrefsBot/6.1; +http://ahrefs.com/robot/)"
54.36.149.17 - - [21/Jun/2020:20:57:31 +0800] "GET /?date=2015-11-27&t=day&paged=7 HTTP/1.1" 301 20 "-" "Mozilla/5.0 (compatible; AhrefsBot/6.1; +http://ahrefs.com/robot/)"
111.202.101.183 - - [21/Jun/2020:20:57:53 +0800] "GET /?option=com_phocaguestbook&view=phocaguestbook&id=1&Itemid=39&limitstart=84440 HTTP/1.1" 200 31322 "-" "Sogou web spider/4.0(+http://www.sogou.com/docs/help/webmasters.htm#07)"
111.202.100.118 - - [21/Jun/2020:20:58:00 +0800] "GET /index.php?option=com_content&view=article&id=224%3A20152016&catid=13&Itemid=2 HTTP/1.1" 301 20 "-" "Sogou web spider/4.0(+http://www.sogou.com/docs/help/webmasters.htm#07)"
111.202.100.119 - - [21/Jun/2020:20:58:01 +0800] "GET /index.php?option=com_phocaguestbook&view=phocaguestbook&id=1&Itemid=39&limitstart=3760 HTTP/1.1" 301 20 "-" "Sogou web spider/4.0(+http://www.sogou.com/docs/help/webmasters.htm#07)"
111.202.100.121 - - [21/Jun/2020:20:58:01 +0800] "GET /?option=com_content&view=article&id=224%3A20152016&catid=13&Itemid=2 HTTP/1.1" 200 31322 "-" "Sogou web spider/4.0(+http://www.sogou.com/docs/help/webmasters.htm#07)"
111.202.100.116 - - [21/Jun/2020:20:58:05 +0800] "GET /index.php?option=com_joomdoc&task=cat_view&gid=30&orderby=dmdate_published&limitstart=170 HTTP/1.1" 301 20 "-" "Sogou web spider/4.0(+http://www.sogou.com/docs/help/webmasters.htm#07)"
123.183.224.139 - - [21/Jun/2020:20:58:51 +0800] "GET /index.php?option=com_content&view=category&id=1&Itemid=2&layout=default&format=feed&type=atom HTTP/1.1" 301 20 "-" "Sogou web spider/4.0(+http://www.sogou.com/docs/help/webmasters.htm#07)"
123.183.224.137 - - [21/Jun/2020:20:58:51 +0800] "GET /?date=1999-2&t=mini&paged=2 HTTP/1.1" 301 20 "-" "Sogou web spider/4.0(+http://www.sogou.com/docs/help/webmasters.htm#07)"
123.183.224.135 - - [21/Jun/2020:20:58:53 +0800] "GET /?date=2024-3-18&t=list&paged=8 HTTP/1.1" 301 20 "-" "Sogou web spider/4.0(+http://www.sogou.com/docs/help/webmasters.htm#07)"
123.183.224.136 - - [21/Jun/2020:20:58:55 +0800] "GET /?date=1967-4-16&t=list HTTP/1.1" 301 20 "-" "Sogou web spider/4.0(+http://www.sogou.com/docs/help/webmasters.htm#07)"
111.202.100.119 - - [21/Jun/2020:20:59:08 +0800] "GET /?date=2017-9-1&t=day&paged=3 HTTP/1.1" 301 20 "-" "Sogou web spider/4.0(+http://www.sogou.com/docs/help/webmasters.htm#07)"
111.202.100.116 - - [21/Jun/2020:20:59:15 +0800] "GET /?date=1918-8-29&t=list&paged=4 HTTP/1.1" 301 20 "-" "Sogou web spider/4.0(+http://www.sogou.com/docs/help/webmasters.htm#07)"
111.202.100.118 - - [21/Jun/2020:20:59:27 +0800] "GET /index.php?option=com_phocaguestbook&view=phocaguestbook&id=1&Itemid=39&limitstart=167860 HTTP/1.1" 301 20 "-" "Sogou web spider/4.0(+http://www.sogou.com/docs/help/webmasters.htm#07)"
111.202.100.121 - - [21/Jun/2020:20:59:28 +0800] "GET /?date=1927-12-17&t=list&paged=5 HTTP/1.1" 301 20 "-" "Sogou web spider/4.0(+http://www.sogou.com/docs/help/webmasters.htm#07)"
111.202.101.183 - - [21/Jun/2020:20:59:32 +0800] "GET /?date=2037-1-25&t=mini&paged=2 HTTP/1.1" 404 30142 "-" "Sogou web spider/4.0(+http://www.sogou.com/docs/help/webmasters.htm#07)"
49.7.20.156 - - [21/Jun/2020:20:59:38 +0800] "GET /index.php?option=com_phocaguestbook&view=phocaguestbook&id=1&Itemid=39&limitstart=118820 HTTP/1.1" 301 20 "-" "Sogou web spider/4.0(+http://www.sogou.com/docs/help/webmasters.htm#07)"
49.7.20.150 - - [21/Jun/2020:20:59:46 +0800] "GET /?option=com_phocaguestbook&view=phocaguestbook&id=1&Itemid=39&limitstart=35360 HTTP/1.1" 200 31322 "-" "Sogou web spider/4.0(+http://www.sogou.com/docs/help/webmasters.htm#07)"
123.183.224.139 - - [21/Jun/2020:20:59:55 +0800] "GET /index.php?option=com_phocaguestbook&view=phocaguestbook&id=1&Itemid=39&limitstart=40240 HTTP/1.1" 301 20 "-" "Sogou web spider/4.0(+http://www.sogou.com/docs/help/webmasters.htm#07)"
123.183.224.137 - - [21/Jun/2020:20:59:56 +0800] "GET /index.php?option=com_joomdoc&task=doc_details&gid=392&Itemid=36 HTTP/1.1" 301 20 "-" "Sogou web spider/4.0(+http://www.sogou.com/docs/help/webmasters.htm#07)"
123.183.224.135 - - [21/Jun/2020:20:59:57 +0800] "GET /index.php?option=com_phocaguestbook&view=phocaguestbook&id=1&Itemid=39&limitstart=217640 HTTP/1.1" 301 20 "-" "Sogou web spider/4.0(+http://www.sogou.com/docs/help/webmasters.htm#07)"
123.183.224.136 - - [21/Jun/2020:21:00:00 +0800] "GET /index.php?option=com_joomdoc&task=cat_view&gid=30&limit=10&dir=ASC&Itemid=46&limitstart=170 HTTP/1.1" 301 20 "-" "Sogou web spider/4.0(+http://www.sogou.com/docs/help/webmasters.htm#07)"
111.202.100.119 - - [21/Jun/2020:21:00:55 +0800] "GET /?option=com_phocaguestbook&view=phocaguestbook&id=1&Itemid=39&limitstart=3760 HTTP/1.1" 200 31322 "-" "Sogou web spider/4.0(+http://www.sogou.com/docs/help/webmasters.htm#07)"
111.202.100.118 - - [21/Jun/2020:21:00:55 +0800] "GET /index.php?option=com_phocaguestbook&view=phocaguestbook&id=1&Itemid=39&limitstart=42380 HTTP/1.1" 301 20 "-" "Sogou web spider/4.0(+http://www.sogou.com/docs/help/webmasters.htm#07)"
111.202.100.116 - - [21/Jun/2020:21:00:56 +0800] "GET /?option=com_joomdoc&task=cat_view&gid=30&orderby=dmdate_published&limitstart=170 HTTP/1.1" 200 31322 "-" "Sogou web spider/4.0(+http://www.sogou.com/docs/help/webmasters.htm#07)"
111.202.100.121 - - [21/Jun/2020:21:00:57 +0800] "GET /index.php?option=com_phocaguestbook&view=phocaguestbook&id=1&Itemid=39&limitstart=182920 HTTP/1.1" 301 20 "-" "Sogou web spider/4.0(+http://www.sogou.com/docs/help/webmasters.htm#07)"
216.244.66.248 - - [21/Jun/2020:21:01:00 +0800] "GET /?date=2000-9-20&t=mini HTTP/1.1" 301 - "-" "Mozilla/5.0 (compatible; DotBot/1.1; http://www.opensiteexplorer.org/dotbot, help@moz.com)"
216.244.66.248 - - [21/Jun/2020:21:01:06 +0800] "GET /?date=2003-4-26&t=list HTTP/1.1" 301 - "-" "Mozilla/5.0 (compatible; DotBot/1.1; http://www.opensiteexplorer.org/dotbot, help@moz.com)"
216.244.66.248 - - [21/Jun/2020:21:01:11 +0800] "GET /?date=2013-10-27&t=day HTTP/1.1" 301 - "-" "Mozilla/5.0 (compatible; DotBot/1.1; http://www.opensiteexplorer.org/dotbot, help@moz.com)"
123.183.224.135 - - [21/Jun/2020:21:01:12 +0800] "GET /?date=1945-6-16&t=list&paged=2 HTTP/1.1" 301 20 "-" "Sogou web spider/4.0(+http://www.sogou.com/docs/help/webmasters.htm#07)"
123.183.224.136 - - [21/Jun/2020:21:01:11 +0800] "GET /index.php?option=com_phocaguestbook&view=phocaguestbook&id=1&Itemid=39&limitstart=145480 HTTP/1.1" 301 20 "-" "Sogou web spider/4.0(+http://www.sogou.com/docs/help/webmasters.htm#07)"
216.244.66.248 - - [21/Jun/2020:21:01:15 +0800] "GET /?date=2022-7-29&t=day HTTP/1.1" 301 - "-" "Mozilla/5.0 (compatible; DotBot/1.1; http://www.opensiteexplorer.org/dotbot, help@moz.com)"
216.244.66.248 - - [21/Jun/2020:21:01:18 +0800] "GET /?date=2032-5-8&t=list HTTP/1.1" 301 - "-" "Mozilla/5.0 (compatible; DotBot/1.1; http://www.opensiteexplorer.org/dotbot, help@moz.com)"
123.183.224.139 - - [21/Jun/2020:21:01:19 +0800] "GET /?date=1910-2-27&t=list&paged=2 HTTP/1.1" 301 20 "-" "Sogou web spider/4.0(+http://www.sogou.com/docs/help/webmasters.htm#07)"
157.55.39.47 - - [21/Jun/2020:21:01:28 +0800] "GET /?date=2020-12-22&t=mini HTTP/1.1" 200 31322 "-" "Mozilla/5.0 (compatible; bingbot/2.0; +http://www.bing.com/bingbot.htm)"
216.244.66.248 - - [21/Jun/2020:21:01:52 +0800] "GET /?date=2012-6&t=mini&paged=2 HTTP/1.1" 301 - "-" "Mozilla/5.0 (compatible; DotBot/1.1; http://www.opensiteexplorer.org/dotbot, help@moz.com)"
216.244.66.248 - - [21/Jun/2020:21:01:55 +0800] "GET /?date=2032-4&t=mini&paged=2 HTTP/1.1" 301 - "-" "Mozilla/5.0 (compatible; DotBot/1.1; http://www.opensiteexplorer.org/dotbot, help@moz.com)"
111.202.100.119 - - [21/Jun/2020:21:02:00 +0800] "GET /?date=1915-7-30&t=mini&paged=2 HTTP/1.1" 301 20 "-" "Sogou web spider/4.0(+http://www.sogou.com/docs/help/webmasters.htm#07)"
111.202.100.116 - - [21/Jun/2020:21:02:01 +0800] "GET /?date=1973-6-2&t=day HTTP/1.1" 301 20 "-" "Sogou web spider/4.0(+http://www.sogou.com/docs/help/webmasters.htm#07)"
111.202.100.118 - - [21/Jun/2020:21:02:03 +0800] "GET /?option=com_phocaguestbook&view=phocaguestbook&id=1&Itemid=39&limitstart=182920 HTTP/1.1" 200 31322 "-" "Sogou web spider/4.0(+http://www.sogou.com/docs/help/webmasters.htm#07)"
111.202.100.121 - - [21/Jun/2020:21:02:06 +0800] "GET /index.php?option=com_phocaguestbook&view=phocaguestbook&id=1&Itemid=39&limitstart=42320 HTTP/1.1" 301 20 "-" "Sogou web spider/4.0(+http://www.sogou.com/docs/help/webmasters.htm#07)"
123.183.224.136 - - [21/Jun/2020:21:02:16 +0800] "GET /?option=com_joomdoc&task=doc_details&gid=426&Itemid=36 HTTP/1.1" 200 31322 "-" "Sogou web spider/4.0(+http://www.sogou.com/docs/help/webmasters.htm#07)"
123.183.224.135 - - [21/Jun/2020:21:02:17 +0800] "GET /index.php?option=com_phocaguestbook&view=phocaguestbook&id=1&Itemid=39&limitstart=89220 HTTP/1.1" 301 20 "-" "Sogou web spider/4.0(+http://www.sogou.com/docs/help/webmasters.htm#07)"
123.183.224.139 - - [21/Jun/2020:21:02:27 +0800] "GET /index.php?option=com_phocaguestbook&view=phocaguestbook&id=1&Itemid=39&t=22220 HTTP/1.1" 301 20 "-" "Sogou web spider/4.0(+http://www.sogou.com/docs/help/webmasters.htm#07)"
49.7.20.150 - - [21/Jun/2020:21:02:28 +0800] "GET /index.php?option=com_phocaguestbook&view=phocaguestbook&id=1&Itemid=39&limitstart=106800 HTTP/1.1" 301 20 "-" "Sogou web spider/4.0(+http://www.sogou.com/docs/help/webmasters.htm#07)"
216.244.66.248 - - [21/Jun/2020:21:02:34 +0800] "GET /?date=2019-6-9&t=day&paged=2 HTTP/1.1" 301 - "-" "Mozilla/5.0 (compatible; DotBot/1.1; http://www.opensiteexplorer.org/dotbot, help@moz.com)"
49.7.20.159 - - [21/Jun/2020:21:02:38 +0800] "GET /index.php?option=com_phocaguestbook&view=phocaguestbook&id=1&Itemid=39&limitstart=177280 HTTP/1.1" 301 20 "-" "Sogou web spider/4.0(+http://www.sogou.com/docs/help/webmasters.htm#07)"
216.244.66.248 - - [21/Jun/2020:21:02:59 +0800] "GET /?date=1997-6&t=mini&paged=5 HTTP/1.1" 301 - "-" "Mozilla/5.0 (compatible; DotBot/1.1; http://www.opensiteexplorer.org/dotbot, help@moz.com)"
123.183.224.137 - - [21/Jun/2020:21:03:03 +0800] "GET /index.php?option=com_phocaguestbook&view=phocaguestbook&id=1&Itemid=39&limitstart=5860 HTTP/1.1" 301 20 "-" "Sogou web spider/4.0(+http://www.sogou.com/docs/help/webmasters.htm#07)"
111.202.100.119 - - [21/Jun/2020:21:03:05 +0800] "GET /?option=com_phocaguestbook&view=phocaguestbook&id=1&Itemid=39&limitstart=167860 HTTP/1.1" 200 31322 "-" "Sogou web spider/4.0(+http://www.sogou.com/docs/help/webmasters.htm#07)"
111.202.100.116 - - [21/Jun/2020:21:03:06 +0800] "GET /?option=com_phocaguestbook&view=phocaguestbook&id=1&Itemid=39&limitstart=42380 HTTP/1.1" 200 31322 "-" "Sogou web spider/4.0(+http://www.sogou.com/docs/help/webmasters.htm#07)"
111.202.100.121 - - [21/Jun/2020:21:03:13 +0800] "GET /index.php?option=com_phocaguestbook&view=phocaguestbook&id=1&Itemid=39&limitstart=82900 HTTP/1.1" 301 20 "-" "Sogou web spider/4.0(+http://www.sogou.com/docs/help/webmasters.htm#07)"
123.183.224.135 - - [21/Jun/2020:21:03:21 +0800] "GET /?date=1917-12-11&t=mini HTTP/1.1" 301 20 "-" "Sogou web spider/4.0(+http://www.sogou.com/docs/help/webmasters.htm#07)"
216.244.66.248 - - [21/Jun/2020:21:03:21 +0800] "GET /?date=1997-5-4&t=mini&paged=3 HTTP/1.1" 301 - "-" "Mozilla/5.0 (compatible; DotBot/1.1; http://www.opensiteexplorer.org/dotbot, help@moz.com)"
111.202.100.118 - - [21/Jun/2020:21:03:22 +0800] "GET /index.php?option=com_phocaguestbook&view=phocaguestbook&id=1&Itemid=39&limitstart=217540 HTTP/1.1" 301 20 "-" "Sogou web spider/4.0(+http://www.sogou.com/docs/help/webmasters.htm#07)"
192.0.102.40 - - [21/Jun/2020:21:03:25 +0800] "HEAD / HTTP/1.1" 200 - "-" "jetmon/1.0 (Jetpack Site Uptime Monitor by WordPress.com)"
123.183.224.136 - - [21/Jun/2020:21:03:28 +0800] "GET /?date=2019-10-3&t=mini&paged=2 HTTP/1.1" 301 20 "-" "Sogou web spider/4.0(+http://www.sogou.com/docs/help/webmasters.htm#07)"
123.183.224.139 - - [21/Jun/2020:21:03:32 +0800] "GET /?date=1946-7&t=22220 HTTP/1.1" 301 20 "-" "Sogou web spider/4.0(+http://www.sogou.com/docs/help/webmasters.htm#07)"
49.7.20.150 - - [21/Jun/2020:21:03:34 +0800] "GET /index.php?option=com_phocaguestbook&view=phocaguestbook&id=1&Itemid=39&limitstart=219160 HTTP/1.1" 301 20 "-" "Sogou web spider/4.0(+http://www.sogou.com/docs/help/webmasters.htm#07)"
216.244.66.248 - - [21/Jun/2020:21:03:45 +0800] "GET /?date=1995-1-17&t=day&paged=2 HTTP/1.1" 301 - "-" "Mozilla/5.0 (compatible; DotBot/1.1; http://www.opensiteexplorer.org/dotbot, help@moz.com)"
49.7.20.159 - - [21/Jun/2020:21:03:46 +0800] "GET /?option=com_phocaguestbook&view=phocaguestbook&id=1&Itemid=39&limitstart=177280 HTTP/1.1" 200 31322 "-" "Sogou web spider/4.0(+http://www.sogou.com/docs/help/webmasters.htm#07)"
216.244.66.248 - - [21/Jun/2020:21:03:47 +0800] "GET /?date=1998-1-31&t=list&paged=2 HTTP/1.1" 301 - "-" "Mozilla/5.0 (compatible; DotBot/1.1; http://www.opensiteexplorer.org/dotbot, help@moz.com)"
216.244.66.248 - - [21/Jun/2020:21:03:49 +0800] "GET /?date=1998-4-27&t=mini&paged=2 HTTP/1.1" 301 - "-" "Mozilla/5.0 (compatible; DotBot/1.1; http://www.opensiteexplorer.org/dotbot, help@moz.com)"
216.244.66.248 - - [21/Jun/2020:21:03:50 +0800] "GET /?date=1998-9-27&t=week&paged=2 HTTP/1.1" 301 - "-" "Mozilla/5.0 (compatible; DotBot/1.1; http://www.opensiteexplorer.org/dotbot, help@moz.com)"
216.244.66.248 - - [21/Jun/2020:21:03:52 +0800] "GET /?date=2000-7-2&t=day&paged=3 HTTP/1.1" 301 - "-" "Mozilla/5.0 (compatible; DotBot/1.1; http://www.opensiteexplorer.org/dotbot, help@moz.com)"
54.36.148.125 - - [21/Jun/2020:21:03:53 +0800] "GET /index.php?option=com_phocagallery&view=category&id=10&Itemid=59&limitstart=260 HTTP/1.1" 301 20 "-" "Mozilla/5.0 (compatible; AhrefsBot/6.1; +http://ahrefs.com/robot/)"
216.244.66.248 - - [21/Jun/2020:21:03:54 +0800] "GET /?date=2003-9-3&t=mini&paged=2 HTTP/1.1" 301 - "-" "Mozilla/5.0 (compatible; DotBot/1.1; http://www.opensiteexplorer.org/dotbot, help@moz.com)"
216.244.66.248 - - [21/Jun/2020:21:03:56 +0800] "GET /?date=2006-9-2&t=mini&paged=2 HTTP/1.1" 301 - "-" "Mozilla/5.0 (compatible; DotBot/1.1; http://www.opensiteexplorer.org/dotbot, help@moz.com)"
216.244.66.248 - - [21/Jun/2020:21:03:58 +0800] "GET /?date=2010-12-6&t=mini&paged=2 HTTP/1.1" 301 - "-" "Mozilla/5.0 (compatible; DotBot/1.1; http://www.opensiteexplorer.org/dotbot, help@moz.com)"
216.244.66.248 - - [21/Jun/2020:21:03:59 +0800] "GET /?date=2016-10-11&t=day&paged=2 HTTP/1.1" 301 - "-" "Mozilla/5.0 (compatible; DotBot/1.1; http://www.opensiteexplorer.org/dotbot, help@moz.com)"
216.244.66.248 - - [21/Jun/2020:21:04:01 +0800] "GET /?date=2016-11-8&t=day&paged=2 HTTP/1.1" 301 - "-" "Mozilla/5.0 (compatible; DotBot/1.1; http://www.opensiteexplorer.org/dotbot, help@moz.com)"
216.244.66.248 - - [21/Jun/2020:21:04:03 +0800] "GET /?date=2016-2-8&t=list&paged=3 HTTP/1.1" 301 - "-" "Mozilla/5.0 (compatible; DotBot/1.1; http://www.opensiteexplorer.org/dotbot, help@moz.com)"
216.244.66.248 - - [21/Jun/2020:21:04:04 +0800] "GET /?date=2020-7-17&t=list&paged=2 HTTP/1.1" 301 - "-" "Mozilla/5.0 (compatible; DotBot/1.1; http://www.opensiteexplorer.org/dotbot, help@moz.com)"
216.244.66.248 - - [21/Jun/2020:21:04:06 +0800] "GET /?date=2020-9&t=22220&paged=2 HTTP/1.1" 301 - "-" "Mozilla/5.0 (compatible; DotBot/1.1; http://www.opensiteexplorer.org/dotbot, help@moz.com)"
123.183.224.137 - - [21/Jun/2020:21:04:07 +0800] "GET /?date=1977-3-8&t=day&paged=10 HTTP/1.1" 301 20 "-" "Sogou web spider/4.0(+http://www.sogou.com/docs/help/webmasters.htm#07)"
216.244.66.248 - - [21/Jun/2020:21:04:08 +0800] "GET /?date=2020-9-12&t=list&paged=3 HTTP/1.1" 301 - "-" "Mozilla/5.0 (compatible; DotBot/1.1; http://www.opensiteexplorer.org/dotbot, help@moz.com)"
111.202.100.119 - - [21/Jun/2020:21:04:10 +0800] "GET /?date=2004-3-1&t=list&paged=2 HTTP/1.1" 301 20 "-" "Sogou web spider/4.0(+http://www.sogou.com/docs/help/webmasters.htm#07)"
216.244.66.248 - - [21/Jun/2020:21:04:10 +0800] "GET /?date=2021-1-20&t=mini&paged=4 HTTP/1.1" 301 - "-" "Mozilla/5.0 (compatible; DotBot/1.1; http://www.opensiteexplorer.org/dotbot, help@moz.com)"
216.244.66.248 - - [21/Jun/2020:21:04:12 +0800] "GET /?date=2021-2-9&t=mini&paged=3 HTTP/1.1" 301 - "-" "Mozilla/5.0 (compatible; DotBot/1.1; http://www.opensiteexplorer.org/dotbot, help@moz.com)"
216.244.66.248 - - [21/Jun/2020:21:04:13 +0800] "GET /?date=2022-7-31&t=mini&paged=2 HTTP/1.1" 301 - "-" "Mozilla/5.0 (compatible; DotBot/1.1; http://www.opensiteexplorer.org/dotbot, help@moz.com)"
216.244.66.248 - - [21/Jun/2020:21:04:15 +0800] "GET /?date=2023-10-1&t=week&paged=2 HTTP/1.1" 301 - "-" "Mozilla/5.0 (compatible; DotBot/1.1; http://www.opensiteexplorer.org/dotbot, help@moz.com)"
216.244.66.248 - - [21/Jun/2020:21:04:16 +0800] "GET /?date=2030-9-1&t=list&paged=3 HTTP/1.1" 301 - "-" "Mozilla/5.0 (compatible; DotBot/1.1; http://www.opensiteexplorer.org/dotbot, help@moz.com)"
111.202.100.121 - - [21/Jun/2020:21:04:17 +0800] "GET /?date=2004-7-7&t=list&paged=5 HTTP/1.1" 301 20 "-" "Sogou web spider/4.0(+http://www.sogou.com/docs/help/webmasters.htm#07)"
111.202.100.116 - - [21/Jun/2020:21:04:17 +0800] "GET /?option=com_phocaguestbook&view=phocaguestbook&id=1&Itemid=39&limitstart=82900 HTTP/1.1" 200 31322 "-" "Sogou web spider/4.0(+http://www.sogou.com/docs/help/webmasters.htm#07)"
216.244.66.248 - - [21/Jun/2020:21:04:18 +0800] "GET /?date=2032-7-4&t=day&paged=2 HTTP/1.1" 301 - "-" "Mozilla/5.0 (compatible; DotBot/1.1; http://www.opensiteexplorer.org/dotbot, help@moz.com)"
216.244.66.248 - - [21/Jun/2020:21:04:20 +0800] "GET /?date=1971-11-21&t=week&paged=2 HTTP/1.1" 301 - "-" "Mozilla/5.0 (compatible; DotBot/1.1; http://www.opensiteexplorer.org/dotbot, help@moz.com)"
216.244.66.248 - - [21/Jun/2020:21:04:22 +0800] "GET /?date=1995-10-29&t=list&paged=2 HTTP/1.1" 301 - "-" "Mozilla/5.0 (compatible; DotBot/1.1; http://www.opensiteexplorer.org/dotbot, help@moz.com)"
216.244.66.248 - - [21/Jun/2020:21:04:24 +0800] "GET /?date=2016-11-22&t=list&paged=2 HTTP/1.1" 301 - "-" "Mozilla/5.0 (compatible; DotBot/1.1; http://www.opensiteexplorer.org/dotbot, help@moz.com)"
123.183.224.135 - - [21/Jun/2020:21:04:25 +0800] "GET /?date=2024-3-18&t=list&paged=8 HTTP/1.1" 404 30142 "-" "Sogou web spider/4.0(+http://www.sogou.com/docs/help/webmasters.htm#07)"
123.183.224.136 - - [21/Jun/2020:21:04:33 +0800] "GET /?date=1967-4-16&t=list HTTP/1.1" 200 31322 "-" "Sogou web spider/4.0(+http://www.sogou.com/docs/help/webmasters.htm#07)"
111.202.100.118 - - [21/Jun/2020:21:04:37 +0800] "GET /?option=com_phocaguestbook&view=phocaguestbook&id=1&Itemid=39&limitstart=217540 HTTP/1.1" 200 31322 "-" "Sogou web spider/4.0(+http://www.sogou.com/docs/help/webmasters.htm#07)"
49.7.20.150 - - [21/Jun/2020:21:04:38 +0800] "GET /?option=com_phocaguestbook&view=phocaguestbook&id=1&Itemid=39&limitstart=219160 HTTP/1.1" 200 31322 "-" "Sogou web spider/4.0(+http://www.sogou.com/docs/help/webmasters.htm#07)"
54.36.148.37 - - [21/Jun/2020:21:04:39 +0800] "GET /?date=2008-10-12&t=week&paged=7 HTTP/1.1" 301 20 "-" "Mozilla/5.0 (compatible; AhrefsBot/6.1; +http://ahrefs.com/robot/)"
123.183.224.139 - - [21/Jun/2020:21:04:39 +0800] "GET /?option=com_content&view=category&id=1&Itemid=2&layout=default&format=feed&type=atom HTTP/1.1" 200 31322 "-" "Sogou web spider/4.0(+http://www.sogou.com/docs/help/webmasters.htm#07)"
123.183.224.137 - - [21/Jun/2020:21:05:11 +0800] "GET /?date=1999-2&t=mini&paged=2 HTTP/1.1" 404 30142 "-" "Sogou web spider/4.0(+http://www.sogou.com/docs/help/webmasters.htm#07)"
111.202.100.119 - - [21/Jun/2020:21:05:14 +0800] "GET /?date=1973-6-2&t=day HTTP/1.1" 200 31322 "-" "Sogou web spider/4.0(+http://www.sogou.com/docs/help/webmasters.htm#07)"
111.202.100.121 - - [21/Jun/2020:21:05:21 +0800] "GET /?option=com_phocaguestbook&view=phocaguestbook&id=1&Itemid=39&limitstart=42320 HTTP/1.1" 200 31322 "-" "Sogou web spider/4.0(+http://www.sogou.com/docs/help/webmasters.htm#07)"
216.244.66.248 - - [21/Jun/2020:21:05:41 +0800] "GET /?date=2016-9-14&t=mini&paged=2 HTTP/1.1" 301 - "-" "Mozilla/5.0 (compatible; DotBot/1.1; http://www.opensiteexplorer.org/dotbot, help@moz.com)"
123.183.224.136 - - [21/Jun/2020:21:05:42 +0800] "GET /?date=1920-5-28&t=day&paged=2 HTTP/1.1" 301 20 "-" "Sogou web spider/4.0(+http://www.sogou.com/docs/help/webmasters.htm#07)"
123.183.224.135 - - [21/Jun/2020:21:05:46 +0800] "GET /?date=1928-12-6&t=list&paged=6 HTTP/1.1" 301 20 "-" "Sogou web spider/4.0(+http://www.sogou.com/docs/help/webmasters.htm#07)"
123.183.224.139 - - [21/Jun/2020:21:06:01 +0800] "GET /?date=1921-4-20&t=list&paged=2 HTTP/1.1" 301 20 "-" "Sogou web spider/4.0(+http://www.sogou.com/docs/help/webmasters.htm#07)"
123.183.224.137 - - [21/Jun/2020:21:06:19 +0800] "GET /?date=1916-3-14&t=day&paged=2 HTTP/1.1" 301 20 "-" "Sogou web spider/4.0(+http://www.sogou.com/docs/help/webmasters.htm#07)"
216.244.66.248 - - [21/Jun/2020:21:06:25 +0800] "GET /?date=1998-3-1&t=week HTTP/1.1" 301 - "-" "Mozilla/5.0 (compatible; DotBot/1.1; http://www.opensiteexplorer.org/dotbot, help@moz.com)"
123.183.224.136 - - [21/Jun/2020:21:06:50 +0800] "GET /?option=com_joomdoc&task=cat_view&gid=30&limit=10&dir=ASC&Itemid=46&limitstart=170 HTTP/1.1" 200 31322 "-" "Sogou web spider/4.0(+http://www.sogou.com/docs/help/webmasters.htm#07)"
123.183.224.135 - - [21/Jun/2020:21:06:50 +0800] "GET /?option=com_phocaguestbook&view=phocaguestbook&id=1&Itemid=39&limitstart=217640 HTTP/1.1" 200 31322 "-" "Sogou web spider/4.0(+http://www.sogou.com/docs/help/webmasters.htm#07)"
123.183.224.139 - - [21/Jun/2020:21:07:05 +0800] "GET /?option=com_phocaguestbook&view=phocaguestbook&id=1&Itemid=39&limitstart=40240 HTTP/1.1" 200 31322 "-" "Sogou web spider/4.0(+http://www.sogou.com/docs/help/webmasters.htm#07)"
54.36.149.21 - - [21/Jun/2020:21:07:22 +0800] "GET /?date=2017-2-7&t=day&paged=3 HTTP/1.1" 301 20 "-" "Mozilla/5.0 (compatible; AhrefsBot/6.1; +http://ahrefs.com/robot/)"
123.183.224.137 - - [21/Jun/2020:21:07:24 +0800] "GET /?option=com_joomdoc&task=doc_details&gid=392&Itemid=36 HTTP/1.1" 200 31322 "-" "Sogou web spider/4.0(+http://www.sogou.com/docs/help/webmasters.htm#07)"
123.183.224.135 - - [21/Jun/2020:21:08:08 +0800] "GET /?date=1934-3-29&t=list HTTP/1.1" 301 20 "-" "Sogou web spider/4.0(+http://www.sogou.com/docs/help/webmasters.htm#07)"
216.244.66.248 - - [21/Jun/2020:21:08:10 +0800] "GET /?date=2020-2-5&t=mini HTTP/1.1" 200 98259 "-" "Mozilla/5.0 (compatible; DotBot/1.1; http://www.opensiteexplorer.org/dotbot, help@moz.com)"
54.36.148.76 - - [21/Jun/2020:21:08:19 +0800] "GET /?date=2016-4-22&t=day&paged=4 HTTP/1.1" 301 20 "-" "Mozilla/5.0 (compatible; AhrefsBot/6.1; +http://ahrefs.com/robot/)"
123.183.224.136 - - [21/Jun/2020:21:08:23 +0800] "GET /?date=2027-4-5&t=list&paged=2 HTTP/1.1" 301 20 "-" "Sogou web spider/4.0(+http://www.sogou.com/docs/help/webmasters.htm#07)"
123.183.224.139 - - [21/Jun/2020:21:08:32 +0800] "GET /?date=1951-2-28&t=list HTTP/1.1" 301 20 "-" "Sogou web spider/4.0(+http://www.sogou.com/docs/help/webmasters.htm#07)"
123.183.224.137 - - [21/Jun/2020:21:08:35 +0800] "GET /?date=1968-3&t=list&paged=2 HTTP/1.1" 301 20 "-" "Sogou web spider/4.0(+http://www.sogou.com/docs/help/webmasters.htm#07)"
54.36.148.40 - - [21/Jun/2020:21:08:38 +0800] "GET /index.php?option=com_phocagallery&view=detail&catid=29:2010-01-04-04-13-01&id=3247:tmcc1228c187&tmpl=component&phocadownload=1&Itemid=59 HTTP/1.1" 301 20 "-" "Mozilla/5.0 (compatible; AhrefsBot/6.1; +http://ahrefs.com/robot/)"
123.183.224.135 - - [21/Jun/2020:21:09:13 +0800] "GET /?date=1928-12-6&t=list&paged=6 HTTP/1.1" 404 30142 "-" "Sogou web spider/4.0(+http://www.sogou.com/docs/help/webmasters.htm#07)"
123.183.224.136 - - [21/Jun/2020:21:09:27 +0800] "GET /?date=1946-7&t=22220 HTTP/1.1" 200 31322 "-" "Sogou web spider/4.0(+http://www.sogou.com/docs/help/webmasters.htm#07)"
123.183.224.139 - - [21/Jun/2020:21:09:40 +0800] "GET /?option=com_phocaguestbook&view=phocaguestbook&id=1&Itemid=39&limitstart=89220 HTTP/1.1" 200 31322 "-" "Sogou web spider/4.0(+http://www.sogou.com/docs/help/webmasters.htm#07)"
216.244.66.248 - - [21/Jun/2020:21:09:47 +0800] "GET /?date=2022-3-5&t=mini HTTP/1.1" 301 - "-" "Mozilla/5.0 (compatible; DotBot/1.1; http://www.opensiteexplorer.org/dotbot, help@moz.com)"
123.183.224.137 - - [21/Jun/2020:21:09:54 +0800] "GET /?option=com_phocaguestbook&view=phocaguestbook&id=1&Itemid=39&limitstart=5860 HTTP/1.1" 200 31322 "-" "Sogou web spider/4.0(+http://www.sogou.com/docs/help/webmasters.htm#07)"
54.36.148.139 - - [21/Jun/2020:21:10:15 +0800] "GET /?date=2001-9-13&t=day&paged=5 HTTP/1.1" 301 20 "-" "Mozilla/5.0 (compatible; AhrefsBot/6.1; +http://ahrefs.com/robot/)"
123.183.224.135 - - [21/Jun/2020:21:10:28 +0800] "GET /?date=2019-8-14&t=mini HTTP/1.1" 301 20 "-" "Sogou web spider/4.0(+http://www.sogou.com/docs/help/webmasters.htm#07)"
192.0.102.40 - - [21/Jun/2020:21:10:30 +0800] "HEAD / HTTP/1.1" 200 - "-" "jetmon/1.0 (Jetpack Site Uptime Monitor by WordPress.com)"
123.183.224.136 - - [21/Jun/2020:21:10:44 +0800] "GET /index.php?option=com_phocaguestbook&view=phocaguestbook&id=1&Itemid=39&limitstart=11060 HTTP/1.1" 301 20 "-" "Sogou web spider/4.0(+http://www.sogou.com/docs/help/webmasters.htm#07)"
123.183.224.137 - - [21/Jun/2020:21:11:02 +0800] "GET /?date=2010-3-22&t=list&paged=2 HTTP/1.1" 301 20 "-" "Sogou web spider/4.0(+http://www.sogou.com/docs/help/webmasters.htm#07)"
123.183.224.139 - - [21/Jun/2020:21:11:18 +0800] "GET /?date=1913-6-17&t=day&paged=4 HTTP/1.1" 301 20 "-" "Sogou web spider/4.0(+http://www.sogou.com/docs/help/webmasters.htm#07)"
123.183.224.136 - - [21/Jun/2020:21:11:48 +0800] "GET /?date=1917-12-11&t=mini HTTP/1.1" 200 31322 "-" "Sogou web spider/4.0(+http://www.sogou.com/docs/help/webmasters.htm#07)"
123.183.224.135 - - [21/Jun/2020:21:11:50 +0800] "GET /?option=com_phocaguestbook&view=phocaguestbook&id=1&Itemid=39&t=22220 HTTP/1.1" 200 31322 "-" "Sogou web spider/4.0(+http://www.sogou.com/docs/help/webmasters.htm#07)"
123.183.224.137 - - [21/Jun/2020:21:12:06 +0800] "GET /?date=1934-3-29&t=list HTTP/1.1" 200 31322 "-" "Sogou web spider/4.0(+http://www.sogou.com/docs/help/webmasters.htm#07)"
216.244.66.248 - - [21/Jun/2020:21:12:22 +0800] "GET /?date=1998-12-9&t=list&paged=2 HTTP/1.1" 301 - "-" "Mozilla/5.0 (compatible; DotBot/1.1; http://www.opensiteexplorer.org/dotbot, help@moz.com)"
123.183.224.139 - - [21/Jun/2020:21:12:23 +0800] "GET /?date=1921-4-20&t=list&paged=2 HTTP/1.1" 404 30142 "-" "Sogou web spider/4.0(+http://www.sogou.com/docs/help/webmasters.htm#07)"
216.244.66.248 - - [21/Jun/2020:21:12:28 +0800] "GET /?date=2016-12-1&t=mini&paged=3 HTTP/1.1" 301 - "-" "Mozilla/5.0 (compatible; DotBot/1.1; http://www.opensiteexplorer.org/dotbot, help@moz.com)"
123.183.224.136 - - [21/Jun/2020:21:12:53 +0800] "GET /index.php?option=com_phocaguestbook&view=phocaguestbook&id=1&Itemid=39&limitstart=90660 HTTP/1.1" 301 20 "-" "Sogou web spider/4.0(+http://www.sogou.com/docs/help/webmasters.htm#07)"
123.183.224.135 - - [21/Jun/2020:21:12:55 +0800] "GET /?date=2019-12-10&t=mini&paged=3 HTTP/1.1" 301 20 "-" "Sogou web spider/4.0(+http://www.sogou.com/docs/help/webmasters.htm#07)"
123.183.224.137 - - [21/Jun/2020:21:13:24 +0800] "GET /?date=1906-2-8&t=list&paged=2 HTTP/1.1" 301 20 "-" "Sogou web spider/4.0(+http://www.sogou.com/docs/help/webmasters.htm#07)"
49.7.20.150 - - [21/Jun/2020:21:13:39 +0800] "GET /?option=com_phocaguestbook&view=phocaguestbook&id=1&Itemid=39&limitstart=106800 HTTP/1.1" 200 31322 "-" "Sogou web spider/4.0(+http://www.sogou.com/docs/help/webmasters.htm#07)"
123.183.224.139 - - [21/Jun/2020:21:13:39 +0800] "GET /?date=2020-7-8&t=list&paged=2 HTTP/1.1" 301 20 "-" "Sogou web spider/4.0(+http://www.sogou.com/docs/help/webmasters.htm#07)"
123.183.224.136 - - [21/Jun/2020:21:13:57 +0800] "GET /?date=2027-4-5&t=list&paged=2 HTTP/1.1" 404 30142 "-" "Sogou web spider/4.0(+http://www.sogou.com/docs/help/webmasters.htm#07)"
216.244.66.248 - - [21/Jun/2020:21:13:57 +0800] "GET /?date=2015-1-5&t=mini&paged=2 HTTP/1.1" 301 - "-" "Mozilla/5.0 (compatible; DotBot/1.1; http://www.opensiteexplorer.org/dotbot, help@moz.com)"
123.183.224.135 - - [21/Jun/2020:21:13:59 +0800] "GET /?date=2019-10-3&t=mini&paged=2 HTTP/1.1" 404 30142 "-" "Sogou web spider/4.0(+http://www.sogou.com/docs/help/webmasters.htm#07)"
216.244.66.248 - - [21/Jun/2020:21:14:05 +0800] "GET /?date=2025-6-29&t=week&paged=2 HTTP/1.1" 301 - "-" "Mozilla/5.0 (compatible; DotBot/1.1; http://www.opensiteexplorer.org/dotbot, help@moz.com)"
216.244.66.248 - - [21/Jun/2020:21:14:12 +0800] "GET /?date=2032-7-15&t=mini&paged=2 HTTP/1.1" 301 - "-" "Mozilla/5.0 (compatible; DotBot/1.1; http://www.opensiteexplorer.org/dotbot, help@moz.com)"
54.36.148.18 - - [21/Jun/2020:21:14:14 +0800] "GET /?date=2004-5-17&t=day&paged=4 HTTP/1.1" 301 20 "-" "Mozilla/5.0 (compatible; AhrefsBot/6.1; +http://ahrefs.com/robot/)"
123.183.224.137 - - [21/Jun/2020:21:14:28 +0800] "GET /?date=1968-3&t=list&paged=2 HTTP/1.1" 404 30142 "-" "Sogou web spider/4.0(+http://www.sogou.com/docs/help/webmasters.htm#07)"
123.183.224.139 - - [21/Jun/2020:21:14:44 +0800] "GET /?date=1951-2-28&t=list HTTP/1.1" 200 31322 "-" "Sogou web spider/4.0(+http://www.sogou.com/docs/help/webmasters.htm#07)"
123.183.224.135 - - [21/Jun/2020:21:15:08 +0800] "GET /index.php?option=com_phocaguestbook&view=phocaguestbook&id=1&Itemid=39&limitstart=140 HTTP/1.1" 301 20 "-" "Sogou web spider/4.0(+http://www.sogou.com/docs/help/webmasters.htm#07)"
123.183.224.136 - - [21/Jun/2020:21:15:17 +0800] "GET /?date=2012-8-11&t=list&paged=2 HTTP/1.1" 301 20 "-" "Sogou web spider/4.0(+http://www.sogou.com/docs/help/webmasters.htm#07)"
